62.60.130.210 - - [20/Mar/2026:01:43:03 -0700] "GET /wp-login.php HTTP/1.1" 200 2505 "-" "Mozilla/5.0 (Windows NT 10.0; Win64; x64; rv:121.0) Gecko/20100101 Firefox/121.0"
62.60.130.210 - - [20/Mar/2026:01:43:03 -0700] "POST /wp-login.php HTTP/1.1" 301 544 "https://drug-injury-lawyer.com/wp-login.php" "Mozilla/5.0 (Windows NT 10.0; Win64; x64) AppleWebKit/537.36 (KHTML, like Gecko) Chrome/120.0.0.0 Safari/537.36"
62.60.130.210 - - [20/Mar/2026:01:43:03 -0700] "POST /wp-login.php HTTP/1.1" 301 544 "https://drug-injury-lawyer.com/wp-login.php" "Mozilla/5.0 (Windows NT 10.0; Win64; x64) AppleWebKit/537.36 (KHTML, like Gecko) Chrome/120.0.0.0 Safari/537.36"
62.60.130.210 - - [20/Mar/2026:01:43:03 -0700] "POST /wp-login.php HTTP/1.1" 301 544 "https://drug-injury-lawyer.com/wp-login.php" "Mozilla/5.0 (Windows NT 10.0; Win64; x64) AppleWebKit/537.36 (KHTML, like Gecko) Chrome/120.0.0.0 Safari/537.36"
62.60.130.210 - - [20/Mar/2026:01:43:03 -0700] "GET /wp-login.php HTTP/1.1" 301 544 "-" "Mozilla/5.0 (Windows NT 11.0; Win64; x64) AppleWebKit/537.36 (KHTML, like Gecko) Chrome/121.0.0.0 Safari/537.36"
62.60.130.210 - - [20/Mar/2026:01:43:04 -0700] "GET /wp-login.php HTTP/1.1" 200 2505 "-" "Mozilla/5.0 (Windows NT 11.0; Win64; x64) AppleWebKit/537.36 (KHTML, like Gecko) Chrome/121.0.0.0 Safari/537.36"
62.60.130.210 - - [20/Mar/2026:01:43:04 -0700] "POST /wp-login.php HTTP/1.1" 301 544 "https://drug-injury-lawyer.com/wp-login.php" "Mozilla/5.0 (Macintosh; Intel Mac OS X 10_15_7) AppleWebKit/537.36 (KHTML, like Gecko) Chrome/120.0.0.0 Safari/537.36"
62.60.130.210 - - [20/Mar/2026:01:43:04 -0700] "POST /wp-login.php HTTP/1.1" 301 544 "https://drug-injury-lawyer.com/wp-login.php" "Mozilla/5.0 (Macintosh; Intel Mac OS X 10_15_7) AppleWebKit/537.36 (KHTML, like Gecko) Chrome/120.0.0.0 Safari/537.36"
62.60.130.210 - - [20/Mar/2026:01:43:04 -0700] "POST /wp-login.php HTTP/1.1" 301 544 "https://drug-injury-lawyer.com/wp-login.php" "Mozilla/5.0 (Macintosh; Intel Mac OS X 10_15_7) AppleWebKit/537.36 (KHTML, like Gecko) Chrome/120.0.0.0 Safari/537.36"
62.60.130.210 - - [20/Mar/2026:01:43:04 -0700] "GET /wp-login.php HTTP/1.1" 301 544 "-" "Mozilla/5.0 (Windows NT 10.0; Win64; x64) AppleWebKit/537.36 (KHTML, like Gecko) Chrome/120.0.0.0 Safari/537.36"
62.60.130.210 - - [20/Mar/2026:01:43:04 -0700] "GET /wp-login.php HTTP/1.1" 200 2505 "-" "Mozilla/5.0 (Windows NT 10.0; Win64; x64) AppleWebKit/537.36 (KHTML, like Gecko) Chrome/120.0.0.0 Safari/537.36"
62.60.130.210 - - [20/Mar/2026:01:43:05 -0700] "POST /wp-login.php HTTP/1.1" 301 544 "https://drug-injury-lawyer.com/wp-login.php" "Mozilla/5.0 (Macintosh; Intel Mac OS X 10_15_7) AppleWebKit/537.36 (KHTML, like Gecko) Chrome/120.0.0.0 Safari/537.36"
62.60.130.210 - - [20/Mar/2026:01:43:05 -0700] "POST /wp-login.php HTTP/1.1" 301 544 "https://drug-injury-lawyer.com/wp-login.php" "Mozilla/5.0 (Macintosh; Intel Mac OS X 10_15_7) AppleWebKit/537.36 (KHTML, like Gecko) Chrome/120.0.0.0 Safari/537.36"
62.60.130.210 - - [20/Mar/2026:01:43:05 -0700] "POST /wp-login.php HTTP/1.1" 301 544 "https://drug-injury-lawyer.com/wp-login.php" "Mozilla/5.0 (Macintosh; Intel Mac OS X 10_15_7) AppleWebKit/537.36 (KHTML, like Gecko) Chrome/120.0.0.0 Safari/537.36"
62.60.130.210 - - [20/Mar/2026:01:43:05 -0700] "GET /wp-login.php HTTP/1.1" 301 544 "-" "Mozilla/5.0 (Windows NT 10.0; Win64; x64) AppleWebKit/537.36 (KHTML, like Gecko) Chrome/120.0.0.0 Safari/537.36"
62.60.130.210 - - [20/Mar/2026:01:43:05 -0700] "GET /wp-login.php HTTP/1.1" 200 2505 "-" "Mozilla/5.0 (Windows NT 10.0; Win64; x64) AppleWebKit/537.36 (KHTML, like Gecko) Chrome/120.0.0.0 Safari/537.36"
62.60.130.210 - - [20/Mar/2026:01:43:05 -0700] "POST /wp-login.php HTTP/1.1" 301 544 "https://drug-injury-lawyer.com/wp-login.php" "Mozilla/5.0 (Windows NT 10.0; Win64; x64) AppleWebKit/537.36 (KHTML, like Gecko) Chrome/120.0.0.0 Safari/537.36"
62.60.130.210 - - [20/Mar/2026:01:43:06 -0700] "POST /wp-login.php HTTP/1.1" 301 544 "https://drug-injury-lawyer.com/wp-login.php" "Mozilla/5.0 (Windows NT 10.0; Win64; x64) AppleWebKit/537.36 (KHTML, like Gecko) Chrome/120.0.0.0 Safari/537.36"
62.60.130.210 - - [20/Mar/2026:01:43:06 -0700] "POST /wp-login.php HTTP/1.1" 301 544 "https://drug-injury-lawyer.com/wp-login.php" "Mozilla/5.0 (Windows NT 10.0; Win64; x64) AppleWebKit/537.36 (KHTML, like Gecko) Chrome/120.0.0.0 Safari/537.36"
62.60.130.210 - - [20/Mar/2026:01:43:06 -0700] "GET /wp-login.php HTTP/1.1" 301 544 "-" "Mozilla/5.0 (Macintosh; Intel Mac OS X 10_15_7) AppleWebKit/537.36 (KHTML, like Gecko) Chrome/120.0.0.0 Safari/537.36"
62.60.130.210 - - [20/Mar/2026:01:43:06 -0700] "GET /wp-login.php HTTP/1.1" 200 2505 "-" "Mozilla/5.0 (Macintosh; Intel Mac OS X 10_15_7) AppleWebKit/537.36 (KHTML, like Gecko) Chrome/120.0.0.0 Safari/537.36"
62.60.130.210 - - [20/Mar/2026:01:43:06 -0700] "POST /wp-login.php HTTP/1.1" 301 544 "https://drug-injury-lawyer.com/wp-login.php" "Mozilla/5.0 (Macintosh; Intel Mac OS X 10_15_7) AppleWebKit/537.36 (KHTML, like Gecko) Chrome/120.0.0.0 Safari/537.36"
62.60.130.210 - - [20/Mar/2026:01:43:07 -0700] "POST /wp-login.php HTTP/1.1" 301 544 "https://drug-injury-lawyer.com/wp-login.php" "Mozilla/5.0 (Macintosh; Intel Mac OS X 10_15_7) AppleWebKit/537.36 (KHTML, like Gecko) Chrome/120.0.0.0 Safari/537.36"
62.60.130.210 - - [20/Mar/2026:01:43:07 -0700] "POST /wp-login.php HTTP/1.1" 301 544 "https://drug-injury-lawyer.com/wp-login.php" "Mozilla/5.0 (Macintosh; Intel Mac OS X 10_15_7) AppleWebKit/537.36 (KHTML, like Gecko) Chrome/120.0.0.0 Safari/537.36"
62.60.130.210 - - [20/Mar/2026:01:43:07 -0700] "GET /wp-login.php HTTP/1.1" 301 544 "-" "Mozilla/5.0 (Windows NT 10.0; Win64; x64; rv:121.0) Gecko/20100101 Firefox/121.0"
62.60.130.210 - - [20/Mar/2026:01:43:07 -0700] "GET /wp-login.php HTTP/1.1" 200 2505 "-" "Mozilla/5.0 (Windows NT 10.0; Win64; x64; rv:121.0) Gecko/20100101 Firefox/121.0"
62.60.130.210 - - [20/Mar/2026:01:43:07 -0700] "POST /wp-login.php HTTP/1.1" 301 544 "https://drug-injury-lawyer.com/wp-login.php" "Mozilla/5.0 (Windows NT 11.0; Win64; x64) AppleWebKit/537.36 (KHTML, like Gecko) Chrome/121.0.0.0 Safari/537.36"
62.60.130.210 - - [20/Mar/2026:01:43:07 -0700] "POST /wp-login.php HTTP/1.1" 301 544 "https://drug-injury-lawyer.com/wp-login.php" "Mozilla/5.0 (Windows NT 11.0; Win64; x64) AppleWebKit/537.36 (KHTML, like Gecko) Chrome/121.0.0.0 Safari/537.36"
62.60.130.210 - - [20/Mar/2026:01:43:08 -0700] "POST /wp-login.php HTTP/1.1" 301 544 "https://drug-injury-lawyer.com/wp-login.php" "Mozilla/5.0 (Windows NT 11.0; Win64; x64) AppleWebKit/537.36 (KHTML, like Gecko) Chrome/121.0.0.0 Safari/537.36"
62.60.130.210 - - [20/Mar/2026:01:43:08 -0700] "GET /wp-login.php HTTP/1.1" 301 544 "-" "Mozilla/5.0 (Windows NT 10.0; Win64; x64) AppleWebKit/537.36 (KHTML, like Gecko) Chrome/120.0.0.0 Safari/537.36"
62.60.130.210 - - [20/Mar/2026:01:43:08 -0700] "GET /wp-login.php HTTP/1.1" 200 2505 "-" "Mozilla/5.0 (Windows NT 10.0; Win64; x64) AppleWebKit/537.36 (KHTML, like Gecko) Chrome/120.0.0.0 Safari/537.36"
62.60.130.210 - - [20/Mar/2026:01:43:08 -0700] "POST /wp-login.php HTTP/1.1" 301 544 "https://drug-injury-lawyer.com/wp-login.php" "Mozilla/5.0 (Windows NT 10.0; Win64; x64) AppleWebKit/537.36 (KHTML, like Gecko) Chrome/120.0.0.0 Safari/537.36"
62.60.130.210 - - [20/Mar/2026:01:43:08 -0700] "POST /wp-login.php HTTP/1.1" 301 544 "https://drug-injury-lawyer.com/wp-login.php" "Mozilla/5.0 (Windows NT 10.0; Win64; x64) AppleWebKit/537.36 (KHTML, like Gecko) Chrome/120.0.0.0 Safari/537.36"
62.60.130.210 - - [20/Mar/2026:01:43:08 -0700] "POST /wp-login.php HTTP/1.1" 301 544 "https://drug-injury-lawyer.com/wp-login.php" "Mozilla/5.0 (Windows NT 10.0; Win64; x64) AppleWebKit/537.36 (KHTML, like Gecko) Chrome/120.0.0.0 Safari/537.36"
62.60.130.210 - - [20/Mar/2026:01:43:09 -0700] "GET /wp-login.php HTTP/1.1" 301 544 "-" "Mozilla/5.0 (Windows NT 11.0; Win64; x64) AppleWebKit/537.36 (KHTML, like Gecko) Chrome/121.0.0.0 Safari/537.36"
62.60.130.210 - - [20/Mar/2026:01:43:09 -0700] "GET /wp-login.php HTTP/1.1" 200 2505 "-" "Mozilla/5.0 (Windows NT 11.0; Win64; x64) AppleWebKit/537.36 (KHTML, like Gecko) Chrome/121.0.0.0 Safari/537.36"
62.60.130.210 - - [20/Mar/2026:01:43:09 -0700] "POST /wp-login.php HTTP/1.1" 301 544 "https://drug-injury-lawyer.com/wp-login.php" "Mozilla/5.0 (Windows NT 10.0; Win64; x64) AppleWebKit/537.36 (KHTML, like Gecko) Chrome/120.0.0.0 Safari/537.36"
62.60.130.210 - - [20/Mar/2026:01:43:09 -0700] "POST /wp-login.php HTTP/1.1" 301 544 "https://drug-injury-lawyer.com/wp-login.php" "Mozilla/5.0 (Windows NT 10.0; Win64; x64) AppleWebKit/537.36 (KHTML, like Gecko) Chrome/120.0.0.0 Safari/537.36"
62.60.130.210 - - [20/Mar/2026:01:43:09 -0700] "POST /wp-login.php HTTP/1.1" 301 544 "https://drug-injury-lawyer.com/wp-login.php" "Mozilla/5.0 (Windows NT 10.0; Win64; x64) AppleWebKit/537.36 (KHTML, like Gecko) Chrome/120.0.0.0 Safari/537.36"
62.60.130.210 - - [20/Mar/2026:01:43:09 -0700] "GET /wp-login.php HTTP/1.1" 301 544 "-" "Mozilla/5.0 (X11; Linux x86_64) AppleWebKit/537.36 (KHTML, like Gecko) Chrome/120.0.0.0 Safari/537.36"
62.60.130.210 - - [20/Mar/2026:01:43:10 -0700] "GET /wp-login.php HTTP/1.1" 200 2505 "-" "Mozilla/5.0 (X11; Linux x86_64) AppleWebKit/537.36 (KHTML, like Gecko) Chrome/120.0.0.0 Safari/537.36"
62.60.130.210 - - [20/Mar/2026:01:43:10 -0700] "POST /wp-login.php HTTP/1.1" 301 544 "https://drug-injury-lawyer.com/wp-login.php" "Mozilla/5.0 (Windows NT 11.0; Win64; x64) AppleWebKit/537.36 (KHTML, like Gecko) Chrome/121.0.0.0 Safari/537.36"
62.60.130.210 - - [20/Mar/2026:01:43:10 -0700] "POST /wp-login.php HTTP/1.1" 301 544 "https://drug-injury-lawyer.com/wp-login.php" "Mozilla/5.0 (Windows NT 11.0; Win64; x64) AppleWebKit/537.36 (KHTML, like Gecko) Chrome/121.0.0.0 Safari/537.36"
62.60.130.210 - - [20/Mar/2026:01:43:10 -0700] "POST /wp-login.php HTTP/1.1" 301 544 "https://drug-injury-lawyer.com/wp-login.php" "Mozilla/5.0 (Windows NT 11.0; Win64; x64) AppleWebKit/537.36 (KHTML, like Gecko) Chrome/121.0.0.0 Safari/537.36"
62.60.130.210 - - [20/Mar/2026:01:43:10 -0700] "GET /wp-login.php HTTP/1.1" 301 544 "-" "Mozilla/5.0 (Windows NT 11.0; Win64; x64) AppleWebKit/537.36 (KHTML, like Gecko) Chrome/121.0.0.0 Safari/537.36"
62.60.130.210 - - [20/Mar/2026:01:43:10 -0700] "GET /wp-login.php HTTP/1.1" 200 2505 "-" "Mozilla/5.0 (Windows NT 11.0; Win64; x64) AppleWebKit/537.36 (KHTML, like Gecko) Chrome/121.0.0.0 Safari/537.36"
62.60.130.210 - - [20/Mar/2026:01:43:11 -0700] "POST /wp-login.php HTTP/1.1" 301 544 "https://drug-injury-lawyer.com/wp-login.php" "Mozilla/5.0 (Windows NT 10.0; Win64; x64) AppleWebKit/537.36 (KHTML, like Gecko) Chrome/120.0.0.0 Safari/537.36"
62.60.130.210 - - [20/Mar/2026:01:43:11 -0700] "POST /wp-login.php HTTP/1.1" 301 544 "https://drug-injury-lawyer.com/wp-login.php" "Mozilla/5.0 (Windows NT 10.0; Win64; x64) AppleWebKit/537.36 (KHTML, like Gecko) Chrome/120.0.0.0 Safari/537.36"
62.60.130.210 - - [20/Mar/2026:01:43:11 -0700] "POST /wp-login.php HTTP/1.1" 301 544 "https://drug-injury-lawyer.com/wp-login.php" "Mozilla/5.0 (Windows NT 10.0; Win64; x64) AppleWebKit/537.36 (KHTML, like Gecko) Chrome/120.0.0.0 Safari/537.36"
62.60.130.210 - - [20/Mar/2026:01:43:11 -0700] "GET /wp-login.php HTTP/1.1" 301 544 "-" "Mozilla/5.0 (Windows NT 10.0; Win64; x64; rv:121.0) Gecko/20100101 Firefox/121.0"
62.60.130.210 - - [20/Mar/2026:01:43:11 -0700] "GET /wp-login.php HTTP/1.1" 200 2505 "-" "Mozilla/5.0 (Windows NT 10.0; Win64; x64; rv:121.0) Gecko/20100101 Firefox/121.0"
62.60.130.210 - - [20/Mar/2026:01:43:12 -0700] "POST /wp-login.php HTTP/1.1" 301 544 "https://drug-injury-lawyer.com/wp-login.php" "Mozilla/5.0 (Windows NT 11.0; Win64; x64) AppleWebKit/537.36 (KHTML, like Gecko) Chrome/121.0.0.0 Safari/537.36"
66.249.64.6 - - [20/Mar/2026:01:43:11 -0700] "GET /?goods/046025346 HTTP/1.1" 301 3808 "-" "Mozilla/5.0 (Linux; Android 6.0.1; Nexus 5X Build/MMB29P) AppleWebKit/537.36 (KHTML, like Gecko) Chrome/145.0.7632.159 Mobile Safari/537.36 (compatible; Googlebot/2.1; +http://www.google.com/bot.html)"
62.60.130.210 - - [20/Mar/2026:01:43:12 -0700] "POST /wp-login.php HTTP/1.1" 301 544 "https://drug-injury-lawyer.com/wp-login.php" "Mozilla/5.0 (Windows NT 11.0; Win64; x64) AppleWebKit/537.36 (KHTML, like Gecko) Chrome/121.0.0.0 Safari/537.36"
66.249.64.6 - - [20/Mar/2026:01:43:12 -0700] "GET /?goods%2F046025346 HTTP/1.1" 200 13229 "-" "Mozilla/5.0 (Linux; Android 6.0.1; Nexus 5X Build/MMB29P) AppleWebKit/537.36 (KHTML, like Gecko) Chrome/145.0.7632.159 Mobile Safari/537.36 (compatible; Googlebot/2.1; +http://www.google.com/bot.html)"
62.60.130.210 - - [20/Mar/2026:01:43:12 -0700] "POST /wp-login.php HTTP/1.1" 301 544 "https://drug-injury-lawyer.com/wp-login.php" "Mozilla/5.0 (Windows NT 11.0; Win64; x64) AppleWebKit/537.36 (KHTML, like Gecko) Chrome/121.0.0.0 Safari/537.36"
62.60.130.210 - - [20/Mar/2026:01:43:12 -0700] "GET /wp-login.php HTTP/1.1" 301 544 "-" "Mozilla/5.0 (Macintosh; Intel Mac OS X 10_15_7) AppleWebKit/537.36 (KHTML, like Gecko) Chrome/120.0.0.0 Safari/537.36"
62.60.130.210 - - [20/Mar/2026:01:43:12 -0700] "GET /wp-login.php HTTP/1.1" 200 2505 "-" "Mozilla/5.0 (Macintosh; Intel Mac OS X 10_15_7) AppleWebKit/537.36 (KHTML, like Gecko) Chrome/120.0.0.0 Safari/537.36"
62.60.130.210 - - [20/Mar/2026:01:43:12 -0700] "POST /wp-login.php HTTP/1.1" 301 544 "https://drug-injury-lawyer.com/wp-login.php" "Mozilla/5.0 (Windows NT 11.0; Win64; x64) AppleWebKit/537.36 (KHTML, like Gecko) Chrome/121.0.0.0 Safari/537.36"
62.60.130.210 - - [20/Mar/2026:01:43:13 -0700] "POST /wp-login.php HTTP/1.1" 301 544 "https://drug-injury-lawyer.com/wp-login.php" "Mozilla/5.0 (Windows NT 11.0; Win64; x64) AppleWebKit/537.36 (KHTML, like Gecko) Chrome/121.0.0.0 Safari/537.36"
62.60.130.210 - - [20/Mar/2026:01:43:13 -0700] "POST /wp-login.php HTTP/1.1" 301 544 "https://drug-injury-lawyer.com/wp-login.php" "Mozilla/5.0 (Windows NT 11.0; Win64; x64) AppleWebKit/537.36 (KHTML, like Gecko) Chrome/121.0.0.0 Safari/537.36"
62.60.130.210 - - [20/Mar/2026:01:43:13 -0700] "GET /wp-login.php HTTP/1.1" 301 544 "-" "Mozilla/5.0 (X11; Linux x86_64) AppleWebKit/537.36 (KHTML, like Gecko) Chrome/120.0.0.0 Safari/537.36"
62.60.130.210 - - [20/Mar/2026:01:43:13 -0700] "GET /wp-login.php HTTP/1.1" 200 2505 "-" "Mozilla/5.0 (X11; Linux x86_64) AppleWebKit/537.36 (KHTML, like Gecko) Chrome/120.0.0.0 Safari/537.36"
62.60.130.210 - - [20/Mar/2026:01:43:13 -0700] "POST /wp-login.php HTTP/1.1" 301 544 "https://drug-injury-lawyer.com/wp-login.php" "Mozilla/5.0 (Windows NT 10.0; Win64; x64) AppleWebKit/537.36 (KHTML, like Gecko) Chrome/120.0.0.0 Safari/537.36"
62.60.130.210 - - [20/Mar/2026:01:43:13 -0700] "POST /wp-login.php HTTP/1.1" 301 544 "https://drug-injury-lawyer.com/wp-login.php" "Mozilla/5.0 (Windows NT 10.0; Win64; x64) AppleWebKit/537.36 (KHTML, like Gecko) Chrome/120.0.0.0 Safari/537.36"
62.60.130.210 - - [20/Mar/2026:01:43:13 -0700] "POST /wp-login.php HTTP/1.1" 301 544 "https://drug-injury-lawyer.com/wp-login.php" "Mozilla/5.0 (Windows NT 10.0; Win64; x64) AppleWebKit/537.36 (KHTML, like Gecko) Chrome/120.0.0.0 Safari/537.36"
62.60.130.210 - - [20/Mar/2026:01:43:14 -0700] "GET /wp-login.php HTTP/1.1" 301 544 "-" "Mozilla/5.0 (Windows NT 10.0; Win64; x64; rv:121.0) Gecko/20100101 Firefox/121.0"
62.60.130.210 - - [20/Mar/2026:01:43:14 -0700] "GET /wp-login.php HTTP/1.1" 200 2505 "-" "Mozilla/5.0 (Windows NT 10.0; Win64; x64; rv:121.0) Gecko/20100101 Firefox/121.0"
62.60.130.210 - - [20/Mar/2026:01:43:14 -0700] "POST /wp-login.php HTTP/1.1" 301 544 "https://drug-injury-lawyer.com/wp-login.php" "Mozilla/5.0 (Macintosh; Intel Mac OS X 10_15_7) AppleWebKit/537.36 (KHTML, like Gecko) Chrome/120.0.0.0 Safari/537.36"
62.60.130.210 - - [20/Mar/2026:01:43:14 -0700] "POST /wp-login.php HTTP/1.1" 301 544 "https://drug-injury-lawyer.com/wp-login.php" "Mozilla/5.0 (Macintosh; Intel Mac OS X 10_15_7) AppleWebKit/537.36 (KHTML, like Gecko) Chrome/120.0.0.0 Safari/537.36"
62.60.130.210 - - [20/Mar/2026:01:43:14 -0700] "POST /wp-login.php HTTP/1.1" 301 544 "https://drug-injury-lawyer.com/wp-login.php" "Mozilla/5.0 (Macintosh; Intel Mac OS X 10_15_7) AppleWebKit/537.36 (KHTML, like Gecko) Chrome/120.0.0.0 Safari/537.36"
62.60.130.210 - - [20/Mar/2026:01:43:15 -0700] "GET /wp-login.php HTTP/1.1" 301 544 "-" "Mozilla/5.0 (Windows NT 11.0; Win64; x64) AppleWebKit/537.36 (KHTML, like Gecko) Chrome/121.0.0.0 Safari/537.36"
62.60.130.210 - - [20/Mar/2026:01:43:15 -0700] "GET /wp-login.php HTTP/1.1" 200 2505 "-" "Mozilla/5.0 (Windows NT 11.0; Win64; x64) AppleWebKit/537.36 (KHTML, like Gecko) Chrome/121.0.0.0 Safari/537.36"
62.60.130.210 - - [20/Mar/2026:01:43:15 -0700] "POST /wp-login.php HTTP/1.1" 301 544 "https://drug-injury-lawyer.com/wp-login.php" "Mozilla/5.0 (Windows NT 10.0; Win64; x64) AppleWebKit/537.36 (KHTML, like Gecko) Chrome/120.0.0.0 Safari/537.36"
62.60.130.210 - - [20/Mar/2026:01:43:15 -0700] "POST /wp-login.php HTTP/1.1" 301 544 "https://drug-injury-lawyer.com/wp-login.php" "Mozilla/5.0 (Windows NT 10.0; Win64; x64) AppleWebKit/537.36 (KHTML, like Gecko) Chrome/120.0.0.0 Safari/537.36"
62.60.130.210 - - [20/Mar/2026:01:43:15 -0700] "POST /wp-login.php HTTP/1.1" 301 544 "https://drug-injury-lawyer.com/wp-login.php" "Mozilla/5.0 (Windows NT 10.0; Win64; x64) AppleWebKit/537.36 (KHTML, like Gecko) Chrome/120.0.0.0 Safari/537.36"
62.60.130.210 - - [20/Mar/2026:01:43:15 -0700] "GET /wp-login.php HTTP/1.1" 301 544 "-" "Mozilla/5.0 (Windows NT 10.0; Win64; x64; rv:121.0) Gecko/20100101 Firefox/121.0"
62.60.130.210 - - [20/Mar/2026:01:43:16 -0700] "GET /wp-login.php HTTP/1.1" 200 2505 "-" "Mozilla/5.0 (Windows NT 10.0; Win64; x64; rv:121.0) Gecko/20100101 Firefox/121.0"
62.60.130.210 - - [20/Mar/2026:01:43:16 -0700] "POST /wp-login.php HTTP/1.1" 301 544 "https://drug-injury-lawyer.com/wp-login.php" "Mozilla/5.0 (Windows NT 11.0; Win64; x64) AppleWebKit/537.36 (KHTML, like Gecko) Chrome/121.0.0.0 Safari/537.36"
62.60.130.210 - - [20/Mar/2026:01:43:16 -0700] "POST /wp-login.php HTTP/1.1" 301 544 "https://drug-injury-lawyer.com/wp-login.php" "Mozilla/5.0 (Windows NT 11.0; Win64; x64) AppleWebKit/537.36 (KHTML, like Gecko) Chrome/121.0.0.0 Safari/537.36"
62.60.130.210 - - [20/Mar/2026:01:43:16 -0700] "POST /wp-login.php HTTP/1.1" 301 544 "https://drug-injury-lawyer.com/wp-login.php" "Mozilla/5.0 (Windows NT 11.0; Win64; x64) AppleWebKit/537.36 (KHTML, like Gecko) Chrome/121.0.0.0 Safari/537.36"
62.60.130.210 - - [20/Mar/2026:01:43:16 -0700] "GET /wp-login.php HTTP/1.1" 301 544 "-" "Mozilla/5.0 (Windows NT 10.0; Win64; x64; rv:121.0) Gecko/20100101 Firefox/121.0"
62.60.130.210 - - [20/Mar/2026:01:43:16 -0700] "GET /wp-login.php HTTP/1.1" 200 2505 "-" "Mozilla/5.0 (Windows NT 10.0; Win64; x64; rv:121.0) Gecko/20100101 Firefox/121.0"
62.60.130.210 - - [20/Mar/2026:01:43:17 -0700] "POST /wp-login.php HTTP/1.1" 301 544 "https://drug-injury-lawyer.com/wp-login.php" "Mozilla/5.0 (Windows NT 11.0; Win64; x64) AppleWebKit/537.36 (KHTML, like Gecko) Chrome/121.0.0.0 Safari/537.36"
62.60.130.210 - - [20/Mar/2026:01:43:17 -0700] "POST /wp-login.php HTTP/1.1" 301 544 "https://drug-injury-lawyer.com/wp-login.php" "Mozilla/5.0 (Windows NT 11.0; Win64; x64) AppleWebKit/537.36 (KHTML, like Gecko) Chrome/121.0.0.0 Safari/537.36"
62.60.130.210 - - [20/Mar/2026:01:43:17 -0700] "POST /wp-login.php HTTP/1.1" 301 544 "https://drug-injury-lawyer.com/wp-login.php" "Mozilla/5.0 (Windows NT 11.0; Win64; x64) AppleWebKit/537.36 (KHTML, like Gecko) Chrome/121.0.0.0 Safari/537.36"
62.60.130.210 - - [20/Mar/2026:01:43:17 -0700] "GET /wp-login.php HTTP/1.1" 301 544 "-" "Mozilla/5.0 (Windows NT 10.0; Win64; x64) AppleWebKit/537.36 (KHTML, like Gecko) Chrome/120.0.0.0 Safari/537.36"
62.60.130.210 - - [20/Mar/2026:01:43:17 -0700] "GET /wp-login.php HTTP/1.1" 200 2505 "-" "Mozilla/5.0 (Windows NT 10.0; Win64; x64) AppleWebKit/537.36 (KHTML, like Gecko) Chrome/120.0.0.0 Safari/537.36"
62.60.130.210 - - [20/Mar/2026:01:43:17 -0700] "POST /wp-login.php HTTP/1.1" 301 544 "https://drug-injury-lawyer.com/wp-login.php" "Mozilla/5.0 (Windows NT 10.0; Win64; x64; rv:121.0) Gecko/20100101 Firefox/121.0"
62.60.130.210 - - [20/Mar/2026:01:43:18 -0700] "POST /wp-login.php HTTP/1.1" 301 544 "https://drug-injury-lawyer.com/wp-login.php" "Mozilla/5.0 (Windows NT 10.0; Win64; x64; rv:121.0) Gecko/20100101 Firefox/121.0"
62.60.130.210 - - [20/Mar/2026:01:43:18 -0700] "POST /wp-login.php HTTP/1.1" 301 544 "https://drug-injury-lawyer.com/wp-login.php" "Mozilla/5.0 (Windows NT 10.0; Win64; x64; rv:121.0) Gecko/20100101 Firefox/121.0"
62.60.130.210 - - [20/Mar/2026:01:43:18 -0700] "GET /wp-login.php HTTP/1.1" 301 544 "-" "Mozilla/5.0 (Windows NT 10.0; Win64; x64) AppleWebKit/537.36 (KHTML, like Gecko) Chrome/120.0.0.0 Safari/537.36"
62.60.130.210 - - [20/Mar/2026:01:43:18 -0700] "GET /wp-login.php HTTP/1.1" 200 2505 "-" "Mozilla/5.0 (Windows NT 10.0; Win64; x64) AppleWebKit/537.36 (KHTML, like Gecko) Chrome/120.0.0.0 Safari/537.36"
62.60.130.210 - - [20/Mar/2026:01:43:18 -0700] "POST /wp-login.php HTTP/1.1" 301 544 "https://drug-injury-lawyer.com/wp-login.php" "Mozilla/5.0 (Macintosh; Intel Mac OS X 10_15_7) AppleWebKit/537.36 (KHTML, like Gecko) Chrome/120.0.0.0 Safari/537.36"
62.60.130.210 - - [20/Mar/2026:01:43:18 -0700] "POST /wp-login.php HTTP/1.1" 301 544 "https://drug-injury-lawyer.com/wp-login.php" "Mozilla/5.0 (Macintosh; Intel Mac OS X 10_15_7) AppleWebKit/537.36 (KHTML, like Gecko) Chrome/120.0.0.0 Safari/537.36"
62.60.130.210 - - [20/Mar/2026:01:43:19 -0700] "POST /wp-login.php HTTP/1.1" 301 544 "https://drug-injury-lawyer.com/wp-login.php" "Mozilla/5.0 (Macintosh; Intel Mac OS X 10_15_7) AppleWebKit/537.36 (KHTML, like Gecko) Chrome/120.0.0.0 Safari/537.36"
62.60.130.210 - - [20/Mar/2026:01:43:19 -0700] "GET /wp-login.php HTTP/1.1" 301 544 "-" "Mozilla/5.0 (Windows NT 10.0; Win64; x64; rv:121.0) Gecko/20100101 Firefox/121.0"
62.60.130.210 - - [20/Mar/2026:01:43:19 -0700] "GET /wp-login.php HTTP/1.1" 200 2505 "-" "Mozilla/5.0 (Windows NT 10.0; Win64; x64; rv:121.0) Gecko/20100101 Firefox/121.0"
62.60.130.210 - - [20/Mar/2026:01:43:19 -0700] "POST /wp-login.php HTTP/1.1" 301 544 "https://drug-injury-lawyer.com/wp-login.php" "Mozilla/5.0 (Macintosh; Intel Mac OS X 10_15_7) AppleWebKit/537.36 (KHTML, like Gecko) Chrome/120.0.0.0 Safari/537.36"
62.60.130.210 - - [20/Mar/2026:01:43:19 -0700] "POST /wp-login.php HTTP/1.1" 301 544 "https://drug-injury-lawyer.com/wp-login.php" "Mozilla/5.0 (Macintosh; Intel Mac OS X 10_15_7) AppleWebKit/537.36 (KHTML, like Gecko) Chrome/120.0.0.0 Safari/537.36"
62.60.130.210 - - [20/Mar/2026:01:43:20 -0700] "POST /wp-login.php HTTP/1.1" 301 544 "https://drug-injury-lawyer.com/wp-login.php" "Mozilla/5.0 (Macintosh; Intel Mac OS X 10_15_7) AppleWebKit/537.36 (KHTML, like Gecko) Chrome/120.0.0.0 Safari/537.36"
62.60.130.210 - - [20/Mar/2026:01:43:20 -0700] "GET /wp-login.php HTTP/1.1" 301 544 "-" "Mozilla/5.0 (Windows NT 10.0; Win64; x64; rv:121.0) Gecko/20100101 Firefox/121.0"
62.60.130.210 - - [20/Mar/2026:01:43:20 -0700] "GET /wp-login.php HTTP/1.1" 200 2505 "-" "Mozilla/5.0 (Windows NT 10.0; Win64; x64; rv:121.0) Gecko/20100101 Firefox/121.0"
62.60.130.210 - - [20/Mar/2026:01:43:20 -0700] "POST /wp-login.php HTTP/1.1" 301 544 "https://drug-injury-lawyer.com/wp-login.php" "Mozilla/5.0 (X11; Linux x86_64) AppleWebKit/537.36 (KHTML, like Gecko) Chrome/120.0.0.0 Safari/537.36"
62.60.130.210 - - [20/Mar/2026:01:43:20 -0700] "POST /wp-login.php HTTP/1.1" 301 544 "https://drug-injury-lawyer.com/wp-login.php" "Mozilla/5.0 (X11; Linux x86_64) AppleWebKit/537.36 (KHTML, like Gecko) Chrome/120.0.0.0 Safari/537.36"
62.60.130.210 - - [20/Mar/2026:01:43:21 -0700] "POST /wp-login.php HTTP/1.1" 301 544 "https://drug-injury-lawyer.com/wp-login.php" "Mozilla/5.0 (X11; Linux x86_64) AppleWebKit/537.36 (KHTML, like Gecko) Chrome/120.0.0.0 Safari/537.36"
62.60.130.210 - - [20/Mar/2026:01:43:21 -0700] "GET /wp-login.php HTTP/1.1" 301 544 "-" "Mozilla/5.0 (Macintosh; Intel Mac OS X 10_15_7) AppleWebKit/537.36 (KHTML, like Gecko) Chrome/120.0.0.0 Safari/537.36"
62.60.130.210 - - [20/Mar/2026:01:43:21 -0700] "GET /wp-login.php HTTP/1.1" 200 2505 "-" "Mozilla/5.0 (Macintosh; Intel Mac OS X 10_15_7) AppleWebKit/537.36 (KHTML, like Gecko) Chrome/120.0.0.0 Safari/537.36"
62.60.130.210 - - [20/Mar/2026:01:43:21 -0700] "POST /wp-login.php HTTP/1.1" 301 543 "https://drug-injury-lawyer.com/wp-login.php" "Mozilla/5.0 (Macintosh; Intel Mac OS X 10_15_7) AppleWebKit/537.36 (KHTML, like Gecko) Chrome/120.0.0.0 Safari/537.36"
62.60.130.210 - - [20/Mar/2026:01:43:21 -0700] "POST /wp-login.php HTTP/1.1" 301 543 "https://drug-injury-lawyer.com/wp-login.php" "Mozilla/5.0 (Macintosh; Intel Mac OS X 10_15_7) AppleWebKit/537.36 (KHTML, like Gecko) Chrome/120.0.0.0 Safari/537.36"
62.60.130.210 - - [20/Mar/2026:01:43:21 -0700] "POST /wp-login.php HTTP/1.1" 301 543 "https://drug-injury-lawyer.com/wp-login.php" "Mozilla/5.0 (Macintosh; Intel Mac OS X 10_15_7) AppleWebKit/537.36 (KHTML, like Gecko) Chrome/120.0.0.0 Safari/537.36"
62.60.130.210 - - [20/Mar/2026:01:43:22 -0700] "GET /wp-login.php HTTP/1.1" 301 543 "-" "Mozilla/5.0 (Windows NT 10.0; Win64; x64; rv:121.0) Gecko/20100101 Firefox/121.0"
62.60.130.210 - - [20/Mar/2026:01:43:22 -0700] "GET /wp-login.php HTTP/1.1" 200 2505 "-" "Mozilla/5.0 (Windows NT 10.0; Win64; x64; rv:121.0) Gecko/20100101 Firefox/121.0"
62.60.130.210 - - [20/Mar/2026:01:43:22 -0700] "POST /wp-login.php HTTP/1.1" 301 543 "https://drug-injury-lawyer.com/wp-login.php" "Mozilla/5.0 (X11; Linux x86_64) AppleWebKit/537.36 (KHTML, like Gecko) Chrome/120.0.0.0 Safari/537.36"
62.60.130.210 - - [20/Mar/2026:01:43:22 -0700] "POST /wp-login.php HTTP/1.1" 301 543 "https://drug-injury-lawyer.com/wp-login.php" "Mozilla/5.0 (X11; Linux x86_64) AppleWebKit/537.36 (KHTML, like Gecko) Chrome/120.0.0.0 Safari/537.36"
62.60.130.210 - - [20/Mar/2026:01:43:22 -0700] "POST /wp-login.php HTTP/1.1" 301 543 "https://drug-injury-lawyer.com/wp-login.php" "Mozilla/5.0 (X11; Linux x86_64) AppleWebKit/537.36 (KHTML, like Gecko) Chrome/120.0.0.0 Safari/537.36"
62.60.130.210 - - [20/Mar/2026:01:43:22 -0700] "GET /wp-login.php HTTP/1.1" 301 543 "-" "Mozilla/5.0 (X11; Linux x86_64) AppleWebKit/537.36 (KHTML, like Gecko) Chrome/120.0.0.0 Safari/537.36"
62.60.130.210 - - [20/Mar/2026:01:43:23 -0700] "GET /wp-login.php HTTP/1.1" 200 2505 "-" "Mozilla/5.0 (X11; Linux x86_64) AppleWebKit/537.36 (KHTML, like Gecko) Chrome/120.0.0.0 Safari/537.36"
62.60.130.210 - - [20/Mar/2026:01:43:23 -0700] "POST /wp-login.php HTTP/1.1" 301 543 "https://drug-injury-lawyer.com/wp-login.php" "Mozilla/5.0 (Windows NT 11.0; Win64; x64) AppleWebKit/537.36 (KHTML, like Gecko) Chrome/121.0.0.0 Safari/537.36"
62.60.130.210 - - [20/Mar/2026:01:43:23 -0700] "POST /wp-login.php HTTP/1.1" 301 508 "https://drug-injury-lawyer.com/wp-login.php" "Mozilla/5.0 (Windows NT 11.0; Win64; x64) AppleWebKit/537.36 (KHTML, like Gecko) Chrome/121.0.0.0 Safari/537.36"
62.60.130.210 - - [20/Mar/2026:01:43:23 -0700] "POST /wp-login.php HTTP/1.1" 301 3886 "https://drug-injury-lawyer.com/wp-login.php" "Mozilla/5.0 (Windows NT 11.0; Win64; x64) AppleWebKit/537.36 (KHTML, like Gecko) Chrome/121.0.0.0 Safari/537.36"
62.60.130.210 - - [20/Mar/2026:01:43:24 -0700] "GET /wp-login.php HTTP/1.1" 301 544 "-" "Mozilla/5.0 (X11; Linux x86_64) AppleWebKit/537.36 (KHTML, like Gecko) Chrome/120.0.0.0 Safari/537.36"
62.60.130.210 - - [20/Mar/2026:01:43:24 -0700] "GET /wp-login.php HTTP/1.1" 200 2505 "-" "Mozilla/5.0 (X11; Linux x86_64) AppleWebKit/537.36 (KHTML, like Gecko) Chrome/120.0.0.0 Safari/537.36"
62.60.130.210 - - [20/Mar/2026:01:43:24 -0700] "POST /wp-login.php HTTP/1.1" 301 544 "https://drug-injury-lawyer.com/wp-login.php" "Mozilla/5.0 (Windows NT 11.0; Win64; x64) AppleWebKit/537.36 (KHTML, like Gecko) Chrome/121.0.0.0 Safari/537.36"
62.60.130.210 - - [20/Mar/2026:01:43:24 -0700] "POST /wp-login.php HTTP/1.1" 301 544 "https://drug-injury-lawyer.com/wp-login.php" "Mozilla/5.0 (Windows NT 11.0; Win64; x64) AppleWebKit/537.36 (KHTML, like Gecko) Chrome/121.0.0.0 Safari/537.36"
62.60.130.210 - - [20/Mar/2026:01:43:24 -0700] "POST /wp-login.php HTTP/1.1" 301 544 "https://drug-injury-lawyer.com/wp-login.php" "Mozilla/5.0 (Windows NT 11.0; Win64; x64) AppleWebKit/537.36 (KHTML, like Gecko) Chrome/121.0.0.0 Safari/537.36"
62.60.130.210 - - [20/Mar/2026:01:43:24 -0700] "GET /wp-login.php HTTP/1.1" 301 544 "-" "Mozilla/5.0 (Macintosh; Intel Mac OS X 10_15_7) AppleWebKit/537.36 (KHTML, like Gecko) Chrome/120.0.0.0 Safari/537.36"
62.60.130.210 - - [20/Mar/2026:01:43:24 -0700] "GET /wp-login.php HTTP/1.1" 200 2505 "-" "Mozilla/5.0 (Macintosh; Intel Mac OS X 10_15_7) AppleWebKit/537.36 (KHTML, like Gecko) Chrome/120.0.0.0 Safari/537.36"
62.60.130.210 - - [20/Mar/2026:01:43:25 -0700] "POST /wp-login.php HTTP/1.1" 301 544 "https://drug-injury-lawyer.com/wp-login.php" "Mozilla/5.0 (X11; Linux x86_64) AppleWebKit/537.36 (KHTML, like Gecko) Chrome/120.0.0.0 Safari/537.36"
62.60.130.210 - - [20/Mar/2026:01:43:25 -0700] "POST /wp-login.php HTTP/1.1" 301 544 "https://drug-injury-lawyer.com/wp-login.php" "Mozilla/5.0 (X11; Linux x86_64) AppleWebKit/537.36 (KHTML, like Gecko) Chrome/120.0.0.0 Safari/537.36"
62.60.130.210 - - [20/Mar/2026:01:43:25 -0700] "POST /wp-login.php HTTP/1.1" 301 544 "https://drug-injury-lawyer.com/wp-login.php" "Mozilla/5.0 (X11; Linux x86_64) AppleWebKit/537.36 (KHTML, like Gecko) Chrome/120.0.0.0 Safari/537.36"
62.60.130.210 - - [20/Mar/2026:01:43:25 -0700] "GET /wp-login.php HTTP/1.1" 301 544 "-" "Mozilla/5.0 (Windows NT 10.0; Win64; x64; rv:121.0) Gecko/20100101 Firefox/121.0"
62.60.130.210 - - [20/Mar/2026:01:43:25 -0700] "GET /wp-login.php HTTP/1.1" 200 2505 "-" "Mozilla/5.0 (Windows NT 10.0; Win64; x64; rv:121.0) Gecko/20100101 Firefox/121.0"
62.60.130.210 - - [20/Mar/2026:01:43:26 -0700] "POST /wp-login.php HTTP/1.1" 301 544 "https://drug-injury-lawyer.com/wp-login.php" "Mozilla/5.0 (Windows NT 11.0; Win64; x64) AppleWebKit/537.36 (KHTML, like Gecko) Chrome/121.0.0.0 Safari/537.36"
62.60.130.210 - - [20/Mar/2026:01:43:26 -0700] "POST /wp-login.php HTTP/1.1" 301 544 "https://drug-injury-lawyer.com/wp-login.php" "Mozilla/5.0 (Windows NT 11.0; Win64; x64) AppleWebKit/537.36 (KHTML, like Gecko) Chrome/121.0.0.0 Safari/537.36"
62.60.130.210 - - [20/Mar/2026:01:43:26 -0700] "POST /wp-login.php HTTP/1.1" 301 544 "https://drug-injury-lawyer.com/wp-login.php" "Mozilla/5.0 (Windows NT 11.0; Win64; x64) AppleWebKit/537.36 (KHTML, like Gecko) Chrome/121.0.0.0 Safari/537.36"
62.60.130.210 - - [20/Mar/2026:01:43:26 -0700] "GET /wp-login.php HTTP/1.1" 301 544 "-" "Mozilla/5.0 (Windows NT 10.0; Win64; x64; rv:121.0) Gecko/20100101 Firefox/121.0"
62.60.130.210 - - [20/Mar/2026:01:43:26 -0700] "GET /wp-login.php HTTP/1.1" 200 2505 "-" "Mozilla/5.0 (Windows NT 10.0; Win64; x64; rv:121.0) Gecko/20100101 Firefox/121.0"
62.60.130.210 - - [20/Mar/2026:01:43:27 -0700] "POST /wp-login.php HTTP/1.1" 301 544 "https://drug-injury-lawyer.com/wp-login.php" "Mozilla/5.0 (Windows NT 10.0; Win64; x64; rv:121.0) Gecko/20100101 Firefox/121.0"
62.60.130.210 - - [20/Mar/2026:01:43:27 -0700] "POST /wp-login.php HTTP/1.1" 301 544 "https://drug-injury-lawyer.com/wp-login.php" "Mozilla/5.0 (Windows NT 10.0; Win64; x64; rv:121.0) Gecko/20100101 Firefox/121.0"
62.60.130.210 - - [20/Mar/2026:01:43:27 -0700] "POST /wp-login.php HTTP/1.1" 301 544 "https://drug-injury-lawyer.com/wp-login.php" "Mozilla/5.0 (Windows NT 10.0; Win64; x64; rv:121.0) Gecko/20100101 Firefox/121.0"
62.60.130.210 - - [20/Mar/2026:01:43:27 -0700] "GET /wp-login.php HTTP/1.1" 301 544 "-" "Mozilla/5.0 (Windows NT 11.0; Win64; x64) AppleWebKit/537.36 (KHTML, like Gecko) Chrome/121.0.0.0 Safari/537.36"
217.147.172.67 - - [20/Mar/2026:01:43:27 -0700] "GET /blog/page/3/ HTTP/1.0" 200 70320 "https://www.drug-injury-lawyer.com/blog/page/3/" "Mozilla/5.0 (Windows NT 6.1; Win64; x64) AppleWebKit/537.36 (KHTML, like Gecko) Chrome/103.0.0.0 Safari/537.36"
62.60.130.210 - - [20/Mar/2026:01:43:27 -0700] "GET /wp-login.php HTTP/1.1" 200 2505 "-" "Mozilla/5.0 (Windows NT 11.0; Win64; x64) AppleWebKit/537.36 (KHTML, like Gecko) Chrome/121.0.0.0 Safari/537.36"
62.60.130.210 - - [20/Mar/2026:01:43:27 -0700] "POST /wp-login.php HTTP/1.1" 301 544 "https://drug-injury-lawyer.com/wp-login.php" "Mozilla/5.0 (Windows NT 10.0; Win64; x64; rv:121.0) Gecko/20100101 Firefox/121.0"
62.60.130.210 - - [20/Mar/2026:01:43:28 -0700] "POST /wp-login.php HTTP/1.1" 301 544 "https://drug-injury-lawyer.com/wp-login.php" "Mozilla/5.0 (Windows NT 10.0; Win64; x64; rv:121.0) Gecko/20100101 Firefox/121.0"
62.60.130.210 - - [20/Mar/2026:01:43:28 -0700] "POST /wp-login.php HTTP/1.1" 301 544 "https://drug-injury-lawyer.com/wp-login.php" "Mozilla/5.0 (Windows NT 10.0; Win64; x64; rv:121.0) Gecko/20100101 Firefox/121.0"
62.60.130.210 - - [20/Mar/2026:01:43:28 -0700] "GET /wp-login.php HTTP/1.1" 301 544 "-" "Mozilla/5.0 (Windows NT 10.0; Win64; x64; rv:121.0) Gecko/20100101 Firefox/121.0"
62.60.130.210 - - [20/Mar/2026:01:43:28 -0700] "GET /wp-login.php HTTP/1.1" 200 2505 "-" "Mozilla/5.0 (Windows NT 10.0; Win64; x64; rv:121.0) Gecko/20100101 Firefox/121.0"
217.147.172.67 - - [20/Mar/2026:01:43:28 -0700] "GET /blog/page/2/ HTTP/1.0" 200 75150 "https://www.drug-injury-lawyer.com/blog/page/2/" "Mozilla/5.0 (Windows NT 6.1; Win64; x64) AppleWebKit/537.36 (KHTML, like Gecko) Chrome/103.0.0.0 Safari/537.36"
62.60.130.210 - - [20/Mar/2026:01:43:28 -0700] "POST /wp-login.php HTTP/1.1" 301 544 "https://drug-injury-lawyer.com/wp-login.php" "Mozilla/5.0 (Windows NT 11.0; Win64; x64) AppleWebKit/537.36 (KHTML, like Gecko) Chrome/121.0.0.0 Safari/537.36"
62.60.130.210 - - [20/Mar/2026:01:43:28 -0700] "POST /wp-login.php HTTP/1.1" 301 544 "https://drug-injury-lawyer.com/wp-login.php" "Mozilla/5.0 (Windows NT 11.0; Win64; x64) AppleWebKit/537.36 (KHTML, like Gecko) Chrome/121.0.0.0 Safari/537.36"
62.60.130.210 - - [20/Mar/2026:01:43:29 -0700] "POST /wp-login.php HTTP/1.1" 301 544 "https://drug-injury-lawyer.com/wp-login.php" "Mozilla/5.0 (Windows NT 11.0; Win64; x64) AppleWebKit/537.36 (KHTML, like Gecko) Chrome/121.0.0.0 Safari/537.36"
62.60.130.210 - - [20/Mar/2026:01:43:29 -0700] "GET /wp-login.php HTTP/1.1" 301 544 "-" "Mozilla/5.0 (X11; Linux x86_64) AppleWebKit/537.36 (KHTML, like Gecko) Chrome/120.0.0.0 Safari/537.36"
217.147.172.67 - - [20/Mar/2026:01:43:29 -0700] "POST /blog/page/2/ HTTP/1.0" 200 75236 "https://www.drug-injury-lawyer.com/blog/page/2/" "Mozilla/5.0 (Windows NT 6.1; Win64; x64) AppleWebKit/537.36 (KHTML, like Gecko) Chrome/103.0.0.0 Safari/537.36"
62.60.130.210 - - [20/Mar/2026:01:43:29 -0700] "GET /wp-login.php HTTP/1.1" 200 2505 "-" "Mozilla/5.0 (X11; Linux x86_64) AppleWebKit/537.36 (KHTML, like Gecko) Chrome/120.0.0.0 Safari/537.36"
217.147.172.67 - - [20/Mar/2026:01:43:30 -0700] "GET /author/laba_admin/ HTTP/1.0" 500 6421 "https://www.drug-injury-lawyer.com/author/laba_admin/" "Mozilla/5.0 (Windows NT 6.1; Win64; x64) AppleWebKit/537.36 (KHTML, like Gecko) Chrome/103.0.0.0 Safari/537.36"
173.236.217.44 - - [20/Mar/2026:01:43:29 -0700] "POST /wp-cron.php?doing_wp_cron=1773996209.5052769184112548828125 HTTP/1.1" 200 3646 "-" "WordPress/6.8.5; https://www.drug-injury-lawyer.com"
62.60.130.210 - - [20/Mar/2026:01:43:30 -0700] "POST /wp-login.php HTTP/1.1" 301 544 "https://drug-injury-lawyer.com/wp-login.php" "Mozilla/5.0 (Windows NT 11.0; Win64; x64) AppleWebKit/537.36 (KHTML, like Gecko) Chrome/121.0.0.0 Safari/537.36"
62.60.130.210 - - [20/Mar/2026:01:43:30 -0700] "POST /wp-login.php HTTP/1.1" 301 544 "https://drug-injury-lawyer.com/wp-login.php" "Mozilla/5.0 (Windows NT 11.0; Win64; x64) AppleWebKit/537.36 (KHTML, like Gecko) Chrome/121.0.0.0 Safari/537.36"
62.60.130.210 - - [20/Mar/2026:01:43:30 -0700] "POST /wp-login.php HTTP/1.1" 301 544 "https://drug-injury-lawyer.com/wp-login.php" "Mozilla/5.0 (Windows NT 11.0; Win64; x64) AppleWebKit/537.36 (KHTML, like Gecko) Chrome/121.0.0.0 Safari/537.36"
62.60.130.210 - - [20/Mar/2026:01:43:31 -0700] "GET /wp-login.php HTTP/1.1" 301 544 "-" "Mozilla/5.0 (X11; Linux x86_64) AppleWebKit/537.36 (KHTML, like Gecko) Chrome/120.0.0.0 Safari/537.36"
62.60.130.210 - - [20/Mar/2026:01:43:31 -0700] "GET /wp-login.php HTTP/1.1" 200 2505 "-" "Mozilla/5.0 (X11; Linux x86_64) AppleWebKit/537.36 (KHTML, like Gecko) Chrome/120.0.0.0 Safari/537.36"
217.147.172.67 - - [20/Mar/2026:01:43:31 -0700] "GET /blog/page/3/ HTTP/1.0" 200 70320 "https://www.drug-injury-lawyer.com/blog/page/3/" "Mozilla/5.0 (Windows NT 6.1; Win64; x64) AppleWebKit/537.36 (KHTML, like Gecko) Chrome/103.0.0.0 Safari/537.36"
62.60.130.210 - - [20/Mar/2026:01:43:31 -0700] "POST /wp-login.php HTTP/1.1" 301 544 "https://drug-injury-lawyer.com/wp-login.php" "Mozilla/5.0 (Macintosh; Intel Mac OS X 10_15_7) AppleWebKit/537.36 (KHTML, like Gecko) Chrome/120.0.0.0 Safari/537.36"
62.60.130.210 - - [20/Mar/2026:01:43:31 -0700] "POST /wp-login.php HTTP/1.1" 301 544 "https://drug-injury-lawyer.com/wp-login.php" "Mozilla/5.0 (Macintosh; Intel Mac OS X 10_15_7) AppleWebKit/537.36 (KHTML, like Gecko) Chrome/120.0.0.0 Safari/537.36"
62.60.130.210 - - [20/Mar/2026:01:43:31 -0700] "POST /wp-login.php HTTP/1.1" 301 544 "https://drug-injury-lawyer.com/wp-login.php" "Mozilla/5.0 (Macintosh; Intel Mac OS X 10_15_7) AppleWebKit/537.36 (KHTML, like Gecko) Chrome/120.0.0.0 Safari/537.36"
62.60.130.210 - - [20/Mar/2026:01:43:32 -0700] "GET /wp-login.php HTTP/1.1" 301 544 "-" "Mozilla/5.0 (Macintosh; Intel Mac OS X 10_15_7) AppleWebKit/537.36 (KHTML, like Gecko) Chrome/120.0.0.0 Safari/537.36"
62.60.130.210 - - [20/Mar/2026:01:43:32 -0700] "GET /wp-login.php HTTP/1.1" 200 2505 "-" "Mozilla/5.0 (Macintosh; Intel Mac OS X 10_15_7) AppleWebKit/537.36 (KHTML, like Gecko) Chrome/120.0.0.0 Safari/537.36"
217.147.172.67 - - [20/Mar/2026:01:43:32 -0700] "POST /blog/page/3/ HTTP/1.0" 200 70406 "https://www.drug-injury-lawyer.com/blog/page/3/" "Mozilla/5.0 (Windows NT 6.1; Win64; x64) AppleWebKit/537.36 (KHTML, like Gecko) Chrome/103.0.0.0 Safari/537.36"
62.60.130.210 - - [20/Mar/2026:01:43:32 -0700] "POST /wp-login.php HTTP/1.1" 301 544 "https://drug-injury-lawyer.com/wp-login.php" "Mozilla/5.0 (X11; Linux x86_64) AppleWebKit/537.36 (KHTML, like Gecko) Chrome/120.0.0.0 Safari/537.36"
62.60.130.210 - - [20/Mar/2026:01:43:32 -0700] "POST /wp-login.php HTTP/1.1" 301 544 "https://drug-injury-lawyer.com/wp-login.php" "Mozilla/5.0 (X11; Linux x86_64) AppleWebKit/537.36 (KHTML, like Gecko) Chrome/120.0.0.0 Safari/537.36"
62.60.130.210 - - [20/Mar/2026:01:43:32 -0700] "POST /wp-login.php HTTP/1.1" 301 544 "https://drug-injury-lawyer.com/wp-login.php" "Mozilla/5.0 (X11; Linux x86_64) AppleWebKit/537.36 (KHTML, like Gecko) Chrome/120.0.0.0 Safari/537.36"
62.60.130.210 - - [20/Mar/2026:01:43:32 -0700] "GET /wp-login.php HTTP/1.1" 301 544 "-" "Mozilla/5.0 (Windows NT 10.0; Win64; x64; rv:121.0) Gecko/20100101 Firefox/121.0"
62.60.130.210 - - [20/Mar/2026:01:43:32 -0700] "GET /wp-login.php HTTP/1.1" 200 2505 "-" "Mozilla/5.0 (Windows NT 10.0; Win64; x64; rv:121.0) Gecko/20100101 Firefox/121.0"
62.60.130.210 - - [20/Mar/2026:01:43:33 -0700] "POST /wp-login.php HTTP/1.1" 301 544 "https://drug-injury-lawyer.com/wp-login.php" "Mozilla/5.0 (Windows NT 10.0; Win64; x64) AppleWebKit/537.36 (KHTML, like Gecko) Chrome/120.0.0.0 Safari/537.36"
66.249.64.5 - - [20/Mar/2026:01:43:32 -0700] "GET /?jp/260019918.html HTTP/1.1" 301 3810 "-" "Mozilla/5.0 (Linux; Android 6.0.1; Nexus 5X Build/MMB29P) AppleWebKit/537.36 (KHTML, like Gecko) Chrome/145.0.7632.159 Mobile Safari/537.36 (compatible; Googlebot/2.1; +http://www.google.com/bot.html)"
62.60.130.210 - - [20/Mar/2026:01:43:33 -0700] "POST /wp-login.php HTTP/1.1" 301 544 "https://drug-injury-lawyer.com/wp-login.php" "Mozilla/5.0 (Windows NT 10.0; Win64; x64) AppleWebKit/537.36 (KHTML, like Gecko) Chrome/120.0.0.0 Safari/537.36"
62.60.130.210 - - [20/Mar/2026:01:43:33 -0700] "POST /wp-login.php HTTP/1.1" 301 544 "https://drug-injury-lawyer.com/wp-login.php" "Mozilla/5.0 (Windows NT 10.0; Win64; x64) AppleWebKit/537.36 (KHTML, like Gecko) Chrome/120.0.0.0 Safari/537.36"
66.249.64.5 - - [20/Mar/2026:01:43:33 -0700] "GET /?jp%2F260019918_html HTTP/1.1" 200 13230 "-" "Mozilla/5.0 (Linux; Android 6.0.1; Nexus 5X Build/MMB29P) AppleWebKit/537.36 (KHTML, like Gecko) Chrome/145.0.7632.159 Mobile Safari/537.36 (compatible; Googlebot/2.1; +http://www.google.com/bot.html)"
62.60.130.210 - - [20/Mar/2026:01:43:33 -0700] "GET /wp-login.php HTTP/1.1" 301 544 "-" "Mozilla/5.0 (Windows NT 11.0; Win64; x64) AppleWebKit/537.36 (KHTML, like Gecko) Chrome/121.0.0.0 Safari/537.36"
62.60.130.210 - - [20/Mar/2026:01:43:33 -0700] "GET /wp-login.php HTTP/1.1" 200 2505 "-" "Mozilla/5.0 (Windows NT 11.0; Win64; x64) AppleWebKit/537.36 (KHTML, like Gecko) Chrome/121.0.0.0 Safari/537.36"
62.60.130.210 - - [20/Mar/2026:01:43:34 -0700] "POST /wp-login.php HTTP/1.1" 301 544 "https://drug-injury-lawyer.com/wp-login.php" "Mozilla/5.0 (Windows NT 10.0; Win64; x64; rv:121.0) Gecko/20100101 Firefox/121.0"
91.211.90.240 - - [20/Mar/2026:01:43:33 -0700] "GET /blog/page/3/ HTTP/1.0" 200 70320 "https://www.drug-injury-lawyer.com/blog/page/3/" "Mozilla/5.0 (Windows NT 6.3; WOW64) AppleWebKit/537.36 (KHTML, like Gecko) Chrome/103.0.0.0 Safari/537.36"
62.60.130.210 - - [20/Mar/2026:01:43:34 -0700] "POST /wp-login.php HTTP/1.1" 301 544 "https://drug-injury-lawyer.com/wp-login.php" "Mozilla/5.0 (Windows NT 10.0; Win64; x64; rv:121.0) Gecko/20100101 Firefox/121.0"
62.60.130.210 - - [20/Mar/2026:01:43:34 -0700] "POST /wp-login.php HTTP/1.1" 301 544 "https://drug-injury-lawyer.com/wp-login.php" "Mozilla/5.0 (Windows NT 10.0; Win64; x64; rv:121.0) Gecko/20100101 Firefox/121.0"
62.60.130.210 - - [20/Mar/2026:01:43:34 -0700] "GET /wp-login.php HTTP/1.1" 301 544 "-" "Mozilla/5.0 (Windows NT 11.0; Win64; x64) AppleWebKit/537.36 (KHTML, like Gecko) Chrome/121.0.0.0 Safari/537.36"
62.60.130.210 - - [20/Mar/2026:01:43:34 -0700] "GET /wp-login.php HTTP/1.1" 200 2505 "-" "Mozilla/5.0 (Windows NT 11.0; Win64; x64) AppleWebKit/537.36 (KHTML, like Gecko) Chrome/121.0.0.0 Safari/537.36"
62.60.130.210 - - [20/Mar/2026:01:43:34 -0700] "POST /wp-login.php HTTP/1.1" 301 544 "https://drug-injury-lawyer.com/wp-login.php" "Mozilla/5.0 (Macintosh; Intel Mac OS X 10_15_7) AppleWebKit/537.36 (KHTML, like Gecko) Chrome/120.0.0.0 Safari/537.36"
91.211.90.240 - - [20/Mar/2026:01:43:34 -0700] "GET /blog/page/2/ HTTP/1.0" 200 75150 "https://www.drug-injury-lawyer.com/blog/page/2/" "Mozilla/5.0 (Windows NT 6.3; WOW64) AppleWebKit/537.36 (KHTML, like Gecko) Chrome/103.0.0.0 Safari/537.36"
62.60.130.210 - - [20/Mar/2026:01:43:35 -0700] "POST /wp-login.php HTTP/1.1" 301 544 "https://drug-injury-lawyer.com/wp-login.php" "Mozilla/5.0 (Macintosh; Intel Mac OS X 10_15_7) AppleWebKit/537.36 (KHTML, like Gecko) Chrome/120.0.0.0 Safari/537.36"
62.60.130.210 - - [20/Mar/2026:01:43:35 -0700] "POST /wp-login.php HTTP/1.1" 301 544 "https://drug-injury-lawyer.com/wp-login.php" "Mozilla/5.0 (Macintosh; Intel Mac OS X 10_15_7) AppleWebKit/537.36 (KHTML, like Gecko) Chrome/120.0.0.0 Safari/537.36"
62.60.130.210 - - [20/Mar/2026:01:43:35 -0700] "GET /wp-login.php HTTP/1.1" 301 544 "-" "Mozilla/5.0 (Windows NT 10.0; Win64; x64) AppleWebKit/537.36 (KHTML, like Gecko) Chrome/120.0.0.0 Safari/537.36"
62.60.130.210 - - [20/Mar/2026:01:43:35 -0700] "GET /wp-login.php HTTP/1.1" 200 2505 "-" "Mozilla/5.0 (Windows NT 10.0; Win64; x64) AppleWebKit/537.36 (KHTML, like Gecko) Chrome/120.0.0.0 Safari/537.36"
62.60.130.210 - - [20/Mar/2026:01:43:35 -0700] "POST /wp-login.php HTTP/1.1" 301 544 "https://drug-injury-lawyer.com/wp-login.php" "Mozilla/5.0 (X11; Linux x86_64) AppleWebKit/537.36 (KHTML, like Gecko) Chrome/120.0.0.0 Safari/537.36"
91.211.90.240 - - [20/Mar/2026:01:43:35 -0700] "POST /blog/page/2/ HTTP/1.0" 200 75236 "https://www.drug-injury-lawyer.com/blog/page/2/" "Mozilla/5.0 (Windows NT 6.3; WOW64) AppleWebKit/537.36 (KHTML, like Gecko) Chrome/103.0.0.0 Safari/537.36"
62.60.130.210 - - [20/Mar/2026:01:43:36 -0700] "POST /wp-login.php HTTP/1.1" 301 544 "https://drug-injury-lawyer.com/wp-login.php" "Mozilla/5.0 (X11; Linux x86_64) AppleWebKit/537.36 (KHTML, like Gecko) Chrome/120.0.0.0 Safari/537.36"
62.60.130.210 - - [20/Mar/2026:01:43:36 -0700] "POST /wp-login.php HTTP/1.1" 301 544 "https://drug-injury-lawyer.com/wp-login.php" "Mozilla/5.0 (X11; Linux x86_64) AppleWebKit/537.36 (KHTML, like Gecko) Chrome/120.0.0.0 Safari/537.36"
62.60.130.210 - - [20/Mar/2026:01:43:36 -0700] "GET /wp-login.php HTTP/1.1" 301 544 "-" "Mozilla/5.0 (Windows NT 10.0; Win64; x64; rv:121.0) Gecko/20100101 Firefox/121.0"
62.60.130.210 - - [20/Mar/2026:01:43:36 -0700] "GET /wp-login.php HTTP/1.1" 200 2505 "-" "Mozilla/5.0 (Windows NT 10.0; Win64; x64; rv:121.0) Gecko/20100101 Firefox/121.0"
62.60.130.210 - - [20/Mar/2026:01:43:36 -0700] "POST /wp-login.php HTTP/1.1" 301 544 "https://drug-injury-lawyer.com/wp-login.php" "Mozilla/5.0 (Windows NT 10.0; Win64; x64; rv:121.0) Gecko/20100101 Firefox/121.0"
91.211.90.240 - - [20/Mar/2026:01:43:36 -0700] "GET /author/laba_admin/ HTTP/1.0" 500 6421 "https://www.drug-injury-lawyer.com/author/laba_admin/" "Mozilla/5.0 (Windows NT 6.3; WOW64) AppleWebKit/537.36 (KHTML, like Gecko) Chrome/103.0.0.0 Safari/537.36"
62.60.130.210 - - [20/Mar/2026:01:43:36 -0700] "POST /wp-login.php HTTP/1.1" 301 544 "https://drug-injury-lawyer.com/wp-login.php" "Mozilla/5.0 (Windows NT 10.0; Win64; x64; rv:121.0) Gecko/20100101 Firefox/121.0"
62.60.130.210 - - [20/Mar/2026:01:43:36 -0700] "POST /wp-login.php HTTP/1.1" 301 544 "https://drug-injury-lawyer.com/wp-login.php" "Mozilla/5.0 (Windows NT 10.0; Win64; x64; rv:121.0) Gecko/20100101 Firefox/121.0"
62.60.130.210 - - [20/Mar/2026:01:43:37 -0700] "GET /wp-login.php HTTP/1.1" 301 544 "-" "Mozilla/5.0 (Windows NT 10.0; Win64; x64) AppleWebKit/537.36 (KHTML, like Gecko) Chrome/120.0.0.0 Safari/537.36"
62.60.130.210 - - [20/Mar/2026:01:43:37 -0700] "GET /wp-login.php HTTP/1.1" 200 2505 "-" "Mozilla/5.0 (Windows NT 10.0; Win64; x64) AppleWebKit/537.36 (KHTML, like Gecko) Chrome/120.0.0.0 Safari/537.36"
91.211.90.240 - - [20/Mar/2026:01:43:37 -0700] "GET /blog/page/3/ HTTP/1.0" 200 70320 "https://www.drug-injury-lawyer.com/blog/page/3/" "Mozilla/5.0 (Windows NT 6.3; WOW64) AppleWebKit/537.36 (KHTML, like Gecko) Chrome/103.0.0.0 Safari/537.36"
62.60.130.210 - - [20/Mar/2026:01:43:37 -0700] "POST /wp-login.php HTTP/1.1" 301 544 "https://drug-injury-lawyer.com/wp-login.php" "Mozilla/5.0 (Windows NT 10.0; Win64; x64) AppleWebKit/537.36 (KHTML, like Gecko) Chrome/120.0.0.0 Safari/537.36"
62.60.130.210 - - [20/Mar/2026:01:43:37 -0700] "POST /wp-login.php HTTP/1.1" 301 544 "https://drug-injury-lawyer.com/wp-login.php" "Mozilla/5.0 (Windows NT 10.0; Win64; x64) AppleWebKit/537.36 (KHTML, like Gecko) Chrome/120.0.0.0 Safari/537.36"
62.60.130.210 - - [20/Mar/2026:01:43:37 -0700] "POST /wp-login.php HTTP/1.1" 301 544 "https://drug-injury-lawyer.com/wp-login.php" "Mozilla/5.0 (Windows NT 10.0; Win64; x64) AppleWebKit/537.36 (KHTML, like Gecko) Chrome/120.0.0.0 Safari/537.36"
62.60.130.210 - - [20/Mar/2026:01:43:37 -0700] "GET /wp-login.php HTTP/1.1" 301 544 "-" "Mozilla/5.0 (X11; Linux x86_64) AppleWebKit/537.36 (KHTML, like Gecko) Chrome/120.0.0.0 Safari/537.36"
62.60.130.210 - - [20/Mar/2026:01:43:38 -0700] "GET /wp-login.php HTTP/1.1" 200 2505 "-" "Mozilla/5.0 (X11; Linux x86_64) AppleWebKit/537.36 (KHTML, like Gecko) Chrome/120.0.0.0 Safari/537.36"
91.211.90.240 - - [20/Mar/2026:01:43:38 -0700] "POST /blog/page/3/ HTTP/1.0" 200 70406 "https://www.drug-injury-lawyer.com/blog/page/3/" "Mozilla/5.0 (Windows NT 6.3; WOW64) AppleWebKit/537.36 (KHTML, like Gecko) Chrome/103.0.0.0 Safari/537.36"
62.60.130.210 - - [20/Mar/2026:01:43:38 -0700] "POST /wp-login.php HTTP/1.1" 301 544 "https://drug-injury-lawyer.com/wp-login.php" "Mozilla/5.0 (Windows NT 10.0; Win64; x64; rv:121.0) Gecko/20100101 Firefox/121.0"
62.60.130.210 - - [20/Mar/2026:01:43:38 -0700] "POST /wp-login.php HTTP/1.1" 301 544 "https://drug-injury-lawyer.com/wp-login.php" "Mozilla/5.0 (Windows NT 10.0; Win64; x64; rv:121.0) Gecko/20100101 Firefox/121.0"
62.60.130.210 - - [20/Mar/2026:01:43:38 -0700] "POST /wp-login.php HTTP/1.1" 301 544 "https://drug-injury-lawyer.com/wp-login.php" "Mozilla/5.0 (Windows NT 10.0; Win64; x64; rv:121.0) Gecko/20100101 Firefox/121.0"
62.60.130.210 - - [20/Mar/2026:01:43:38 -0700] "GET /wp-login.php HTTP/1.1" 301 544 "-" "Mozilla/5.0 (Windows NT 10.0; Win64; x64) AppleWebKit/537.36 (KHTML, like Gecko) Chrome/120.0.0.0 Safari/537.36"
173.236.217.44 - - [20/Mar/2026:01:43:39 -0700] "POST /wp-cron.php?doing_wp_cron=1773996219.0999109745025634765625 HTTP/1.1" 200 3646 "-" "WordPress/6.8.5; https://www.drug-injury-lawyer.com"
62.60.130.210 - - [20/Mar/2026:01:43:39 -0700] "GET /wp-login.php HTTP/1.1" 200 2505 "-" "Mozilla/5.0 (Windows NT 10.0; Win64; x64) AppleWebKit/537.36 (KHTML, like Gecko) Chrome/120.0.0.0 Safari/537.36"
62.60.130.210 - - [20/Mar/2026:01:43:39 -0700] "POST /wp-login.php HTTP/1.1" 301 544 "https://drug-injury-lawyer.com/wp-login.php" "Mozilla/5.0 (Windows NT 11.0; Win64; x64) AppleWebKit/537.36 (KHTML, like Gecko) Chrome/121.0.0.0 Safari/537.36"
62.60.130.210 - - [20/Mar/2026:01:43:39 -0700] "POST /wp-login.php HTTP/1.1" 301 544 "https://drug-injury-lawyer.com/wp-login.php" "Mozilla/5.0 (Windows NT 11.0; Win64; x64) AppleWebKit/537.36 (KHTML, like Gecko) Chrome/121.0.0.0 Safari/537.36"
62.60.130.210 - - [20/Mar/2026:01:43:39 -0700] "POST /wp-login.php HTTP/1.1" 301 544 "https://drug-injury-lawyer.com/wp-login.php" "Mozilla/5.0 (Windows NT 11.0; Win64; x64) AppleWebKit/537.36 (KHTML, like Gecko) Chrome/121.0.0.0 Safari/537.36"
62.60.130.210 - - [20/Mar/2026:01:43:39 -0700] "GET /wp-login.php HTTP/1.1" 301 544 "-" "Mozilla/5.0 (Windows NT 10.0; Win64; x64) AppleWebKit/537.36 (KHTML, like Gecko) Chrome/120.0.0.0 Safari/537.36"
