91.211.90.207 - - [20/Mar/2026:00:18:44 -0700] "GET /blog/page/3/ HTTP/1.0" 200 70320 "https://www.drug-injury-lawyer.com/blog/page/3/" "Mozilla/5.0 (Windows NT 6.1; Win64; x64) AppleWebKit/537.36 (KHTML, like Gecko) Chrome/103.0.5060.114 Safari/537.36"
91.211.90.207 - - [20/Mar/2026:00:18:44 -0700] "GET /blog/page/2/ HTTP/1.0" 200 75150 "https://www.drug-injury-lawyer.com/blog/page/2/" "Mozilla/5.0 (Windows NT 6.1; Win64; x64) AppleWebKit/537.36 (KHTML, like Gecko) Chrome/103.0.5060.66 Safari/537.36"
91.211.90.207 - - [20/Mar/2026:00:18:45 -0700] "GET /blog/page/2/ HTTP/1.0" 200 75150 "https://www.drug-injury-lawyer.com/blog/page/2/" "Mozilla/5.0 (Windows NT 6.1; Win64; x64) AppleWebKit/537.36 (KHTML, like Gecko) Chrome/103.0.5060.114 Safari/537.36"
91.211.90.207 - - [20/Mar/2026:00:18:45 -0700] "POST /blog/page/2/ HTTP/1.0" 200 75236 "https://www.drug-injury-lawyer.com/blog/page/2/" "Mozilla/5.0 (Windows NT 6.1; Win64; x64) AppleWebKit/537.36 (KHTML, like Gecko) Chrome/103.0.5060.66 Safari/537.36"
217.147.172.235 - - [20/Mar/2026:00:18:45 -0700] "GET /blog/page/3/ HTTP/1.0" 200 70320 "https://www.drug-injury-lawyer.com/blog/page/3/" "Mozilla/5.0 (Windows NT 10.0; Win64; x64) AppleWebKit/537.36 (KHTML, like Gecko) Chrome/103.0.5060.114 Safari/537.36"
91.211.90.207 - - [20/Mar/2026:00:18:46 -0700] "POST /blog/page/2/ HTTP/1.0" 200 75236 "https://www.drug-injury-lawyer.com/blog/page/2/" "Mozilla/5.0 (Windows NT 6.1; Win64; x64) AppleWebKit/537.36 (KHTML, like Gecko) Chrome/103.0.5060.114 Safari/537.36"
91.211.90.207 - - [20/Mar/2026:00:18:46 -0700] "GET /author/laba_admin/ HTTP/1.0" 500 6421 "https://www.drug-injury-lawyer.com/author/laba_admin/" "Mozilla/5.0 (Windows NT 6.1; Win64; x64) AppleWebKit/537.36 (KHTML, like Gecko) Chrome/103.0.5060.66 Safari/537.36"
217.147.172.235 - - [20/Mar/2026:00:18:46 -0700] "GET /blog/page/2/ HTTP/1.0" 200 75150 "https://www.drug-injury-lawyer.com/blog/page/2/" "Mozilla/5.0 (Windows NT 10.0; Win64; x64) AppleWebKit/537.36 (KHTML, like Gecko) Chrome/103.0.5060.114 Safari/537.36"
91.211.90.207 - - [20/Mar/2026:00:18:47 -0700] "GET /blog/page/3/ HTTP/1.0" 200 70320 "https://www.drug-injury-lawyer.com/blog/page/3/" "Mozilla/5.0 (Windows NT 6.1; Win64; x64) AppleWebKit/537.36 (KHTML, like Gecko) Chrome/103.0.5060.66 Safari/537.36"
91.211.90.207 - - [20/Mar/2026:00:18:47 -0700] "GET /author/laba_admin/ HTTP/1.0" 500 6421 "https://www.drug-injury-lawyer.com/author/laba_admin/" "Mozilla/5.0 (Windows NT 6.1; Win64; x64) AppleWebKit/537.36 (KHTML, like Gecko) Chrome/103.0.5060.114 Safari/537.36"
217.147.172.235 - - [20/Mar/2026:00:18:47 -0700] "POST /blog/page/2/ HTTP/1.0" 200 75236 "https://www.drug-injury-lawyer.com/blog/page/2/" "Mozilla/5.0 (Windows NT 10.0; Win64; x64) AppleWebKit/537.36 (KHTML, like Gecko) Chrome/103.0.5060.114 Safari/537.36"
91.211.90.207 - - [20/Mar/2026:00:18:48 -0700] "GET /blog/page/3/ HTTP/1.0" 200 70320 "https://www.drug-injury-lawyer.com/blog/page/3/" "Mozilla/5.0 (Windows NT 6.1; Win64; x64) AppleWebKit/537.36 (KHTML, like Gecko) Chrome/103.0.5060.114 Safari/537.36"
91.211.90.207 - - [20/Mar/2026:00:18:48 -0700] "POST /blog/page/3/ HTTP/1.0" 200 70406 "https://www.drug-injury-lawyer.com/blog/page/3/" "Mozilla/5.0 (Windows NT 6.1; Win64; x64) AppleWebKit/537.36 (KHTML, like Gecko) Chrome/103.0.5060.66 Safari/537.36"
217.147.172.235 - - [20/Mar/2026:00:18:48 -0700] "GET /author/laba_admin/ HTTP/1.0" 500 6421 "https://www.drug-injury-lawyer.com/author/laba_admin/" "Mozilla/5.0 (Windows NT 10.0; Win64; x64) AppleWebKit/537.36 (KHTML, like Gecko) Chrome/103.0.5060.114 Safari/537.36"
91.211.90.207 - - [20/Mar/2026:00:18:49 -0700] "POST /blog/page/3/ HTTP/1.0" 200 70406 "https://www.drug-injury-lawyer.com/blog/page/3/" "Mozilla/5.0 (Windows NT 6.1; Win64; x64) AppleWebKit/537.36 (KHTML, like Gecko) Chrome/103.0.5060.114 Safari/537.36"
217.147.172.235 - - [20/Mar/2026:00:18:49 -0700] "GET /blog/page/3/ HTTP/1.0" 200 70320 "https://www.drug-injury-lawyer.com/blog/page/3/" "Mozilla/5.0 (Windows NT 10.0; Win64; x64) AppleWebKit/537.36 (KHTML, like Gecko) Chrome/103.0.5060.114 Safari/537.36"
217.147.172.235 - - [20/Mar/2026:00:18:50 -0700] "POST /blog/page/3/ HTTP/1.0" 200 70406 "https://www.drug-injury-lawyer.com/blog/page/3/" "Mozilla/5.0 (Windows NT 10.0; Win64; x64) AppleWebKit/537.36 (KHTML, like Gecko) Chrome/103.0.5060.114 Safari/537.36"
45.156.158.216 - - [20/Mar/2026:00:18:52 -0700] "GET /blog/page/3/ HTTP/1.0" 200 70320 "https://www.drug-injury-lawyer.com/blog/page/3/" "Mozilla/5.0 (Windows NT 6.3; Win64; x64) AppleWebKit/537.36 (KHTML, like Gecko) Chrome/103.0.5060.53 Safari/537.36"
45.156.158.216 - - [20/Mar/2026:00:18:53 -0700] "GET /blog/page/2/ HTTP/1.0" 200 75150 "https://www.drug-injury-lawyer.com/blog/page/2/" "Mozilla/5.0 (Windows NT 6.3; Win64; x64) AppleWebKit/537.36 (KHTML, like Gecko) Chrome/103.0.5060.53 Safari/537.36"
45.156.158.216 - - [20/Mar/2026:00:18:54 -0700] "POST /blog/page/2/ HTTP/1.0" 200 75236 "https://www.drug-injury-lawyer.com/blog/page/2/" "Mozilla/5.0 (Windows NT 6.3; Win64; x64) AppleWebKit/537.36 (KHTML, like Gecko) Chrome/103.0.5060.53 Safari/537.36"
66.249.64.5 - - [20/Mar/2026:00:18:54 -0700] "GET /?goods/241049090 HTTP/1.1" 301 3808 "-" "Mozilla/5.0 (Linux; Android 6.0.1; Nexus 5X Build/MMB29P) AppleWebKit/537.36 (KHTML, like Gecko) Chrome/145.0.7632.159 Mobile Safari/537.36 (compatible; Googlebot/2.1; +http://www.google.com/bot.html)"
66.249.64.5 - - [20/Mar/2026:00:18:54 -0700] "GET /?goods%2F241049090 HTTP/1.1" 200 13229 "-" "Mozilla/5.0 (Linux; Android 6.0.1; Nexus 5X Build/MMB29P) AppleWebKit/537.36 (KHTML, like Gecko) Chrome/145.0.7632.159 Mobile Safari/537.36 (compatible; Googlebot/2.1; +http://www.google.com/bot.html)"
45.156.158.216 - - [20/Mar/2026:00:18:55 -0700] "GET /author/laba_admin/ HTTP/1.0" 500 6421 "https://www.drug-injury-lawyer.com/author/laba_admin/" "Mozilla/5.0 (Windows NT 6.3; Win64; x64) AppleWebKit/537.36 (KHTML, like Gecko) Chrome/103.0.5060.53 Safari/537.36"
45.156.158.216 - - [20/Mar/2026:00:18:55 -0700] "GET /blog/page/3/ HTTP/1.0" 200 70320 "https://www.drug-injury-lawyer.com/blog/page/3/" "Mozilla/5.0 (Windows NT 6.3; Win64; x64) AppleWebKit/537.36 (KHTML, like Gecko) Chrome/103.0.5060.53 Safari/537.36"
45.156.158.75 - - [20/Mar/2026:00:18:56 -0700] "GET /blog/page/3/ HTTP/1.0" 200 70320 "https://www.drug-injury-lawyer.com/blog/page/3/" "Mozilla/5.0 (Windows NT 10.0; Win64; x64) AppleWebKit/537.36 (KHTML, like Gecko) Chrome/103.0.5060.66 Safari/537.36"
45.156.158.216 - - [20/Mar/2026:00:18:56 -0700] "POST /blog/page/3/ HTTP/1.0" 200 70406 "https://www.drug-injury-lawyer.com/blog/page/3/" "Mozilla/5.0 (Windows NT 6.3; Win64; x64) AppleWebKit/537.36 (KHTML, like Gecko) Chrome/103.0.5060.53 Safari/537.36"
45.156.158.75 - - [20/Mar/2026:00:18:57 -0700] "GET /blog/page/2/ HTTP/1.0" 200 75150 "https://www.drug-injury-lawyer.com/blog/page/2/" "Mozilla/5.0 (Windows NT 10.0; Win64; x64) AppleWebKit/537.36 (KHTML, like Gecko) Chrome/103.0.5060.66 Safari/537.36"
217.147.172.82 - - [20/Mar/2026:00:18:57 -0700] "GET /blog/page/3/ HTTP/1.0" 200 70320 "https://www.drug-injury-lawyer.com/blog/page/3/" "Mozilla/5.0 (Windows NT 6.1; Win64; x64) AppleWebKit/537.36 (KHTML, like Gecko) Chrome/103.0.0.0 Safari/537.36"
45.156.158.75 - - [20/Mar/2026:00:18:58 -0700] "POST /blog/page/2/ HTTP/1.0" 200 75236 "https://www.drug-injury-lawyer.com/blog/page/2/" "Mozilla/5.0 (Windows NT 10.0; Win64; x64) AppleWebKit/537.36 (KHTML, like Gecko) Chrome/103.0.5060.66 Safari/537.36"
217.147.172.82 - - [20/Mar/2026:00:18:58 -0700] "GET /blog/page/2/ HTTP/1.0" 200 75150 "https://www.drug-injury-lawyer.com/blog/page/2/" "Mozilla/5.0 (Windows NT 6.1; Win64; x64) AppleWebKit/537.36 (KHTML, like Gecko) Chrome/103.0.0.0 Safari/537.36"
66.249.64.5 - - [20/Mar/2026:00:18:59 -0700] "GET /?z=2262481534399&channel=191e32&from=https://www.drug-injury-lawyer.com/spark.asp?unprecedented/portray140/xf5hl-43841/ HTTP/1.1" 301 3925 "-" "Mozilla/5.0 (Linux; Android 6.0.1; Nexus 5X Build/MMB29P) AppleWebKit/537.36 (KHTML, like Gecko) Chrome/145.0.7632.159 Mobile Safari/537.36 (compatible; Googlebot/2.1; +http://www.google.com/bot.html)"
66.249.64.5 - - [20/Mar/2026:00:18:59 -0700] "GET /?z=2262481534399&channel=191e32&from=https%3A%2F%2Fwww.drug-injury-lawyer.com%2Fspark.asp%3Funprecedented%2Fportray140%2Fxf5hl-43841%2F HTTP/1.1" 200 13294 "-" "Mozilla/5.0 (Linux; Android 6.0.1; Nexus 5X Build/MMB29P) AppleWebKit/537.36 (KHTML, like Gecko) Chrome/145.0.7632.159 Mobile Safari/537.36 (compatible; Googlebot/2.1; +http://www.google.com/bot.html)"
45.156.158.75 - - [20/Mar/2026:00:18:59 -0700] "GET /author/laba_admin/ HTTP/1.0" 500 6421 "https://www.drug-injury-lawyer.com/author/laba_admin/" "Mozilla/5.0 (Windows NT 10.0; Win64; x64) AppleWebKit/537.36 (KHTML, like Gecko) Chrome/103.0.5060.66 Safari/537.36"
217.147.172.82 - - [20/Mar/2026:00:18:59 -0700] "POST /blog/page/2/ HTTP/1.0" 200 75236 "https://www.drug-injury-lawyer.com/blog/page/2/" "Mozilla/5.0 (Windows NT 6.1; Win64; x64) AppleWebKit/537.36 (KHTML, like Gecko) Chrome/103.0.0.0 Safari/537.36"
45.156.158.75 - - [20/Mar/2026:00:19:00 -0700] "GET /blog/page/3/ HTTP/1.0" 200 70320 "https://www.drug-injury-lawyer.com/blog/page/3/" "Mozilla/5.0 (Windows NT 10.0; Win64; x64) AppleWebKit/537.36 (KHTML, like Gecko) Chrome/103.0.5060.66 Safari/537.36"
217.147.172.82 - - [20/Mar/2026:00:19:00 -0700] "GET /author/laba_admin/ HTTP/1.0" 500 6421 "https://www.drug-injury-lawyer.com/author/laba_admin/" "Mozilla/5.0 (Windows NT 6.1; Win64; x64) AppleWebKit/537.36 (KHTML, like Gecko) Chrome/103.0.0.0 Safari/537.36"
45.156.158.75 - - [20/Mar/2026:00:19:01 -0700] "POST /blog/page/3/ HTTP/1.0" 200 70406 "https://www.drug-injury-lawyer.com/blog/page/3/" "Mozilla/5.0 (Windows NT 10.0; Win64; x64) AppleWebKit/537.36 (KHTML, like Gecko) Chrome/103.0.5060.66 Safari/537.36"
217.147.172.82 - - [20/Mar/2026:00:19:01 -0700] "GET /blog/page/3/ HTTP/1.0" 200 70320 "https://www.drug-injury-lawyer.com/blog/page/3/" "Mozilla/5.0 (Windows NT 6.1; Win64; x64) AppleWebKit/537.36 (KHTML, like Gecko) Chrome/103.0.0.0 Safari/537.36"
217.147.172.82 - - [20/Mar/2026:00:19:02 -0700] "POST /blog/page/3/ HTTP/1.0" 200 70406 "https://www.drug-injury-lawyer.com/blog/page/3/" "Mozilla/5.0 (Windows NT 6.1; Win64; x64) AppleWebKit/537.36 (KHTML, like Gecko) Chrome/103.0.0.0 Safari/537.36"
66.249.64.5 - - [20/Mar/2026:00:19:03 -0700] "GET /?jp/256000234.html HTTP/1.1" 301 3810 "-" "Mozilla/5.0 (Linux; Android 6.0.1; Nexus 5X Build/MMB29P) AppleWebKit/537.36 (KHTML, like Gecko) Chrome/145.0.7632.159 Mobile Safari/537.36 (compatible; Googlebot/2.1; +http://www.google.com/bot.html)"
66.249.64.6 - - [20/Mar/2026:00:19:04 -0700] "GET /?jp%2F256000234_html HTTP/1.1" 200 16579 "-" "Mozilla/5.0 (Linux; Android 6.0.1; Nexus 5X Build/MMB29P) AppleWebKit/537.36 (KHTML, like Gecko) Chrome/145.0.7632.159 Mobile Safari/537.36 (compatible; Googlebot/2.1; +http://www.google.com/bot.html)"
66.249.64.6 - - [20/Mar/2026:00:19:10 -0700] "GET /?detail/26301642084040 HTTP/1.1" 301 3814 "-" "Mozilla/5.0 (Linux; Android 6.0.1; Nexus 5X Build/MMB29P) AppleWebKit/537.36 (KHTML, like Gecko) Chrome/145.0.7632.159 Mobile Safari/537.36 (compatible; Googlebot/2.1; +http://www.google.com/bot.html)"
66.249.64.5 - - [20/Mar/2026:00:19:10 -0700] "GET /?detail%2F26301642084040 HTTP/1.1" 200 16578 "-" "Mozilla/5.0 (Linux; Android 6.0.1; Nexus 5X Build/MMB29P) AppleWebKit/537.36 (KHTML, like Gecko) Chrome/145.0.7632.159 Mobile Safari/537.36 (compatible; Googlebot/2.1; +http://www.google.com/bot.html)"
66.249.64.5 - - [20/Mar/2026:00:19:19 -0700] "GET /?detail/087008648638 HTTP/1.1" 301 3812 "-" "Mozilla/5.0 (Linux; Android 6.0.1; Nexus 5X Build/MMB29P) AppleWebKit/537.36 (KHTML, like Gecko) Chrome/145.0.7632.159 Mobile Safari/537.36 (compatible; Googlebot/2.1; +http://www.google.com/bot.html)"
66.249.64.5 - - [20/Mar/2026:00:19:20 -0700] "GET /?detail%2F087008648638 HTTP/1.1" 200 13230 "-" "Mozilla/5.0 (Linux; Android 6.0.1; Nexus 5X Build/MMB29P) AppleWebKit/537.36 (KHTML, like Gecko) Chrome/145.0.7632.159 Mobile Safari/537.36 (compatible; Googlebot/2.1; +http://www.google.com/bot.html)"
173.236.217.44 - - [20/Mar/2026:00:19:29 -0700] "POST /wp-cron.php?doing_wp_cron=1773991169.3892040252685546875000 HTTP/1.1" 200 3646 "-" "WordPress/6.8.5; https://www.drug-injury-lawyer.com"
66.249.64.5 - - [20/Mar/2026:00:19:29 -0700] "GET /?detail/10300377389387 HTTP/1.1" 301 3814 "-" "Mozilla/5.0 (Linux; Android 6.0.1; Nexus 5X Build/MMB29P) AppleWebKit/537.36 (KHTML, like Gecko) Chrome/145.0.7632.159 Mobile Safari/537.36 (compatible; Googlebot/2.1; +http://www.google.com/bot.html)"
66.249.64.5 - - [20/Mar/2026:00:19:29 -0700] "GET /?detail%2F10300377389387 HTTP/1.1" 200 13232 "-" "Mozilla/5.0 (Linux; Android 6.0.1; Nexus 5X Build/MMB29P) AppleWebKit/537.36 (KHTML, like Gecko) Chrome/145.0.7632.159 Mobile Safari/537.36 (compatible; Googlebot/2.1; +http://www.google.com/bot.html)"
66.249.64.5 - - [20/Mar/2026:00:19:38 -0700] "GET /?goods/259005342 HTTP/1.1" 301 3808 "-" "Mozilla/5.0 (Linux; Android 6.0.1; Nexus 5X Build/MMB29P) AppleWebKit/537.36 (KHTML, like Gecko) Chrome/145.0.7632.159 Mobile Safari/537.36 (compatible; Googlebot/2.1; +http://www.google.com/bot.html)"
66.249.64.5 - - [20/Mar/2026:00:19:38 -0700] "GET /?goods%2F259005342 HTTP/1.1" 200 13229 "-" "Mozilla/5.0 (Linux; Android 6.0.1; Nexus 5X Build/MMB29P) AppleWebKit/537.36 (KHTML, like Gecko) Chrome/145.0.7632.159 Mobile Safari/537.36 (compatible; Googlebot/2.1; +http://www.google.com/bot.html)"
173.236.217.44 - - [20/Mar/2026:00:19:48 -0700] "POST /wp-cron.php?doing_wp_cron=1773991188.1552250385284423828125 HTTP/1.1" 200 3646 "-" "WordPress/6.8.5; https://www.drug-injury-lawyer.com"
66.249.64.5 - - [20/Mar/2026:00:19:48 -0700] "GET /?detail/11901536626722 HTTP/1.1" 301 3814 "-" "Mozilla/5.0 (Linux; Android 6.0.1; Nexus 5X Build/MMB29P) AppleWebKit/537.36 (KHTML, like Gecko) Chrome/145.0.7632.159 Mobile Safari/537.36 (compatible; Googlebot/2.1; +http://www.google.com/bot.html)"
66.249.64.5 - - [20/Mar/2026:00:19:48 -0700] "GET /?detail%2F11901536626722 HTTP/1.1" 200 13232 "-" "Mozilla/5.0 (Linux; Android 6.0.1; Nexus 5X Build/MMB29P) AppleWebKit/537.36 (KHTML, like Gecko) Chrome/145.0.7632.159 Mobile Safari/537.36 (compatible; Googlebot/2.1; +http://www.google.com/bot.html)"
66.249.64.5 - - [20/Mar/2026:00:19:57 -0700] "GET /?jp/298045200.html HTTP/1.1" 301 3810 "-" "Mozilla/5.0 (Linux; Android 6.0.1; Nexus 5X Build/MMB29P) AppleWebKit/537.36 (KHTML, like Gecko) Chrome/145.0.7632.159 Mobile Safari/537.36 (compatible; Googlebot/2.1; +http://www.google.com/bot.html)"
66.249.64.5 - - [20/Mar/2026:00:19:57 -0700] "GET /?jp%2F298045200_html HTTP/1.1" 200 13231 "-" "Mozilla/5.0 (Linux; Android 6.0.1; Nexus 5X Build/MMB29P) AppleWebKit/537.36 (KHTML, like Gecko) Chrome/145.0.7632.159 Mobile Safari/537.36 (compatible; Googlebot/2.1; +http://www.google.com/bot.html)"
91.211.90.206 - - [20/Mar/2026:00:20:02 -0700] "GET /blog/page/3/ HTTP/1.0" 200 70320 "https://www.drug-injury-lawyer.com/blog/page/3/" "Mozilla/5.0 (Windows NT 10.0; Win64; x64) AppleWebKit/537.36 (KHTML, like Gecko) Chrome/103.0.5060.114 Safari/537.36"
91.211.90.206 - - [20/Mar/2026:00:20:03 -0700] "GET /blog/page/2/ HTTP/1.0" 200 75150 "https://www.drug-injury-lawyer.com/blog/page/2/" "Mozilla/5.0 (Windows NT 10.0; Win64; x64) AppleWebKit/537.36 (KHTML, like Gecko) Chrome/103.0.5060.114 Safari/537.36"
91.211.90.206 - - [20/Mar/2026:00:20:04 -0700] "POST /blog/page/2/ HTTP/1.0" 200 75236 "https://www.drug-injury-lawyer.com/blog/page/2/" "Mozilla/5.0 (Windows NT 10.0; Win64; x64) AppleWebKit/537.36 (KHTML, like Gecko) Chrome/103.0.5060.114 Safari/537.36"
66.249.64.7 - - [20/Mar/2026:00:20:05 -0700] "GET /?detail/04801887167278 HTTP/1.1" 301 3814 "-" "Mozilla/5.0 (Linux; Android 6.0.1; Nexus 5X Build/MMB29P) AppleWebKit/537.36 (KHTML, like Gecko) Chrome/145.0.7632.159 Mobile Safari/537.36 (compatible; Googlebot/2.1; +http://www.google.com/bot.html)"
66.249.64.7 - - [20/Mar/2026:00:20:05 -0700] "GET /?detail%2F04801887167278 HTTP/1.1" 200 13231 "-" "Mozilla/5.0 (Linux; Android 6.0.1; Nexus 5X Build/MMB29P) AppleWebKit/537.36 (KHTML, like Gecko) Chrome/145.0.7632.159 Mobile Safari/537.36 (compatible; Googlebot/2.1; +http://www.google.com/bot.html)"
91.211.90.206 - - [20/Mar/2026:00:20:05 -0700] "GET /author/laba_admin/ HTTP/1.0" 500 6421 "https://www.drug-injury-lawyer.com/author/laba_admin/" "Mozilla/5.0 (Windows NT 10.0; Win64; x64) AppleWebKit/537.36 (KHTML, like Gecko) Chrome/103.0.5060.114 Safari/537.36"
91.211.90.206 - - [20/Mar/2026:00:20:06 -0700] "GET /blog/page/3/ HTTP/1.0" 200 70320 "https://www.drug-injury-lawyer.com/blog/page/3/" "Mozilla/5.0 (Windows NT 10.0; Win64; x64) AppleWebKit/537.36 (KHTML, like Gecko) Chrome/103.0.5060.114 Safari/537.36"
91.211.90.206 - - [20/Mar/2026:00:20:07 -0700] "POST /blog/page/3/ HTTP/1.0" 200 70406 "https://www.drug-injury-lawyer.com/blog/page/3/" "Mozilla/5.0 (Windows NT 10.0; Win64; x64) AppleWebKit/537.36 (KHTML, like Gecko) Chrome/103.0.5060.114 Safari/537.36"
66.249.64.5 - - [20/Mar/2026:00:20:23 -0700] "GET /?detail/007048216946 HTTP/1.1" 301 3812 "-" "Mozilla/5.0 (Linux; Android 6.0.1; Nexus 5X Build/MMB29P) AppleWebKit/537.36 (KHTML, like Gecko) Chrome/145.0.7632.159 Mobile Safari/537.36 (compatible; Googlebot/2.1; +http://www.google.com/bot.html)"
66.249.64.6 - - [20/Mar/2026:00:20:23 -0700] "GET /?detail%2F007048216946 HTTP/1.1" 200 16578 "-" "Mozilla/5.0 (Linux; Android 6.0.1; Nexus 5X Build/MMB29P) AppleWebKit/537.36 (KHTML, like Gecko) Chrome/145.0.7632.159 Mobile Safari/537.36 (compatible; Googlebot/2.1; +http://www.google.com/bot.html)"
66.249.64.5 - - [20/Mar/2026:00:20:27 -0700] "GET /?detail/007048559565 HTTP/1.1" 301 3812 "-" "Mozilla/5.0 (Linux; Android 6.0.1; Nexus 5X Build/MMB29P) AppleWebKit/537.36 (KHTML, like Gecko) Chrome/145.0.7632.159 Mobile Safari/537.36 (compatible; Googlebot/2.1; +http://www.google.com/bot.html)"
66.249.64.5 - - [20/Mar/2026:00:20:28 -0700] "GET /?detail%2F007048559565 HTTP/1.1" 200 13230 "-" "Mozilla/5.0 (Linux; Android 6.0.1; Nexus 5X Build/MMB29P) AppleWebKit/537.36 (KHTML, like Gecko) Chrome/145.0.7632.159 Mobile Safari/537.36 (compatible; Googlebot/2.1; +http://www.google.com/bot.html)"
173.236.217.44 - - [20/Mar/2026:00:20:32 -0700] "POST /wp-cron.php?doing_wp_cron=1773991232.6936209201812744140625 HTTP/1.1" 200 3646 "-" "WordPress/6.8.5; https://www.drug-injury-lawyer.com"
66.249.64.5 - - [20/Mar/2026:00:20:32 -0700] "GET /?jp/204010583.html HTTP/1.1" 301 3810 "-" "Mozilla/5.0 (Linux; Android 6.0.1; Nexus 5X Build/MMB29P) AppleWebKit/537.36 (KHTML, like Gecko) Chrome/145.0.7632.159 Mobile Safari/537.36 (compatible; Googlebot/2.1; +http://www.google.com/bot.html)"
66.249.64.5 - - [20/Mar/2026:00:20:33 -0700] "GET /?jp%2F204010583_html HTTP/1.1" 200 13230 "-" "Mozilla/5.0 (Linux; Android 6.0.1; Nexus 5X Build/MMB29P) AppleWebKit/537.36 (KHTML, like Gecko) Chrome/145.0.7632.159 Mobile Safari/537.36 (compatible; Googlebot/2.1; +http://www.google.com/bot.html)"
66.249.64.5 - - [20/Mar/2026:00:20:37 -0700] "GET /?goods/260003220 HTTP/1.1" 301 3808 "-" "Mozilla/5.0 (Linux; Android 6.0.1; Nexus 5X Build/MMB29P) AppleWebKit/537.36 (KHTML, like Gecko) Chrome/145.0.7632.159 Mobile Safari/537.36 (compatible; Googlebot/2.1; +http://www.google.com/bot.html)"
66.249.64.5 - - [20/Mar/2026:00:20:37 -0700] "GET /?goods%2F260003220 HTTP/1.1" 200 13229 "-" "Mozilla/5.0 (Linux; Android 6.0.1; Nexus 5X Build/MMB29P) AppleWebKit/537.36 (KHTML, like Gecko) Chrome/145.0.7632.159 Mobile Safari/537.36 (compatible; Googlebot/2.1; +http://www.google.com/bot.html)"
173.236.217.44 - - [20/Mar/2026:00:20:52 -0700] "POST /wp-cron.php?doing_wp_cron=1773991252.5160949230194091796875 HTTP/1.1" 200 3646 "-" "WordPress/6.8.5; https://www.drug-injury-lawyer.com"
66.249.64.5 - - [20/Mar/2026:00:20:52 -0700] "GET /?goods/114026278 HTTP/1.1" 301 3808 "-" "Mozilla/5.0 (Linux; Android 6.0.1; Nexus 5X Build/MMB29P) AppleWebKit/537.36 (KHTML, like Gecko) Chrome/145.0.7632.159 Mobile Safari/537.36 (compatible; Googlebot/2.1; +http://www.google.com/bot.html)"
66.249.64.5 - - [20/Mar/2026:00:20:52 -0700] "GET /?goods%2F114026278 HTTP/1.1" 200 13229 "-" "Mozilla/5.0 (Linux; Android 6.0.1; Nexus 5X Build/MMB29P) AppleWebKit/537.36 (KHTML, like Gecko) Chrome/145.0.7632.159 Mobile Safari/537.36 (compatible; Googlebot/2.1; +http://www.google.com/bot.html)"
66.249.64.5 - - [20/Mar/2026:00:21:10 -0700] "GET /?detail/16902251297024 HTTP/1.1" 301 3814 "-" "Mozilla/5.0 (Linux; Android 6.0.1; Nexus 5X Build/MMB29P) AppleWebKit/537.36 (KHTML, like Gecko) Chrome/145.0.7632.159 Mobile Safari/537.36 (compatible; Googlebot/2.1; +http://www.google.com/bot.html)"
66.249.64.6 - - [20/Mar/2026:00:21:10 -0700] "GET /?detail%2F16902251297024 HTTP/1.1" 200 16581 "-" "Mozilla/5.0 (Linux; Android 6.0.1; Nexus 5X Build/MMB29P) AppleWebKit/537.36 (KHTML, like Gecko) Chrome/145.0.7632.159 Mobile Safari/537.36 (compatible; Googlebot/2.1; +http://www.google.com/bot.html)"
217.147.172.82 - - [20/Mar/2026:00:21:12 -0700] "GET /blog/page/3/ HTTP/1.0" 200 70320 "https://www.drug-injury-lawyer.com/blog/page/3/" "Mozilla/5.0 (Windows NT 6.3; WOW64) AppleWebKit/537.36 (KHTML, like Gecko) Chrome/103.0.0.0 Safari/537.36"
217.147.172.82 - - [20/Mar/2026:00:21:13 -0700] "GET /blog/page/2/ HTTP/1.0" 200 75150 "https://www.drug-injury-lawyer.com/blog/page/2/" "Mozilla/5.0 (Windows NT 6.3; WOW64) AppleWebKit/537.36 (KHTML, like Gecko) Chrome/103.0.0.0 Safari/537.36"
217.147.172.82 - - [20/Mar/2026:00:21:14 -0700] "POST /blog/page/2/ HTTP/1.0" 200 75236 "https://www.drug-injury-lawyer.com/blog/page/2/" "Mozilla/5.0 (Windows NT 6.3; WOW64) AppleWebKit/537.36 (KHTML, like Gecko) Chrome/103.0.0.0 Safari/537.36"
66.249.64.5 - - [20/Mar/2026:00:21:14 -0700] "GET /?goods/143022026 HTTP/1.1" 301 3808 "-" "Mozilla/5.0 (Linux; Android 6.0.1; Nexus 5X Build/MMB29P) AppleWebKit/537.36 (KHTML, like Gecko) Chrome/145.0.7632.159 Mobile Safari/537.36 (compatible; Googlebot/2.1; +http://www.google.com/bot.html)"
66.249.64.6 - - [20/Mar/2026:00:21:14 -0700] "GET /?goods%2F143022026 HTTP/1.1" 200 16577 "-" "Mozilla/5.0 (Linux; Android 6.0.1; Nexus 5X Build/MMB29P) AppleWebKit/537.36 (KHTML, like Gecko) Chrome/145.0.7632.159 Mobile Safari/537.36 (compatible; Googlebot/2.1; +http://www.google.com/bot.html)"
217.147.172.82 - - [20/Mar/2026:00:21:15 -0700] "GET /author/laba_admin/ HTTP/1.0" 500 6421 "https://www.drug-injury-lawyer.com/author/laba_admin/" "Mozilla/5.0 (Windows NT 6.3; WOW64) AppleWebKit/537.36 (KHTML, like Gecko) Chrome/103.0.0.0 Safari/537.36"
217.147.172.82 - - [20/Mar/2026:00:21:15 -0700] "GET /blog/page/3/ HTTP/1.0" 200 70320 "https://www.drug-injury-lawyer.com/blog/page/3/" "Mozilla/5.0 (Windows NT 6.3; WOW64) AppleWebKit/537.36 (KHTML, like Gecko) Chrome/103.0.0.0 Safari/537.36"
217.147.172.82 - - [20/Mar/2026:00:21:16 -0700] "POST /blog/page/3/ HTTP/1.0" 200 70406 "https://www.drug-injury-lawyer.com/blog/page/3/" "Mozilla/5.0 (Windows NT 6.3; WOW64) AppleWebKit/537.36 (KHTML, like Gecko) Chrome/103.0.0.0 Safari/537.36"
66.249.64.5 - - [20/Mar/2026:00:21:21 -0700] "GET /?detail/025008038794 HTTP/1.1" 301 3812 "-" "Mozilla/5.0 (Linux; Android 6.0.1; Nexus 5X Build/MMB29P) AppleWebKit/537.36 (KHTML, like Gecko) Chrome/145.0.7632.159 Mobile Safari/537.36 (compatible; Googlebot/2.1; +http://www.google.com/bot.html)"
66.249.64.5 - - [20/Mar/2026:00:21:21 -0700] "GET /?detail%2F025008038794 HTTP/1.1" 200 13230 "-" "Mozilla/5.0 (Linux; Android 6.0.1; Nexus 5X Build/MMB29P) AppleWebKit/537.36 (KHTML, like Gecko) Chrome/145.0.7632.159 Mobile Safari/537.36 (compatible; Googlebot/2.1; +http://www.google.com/bot.html)"
173.236.217.44 - - [20/Mar/2026:00:21:32 -0700] "POST /wp-cron.php?doing_wp_cron=1773991292.7341699600219726562500 HTTP/1.1" 200 3646 "-" "WordPress/6.8.5; https://www.drug-injury-lawyer.com"
66.249.64.5 - - [20/Mar/2026:00:21:32 -0700] "GET /?detail/025008032585 HTTP/1.1" 301 3812 "-" "Mozilla/5.0 (Linux; Android 6.0.1; Nexus 5X Build/MMB29P) AppleWebKit/537.36 (KHTML, like Gecko) Chrome/145.0.7632.159 Mobile Safari/537.36 (compatible; Googlebot/2.1; +http://www.google.com/bot.html)"
66.249.64.5 - - [20/Mar/2026:00:21:32 -0700] "GET /?detail%2F025008032585 HTTP/1.1" 200 13230 "-" "Mozilla/5.0 (Linux; Android 6.0.1; Nexus 5X Build/MMB29P) AppleWebKit/537.36 (KHTML, like Gecko) Chrome/145.0.7632.159 Mobile Safari/537.36 (compatible; Googlebot/2.1; +http://www.google.com/bot.html)"
66.249.64.5 - - [20/Mar/2026:00:21:36 -0700] "GET /?detail/214040980999 HTTP/1.1" 301 463 "-" "Mozilla/5.0 (Linux; Android 6.0.1; Nexus 5X Build/MMB29P) AppleWebKit/537.36 (KHTML, like Gecko) Chrome/145.0.7632.159 Mobile Safari/537.36 (compatible; Googlebot/2.1; +http://www.google.com/bot.html)"
66.249.64.5 - - [20/Mar/2026:00:21:36 -0700] "GET /?detail%2F214040980999 HTTP/1.1" 200 13230 "-" "Mozilla/5.0 (Linux; Android 6.0.1; Nexus 5X Build/MMB29P) AppleWebKit/537.36 (KHTML, like Gecko) Chrome/145.0.7632.159 Mobile Safari/537.36 (compatible; Googlebot/2.1; +http://www.google.com/bot.html)"
173.236.217.44 - - [20/Mar/2026:00:21:40 -0700] "POST /wp-cron.php?doing_wp_cron=1773991300.3014938831329345703125 HTTP/1.1" 200 3646 "-" "WordPress/6.8.5; https://www.drug-injury-lawyer.com"
66.249.64.5 - - [20/Mar/2026:00:21:40 -0700] "GET /?goods/030003816 HTTP/1.1" 301 459 "-" "Mozilla/5.0 (Linux; Android 6.0.1; Nexus 5X Build/MMB29P) AppleWebKit/537.36 (KHTML, like Gecko) Chrome/145.0.7632.159 Mobile Safari/537.36 (compatible; Googlebot/2.1; +http://www.google.com/bot.html)"
66.249.64.5 - - [20/Mar/2026:00:21:40 -0700] "GET /?goods%2F030003816 HTTP/1.1" 200 13229 "-" "Mozilla/5.0 (Linux; Android 6.0.1; Nexus 5X Build/MMB29P) AppleWebKit/537.36 (KHTML, like Gecko) Chrome/145.0.7632.159 Mobile Safari/537.36 (compatible; Googlebot/2.1; +http://www.google.com/bot.html)"
66.249.64.5 - - [20/Mar/2026:00:21:49 -0700] "GET /?goods/023038243 HTTP/1.1" 301 3808 "-" "Mozilla/5.0 (Linux; Android 6.0.1; Nexus 5X Build/MMB29P) AppleWebKit/537.36 (KHTML, like Gecko) Chrome/145.0.7632.159 Mobile Safari/537.36 (compatible; Googlebot/2.1; +http://www.google.com/bot.html)"
66.249.64.5 - - [20/Mar/2026:00:21:49 -0700] "GET /?goods%2F023038243 HTTP/1.1" 200 13229 "-" "Mozilla/5.0 (Linux; Android 6.0.1; Nexus 5X Build/MMB29P) AppleWebKit/537.36 (KHTML, like Gecko) Chrome/145.0.7632.159 Mobile Safari/537.36 (compatible; Googlebot/2.1; +http://www.google.com/bot.html)"
66.249.64.5 - - [20/Mar/2026:00:21:59 -0700] "GET /?detail/17600155154117 HTTP/1.1" 301 3814 "-" "Mozilla/5.0 (Linux; Android 6.0.1; Nexus 5X Build/MMB29P) AppleWebKit/537.36 (KHTML, like Gecko) Chrome/145.0.7632.159 Mobile Safari/537.36 (compatible; Googlebot/2.1; +http://www.google.com/bot.html)"
66.249.64.5 - - [20/Mar/2026:00:21:59 -0700] "GET /?detail%2F17600155154117 HTTP/1.1" 200 13232 "-" "Mozilla/5.0 (Linux; Android 6.0.1; Nexus 5X Build/MMB29P) AppleWebKit/537.36 (KHTML, like Gecko) Chrome/145.0.7632.159 Mobile Safari/537.36 (compatible; Googlebot/2.1; +http://www.google.com/bot.html)"
66.249.64.5 - - [20/Mar/2026:00:22:16 -0700] "GET /?detail/0680003406821 HTTP/1.1" 301 3813 "-" "Mozilla/5.0 (Linux; Android 6.0.1; Nexus 5X Build/MMB29P) AppleWebKit/537.36 (KHTML, like Gecko) Chrome/145.0.7632.159 Mobile Safari/537.36 (compatible; Googlebot/2.1; +http://www.google.com/bot.html)"
66.249.64.5 - - [20/Mar/2026:00:22:16 -0700] "GET /?detail%2F0680003406821 HTTP/1.1" 200 13229 "-" "Mozilla/5.0 (Linux; Android 6.0.1; Nexus 5X Build/MMB29P) AppleWebKit/537.36 (KHTML, like Gecko) Chrome/145.0.7632.159 Mobile Safari/537.36 (compatible; Googlebot/2.1; +http://www.google.com/bot.html)"
66.249.64.5 - - [20/Mar/2026:00:22:21 -0700] "GET /?goods/296039357 HTTP/1.1" 301 3808 "-" "Mozilla/5.0 (Linux; Android 6.0.1; Nexus 5X Build/MMB29P) AppleWebKit/537.36 (KHTML, like Gecko) Chrome/145.0.7632.159 Mobile Safari/537.36 (compatible; Googlebot/2.1; +http://www.google.com/bot.html)"
66.249.64.5 - - [20/Mar/2026:00:22:21 -0700] "GET /?goods%2F296039357 HTTP/1.1" 200 13229 "-" "Mozilla/5.0 (Linux; Android 6.0.1; Nexus 5X Build/MMB29P) AppleWebKit/537.36 (KHTML, like Gecko) Chrome/145.0.7632.159 Mobile Safari/537.36 (compatible; Googlebot/2.1; +http://www.google.com/bot.html)"
66.249.64.5 - - [20/Mar/2026:00:22:27 -0700] "GET /?goods/087015682 HTTP/1.1" 301 3808 "-" "Mozilla/5.0 (Linux; Android 6.0.1; Nexus 5X Build/MMB29P) AppleWebKit/537.36 (KHTML, like Gecko) Chrome/145.0.7632.159 Mobile Safari/537.36 (compatible; Googlebot/2.1; +http://www.google.com/bot.html)"
66.249.64.5 - - [20/Mar/2026:00:22:27 -0700] "GET /?goods%2F087015682 HTTP/1.1" 200 13232 "-" "Mozilla/5.0 (Linux; Android 6.0.1; Nexus 5X Build/MMB29P) AppleWebKit/537.36 (KHTML, like Gecko) Chrome/145.0.7632.159 Mobile Safari/537.36 (compatible; Googlebot/2.1; +http://www.google.com/bot.html)"
173.236.217.44 - - [20/Mar/2026:00:22:36 -0700] "POST /wp-cron.php?doing_wp_cron=1773991356.5361549854278564453125 HTTP/1.1" 200 3646 "-" "WordPress/6.8.5; https://www.drug-injury-lawyer.com"
66.249.64.5 - - [20/Mar/2026:00:22:36 -0700] "GET /?detail/1730015810257 HTTP/1.1" 301 3813 "-" "Mozilla/5.0 (Linux; Android 6.0.1; Nexus 5X Build/MMB29P) AppleWebKit/537.36 (KHTML, like Gecko) Chrome/145.0.7632.159 Mobile Safari/537.36 (compatible; Googlebot/2.1; +http://www.google.com/bot.html)"
66.249.64.5 - - [20/Mar/2026:00:22:36 -0700] "GET /?detail%2F1730015810257 HTTP/1.1" 200 13231 "-" "Mozilla/5.0 (Linux; Android 6.0.1; Nexus 5X Build/MMB29P) AppleWebKit/537.36 (KHTML, like Gecko) Chrome/145.0.7632.159 Mobile Safari/537.36 (compatible; Googlebot/2.1; +http://www.google.com/bot.html)"
91.211.90.227 - - [20/Mar/2026:00:22:51 -0700] "GET /blog/page/3/ HTTP/1.0" 200 70320 "https://www.drug-injury-lawyer.com/blog/page/3/" "Mozilla/5.0 (Windows NT 10.0; Win64; x64) AppleWebKit/537.36 (KHTML, like Gecko) Chrome/103.0.5042.0 Safari/537.36"
91.211.90.227 - - [20/Mar/2026:00:22:52 -0700] "GET /blog/page/2/ HTTP/1.0" 200 75150 "https://www.drug-injury-lawyer.com/blog/page/2/" "Mozilla/5.0 (Windows NT 10.0; Win64; x64) AppleWebKit/537.36 (KHTML, like Gecko) Chrome/103.0.5042.0 Safari/537.36"
91.211.90.227 - - [20/Mar/2026:00:22:52 -0700] "GET /blog/page/3/ HTTP/1.0" 200 70320 "https://www.drug-injury-lawyer.com/blog/page/3/" "Mozilla/5.0 (Windows NT 6.3; WOW64) AppleWebKit/537.36 (KHTML, like Gecko) Chrome/103.0.0.0 Safari/537.36"
91.211.90.227 - - [20/Mar/2026:00:22:53 -0700] "POST /blog/page/2/ HTTP/1.0" 200 75236 "https://www.drug-injury-lawyer.com/blog/page/2/" "Mozilla/5.0 (Windows NT 10.0; Win64; x64) AppleWebKit/537.36 (KHTML, like Gecko) Chrome/103.0.5042.0 Safari/537.36"
91.211.90.227 - - [20/Mar/2026:00:22:53 -0700] "GET /blog/page/2/ HTTP/1.0" 200 75150 "https://www.drug-injury-lawyer.com/blog/page/2/" "Mozilla/5.0 (Windows NT 6.3; WOW64) AppleWebKit/537.36 (KHTML, like Gecko) Chrome/103.0.0.0 Safari/537.36"
91.211.90.227 - - [20/Mar/2026:00:22:53 -0700] "GET /author/laba_admin/ HTTP/1.0" 500 6421 "https://www.drug-injury-lawyer.com/author/laba_admin/" "Mozilla/5.0 (Windows NT 10.0; Win64; x64) AppleWebKit/537.36 (KHTML, like Gecko) Chrome/103.0.5042.0 Safari/537.36"
91.211.90.227 - - [20/Mar/2026:00:22:53 -0700] "POST /blog/page/2/ HTTP/1.0" 200 75236 "https://www.drug-injury-lawyer.com/blog/page/2/" "Mozilla/5.0 (Windows NT 6.3; WOW64) AppleWebKit/537.36 (KHTML, like Gecko) Chrome/103.0.0.0 Safari/537.36"
91.211.90.227 - - [20/Mar/2026:00:22:54 -0700] "GET /blog/page/3/ HTTP/1.0" 200 70320 "https://www.drug-injury-lawyer.com/blog/page/3/" "Mozilla/5.0 (Windows NT 10.0; Win64; x64) AppleWebKit/537.36 (KHTML, like Gecko) Chrome/103.0.5042.0 Safari/537.36"
91.211.90.227 - - [20/Mar/2026:00:22:54 -0700] "GET /author/laba_admin/ HTTP/1.0" 500 6421 "https://www.drug-injury-lawyer.com/author/laba_admin/" "Mozilla/5.0 (Windows NT 6.3; WOW64) AppleWebKit/537.36 (KHTML, like Gecko) Chrome/103.0.0.0 Safari/537.36"
66.249.64.5 - - [20/Mar/2026:00:22:54 -0700] "GET /?goods/118027646 HTTP/1.1" 301 3808 "-" "Mozilla/5.0 (Linux; Android 6.0.1; Nexus 5X Build/MMB29P) AppleWebKit/537.36 (KHTML, like Gecko) Chrome/145.0.7632.159 Mobile Safari/537.36 (compatible; Googlebot/2.1; +http://www.google.com/bot.html)"
107.20.105.74 - - [20/Mar/2026:00:22:55 -0700] "HEAD / HTTP/2.0" 200 342 "http://www.drug-injury-lawyer.com/" "DreamHost SiteMonitor 1.0"
66.249.64.5 - - [20/Mar/2026:00:22:55 -0700] "GET /?goods%2F118027646 HTTP/1.1" 200 13229 "-" "Mozilla/5.0 (Linux; Android 6.0.1; Nexus 5X Build/MMB29P) AppleWebKit/537.36 (KHTML, like Gecko) Chrome/145.0.7632.159 Mobile Safari/537.36 (compatible; Googlebot/2.1; +http://www.google.com/bot.html)"
91.211.90.227 - - [20/Mar/2026:00:22:55 -0700] "POST /blog/page/3/ HTTP/1.0" 200 70406 "https://www.drug-injury-lawyer.com/blog/page/3/" "Mozilla/5.0 (Windows NT 10.0; Win64; x64) AppleWebKit/537.36 (KHTML, like Gecko) Chrome/103.0.5042.0 Safari/537.36"
91.211.90.227 - - [20/Mar/2026:00:22:55 -0700] "GET /blog/page/3/ HTTP/1.0" 200 70320 "https://www.drug-injury-lawyer.com/blog/page/3/" "Mozilla/5.0 (Windows NT 6.3; WOW64) AppleWebKit/537.36 (KHTML, like Gecko) Chrome/103.0.0.0 Safari/537.36"
91.211.90.227 - - [20/Mar/2026:00:22:56 -0700] "POST /blog/page/3/ HTTP/1.0" 200 70406 "https://www.drug-injury-lawyer.com/blog/page/3/" "Mozilla/5.0 (Windows NT 6.3; WOW64) AppleWebKit/537.36 (KHTML, like Gecko) Chrome/103.0.0.0 Safari/537.36"
66.249.64.5 - - [20/Mar/2026:00:22:58 -0700] "GET /?detail/091036798235 HTTP/1.1" 301 463 "-" "Mozilla/5.0 (Linux; Android 6.0.1; Nexus 5X Build/MMB29P) AppleWebKit/537.36 (KHTML, like Gecko) Chrome/145.0.7632.159 Mobile Safari/537.36 (compatible; Googlebot/2.1; +http://www.google.com/bot.html)"
66.249.64.5 - - [20/Mar/2026:00:22:58 -0700] "GET /?detail%2F091036798235 HTTP/1.1" 200 13230 "-" "Mozilla/5.0 (Linux; Android 6.0.1; Nexus 5X Build/MMB29P) AppleWebKit/537.36 (KHTML, like Gecko) Chrome/145.0.7632.159 Mobile Safari/537.36 (compatible; Googlebot/2.1; +http://www.google.com/bot.html)"
23.101.8.77 - - [20/Mar/2026:00:23:01 -0700] "GET /.trash7206/index.php HTTP/1.1" 301 3786 "-" "Mozilla/5.0 (Windows NT 10.0; Win64; x64) AppleWebKit/537.36 (KHTML, like Gecko) Chrome/120.0.0.0 Safari/537.36"
23.101.8.77 - - [20/Mar/2026:00:23:01 -0700] "GET /.well-known/logs233/index.php?p= HTTP/1.1" 301 446 "-" "Mozilla/5.0 (Windows NT 10.0; Win64; x64) AppleWebKit/537.36 (KHTML, like Gecko) Chrome/120.0.0.0 Safari/537.36"
23.101.8.77 - - [20/Mar/2026:00:23:02 -0700] "GET /wp-content/themes/haha.php HTTP/1.1" 500 3198 "-" "Mozilla/5.0 (Windows NT 10.0; Win64; x64) AppleWebKit/537.36 (KHTML, like Gecko) Chrome/120.0.0.0 Safari/537.36"
23.101.8.77 - - [20/Mar/2026:00:23:02 -0700] "GET /wp-content/themes/theme/about.php HTTP/1.1" 500 3544 "-" "Mozilla/5.0 (Windows NT 10.0; Win64; x64) AppleWebKit/537.36 (KHTML, like Gecko) Chrome/120.0.0.0 Safari/537.36"
23.101.8.77 - - [20/Mar/2026:00:23:03 -0700] "GET /wp-content/plugins/plugin/index.php HTTP/1.1" 301 799 "-" "Mozilla/5.0 (Windows NT 10.0; Win64; x64) AppleWebKit/537.36 (KHTML, like Gecko) Chrome/120.0.0.0 Safari/537.36"
23.101.8.77 - - [20/Mar/2026:00:23:03 -0700] "GET /xmr.php HTTP/1.1" 500 3198 "-" "Mozilla/5.0 (Windows NT 10.0; Win64; x64) AppleWebKit/537.36 (KHTML, like Gecko) Chrome/120.0.0.0 Safari/537.36"
66.249.64.5 - - [20/Mar/2026:00:23:04 -0700] "GET /?jp/113034410.html HTTP/1.1" 301 3810 "-" "Mozilla/5.0 (Linux; Android 6.0.1; Nexus 5X Build/MMB29P) AppleWebKit/537.36 (KHTML, like Gecko) Chrome/145.0.7632.159 Mobile Safari/537.36 (compatible; Googlebot/2.1; +http://www.google.com/bot.html)"
66.249.64.5 - - [20/Mar/2026:00:23:04 -0700] "GET /?jp%2F113034410_html HTTP/1.1" 200 13231 "-" "Mozilla/5.0 (Linux; Android 6.0.1; Nexus 5X Build/MMB29P) AppleWebKit/537.36 (KHTML, like Gecko) Chrome/145.0.7632.159 Mobile Safari/537.36 (compatible; Googlebot/2.1; +http://www.google.com/bot.html)"
66.249.64.7 - - [20/Mar/2026:00:23:04 -0700] "GET /?jp/015025130.html HTTP/1.1" 301 3810 "-" "Mozilla/5.0 (Linux; Android 6.0.1; Nexus 5X Build/MMB29P) AppleWebKit/537.36 (KHTML, like Gecko) Chrome/145.0.7632.159 Mobile Safari/537.36 (compatible; Googlebot/2.1; +http://www.google.com/bot.html)"
66.249.64.7 - - [20/Mar/2026:00:23:04 -0700] "GET /?jp%2F015025130_html HTTP/1.1" 200 13230 "-" "Mozilla/5.0 (Linux; Android 6.0.1; Nexus 5X Build/MMB29P) AppleWebKit/537.36 (KHTML, like Gecko) Chrome/145.0.7632.159 Mobile Safari/537.36 (compatible; Googlebot/2.1; +http://www.google.com/bot.html)"
23.101.8.77 - - [20/Mar/2026:00:23:04 -0700] "GET /10.php HTTP/1.1" 500 3544 "-" "Mozilla/5.0 (Windows NT 10.0; Win64; x64) AppleWebKit/537.36 (KHTML, like Gecko) Chrome/120.0.0.0 Safari/537.36"
23.101.8.77 - - [20/Mar/2026:00:23:05 -0700] "GET /content.php HTTP/1.1" 500 3544 "-" "Mozilla/5.0 (Windows NT 10.0; Win64; x64) AppleWebKit/537.36 (KHTML, like Gecko) Chrome/120.0.0.0 Safari/537.36"
23.101.8.77 - - [20/Mar/2026:00:23:06 -0700] "GET /cache.php HTTP/1.1" 500 3544 "-" "Mozilla/5.0 (Windows NT 10.0; Win64; x64) AppleWebKit/537.36 (KHTML, like Gecko) Chrome/120.0.0.0 Safari/537.36"
23.101.8.77 - - [20/Mar/2026:00:23:06 -0700] "GET /p.php HTTP/1.1" 500 3544 "-" "Mozilla/5.0 (Windows NT 10.0; Win64; x64) AppleWebKit/537.36 (KHTML, like Gecko) Chrome/120.0.0.0 Safari/537.36"
23.101.8.77 - - [20/Mar/2026:00:23:07 -0700] "GET /sts.php HTTP/1.1" 500 3544 "-" "Mozilla/5.0 (Windows NT 10.0; Win64; x64) AppleWebKit/537.36 (KHTML, like Gecko) Chrome/120.0.0.0 Safari/537.36"
23.101.8.77 - - [20/Mar/2026:00:23:08 -0700] "GET /root.php HTTP/1.1" 500 3544 "-" "Mozilla/5.0 (Windows NT 10.0; Win64; x64) AppleWebKit/537.36 (KHTML, like Gecko) Chrome/120.0.0.0 Safari/537.36"
23.101.8.77 - - [20/Mar/2026:00:23:09 -0700] "GET /k.php HTTP/1.1" 500 3544 "-" "Mozilla/5.0 (Windows NT 10.0; Win64; x64) AppleWebKit/537.36 (KHTML, like Gecko) Chrome/120.0.0.0 Safari/537.36"
23.101.8.77 - - [20/Mar/2026:00:23:09 -0700] "GET /r.php HTTP/1.1" 500 3544 "-" "Mozilla/5.0 (Windows NT 10.0; Win64; x64) AppleWebKit/537.36 (KHTML, like Gecko) Chrome/120.0.0.0 Safari/537.36"
23.101.8.77 - - [20/Mar/2026:00:23:10 -0700] "GET /mar.php HTTP/1.1" 500 3544 "-" "Mozilla/5.0 (Windows NT 10.0; Win64; x64) AppleWebKit/537.36 (KHTML, like Gecko) Chrome/120.0.0.0 Safari/537.36"
23.101.8.77 - - [20/Mar/2026:00:23:11 -0700] "GET /ws.php HTTP/1.1" 500 3544 "-" "Mozilla/5.0 (Windows NT 10.0; Win64; x64) AppleWebKit/537.36 (KHTML, like Gecko) Chrome/120.0.0.0 Safari/537.36"
23.101.8.77 - - [20/Mar/2026:00:23:11 -0700] "GET /doc.php HTTP/1.1" 500 3544 "-" "Mozilla/5.0 (Windows NT 10.0; Win64; x64) AppleWebKit/537.36 (KHTML, like Gecko) Chrome/120.0.0.0 Safari/537.36"
23.101.8.77 - - [20/Mar/2026:00:23:12 -0700] "GET /10.php HTTP/1.1" 500 3544 "-" "Mozilla/5.0 (Windows NT 10.0; Win64; x64) AppleWebKit/537.36 (KHTML, like Gecko) Chrome/120.0.0.0 Safari/537.36"
23.101.8.77 - - [20/Mar/2026:00:23:13 -0700] "GET /content.php HTTP/1.1" 500 3544 "-" "Mozilla/5.0 (Windows NT 10.0; Win64; x64) AppleWebKit/537.36 (KHTML, like Gecko) Chrome/120.0.0.0 Safari/537.36"
23.101.8.77 - - [20/Mar/2026:00:23:14 -0700] "GET /cache.php HTTP/1.1" 500 3544 "-" "Mozilla/5.0 (Windows NT 10.0; Win64; x64) AppleWebKit/537.36 (KHTML, like Gecko) Chrome/120.0.0.0 Safari/537.36"
23.101.8.77 - - [20/Mar/2026:00:23:14 -0700] "GET /w.php HTTP/1.1" 500 3544 "-" "Mozilla/5.0 (Windows NT 10.0; Win64; x64) AppleWebKit/537.36 (KHTML, like Gecko) Chrome/120.0.0.0 Safari/537.36"
23.101.8.77 - - [20/Mar/2026:00:23:15 -0700] "GET /load.php HTTP/1.1" 500 3544 "-" "Mozilla/5.0 (Windows NT 10.0; Win64; x64) AppleWebKit/537.36 (KHTML, like Gecko) Chrome/120.0.0.0 Safari/537.36"
23.101.8.77 - - [20/Mar/2026:00:23:16 -0700] "GET /oxshell.php HTTP/1.1" 500 3544 "-" "Mozilla/5.0 (Windows NT 10.0; Win64; x64) AppleWebKit/537.36 (KHTML, like Gecko) Chrome/120.0.0.0 Safari/537.36"
23.101.8.77 - - [20/Mar/2026:00:23:17 -0700] "GET /2.php HTTP/1.1" 500 3544 "-" "Mozilla/5.0 (Windows NT 10.0; Win64; x64) AppleWebKit/537.36 (KHTML, like Gecko) Chrome/120.0.0.0 Safari/537.36"
23.101.8.77 - - [20/Mar/2026:00:23:17 -0700] "GET /worksec.php HTTP/1.1" 500 6546 "-" "Mozilla/5.0 (Windows NT 10.0; Win64; x64) AppleWebKit/537.36 (KHTML, like Gecko) Chrome/120.0.0.0 Safari/537.36"
23.101.8.77 - - [20/Mar/2026:00:23:18 -0700] "GET /as.php HTTP/1.1" 500 3544 "-" "Mozilla/5.0 (Windows NT 10.0; Win64; x64) AppleWebKit/537.36 (KHTML, like Gecko) Chrome/120.0.0.0 Safari/537.36"
23.101.8.77 - - [20/Mar/2026:00:23:19 -0700] "GET /asus.php HTTP/1.1" 500 3544 "-" "Mozilla/5.0 (Windows NT 10.0; Win64; x64) AppleWebKit/537.36 (KHTML, like Gecko) Chrome/120.0.0.0 Safari/537.36"
23.101.8.77 - - [20/Mar/2026:00:23:19 -0700] "GET /about.php HTTP/1.1" 500 3544 "-" "Mozilla/5.0 (Windows NT 10.0; Win64; x64) AppleWebKit/537.36 (KHTML, like Gecko) Chrome/120.0.0.0 Safari/537.36"
23.101.8.77 - - [20/Mar/2026:00:23:20 -0700] "GET /admin.php HTTP/1.1" 500 3544 "-" "Mozilla/5.0 (Windows NT 10.0; Win64; x64) AppleWebKit/537.36 (KHTML, like Gecko) Chrome/120.0.0.0 Safari/537.36"
23.101.8.77 - - [20/Mar/2026:00:23:21 -0700] "GET /adminfuns.php HTTP/1.1" 500 3544 "-" "Mozilla/5.0 (Windows NT 10.0; Win64; x64) AppleWebKit/537.36 (KHTML, like Gecko) Chrome/120.0.0.0 Safari/537.36"
23.101.8.77 - - [20/Mar/2026:00:23:22 -0700] "GET /as.php HTTP/1.1" 500 3544 "-" "Mozilla/5.0 (Windows NT 10.0; Win64; x64) AppleWebKit/537.36 (KHTML, like Gecko) Chrome/120.0.0.0 Safari/537.36"
23.101.8.77 - - [20/Mar/2026:00:23:22 -0700] "GET /bolt.php HTTP/1.1" 500 3544 "-" "Mozilla/5.0 (Windows NT 10.0; Win64; x64) AppleWebKit/537.36 (KHTML, like Gecko) Chrome/120.0.0.0 Safari/537.36"
23.101.8.77 - - [20/Mar/2026:00:23:23 -0700] "GET /cgi-bin/ HTTP/1.1" 500 3544 "-" "Mozilla/5.0 (Windows NT 10.0; Win64; x64) AppleWebKit/537.36 (KHTML, like Gecko) Chrome/120.0.0.0 Safari/537.36"
23.101.8.77 - - [20/Mar/2026:00:23:24 -0700] "GET /class-t.api.php HTTP/1.1" 500 3544 "-" "Mozilla/5.0 (Windows NT 10.0; Win64; x64) AppleWebKit/537.36 (KHTML, like Gecko) Chrome/120.0.0.0 Safari/537.36"
23.101.8.77 - - [20/Mar/2026:00:23:25 -0700] "GET /edit.php HTTP/1.1" 500 3544 "-" "Mozilla/5.0 (Windows NT 10.0; Win64; x64) AppleWebKit/537.36 (KHTML, like Gecko) Chrome/120.0.0.0 Safari/537.36"
23.101.8.77 - - [20/Mar/2026:00:23:25 -0700] "GET /ff1.php HTTP/1.1" 500 3544 "-" "Mozilla/5.0 (Windows NT 10.0; Win64; x64) AppleWebKit/537.36 (KHTML, like Gecko) Chrome/120.0.0.0 Safari/537.36"
23.101.8.77 - - [20/Mar/2026:00:23:26 -0700] "GET /fff.php HTTP/1.1" 500 3544 "-" "Mozilla/5.0 (Windows NT 10.0; Win64; x64) AppleWebKit/537.36 (KHTML, like Gecko) Chrome/120.0.0.0 Safari/537.36"
23.101.8.77 - - [20/Mar/2026:00:23:27 -0700] "GET /inputs.php?p= HTTP/1.1" 301 783 "-" "Mozilla/5.0 (Windows NT 10.0; Win64; x64) AppleWebKit/537.36 (KHTML, like Gecko) Chrome/120.0.0.0 Safari/537.36"
23.101.8.77 - - [20/Mar/2026:00:23:27 -0700] "GET /ioxi-o.php HTTP/1.1" 500 3198 "-" "Mozilla/5.0 (Windows NT 10.0; Win64; x64) AppleWebKit/537.36 (KHTML, like Gecko) Chrome/120.0.0.0 Safari/537.36"
23.101.8.77 - - [20/Mar/2026:00:23:28 -0700] "GET /lite.php HTTP/1.1" 500 3544 "-" "Mozilla/5.0 (Windows NT 10.0; Win64; x64) AppleWebKit/537.36 (KHTML, like Gecko) Chrome/120.0.0.0 Safari/537.36"
173.236.217.44 - - [20/Mar/2026:00:23:29 -0700] "POST /wp-cron.php?doing_wp_cron=1773991409.0880908966064453125000 HTTP/1.1" 200 3646 "-" "WordPress/6.8.5; https://www.drug-injury-lawyer.com"
23.101.8.77 - - [20/Mar/2026:00:23:28 -0700] "GET /ms-edit.php HTTP/1.1" 500 3544 "-" "Mozilla/5.0 (Windows NT 10.0; Win64; x64) AppleWebKit/537.36 (KHTML, like Gecko) Chrome/120.0.0.0 Safari/537.36"
23.101.8.77 - - [20/Mar/2026:00:23:29 -0700] "GET /rip.php HTTP/1.1" 500 3544 "-" "Mozilla/5.0 (Windows NT 10.0; Win64; x64) AppleWebKit/537.36 (KHTML, like Gecko) Chrome/120.0.0.0 Safari/537.36"
66.249.64.6 - - [20/Mar/2026:00:23:30 -0700] "GET /?detail/086041906127 HTTP/1.1" 301 3812 "-" "Mozilla/5.0 (Linux; Android 6.0.1; Nexus 5X Build/MMB29P) AppleWebKit/537.36 (KHTML, like Gecko) Chrome/145.0.7632.159 Mobile Safari/537.36 (compatible; Googlebot/2.1; +http://www.google.com/bot.html)"
23.101.8.77 - - [20/Mar/2026:00:23:30 -0700] "GET /update/da222.php HTTP/1.1" 500 3544 "-" "Mozilla/5.0 (Windows NT 10.0; Win64; x64) AppleWebKit/537.36 (KHTML, like Gecko) Chrome/120.0.0.0 Safari/537.36"
66.249.64.6 - - [20/Mar/2026:00:23:30 -0700] "GET /?detail%2F086041906127 HTTP/1.1" 200 13230 "-" "Mozilla/5.0 (Linux; Android 6.0.1; Nexus 5X Build/MMB29P) AppleWebKit/537.36 (KHTML, like Gecko) Chrome/145.0.7632.159 Mobile Safari/537.36 (compatible; Googlebot/2.1; +http://www.google.com/bot.html)"
23.101.8.77 - - [20/Mar/2026:00:23:31 -0700] "GET /upload.php HTTP/1.1" 500 3544 "-" "Mozilla/5.0 (Windows NT 10.0; Win64; x64) AppleWebKit/537.36 (KHTML, like Gecko) Chrome/120.0.0.0 Safari/537.36"
23.101.8.77 - - [20/Mar/2026:00:23:32 -0700] "GET /wk/index.php HTTP/1.1" 301 776 "-" "Mozilla/5.0 (Windows NT 10.0; Win64; x64) AppleWebKit/537.36 (KHTML, like Gecko) Chrome/120.0.0.0 Safari/537.36"
23.101.8.77 - - [20/Mar/2026:00:23:32 -0700] "GET /wp-act.php HTTP/1.1" 500 3198 "-" "Mozilla/5.0 (Windows NT 10.0; Win64; x64) AppleWebKit/537.36 (KHTML, like Gecko) Chrome/120.0.0.0 Safari/537.36"
23.101.8.77 - - [20/Mar/2026:00:23:33 -0700] "GET /wp-admin/css/bolt.php HTTP/1.1" 500 3544 "-" "Mozilla/5.0 (Windows NT 10.0; Win64; x64) AppleWebKit/537.36 (KHTML, like Gecko) Chrome/120.0.0.0 Safari/537.36"
23.101.8.77 - - [20/Mar/2026:00:23:33 -0700] "GET /wp-admin/js/ HTTP/1.1" 200 2311 "-" "Mozilla/5.0 (Windows NT 10.0; Win64; x64) AppleWebKit/537.36 (KHTML, like Gecko) Chrome/120.0.0.0 Safari/537.36"
23.101.8.77 - - [20/Mar/2026:00:23:33 -0700] "GET /wp-admin/js/widgets/ HTTP/1.1" 200 829 "-" "Mozilla/5.0 (Windows NT 10.0; Win64; x64) AppleWebKit/537.36 (KHTML, like Gecko) Chrome/120.0.0.0 Safari/537.36"
23.101.8.77 - - [20/Mar/2026:00:23:34 -0700] "GET /wp-admin/maint/ HTTP/1.1" 200 632 "-" "Mozilla/5.0 (Windows NT 10.0; Win64; x64) AppleWebKit/537.36 (KHTML, like Gecko) Chrome/120.0.0.0 Safari/537.36"
23.101.8.77 - - [20/Mar/2026:00:23:34 -0700] "GET /wp-admin/ HTTP/1.1" 302 502 "-" "Mozilla/5.0 (Windows NT 10.0; Win64; x64) AppleWebKit/537.36 (KHTML, like Gecko) Chrome/120.0.0.0 Safari/537.36"
23.101.8.77 - - [20/Mar/2026:00:23:35 -0700] "GET /wp-content/themes/ HTTP/1.1" 500 3198 "-" "Mozilla/5.0 (Windows NT 10.0; Win64; x64) AppleWebKit/537.36 (KHTML, like Gecko) Chrome/120.0.0.0 Safari/537.36"
66.249.64.5 - - [20/Mar/2026:00:23:35 -0700] "GET /?detail/18302778871969 HTTP/1.1" 301 3814 "-" "Mozilla/5.0 (Linux; Android 6.0.1; Nexus 5X Build/MMB29P) AppleWebKit/537.36 (KHTML, like Gecko) Chrome/145.0.7632.159 Mobile Safari/537.36 (compatible; Googlebot/2.1; +http://www.google.com/bot.html)"
66.249.64.5 - - [20/Mar/2026:00:23:36 -0700] "GET /?detail%2F18302778871969 HTTP/1.1" 200 13232 "-" "Mozilla/5.0 (Linux; Android 6.0.1; Nexus 5X Build/MMB29P) AppleWebKit/537.36 (KHTML, like Gecko) Chrome/145.0.7632.159 Mobile Safari/537.36 (compatible; Googlebot/2.1; +http://www.google.com/bot.html)"
23.101.8.77 - - [20/Mar/2026:00:23:36 -0700] "GET /wp-content/themes/admin.php HTTP/1.1" 500 3544 "-" "Mozilla/5.0 (Windows NT 10.0; Win64; x64) AppleWebKit/537.36 (KHTML, like Gecko) Chrome/120.0.0.0 Safari/537.36"
23.101.8.77 - - [20/Mar/2026:00:23:37 -0700] "GET /wp-content/uploads/ HTTP/1.1" 500 3544 "-" "Mozilla/5.0 (Windows NT 10.0; Win64; x64) AppleWebKit/537.36 (KHTML, like Gecko) Chrome/120.0.0.0 Safari/537.36"
23.101.8.77 - - [20/Mar/2026:00:23:37 -0700] "GET /wp-content/uploads/admin.php HTTP/1.1" 500 3544 "-" "Mozilla/5.0 (Windows NT 10.0; Win64; x64) AppleWebKit/537.36 (KHTML, like Gecko) Chrome/120.0.0.0 Safari/537.36"
23.101.8.77 - - [20/Mar/2026:00:23:38 -0700] "GET /wp-includes/ HTTP/1.1" 500 3544 "-" "Mozilla/5.0 (Windows NT 10.0; Win64; x64) AppleWebKit/537.36 (KHTML, like Gecko) Chrome/120.0.0.0 Safari/537.36"
173.236.217.44 - - [20/Mar/2026:00:23:34 -0700] "POST /wp-admin/admin-ajax.php?action=as_async_request_queue_runner&nonce=3b556e1c57 HTTP/1.1" 200 3800 "-" "WordPress/6.8.5; https://www.drug-injury-lawyer.com"
23.101.8.77 - - [20/Mar/2026:00:23:39 -0700] "GET /wp-includes/js/crop/ HTTP/1.1" 500 3544 "-" "Mozilla/5.0 (Windows NT 10.0; Win64; x64) AppleWebKit/537.36 (KHTML, like Gecko) Chrome/120.0.0.0 Safari/537.36"
173.236.217.44 - - [20/Mar/2026:00:23:39 -0700] "POST /wp-cron.php?doing_wp_cron=1773991419.4854350090026855468750 HTTP/1.1" 200 3646 "-" "WordPress/6.8.5; https://www.drug-injury-lawyer.com"
66.249.64.5 - - [20/Mar/2026:00:23:39 -0700] "GET /?goods/015025127 HTTP/1.1" 301 459 "-" "Mozilla/5.0 (Linux; Android 6.0.1; Nexus 5X Build/MMB29P) AppleWebKit/537.36 (KHTML, like Gecko) Chrome/145.0.7632.159 Mobile Safari/537.36 (compatible; Googlebot/2.1; +http://www.google.com/bot.html)"
66.249.64.5 - - [20/Mar/2026:00:23:40 -0700] "GET /?goods%2F015025127 HTTP/1.1" 200 13229 "-" "Mozilla/5.0 (Linux; Android 6.0.1; Nexus 5X Build/MMB29P) AppleWebKit/537.36 (KHTML, like Gecko) Chrome/145.0.7632.159 Mobile Safari/537.36 (compatible; Googlebot/2.1; +http://www.google.com/bot.html)"
23.101.8.77 - - [20/Mar/2026:00:23:41 -0700] "GET /wp-links-opml.php HTTP/1.1" 200 1088 "-" "Mozilla/5.0 (Windows NT 10.0; Win64; x64) AppleWebKit/537.36 (KHTML, like Gecko) Chrome/120.0.0.0 Safari/537.36"
66.249.64.5 - - [20/Mar/2026:00:23:52 -0700] "GET /?goods/015025139 HTTP/1.1" 301 3808 "-" "Mozilla/5.0 (Linux; Android 6.0.1; Nexus 5X Build/MMB29P) AppleWebKit/537.36 (KHTML, like Gecko) Chrome/145.0.7632.159 Mobile Safari/537.36 (compatible; Googlebot/2.1; +http://www.google.com/bot.html)"
66.249.64.5 - - [20/Mar/2026:00:23:52 -0700] "GET /?goods%2F015025139 HTTP/1.1" 200 13229 "-" "Mozilla/5.0 (Linux; Android 6.0.1; Nexus 5X Build/MMB29P) AppleWebKit/537.36 (KHTML, like Gecko) Chrome/145.0.7632.159 Mobile Safari/537.36 (compatible; Googlebot/2.1; +http://www.google.com/bot.html)"
