66.249.64.6 - - [21/Mar/2026:03:00:23 -0700] "GET /?goods/089020210 HTTP/1.1" 301 3808 "-" "Mozilla/5.0 (Linux; Android 6.0.1; Nexus 5X Build/MMB29P) AppleWebKit/537.36 (KHTML, like Gecko) Chrome/145.0.7632.159 Mobile Safari/537.36 (compatible; Googlebot/2.1; +http://www.google.com/bot.html)"
66.249.64.5 - - [21/Mar/2026:03:00:24 -0700] "GET /?goods%2F089020210 HTTP/1.1" 200 16578 "-" "Mozilla/5.0 (Linux; Android 6.0.1; Nexus 5X Build/MMB29P) AppleWebKit/537.36 (KHTML, like Gecko) Chrome/145.0.7632.159 Mobile Safari/537.36 (compatible; Googlebot/2.1; +http://www.google.com/bot.html)"
217.147.172.67 - - [21/Mar/2026:03:00:42 -0700] "GET /blog/page/3/ HTTP/1.0" 200 70320 "https://www.drug-injury-lawyer.com/blog/page/3/" "Mozilla/5.0 (Windows NT 6.3; Win64; x64) AppleWebKit/537.36 (KHTML, like Gecko) Chrome/103.0.5060.53 Safari/537.36"
217.147.172.67 - - [21/Mar/2026:03:00:42 -0700] "GET /blog/page/3/ HTTP/1.0" 200 70320 "https://www.drug-injury-lawyer.com/blog/page/3/" "Mozilla/5.0 (Windows NT 6.1; Win64; x64) AppleWebKit/537.36 (KHTML, like Gecko) Chrome/103.0.5060.66 Safari/537.36"
217.147.172.67 - - [21/Mar/2026:03:00:43 -0700] "GET /blog/page/2/ HTTP/1.0" 200 75150 "https://www.drug-injury-lawyer.com/blog/page/2/" "Mozilla/5.0 (Windows NT 6.3; Win64; x64) AppleWebKit/537.36 (KHTML, like Gecko) Chrome/103.0.5060.53 Safari/537.36"
217.147.172.67 - - [21/Mar/2026:03:00:43 -0700] "GET /blog/page/2/ HTTP/1.0" 200 75150 "https://www.drug-injury-lawyer.com/blog/page/2/" "Mozilla/5.0 (Windows NT 6.1; Win64; x64) AppleWebKit/537.36 (KHTML, like Gecko) Chrome/103.0.5060.66 Safari/537.36"
217.147.172.67 - - [21/Mar/2026:03:00:44 -0700] "POST /blog/page/2/ HTTP/1.0" 200 75236 "https://www.drug-injury-lawyer.com/blog/page/2/" "Mozilla/5.0 (Windows NT 6.3; Win64; x64) AppleWebKit/537.36 (KHTML, like Gecko) Chrome/103.0.5060.53 Safari/537.36"
217.147.172.67 - - [21/Mar/2026:03:00:44 -0700] "POST /blog/page/2/ HTTP/1.0" 200 75236 "https://www.drug-injury-lawyer.com/blog/page/2/" "Mozilla/5.0 (Windows NT 6.1; Win64; x64) AppleWebKit/537.36 (KHTML, like Gecko) Chrome/103.0.5060.66 Safari/537.36"
217.147.172.67 - - [21/Mar/2026:03:00:45 -0700] "GET /author/laba_admin/ HTTP/1.0" 500 6421 "https://www.drug-injury-lawyer.com/author/laba_admin/" "Mozilla/5.0 (Windows NT 6.3; Win64; x64) AppleWebKit/537.36 (KHTML, like Gecko) Chrome/103.0.5060.53 Safari/537.36"
217.147.172.67 - - [21/Mar/2026:03:00:45 -0700] "GET /author/laba_admin/ HTTP/1.0" 500 6421 "https://www.drug-injury-lawyer.com/author/laba_admin/" "Mozilla/5.0 (Windows NT 6.1; Win64; x64) AppleWebKit/537.36 (KHTML, like Gecko) Chrome/103.0.5060.66 Safari/537.36"
217.147.172.67 - - [21/Mar/2026:03:00:45 -0700] "GET /blog/page/3/ HTTP/1.0" 200 70320 "https://www.drug-injury-lawyer.com/blog/page/3/" "Mozilla/5.0 (Windows NT 6.3; Win64; x64) AppleWebKit/537.36 (KHTML, like Gecko) Chrome/103.0.5060.53 Safari/537.36"
217.147.172.67 - - [21/Mar/2026:03:00:46 -0700] "GET /blog/page/3/ HTTP/1.0" 200 70320 "https://www.drug-injury-lawyer.com/blog/page/3/" "Mozilla/5.0 (Windows NT 6.1; Win64; x64) AppleWebKit/537.36 (KHTML, like Gecko) Chrome/103.0.5060.66 Safari/537.36"
217.147.172.67 - - [21/Mar/2026:03:00:46 -0700] "POST /blog/page/3/ HTTP/1.0" 200 70406 "https://www.drug-injury-lawyer.com/blog/page/3/" "Mozilla/5.0 (Windows NT 6.3; Win64; x64) AppleWebKit/537.36 (KHTML, like Gecko) Chrome/103.0.5060.53 Safari/537.36"
217.147.172.67 - - [21/Mar/2026:03:00:47 -0700] "POST /blog/page/3/ HTTP/1.0" 200 70406 "https://www.drug-injury-lawyer.com/blog/page/3/" "Mozilla/5.0 (Windows NT 6.1; Win64; x64) AppleWebKit/537.36 (KHTML, like Gecko) Chrome/103.0.5060.66 Safari/537.36"
66.249.64.5 - - [21/Mar/2026:03:01:02 -0700] "GET /?jp/022031059.html HTTP/1.1" 301 3810 "-" "Mozilla/5.0 (Linux; Android 6.0.1; Nexus 5X Build/MMB29P) AppleWebKit/537.36 (KHTML, like Gecko) Chrome/145.0.7632.159 Mobile Safari/537.36 (compatible; Googlebot/2.1; +http://www.google.com/bot.html)"
66.249.64.6 - - [21/Mar/2026:03:01:02 -0700] "GET /?jp%2F022031059_html HTTP/1.1" 200 16579 "-" "Mozilla/5.0 (Linux; Android 6.0.1; Nexus 5X Build/MMB29P) AppleWebKit/537.36 (KHTML, like Gecko) Chrome/145.0.7632.159 Mobile Safari/537.36 (compatible; Googlebot/2.1; +http://www.google.com/bot.html)"
91.211.90.227 - - [21/Mar/2026:03:01:12 -0700] "GET /blog/page/3/ HTTP/1.0" 200 70320 "https://www.drug-injury-lawyer.com/blog/page/3/" "Mozilla/5.0 (Windows NT 6.1; Win64; x64) AppleWebKit/537.36 (KHTML, like Gecko) Chrome/103.0.0.0 Safari/537.36"
91.211.90.227 - - [21/Mar/2026:03:01:13 -0700] "GET /blog/page/2/ HTTP/1.0" 200 75150 "https://www.drug-injury-lawyer.com/blog/page/2/" "Mozilla/5.0 (Windows NT 6.1; Win64; x64) AppleWebKit/537.36 (KHTML, like Gecko) Chrome/103.0.0.0 Safari/537.36"
91.211.90.227 - - [21/Mar/2026:03:01:14 -0700] "POST /blog/page/2/ HTTP/1.0" 200 75236 "https://www.drug-injury-lawyer.com/blog/page/2/" "Mozilla/5.0 (Windows NT 6.1; Win64; x64) AppleWebKit/537.36 (KHTML, like Gecko) Chrome/103.0.0.0 Safari/537.36"
91.211.90.227 - - [21/Mar/2026:03:01:14 -0700] "GET /author/laba_admin/ HTTP/1.0" 500 6421 "https://www.drug-injury-lawyer.com/author/laba_admin/" "Mozilla/5.0 (Windows NT 6.1; Win64; x64) AppleWebKit/537.36 (KHTML, like Gecko) Chrome/103.0.0.0 Safari/537.36"
91.211.90.227 - - [21/Mar/2026:03:01:15 -0700] "GET /blog/page/3/ HTTP/1.0" 200 70320 "https://www.drug-injury-lawyer.com/blog/page/3/" "Mozilla/5.0 (Windows NT 6.1; Win64; x64) AppleWebKit/537.36 (KHTML, like Gecko) Chrome/103.0.0.0 Safari/537.36"
91.211.90.240 - - [21/Mar/2026:03:01:15 -0700] "GET /blog/page/3/ HTTP/1.0" 200 70320 "https://www.drug-injury-lawyer.com/blog/page/3/" "Mozilla/5.0 (Windows NT 6.1; Win64; x64) AppleWebKit/537.36 (KHTML, like Gecko) Chrome/103.0.0.0 Safari/537.36"
91.211.90.227 - - [21/Mar/2026:03:01:16 -0700] "POST /blog/page/3/ HTTP/1.0" 200 70406 "https://www.drug-injury-lawyer.com/blog/page/3/" "Mozilla/5.0 (Windows NT 6.1; Win64; x64) AppleWebKit/537.36 (KHTML, like Gecko) Chrome/103.0.0.0 Safari/537.36"
91.211.90.240 - - [21/Mar/2026:03:01:16 -0700] "GET /blog/page/2/ HTTP/1.0" 200 75150 "https://www.drug-injury-lawyer.com/blog/page/2/" "Mozilla/5.0 (Windows NT 6.1; Win64; x64) AppleWebKit/537.36 (KHTML, like Gecko) Chrome/103.0.0.0 Safari/537.36"
91.211.90.240 - - [21/Mar/2026:03:01:17 -0700] "POST /blog/page/2/ HTTP/1.0" 200 75236 "https://www.drug-injury-lawyer.com/blog/page/2/" "Mozilla/5.0 (Windows NT 6.1; Win64; x64) AppleWebKit/537.36 (KHTML, like Gecko) Chrome/103.0.0.0 Safari/537.36"
91.211.90.240 - - [21/Mar/2026:03:01:18 -0700] "GET /author/laba_admin/ HTTP/1.0" 500 6421 "https://www.drug-injury-lawyer.com/author/laba_admin/" "Mozilla/5.0 (Windows NT 6.1; Win64; x64) AppleWebKit/537.36 (KHTML, like Gecko) Chrome/103.0.0.0 Safari/537.36"
91.211.90.240 - - [21/Mar/2026:03:01:19 -0700] "GET /blog/page/3/ HTTP/1.0" 200 70320 "https://www.drug-injury-lawyer.com/blog/page/3/" "Mozilla/5.0 (Windows NT 6.1; Win64; x64) AppleWebKit/537.36 (KHTML, like Gecko) Chrome/103.0.0.0 Safari/537.36"
91.211.90.240 - - [21/Mar/2026:03:01:19 -0700] "POST /blog/page/3/ HTTP/1.0" 200 70406 "https://www.drug-injury-lawyer.com/blog/page/3/" "Mozilla/5.0 (Windows NT 6.1; Win64; x64) AppleWebKit/537.36 (KHTML, like Gecko) Chrome/103.0.0.0 Safari/537.36"
173.236.217.44 - - [21/Mar/2026:03:01:41 -0700] "POST /wp-cron.php?doing_wp_cron=1774087301.6345150470733642578125 HTTP/1.1" 200 3646 "-" "WordPress/6.8.5; https://www.drug-injury-lawyer.com"
66.249.64.6 - - [21/Mar/2026:03:01:41 -0700] "GET /?goods/029033529 HTTP/1.1" 301 3808 "-" "Mozilla/5.0 (Linux; Android 6.0.1; Nexus 5X Build/MMB29P) AppleWebKit/537.36 (KHTML, like Gecko) Chrome/145.0.7632.159 Mobile Safari/537.36 (compatible; Googlebot/2.1; +http://www.google.com/bot.html)"
66.249.64.6 - - [21/Mar/2026:03:01:41 -0700] "GET /?goods%2F029033529 HTTP/1.1" 200 13229 "-" "Mozilla/5.0 (Linux; Android 6.0.1; Nexus 5X Build/MMB29P) AppleWebKit/537.36 (KHTML, like Gecko) Chrome/145.0.7632.159 Mobile Safari/537.36 (compatible; Googlebot/2.1; +http://www.google.com/bot.html)"
66.249.64.5 - - [21/Mar/2026:03:01:46 -0700] "GET /wp-content/plugins/all-in-one-seo-pack/dist/Lite/assets/css/table-of-contents/global.e90f6d47.css?ver=4.9.0 HTTP/1.1" 200 4282 "https://www.drug-injury-lawyer.com/?goods%2F029033529" "Mozilla/5.0 (Linux; Android 6.0.1; Nexus 5X Build/MMB29P) AppleWebKit/537.36 (KHTML, like Gecko) Chrome/145.0.7632.159 Mobile Safari/537.36 (compatible; Googlebot/2.1; +http://www.google.com/bot.html)"
45.156.158.223 - - [21/Mar/2026:03:02:17 -0700] "GET /blog/page/3/ HTTP/1.0" 200 70320 "https://www.drug-injury-lawyer.com/blog/page/3/" "Mozilla/5.0 (Windows NT 6.3; WOW64) AppleWebKit/537.36 (KHTML, like Gecko) Chrome/103.0.5060.114 Safari/537.36"
45.156.158.223 - - [21/Mar/2026:03:02:18 -0700] "GET /blog/page/2/ HTTP/1.0" 200 75150 "https://www.drug-injury-lawyer.com/blog/page/2/" "Mozilla/5.0 (Windows NT 6.3; WOW64) AppleWebKit/537.36 (KHTML, like Gecko) Chrome/103.0.5060.114 Safari/537.36"
45.156.158.223 - - [21/Mar/2026:03:02:18 -0700] "GET /blog/page/3/ HTTP/1.0" 200 70320 "https://www.drug-injury-lawyer.com/blog/page/3/" "Mozilla/5.0 (Windows NT 6.1; WOW64) AppleWebKit/537.36 (KHTML, like Gecko) Chrome/103.0.0.0 Safari/537.36"
45.156.158.223 - - [21/Mar/2026:03:02:19 -0700] "POST /blog/page/2/ HTTP/1.0" 200 75236 "https://www.drug-injury-lawyer.com/blog/page/2/" "Mozilla/5.0 (Windows NT 6.3; WOW64) AppleWebKit/537.36 (KHTML, like Gecko) Chrome/103.0.5060.114 Safari/537.36"
45.156.158.223 - - [21/Mar/2026:03:02:19 -0700] "GET /blog/page/2/ HTTP/1.0" 200 75150 "https://www.drug-injury-lawyer.com/blog/page/2/" "Mozilla/5.0 (Windows NT 6.1; WOW64) AppleWebKit/537.36 (KHTML, like Gecko) Chrome/103.0.0.0 Safari/537.36"
66.249.64.6 - - [21/Mar/2026:03:02:20 -0700] "GET /?goods/034017713 HTTP/1.1" 301 3808 "-" "Mozilla/5.0 (Linux; Android 6.0.1; Nexus 5X Build/MMB29P) AppleWebKit/537.36 (KHTML, like Gecko) Chrome/145.0.7632.159 Mobile Safari/537.36 (compatible; Googlebot/2.1; +http://www.google.com/bot.html)"
66.249.64.6 - - [21/Mar/2026:03:02:20 -0700] "GET /?goods%2F034017713 HTTP/1.1" 200 13229 "-" "Mozilla/5.0 (Linux; Android 6.0.1; Nexus 5X Build/MMB29P) AppleWebKit/537.36 (KHTML, like Gecko) Chrome/145.0.7632.159 Mobile Safari/537.36 (compatible; Googlebot/2.1; +http://www.google.com/bot.html)"
45.156.158.223 - - [21/Mar/2026:03:02:20 -0700] "GET /author/laba_admin/ HTTP/1.0" 500 6421 "https://www.drug-injury-lawyer.com/author/laba_admin/" "Mozilla/5.0 (Windows NT 6.3; WOW64) AppleWebKit/537.36 (KHTML, like Gecko) Chrome/103.0.5060.114 Safari/537.36"
45.156.158.223 - - [21/Mar/2026:03:02:20 -0700] "POST /blog/page/2/ HTTP/1.0" 200 75236 "https://www.drug-injury-lawyer.com/blog/page/2/" "Mozilla/5.0 (Windows NT 6.1; WOW64) AppleWebKit/537.36 (KHTML, like Gecko) Chrome/103.0.0.0 Safari/537.36"
45.156.158.223 - - [21/Mar/2026:03:02:21 -0700] "GET /blog/page/3/ HTTP/1.0" 200 70320 "https://www.drug-injury-lawyer.com/blog/page/3/" "Mozilla/5.0 (Windows NT 6.3; WOW64) AppleWebKit/537.36 (KHTML, like Gecko) Chrome/103.0.5060.114 Safari/537.36"
45.156.158.223 - - [21/Mar/2026:03:02:21 -0700] "GET /author/laba_admin/ HTTP/1.0" 500 6421 "https://www.drug-injury-lawyer.com/author/laba_admin/" "Mozilla/5.0 (Windows NT 6.1; WOW64) AppleWebKit/537.36 (KHTML, like Gecko) Chrome/103.0.0.0 Safari/537.36"
45.156.158.223 - - [21/Mar/2026:03:02:22 -0700] "POST /blog/page/3/ HTTP/1.0" 200 70406 "https://www.drug-injury-lawyer.com/blog/page/3/" "Mozilla/5.0 (Windows NT 6.3; WOW64) AppleWebKit/537.36 (KHTML, like Gecko) Chrome/103.0.5060.114 Safari/537.36"
45.156.158.223 - - [21/Mar/2026:03:02:22 -0700] "GET /blog/page/3/ HTTP/1.0" 200 70320 "https://www.drug-injury-lawyer.com/blog/page/3/" "Mozilla/5.0 (Windows NT 6.1; WOW64) AppleWebKit/537.36 (KHTML, like Gecko) Chrome/103.0.0.0 Safari/537.36"
45.156.158.223 - - [21/Mar/2026:03:02:23 -0700] "POST /blog/page/3/ HTTP/1.0" 200 70406 "https://www.drug-injury-lawyer.com/blog/page/3/" "Mozilla/5.0 (Windows NT 6.1; WOW64) AppleWebKit/537.36 (KHTML, like Gecko) Chrome/103.0.0.0 Safari/537.36"
57.141.0.22 - - [21/Mar/2026:03:02:23 -0700] "GET /sitemap-index.xml HTTP/2.0" 301 386 "-" "meta-externalagent/1.1 (+https://developers.facebook.com/docs/sharing/webmasters/crawler)"
66.249.64.6 - - [21/Mar/2026:03:02:39 -0700] "GET /wp-includes/js/jquery/jquery-migrate.min.js?ver=3.4.1 HTTP/1.1" 200 8689 "https://www.drug-injury-lawyer.com/?goods%2F084043489" "Mozilla/5.0 (Linux; Android 6.0.1; Nexus 5X Build/MMB29P) AppleWebKit/537.36 (KHTML, like Gecko) Chrome/145.0.7632.159 Mobile Safari/537.36 (compatible; Googlebot/2.1; +http://www.google.com/bot.html)"
107.20.105.74 - - [21/Mar/2026:03:02:56 -0700] "HEAD / HTTP/2.0" 200 342 "http://www.drug-injury-lawyer.com/" "DreamHost SiteMonitor 1.0"
66.249.64.5 - - [21/Mar/2026:03:02:59 -0700] "GET /?detail/043033049783 HTTP/1.1" 301 3812 "-" "Mozilla/5.0 (Linux; Android 6.0.1; Nexus 5X Build/MMB29P) AppleWebKit/537.36 (KHTML, like Gecko) Chrome/145.0.7632.159 Mobile Safari/537.36 (compatible; Googlebot/2.1; +http://www.google.com/bot.html)"
66.249.64.6 - - [21/Mar/2026:03:02:59 -0700] "GET /?detail%2F043033049783 HTTP/1.1" 200 16579 "-" "Mozilla/5.0 (Linux; Android 6.0.1; Nexus 5X Build/MMB29P) AppleWebKit/537.36 (KHTML, like Gecko) Chrome/145.0.7632.159 Mobile Safari/537.36 (compatible; Googlebot/2.1; +http://www.google.com/bot.html)"
66.249.64.5 - - [21/Mar/2026:03:03:11 -0700] "GET /wp-content/plugins/all-in-one-seo-pack/dist/Lite/assets/css/table-of-contents/global.e90f6d47.css?ver=4.9.0 HTTP/1.1" 200 4282 "https://www.drug-injury-lawyer.com/?detail%2F043033049783" "Mozilla/5.0 (Linux; Android 6.0.1; Nexus 5X Build/MMB29P) AppleWebKit/537.36 (KHTML, like Gecko) Chrome/145.0.7632.159 Mobile Safari/537.36 (compatible; Googlebot/2.1; +http://www.google.com/bot.html)"
173.236.217.44 - - [21/Mar/2026:03:03:38 -0700] "POST /wp-cron.php?doing_wp_cron=1774087418.0447549819946289062500 HTTP/1.1" 200 3646 "-" "WordPress/6.8.5; https://www.drug-injury-lawyer.com"
66.249.64.5 - - [21/Mar/2026:03:03:37 -0700] "GET /?jp/268023486.html HTTP/1.1" 301 3810 "-" "Mozilla/5.0 (Linux; Android 6.0.1; Nexus 5X Build/MMB29P) AppleWebKit/537.36 (KHTML, like Gecko) Chrome/145.0.7632.159 Mobile Safari/537.36 (compatible; Googlebot/2.1; +http://www.google.com/bot.html)"
66.249.64.6 - - [21/Mar/2026:03:03:38 -0700] "GET /?jp%2F268023486_html HTTP/1.1" 200 16579 "-" "Mozilla/5.0 (Linux; Android 6.0.1; Nexus 5X Build/MMB29P) AppleWebKit/537.36 (KHTML, like Gecko) Chrome/145.0.7632.159 Mobile Safari/537.36 (compatible; Googlebot/2.1; +http://www.google.com/bot.html)"
173.236.217.44 - - [21/Mar/2026:03:03:56 -0700] "POST /wp-cron.php?doing_wp_cron=1774087436.7824170589447021484375 HTTP/1.1" 200 3646 "-" "WordPress/6.8.5; https://www.drug-injury-lawyer.com"
57.141.0.45 - - [21/Mar/2026:03:03:56 -0700] "GET /sitemap.xml HTTP/2.0" 200 1179 "-" "meta-externalagent/1.1 (+https://developers.facebook.com/docs/sharing/webmasters/crawler)"
66.249.64.6 - - [21/Mar/2026:03:04:16 -0700] "GET /?goods/281014424 HTTP/1.1" 301 3808 "-" "Mozilla/5.0 (Linux; Android 6.0.1; Nexus 5X Build/MMB29P) AppleWebKit/537.36 (KHTML, like Gecko) Chrome/145.0.7632.159 Mobile Safari/537.36 (compatible; Googlebot/2.1; +http://www.google.com/bot.html)"
66.249.64.6 - - [21/Mar/2026:03:04:16 -0700] "GET /?goods%2F281014424 HTTP/1.1" 200 13229 "-" "Mozilla/5.0 (Linux; Android 6.0.1; Nexus 5X Build/MMB29P) AppleWebKit/537.36 (KHTML, like Gecko) Chrome/145.0.7632.159 Mobile Safari/537.36 (compatible; Googlebot/2.1; +http://www.google.com/bot.html)"
176.29.19.214 - - [21/Mar/2026:03:04:17 -0700] "GET /invokana/ HTTP/1.1" 200 19709 "-" "Mozilla/5.0 (Macintosh; Intel Mac OS X 10_6_8) AppleWebKit/535.19 (KHTML, like Gecko) Chrome/18.0.1025.11 Safari/535.19"
91.211.90.208 - - [21/Mar/2026:03:04:54 -0700] "GET /blog/page/3/ HTTP/1.0" 200 70320 "https://www.drug-injury-lawyer.com/blog/page/3/" "Mozilla/5.0 (Windows NT 6.1; Win64; x64) AppleWebKit/537.36 (KHTML, like Gecko) Chrome/103.0.5060.66 Safari/537.36"
91.211.90.208 - - [21/Mar/2026:03:04:55 -0700] "GET /blog/page/2/ HTTP/1.0" 200 75150 "https://www.drug-injury-lawyer.com/blog/page/2/" "Mozilla/5.0 (Windows NT 6.1; Win64; x64) AppleWebKit/537.36 (KHTML, like Gecko) Chrome/103.0.5060.66 Safari/537.36"
66.249.64.5 - - [21/Mar/2026:03:04:55 -0700] "GET /?goods/129020135 HTTP/1.1" 301 3808 "-" "Mozilla/5.0 (Linux; Android 6.0.1; Nexus 5X Build/MMB29P) AppleWebKit/537.36 (KHTML, like Gecko) Chrome/145.0.7632.159 Mobile Safari/537.36 (compatible; Googlebot/2.1; +http://www.google.com/bot.html)"
66.249.64.5 - - [21/Mar/2026:03:04:55 -0700] "GET /?goods%2F129020135 HTTP/1.1" 200 13229 "-" "Mozilla/5.0 (Linux; Android 6.0.1; Nexus 5X Build/MMB29P) AppleWebKit/537.36 (KHTML, like Gecko) Chrome/145.0.7632.159 Mobile Safari/537.36 (compatible; Googlebot/2.1; +http://www.google.com/bot.html)"
91.211.90.208 - - [21/Mar/2026:03:04:56 -0700] "POST /blog/page/2/ HTTP/1.0" 200 75236 "https://www.drug-injury-lawyer.com/blog/page/2/" "Mozilla/5.0 (Windows NT 6.1; Win64; x64) AppleWebKit/537.36 (KHTML, like Gecko) Chrome/103.0.5060.66 Safari/537.36"
91.211.90.208 - - [21/Mar/2026:03:04:57 -0700] "GET /author/laba_admin/ HTTP/1.0" 500 6421 "https://www.drug-injury-lawyer.com/author/laba_admin/" "Mozilla/5.0 (Windows NT 6.1; Win64; x64) AppleWebKit/537.36 (KHTML, like Gecko) Chrome/103.0.5060.66 Safari/537.36"
91.211.90.208 - - [21/Mar/2026:03:04:57 -0700] "GET /blog/page/3/ HTTP/1.0" 200 70320 "https://www.drug-injury-lawyer.com/blog/page/3/" "Mozilla/5.0 (Windows NT 6.1; Win64; x64) AppleWebKit/537.36 (KHTML, like Gecko) Chrome/103.0.5060.66 Safari/537.36"
91.211.90.208 - - [21/Mar/2026:03:04:58 -0700] "POST /blog/page/3/ HTTP/1.0" 200 70406 "https://www.drug-injury-lawyer.com/blog/page/3/" "Mozilla/5.0 (Windows NT 6.1; Win64; x64) AppleWebKit/537.36 (KHTML, like Gecko) Chrome/103.0.5060.66 Safari/537.36"
66.249.64.5 - - [21/Mar/2026:03:04:59 -0700] "GET /wp-content/plugins/all-in-one-seo-pack/dist/Lite/assets/css/table-of-contents/global.e90f6d47.css?ver=4.9.0 HTTP/1.1" 200 933 "https://www.drug-injury-lawyer.com/?goods%2F129020135" "Mozilla/5.0 (Linux; Android 6.0.1; Nexus 5X Build/MMB29P) AppleWebKit/537.36 (KHTML, like Gecko) Chrome/145.0.7632.159 Mobile Safari/537.36 (compatible; Googlebot/2.1; +http://www.google.com/bot.html)"
66.249.64.5 - - [21/Mar/2026:03:05:34 -0700] "GET /?jp/178025495.html HTTP/1.1" 301 3810 "-" "Mozilla/5.0 (Linux; Android 6.0.1; Nexus 5X Build/MMB29P) AppleWebKit/537.36 (KHTML, like Gecko) Chrome/145.0.7632.159 Mobile Safari/537.36 (compatible; Googlebot/2.1; +http://www.google.com/bot.html)"
173.236.217.44 - - [21/Mar/2026:03:05:34 -0700] "POST /wp-cron.php?doing_wp_cron=1774087534.4032249450683593750000 HTTP/1.1" 200 3646 "-" "WordPress/6.8.5; https://www.drug-injury-lawyer.com"
66.249.64.6 - - [21/Mar/2026:03:05:35 -0700] "GET /?jp%2F178025495_html HTTP/1.1" 200 16579 "-" "Mozilla/5.0 (Linux; Android 6.0.1; Nexus 5X Build/MMB29P) AppleWebKit/537.36 (KHTML, like Gecko) Chrome/145.0.7632.159 Mobile Safari/537.36 (compatible; Googlebot/2.1; +http://www.google.com/bot.html)"
66.249.64.7 - - [21/Mar/2026:03:06:13 -0700] "GET /?goods/079004541 HTTP/1.1" 301 3808 "-" "Mozilla/5.0 (Linux; Android 6.0.1; Nexus 5X Build/MMB29P) AppleWebKit/537.36 (KHTML, like Gecko) Chrome/145.0.7632.159 Mobile Safari/537.36 (compatible; Googlebot/2.1; +http://www.google.com/bot.html)"
66.249.64.5 - - [21/Mar/2026:03:06:14 -0700] "GET /?goods%2F079004541 HTTP/1.1" 200 16578 "-" "Mozilla/5.0 (Linux; Android 6.0.1; Nexus 5X Build/MMB29P) AppleWebKit/537.36 (KHTML, like Gecko) Chrome/145.0.7632.159 Mobile Safari/537.36 (compatible; Googlebot/2.1; +http://www.google.com/bot.html)"
173.236.217.44 - - [21/Mar/2026:03:06:13 -0700] "POST /wp-cron.php?doing_wp_cron=1774087573.2184960842132568359375 HTTP/1.1" 200 3646 "-" "WordPress/6.8.5; https://www.drug-injury-lawyer.com"
173.236.217.44 - - [21/Mar/2026:03:06:52 -0700] "POST /wp-cron.php?doing_wp_cron=1774087612.0030028820037841796875 HTTP/1.1" 200 3646 "-" "WordPress/6.8.5; https://www.drug-injury-lawyer.com"
66.249.64.6 - - [21/Mar/2026:03:06:51 -0700] "GET /?detail/23402467319295 HTTP/1.1" 301 3814 "-" "Mozilla/5.0 (Linux; Android 6.0.1; Nexus 5X Build/MMB29P) AppleWebKit/537.36 (KHTML, like Gecko) Chrome/145.0.7632.159 Mobile Safari/537.36 (compatible; Googlebot/2.1; +http://www.google.com/bot.html)"
66.249.64.5 - - [21/Mar/2026:03:06:52 -0700] "GET /?detail%2F23402467319295 HTTP/1.1" 200 16581 "-" "Mozilla/5.0 (Linux; Android 6.0.1; Nexus 5X Build/MMB29P) AppleWebKit/537.36 (KHTML, like Gecko) Chrome/145.0.7632.159 Mobile Safari/537.36 (compatible; Googlebot/2.1; +http://www.google.com/bot.html)"
173.236.217.44 - - [21/Mar/2026:03:07:31 -0700] "POST /wp-cron.php?doing_wp_cron=1774087650.8120770454406738281250 HTTP/1.1" 200 3646 "-" "WordPress/6.8.5; https://www.drug-injury-lawyer.com"
66.249.64.6 - - [21/Mar/2026:03:07:30 -0700] "GET /?pid=29272041431&channel=equal-male-cage&cate_id=9504&page=http://www.drug-injury-lawyer.com/buy.jsp?catch/critic84/vivf5-21471/ HTTP/1.1" 301 3919 "-" "Mozilla/5.0 (Linux; Android 6.0.1; Nexus 5X Build/MMB29P) AppleWebKit/537.36 (KHTML, like Gecko) Chrome/145.0.7632.159 Mobile Safari/537.36 (compatible; Googlebot/2.1; +http://www.google.com/bot.html)"
66.249.64.5 - - [21/Mar/2026:03:07:31 -0700] "GET /?pid=29272041431&channel=equal-male-cage&cate_id=9504&page=http%3A%2F%2Fwww.drug-injury-lawyer.com%2Fbuy.jsp%3Fcatch%2Fcritic84%2Fvivf5-21471%2F HTTP/1.1" 500 6528 "-" "Mozilla/5.0 (Linux; Android 6.0.1; Nexus 5X Build/MMB29P) AppleWebKit/537.36 (KHTML, like Gecko) Chrome/145.0.7632.159 Mobile Safari/537.36 (compatible; Googlebot/2.1; +http://www.google.com/bot.html)"
107.20.105.74 - - [21/Mar/2026:03:07:57 -0700] "HEAD / HTTP/2.0" 200 342 "http://www.drug-injury-lawyer.com/" "DreamHost SiteMonitor 1.0"
66.249.64.5 - - [21/Mar/2026:03:08:09 -0700] "GET /?jp/074014563.html HTTP/1.1" 301 3810 "-" "Mozilla/5.0 (Linux; Android 6.0.1; Nexus 5X Build/MMB29P) AppleWebKit/537.36 (KHTML, like Gecko) Chrome/145.0.7632.159 Mobile Safari/537.36 (compatible; Googlebot/2.1; +http://www.google.com/bot.html)"
66.249.64.7 - - [21/Mar/2026:03:08:09 -0700] "GET /?jp%2F074014563_html HTTP/1.1" 200 16579 "-" "Mozilla/5.0 (Linux; Android 6.0.1; Nexus 5X Build/MMB29P) AppleWebKit/537.36 (KHTML, like Gecko) Chrome/145.0.7632.159 Mobile Safari/537.36 (compatible; Googlebot/2.1; +http://www.google.com/bot.html)"
173.236.217.44 - - [21/Mar/2026:03:08:33 -0700] "POST /wp-cron.php?doing_wp_cron=1774087712.9410560131072998046875 HTTP/1.1" 200 3646 "-" "WordPress/6.8.5; https://www.drug-injury-lawyer.com"
170.106.11.141 - - [21/Mar/2026:03:08:32 -0700] "GET /wp-json/oembed/1.0/embed?url=https%3A%2F%2Fwww.drug-injury-lawyer.com%2Fdefective-medical-devices%2Fside-effects-and-symptoms-of-defective-medical-devices%2F HTTP/1.1" 200 6447 "-" "Mozilla/5.0 (iPhone; CPU iPhone OS 13_2_3 like Mac OS X) AppleWebKit/605.1.15 (KHTML, like Gecko) Version/13.0.3 Mobile/15E148 Safari/604.1"
173.236.217.44 - - [21/Mar/2026:03:08:48 -0700] "POST /wp-cron.php?doing_wp_cron=1774087728.3856010437011718750000 HTTP/1.1" 200 3646 "-" "WordPress/6.8.5; https://www.drug-injury-lawyer.com"
66.249.64.5 - - [21/Mar/2026:03:08:48 -0700] "GET /?jp/286044910.html HTTP/1.1" 301 3810 "-" "Mozilla/5.0 (Linux; Android 6.0.1; Nexus 5X Build/MMB29P) AppleWebKit/537.36 (KHTML, like Gecko) Chrome/145.0.7632.159 Mobile Safari/537.36 (compatible; Googlebot/2.1; +http://www.google.com/bot.html)"
66.249.64.5 - - [21/Mar/2026:03:08:48 -0700] "GET /?jp%2F286044910_html HTTP/1.1" 200 13230 "-" "Mozilla/5.0 (Linux; Android 6.0.1; Nexus 5X Build/MMB29P) AppleWebKit/537.36 (KHTML, like Gecko) Chrome/145.0.7632.159 Mobile Safari/537.36 (compatible; Googlebot/2.1; +http://www.google.com/bot.html)"
173.236.217.44 - - [21/Mar/2026:03:09:47 -0700] "POST /wp-cron.php?doing_wp_cron=1774087787.5809900760650634765625 HTTP/1.1" 200 3646 "-" "WordPress/6.8.5; https://www.drug-injury-lawyer.com"
66.249.64.7 - - [21/Mar/2026:03:09:47 -0700] "GET /?jp/220048055.html HTTP/1.1" 301 3810 "-" "Mozilla/5.0 (Linux; Android 6.0.1; Nexus 5X Build/MMB29P) AppleWebKit/537.36 (KHTML, like Gecko) Chrome/145.0.7632.159 Mobile Safari/537.36 (compatible; Googlebot/2.1; +http://www.google.com/bot.html)"
66.249.64.5 - - [21/Mar/2026:03:09:47 -0700] "GET /?jp%2F220048055_html HTTP/1.1" 200 16580 "-" "Mozilla/5.0 (Linux; Android 6.0.1; Nexus 5X Build/MMB29P) AppleWebKit/537.36 (KHTML, like Gecko) Chrome/145.0.7632.159 Mobile Safari/537.36 (compatible; Googlebot/2.1; +http://www.google.com/bot.html)"
66.249.64.5 - - [21/Mar/2026:03:09:51 -0700] "GET /wp-content/plugins/all-in-one-seo-pack/dist/Lite/assets/css/table-of-contents/global.e90f6d47.css?ver=4.9.0 HTTP/1.1" 200 933 "https://www.drug-injury-lawyer.com/?jp%2F220048055_html" "Mozilla/5.0 (Linux; Android 6.0.1; Nexus 5X Build/MMB29P) AppleWebKit/537.36 (KHTML, like Gecko) Chrome/145.0.7632.159 Mobile Safari/537.36 (compatible; Googlebot/2.1; +http://www.google.com/bot.html)"
66.249.64.7 - - [21/Mar/2026:03:10:15 -0700] "GET /?jp/212013213.html HTTP/1.1" 301 3810 "-" "Mozilla/5.0 (Linux; Android 6.0.1; Nexus 5X Build/MMB29P) AppleWebKit/537.36 (KHTML, like Gecko) Chrome/145.0.7632.159 Mobile Safari/537.36 (compatible; Googlebot/2.1; +http://www.google.com/bot.html)"
66.249.64.5 - - [21/Mar/2026:03:10:15 -0700] "GET /?jp%2F212013213_html HTTP/1.1" 200 16579 "-" "Mozilla/5.0 (Linux; Android 6.0.1; Nexus 5X Build/MMB29P) AppleWebKit/537.36 (KHTML, like Gecko) Chrome/145.0.7632.159 Mobile Safari/537.36 (compatible; Googlebot/2.1; +http://www.google.com/bot.html)"
66.249.64.6 - - [21/Mar/2026:03:11:10 -0700] "GET /?goods/255002267 HTTP/1.1" 301 3808 "-" "Mozilla/5.0 (Linux; Android 6.0.1; Nexus 5X Build/MMB29P) AppleWebKit/537.36 (KHTML, like Gecko) Chrome/145.0.7632.159 Mobile Safari/537.36 (compatible; Googlebot/2.1; +http://www.google.com/bot.html)"
66.249.64.6 - - [21/Mar/2026:03:11:11 -0700] "GET /?goods%2F255002267 HTTP/1.1" 200 13229 "-" "Mozilla/5.0 (Linux; Android 6.0.1; Nexus 5X Build/MMB29P) AppleWebKit/537.36 (KHTML, like Gecko) Chrome/145.0.7632.159 Mobile Safari/537.36 (compatible; Googlebot/2.1; +http://www.google.com/bot.html)"
66.249.64.7 - - [21/Mar/2026:03:11:10 -0700] "GET /?goods/214020660 HTTP/1.1" 301 3808 "-" "Mozilla/5.0 (Linux; Android 6.0.1; Nexus 5X Build/MMB29P) AppleWebKit/537.36 (KHTML, like Gecko) Chrome/145.0.7632.159 Mobile Safari/537.36 (compatible; Googlebot/2.1; +http://www.google.com/bot.html)"
66.249.64.7 - - [21/Mar/2026:03:11:11 -0700] "GET /?goods%2F214020660 HTTP/1.1" 200 13228 "-" "Mozilla/5.0 (Linux; Android 6.0.1; Nexus 5X Build/MMB29P) AppleWebKit/537.36 (KHTML, like Gecko) Chrome/145.0.7632.159 Mobile Safari/537.36 (compatible; Googlebot/2.1; +http://www.google.com/bot.html)"
173.236.217.44 - - [21/Mar/2026:03:11:11 -0700] "POST /wp-cron.php?doing_wp_cron=1774087870.8748760223388671875000 HTTP/1.1" 200 3646 "-" "WordPress/6.8.5; https://www.drug-injury-lawyer.com"
66.249.64.7 - - [21/Mar/2026:03:11:14 -0700] "GET /wp-content/plugins/all-in-one-seo-pack/dist/Lite/assets/css/table-of-contents/global.e90f6d47.css?ver=4.9.0 HTTP/1.1" 200 933 "https://www.drug-injury-lawyer.com/?goods%2F255002267" "Mozilla/5.0 (Linux; Android 6.0.1; Nexus 5X Build/MMB29P) AppleWebKit/537.36 (KHTML, like Gecko) Chrome/145.0.7632.159 Mobile Safari/537.36 (compatible; Googlebot/2.1; +http://www.google.com/bot.html)"
173.236.217.44 - - [21/Mar/2026:03:11:39 -0700] "POST /wp-cron.php?doing_wp_cron=1774087899.6559729576110839843750 HTTP/1.1" 200 3646 "-" "WordPress/6.8.5; https://www.drug-injury-lawyer.com"
66.249.64.6 - - [21/Mar/2026:03:11:39 -0700] "GET /?jp/206049226.html HTTP/1.1" 301 3810 "-" "Mozilla/5.0 (Linux; Android 6.0.1; Nexus 5X Build/MMB29P) AppleWebKit/537.36 (KHTML, like Gecko) Chrome/145.0.7632.159 Mobile Safari/537.36 (compatible; Googlebot/2.1; +http://www.google.com/bot.html)"
66.249.64.6 - - [21/Mar/2026:03:11:39 -0700] "GET /?jp%2F206049226_html HTTP/1.1" 200 13229 "-" "Mozilla/5.0 (Linux; Android 6.0.1; Nexus 5X Build/MMB29P) AppleWebKit/537.36 (KHTML, like Gecko) Chrome/145.0.7632.159 Mobile Safari/537.36 (compatible; Googlebot/2.1; +http://www.google.com/bot.html)"
66.249.64.5 - - [21/Mar/2026:03:12:07 -0700] "GET /?detail/04203546631331 HTTP/1.1" 301 3814 "-" "Mozilla/5.0 (Linux; Android 6.0.1; Nexus 5X Build/MMB29P) AppleWebKit/537.36 (KHTML, like Gecko) Chrome/145.0.7632.159 Mobile Safari/537.36 (compatible; Googlebot/2.1; +http://www.google.com/bot.html)"
66.249.64.6 - - [21/Mar/2026:03:12:07 -0700] "GET /?detail%2F04203546631331 HTTP/1.1" 200 16581 "-" "Mozilla/5.0 (Linux; Android 6.0.1; Nexus 5X Build/MMB29P) AppleWebKit/537.36 (KHTML, like Gecko) Chrome/145.0.7632.159 Mobile Safari/537.36 (compatible; Googlebot/2.1; +http://www.google.com/bot.html)"
217.147.172.96 - - [21/Mar/2026:03:12:20 -0700] "GET /blog/page/3/ HTTP/1.0" 200 70320 "https://www.drug-injury-lawyer.com/blog/page/3/" "Mozilla/5.0 (Windows NT 10.0; Win64; x64) AppleWebKit/537.36 (KHTML, like Gecko) Chrome/103.0.5060.134 Safari/537.36"
217.147.172.96 - - [21/Mar/2026:03:12:20 -0700] "GET /blog/page/3/ HTTP/1.0" 200 70320 "https://www.drug-injury-lawyer.com/blog/page/3/" "Mozilla/5.0 (Windows NT 10.0; Win64; x64) AppleWebKit/537.36 (KHTML, like Gecko) Chrome/103.0.5060.53 Safari/537.36"
217.147.172.96 - - [21/Mar/2026:03:12:21 -0700] "GET /blog/page/2/ HTTP/1.0" 200 75150 "https://www.drug-injury-lawyer.com/blog/page/2/" "Mozilla/5.0 (Windows NT 10.0; Win64; x64) AppleWebKit/537.36 (KHTML, like Gecko) Chrome/103.0.5060.134 Safari/537.36"
217.147.172.96 - - [21/Mar/2026:03:12:21 -0700] "GET /blog/page/2/ HTTP/1.0" 200 75150 "https://www.drug-injury-lawyer.com/blog/page/2/" "Mozilla/5.0 (Windows NT 10.0; Win64; x64) AppleWebKit/537.36 (KHTML, like Gecko) Chrome/103.0.5060.53 Safari/537.36"
217.147.172.96 - - [21/Mar/2026:03:12:22 -0700] "POST /blog/page/2/ HTTP/1.0" 200 75236 "https://www.drug-injury-lawyer.com/blog/page/2/" "Mozilla/5.0 (Windows NT 10.0; Win64; x64) AppleWebKit/537.36 (KHTML, like Gecko) Chrome/103.0.5060.134 Safari/537.36"
217.147.172.96 - - [21/Mar/2026:03:12:22 -0700] "POST /blog/page/2/ HTTP/1.0" 200 75236 "https://www.drug-injury-lawyer.com/blog/page/2/" "Mozilla/5.0 (Windows NT 10.0; Win64; x64) AppleWebKit/537.36 (KHTML, like Gecko) Chrome/103.0.5060.53 Safari/537.36"
217.147.172.96 - - [21/Mar/2026:03:12:23 -0700] "GET /author/laba_admin/ HTTP/1.0" 500 6421 "https://www.drug-injury-lawyer.com/author/laba_admin/" "Mozilla/5.0 (Windows NT 10.0; Win64; x64) AppleWebKit/537.36 (KHTML, like Gecko) Chrome/103.0.5060.134 Safari/537.36"
217.147.172.96 - - [21/Mar/2026:03:12:23 -0700] "GET /author/laba_admin/ HTTP/1.0" 500 6421 "https://www.drug-injury-lawyer.com/author/laba_admin/" "Mozilla/5.0 (Windows NT 10.0; Win64; x64) AppleWebKit/537.36 (KHTML, like Gecko) Chrome/103.0.5060.53 Safari/537.36"
217.147.172.96 - - [21/Mar/2026:03:12:24 -0700] "GET /blog/page/3/ HTTP/1.0" 200 70320 "https://www.drug-injury-lawyer.com/blog/page/3/" "Mozilla/5.0 (Windows NT 10.0; Win64; x64) AppleWebKit/537.36 (KHTML, like Gecko) Chrome/103.0.5060.134 Safari/537.36"
217.147.172.96 - - [21/Mar/2026:03:12:24 -0700] "GET /blog/page/3/ HTTP/1.0" 200 70320 "https://www.drug-injury-lawyer.com/blog/page/3/" "Mozilla/5.0 (Windows NT 10.0; Win64; x64) AppleWebKit/537.36 (KHTML, like Gecko) Chrome/103.0.5060.53 Safari/537.36"
217.147.172.96 - - [21/Mar/2026:03:12:25 -0700] "POST /blog/page/3/ HTTP/1.0" 200 70406 "https://www.drug-injury-lawyer.com/blog/page/3/" "Mozilla/5.0 (Windows NT 10.0; Win64; x64) AppleWebKit/537.36 (KHTML, like Gecko) Chrome/103.0.5060.134 Safari/537.36"
217.147.172.96 - - [21/Mar/2026:03:12:25 -0700] "POST /blog/page/3/ HTTP/1.0" 200 70406 "https://www.drug-injury-lawyer.com/blog/page/3/" "Mozilla/5.0 (Windows NT 10.0; Win64; x64) AppleWebKit/537.36 (KHTML, like Gecko) Chrome/103.0.5060.53 Safari/537.36"
217.147.172.11 - - [21/Mar/2026:03:12:29 -0700] "GET /blog/page/3/ HTTP/1.0" 200 70320 "https://www.drug-injury-lawyer.com/blog/page/3/" "Mozilla/5.0 (Windows NT 10.0; Win64; x64) AppleWebKit/537.36 (KHTML, like Gecko) Chrome/103.0.0.0 Safari/537.36 OpenWave/97.4.2043.44"
217.147.172.11 - - [21/Mar/2026:03:12:30 -0700] "GET /blog/page/3/ HTTP/1.0" 200 70320 "https://www.drug-injury-lawyer.com/blog/page/3/" "Mozilla/5.0 (Windows NT 6.3; Win64; x64) AppleWebKit/537.36 (KHTML, like Gecko) Chrome/103.0.5060.114 Safari/537.36"
217.147.172.214 - - [21/Mar/2026:03:12:30 -0700] "GET /blog/page/3/ HTTP/1.0" 200 70320 "https://www.drug-injury-lawyer.com/blog/page/3/" "Mozilla/5.0 (Windows NT 6.3; Win64; x64) AppleWebKit/537.36 (KHTML, like Gecko) Chrome/103.0.5060.66 Safari/537.36"
217.147.172.214 - - [21/Mar/2026:03:12:30 -0700] "GET /blog/page/3/ HTTP/1.0" 200 70320 "https://www.drug-injury-lawyer.com/blog/page/3/" "Mozilla/5.0 (Windows NT 10.0; Win64; x64) AppleWebKit/537.36 (KHTML, like Gecko) Chrome/103.0.5042.0 Safari/537.36"
217.147.172.11 - - [21/Mar/2026:03:12:30 -0700] "GET /blog/page/2/ HTTP/1.0" 200 75150 "https://www.drug-injury-lawyer.com/blog/page/2/" "Mozilla/5.0 (Windows NT 10.0; Win64; x64) AppleWebKit/537.36 (KHTML, like Gecko) Chrome/103.0.0.0 Safari/537.36 OpenWave/97.4.2043.44"
217.147.172.11 - - [21/Mar/2026:03:12:30 -0700] "GET /blog/page/2/ HTTP/1.0" 200 75150 "https://www.drug-injury-lawyer.com/blog/page/2/" "Mozilla/5.0 (Windows NT 6.3; Win64; x64) AppleWebKit/537.36 (KHTML, like Gecko) Chrome/103.0.5060.114 Safari/537.36"
217.147.172.214 - - [21/Mar/2026:03:12:31 -0700] "GET /blog/page/2/ HTTP/1.0" 200 75150 "https://www.drug-injury-lawyer.com/blog/page/2/" "Mozilla/5.0 (Windows NT 6.3; Win64; x64) AppleWebKit/537.36 (KHTML, like Gecko) Chrome/103.0.5060.66 Safari/537.36"
217.147.172.214 - - [21/Mar/2026:03:12:31 -0700] "GET /blog/page/2/ HTTP/1.0" 200 75150 "https://www.drug-injury-lawyer.com/blog/page/2/" "Mozilla/5.0 (Windows NT 10.0; Win64; x64) AppleWebKit/537.36 (KHTML, like Gecko) Chrome/103.0.5042.0 Safari/537.36"
217.147.172.11 - - [21/Mar/2026:03:12:31 -0700] "POST /blog/page/2/ HTTP/1.0" 200 75236 "https://www.drug-injury-lawyer.com/blog/page/2/" "Mozilla/5.0 (Windows NT 10.0; Win64; x64) AppleWebKit/537.36 (KHTML, like Gecko) Chrome/103.0.0.0 Safari/537.36 OpenWave/97.4.2043.44"
217.147.172.11 - - [21/Mar/2026:03:12:31 -0700] "POST /blog/page/2/ HTTP/1.0" 200 75236 "https://www.drug-injury-lawyer.com/blog/page/2/" "Mozilla/5.0 (Windows NT 6.3; Win64; x64) AppleWebKit/537.36 (KHTML, like Gecko) Chrome/103.0.5060.114 Safari/537.36"
217.147.172.214 - - [21/Mar/2026:03:12:32 -0700] "POST /blog/page/2/ HTTP/1.0" 200 75236 "https://www.drug-injury-lawyer.com/blog/page/2/" "Mozilla/5.0 (Windows NT 6.3; Win64; x64) AppleWebKit/537.36 (KHTML, like Gecko) Chrome/103.0.5060.66 Safari/537.36"
217.147.172.214 - - [21/Mar/2026:03:12:32 -0700] "POST /blog/page/2/ HTTP/1.0" 200 75236 "https://www.drug-injury-lawyer.com/blog/page/2/" "Mozilla/5.0 (Windows NT 10.0; Win64; x64) AppleWebKit/537.36 (KHTML, like Gecko) Chrome/103.0.5042.0 Safari/537.36"
217.147.172.11 - - [21/Mar/2026:03:12:32 -0700] "GET /author/laba_admin/ HTTP/1.0" 500 6421 "https://www.drug-injury-lawyer.com/author/laba_admin/" "Mozilla/5.0 (Windows NT 10.0; Win64; x64) AppleWebKit/537.36 (KHTML, like Gecko) Chrome/103.0.0.0 Safari/537.36 OpenWave/97.4.2043.44"
217.147.172.11 - - [21/Mar/2026:03:12:32 -0700] "GET /author/laba_admin/ HTTP/1.0" 500 6421 "https://www.drug-injury-lawyer.com/author/laba_admin/" "Mozilla/5.0 (Windows NT 6.3; Win64; x64) AppleWebKit/537.36 (KHTML, like Gecko) Chrome/103.0.5060.114 Safari/537.36"
217.147.172.214 - - [21/Mar/2026:03:12:33 -0700] "GET /author/laba_admin/ HTTP/1.0" 500 6421 "https://www.drug-injury-lawyer.com/author/laba_admin/" "Mozilla/5.0 (Windows NT 6.3; Win64; x64) AppleWebKit/537.36 (KHTML, like Gecko) Chrome/103.0.5060.66 Safari/537.36"
217.147.172.11 - - [21/Mar/2026:03:12:33 -0700] "GET /blog/page/3/ HTTP/1.0" 200 70320 "https://www.drug-injury-lawyer.com/blog/page/3/" "Mozilla/5.0 (Windows NT 10.0; Win64; x64) AppleWebKit/537.36 (KHTML, like Gecko) Chrome/103.0.0.0 Safari/537.36 OpenWave/97.4.2043.44"
217.147.172.11 - - [21/Mar/2026:03:12:33 -0700] "GET /blog/page/3/ HTTP/1.0" 200 70320 "https://www.drug-injury-lawyer.com/blog/page/3/" "Mozilla/5.0 (Windows NT 6.3; Win64; x64) AppleWebKit/537.36 (KHTML, like Gecko) Chrome/103.0.5060.114 Safari/537.36"
217.147.172.214 - - [21/Mar/2026:03:12:33 -0700] "GET /blog/page/3/ HTTP/1.0" 200 70320 "https://www.drug-injury-lawyer.com/blog/page/3/" "Mozilla/5.0 (Windows NT 6.3; Win64; x64) AppleWebKit/537.36 (KHTML, like Gecko) Chrome/103.0.5060.66 Safari/537.36"
217.147.172.11 - - [21/Mar/2026:03:12:34 -0700] "POST /blog/page/3/ HTTP/1.0" 200 70406 "https://www.drug-injury-lawyer.com/blog/page/3/" "Mozilla/5.0 (Windows NT 10.0; Win64; x64) AppleWebKit/537.36 (KHTML, like Gecko) Chrome/103.0.0.0 Safari/537.36 OpenWave/97.4.2043.44"
217.147.172.214 - - [21/Mar/2026:03:12:33 -0700] "GET /author/laba_admin/ HTTP/1.0" 500 6421 "https://www.drug-injury-lawyer.com/author/laba_admin/" "Mozilla/5.0 (Windows NT 10.0; Win64; x64) AppleWebKit/537.36 (KHTML, like Gecko) Chrome/103.0.5042.0 Safari/537.36"
217.147.172.11 - - [21/Mar/2026:03:12:34 -0700] "POST /blog/page/3/ HTTP/1.0" 200 70406 "https://www.drug-injury-lawyer.com/blog/page/3/" "Mozilla/5.0 (Windows NT 6.3; Win64; x64) AppleWebKit/537.36 (KHTML, like Gecko) Chrome/103.0.5060.114 Safari/537.36"
217.147.172.214 - - [21/Mar/2026:03:12:34 -0700] "POST /blog/page/3/ HTTP/1.0" 200 70406 "https://www.drug-injury-lawyer.com/blog/page/3/" "Mozilla/5.0 (Windows NT 6.3; Win64; x64) AppleWebKit/537.36 (KHTML, like Gecko) Chrome/103.0.5060.66 Safari/537.36"
217.147.172.214 - - [21/Mar/2026:03:12:34 -0700] "GET /blog/page/3/ HTTP/1.0" 200 70320 "https://www.drug-injury-lawyer.com/blog/page/3/" "Mozilla/5.0 (Windows NT 10.0; Win64; x64) AppleWebKit/537.36 (KHTML, like Gecko) Chrome/103.0.5042.0 Safari/537.36"
66.249.64.6 - - [21/Mar/2026:03:12:35 -0700] "GET /?goods/050001076 HTTP/1.1" 301 3808 "-" "Mozilla/5.0 (Linux; Android 6.0.1; Nexus 5X Build/MMB29P) AppleWebKit/537.36 (KHTML, like Gecko) Chrome/145.0.7632.159 Mobile Safari/537.36 (compatible; Googlebot/2.1; +http://www.google.com/bot.html)"
66.249.64.5 - - [21/Mar/2026:03:12:35 -0700] "GET /?goods%2F050001076 HTTP/1.1" 200 16576 "-" "Mozilla/5.0 (Linux; Android 6.0.1; Nexus 5X Build/MMB29P) AppleWebKit/537.36 (KHTML, like Gecko) Chrome/145.0.7632.159 Mobile Safari/537.36 (compatible; Googlebot/2.1; +http://www.google.com/bot.html)"
217.147.172.214 - - [21/Mar/2026:03:12:35 -0700] "POST /blog/page/3/ HTTP/1.0" 200 70406 "https://www.drug-injury-lawyer.com/blog/page/3/" "Mozilla/5.0 (Windows NT 10.0; Win64; x64) AppleWebKit/537.36 (KHTML, like Gecko) Chrome/103.0.5042.0 Safari/537.36"
66.249.64.6 - - [21/Mar/2026:03:12:35 -0700] "GET /?jp/104046560.html HTTP/1.1" 301 461 "-" "Mozilla/5.0 (Linux; Android 6.0.1; Nexus 5X Build/MMB29P) AppleWebKit/537.36 (KHTML, like Gecko) Chrome/145.0.7632.159 Mobile Safari/537.36 (compatible; Googlebot/2.1; +http://www.google.com/bot.html)"
66.249.64.5 - - [21/Mar/2026:03:12:36 -0700] "GET /?jp%2F104046560_html HTTP/1.1" 200 13230 "-" "Mozilla/5.0 (Linux; Android 6.0.1; Nexus 5X Build/MMB29P) AppleWebKit/537.36 (KHTML, like Gecko) Chrome/145.0.7632.159 Mobile Safari/537.36 (compatible; Googlebot/2.1; +http://www.google.com/bot.html)"
2.59.221.46 - - [21/Mar/2026:03:12:36 -0700] "GET /blog/page/3/ HTTP/1.0" 200 70320 "https://www.drug-injury-lawyer.com/blog/page/3/" "Mozilla/5.0 (Windows NT 6.1; Win64; x64) AppleWebKit/537.36 (KHTML, like Gecko) Chrome/103.0.5060.114 Safari/537.36"
2.59.221.46 - - [21/Mar/2026:03:12:36 -0700] "GET /blog/page/3/ HTTP/1.0" 200 70320 "https://www.drug-injury-lawyer.com/blog/page/3/" "Mozilla/5.0 (Windows NT 10.0) AppleWebKit/537.36 (KHTML, like Gecko) Chrome/103.0.0.0 Safari/537.36"
2.59.221.46 - - [21/Mar/2026:03:12:37 -0700] "GET /blog/page/2/ HTTP/1.0" 200 75150 "https://www.drug-injury-lawyer.com/blog/page/2/" "Mozilla/5.0 (Windows NT 6.1; Win64; x64) AppleWebKit/537.36 (KHTML, like Gecko) Chrome/103.0.5060.114 Safari/537.36"
2.59.221.46 - - [21/Mar/2026:03:12:37 -0700] "GET /blog/page/2/ HTTP/1.0" 200 75150 "https://www.drug-injury-lawyer.com/blog/page/2/" "Mozilla/5.0 (Windows NT 10.0) AppleWebKit/537.36 (KHTML, like Gecko) Chrome/103.0.0.0 Safari/537.36"
2.59.221.46 - - [21/Mar/2026:03:12:38 -0700] "POST /blog/page/2/ HTTP/1.0" 200 75236 "https://www.drug-injury-lawyer.com/blog/page/2/" "Mozilla/5.0 (Windows NT 6.1; Win64; x64) AppleWebKit/537.36 (KHTML, like Gecko) Chrome/103.0.5060.114 Safari/537.36"
2.59.221.46 - - [21/Mar/2026:03:12:38 -0700] "POST /blog/page/2/ HTTP/1.0" 200 75236 "https://www.drug-injury-lawyer.com/blog/page/2/" "Mozilla/5.0 (Windows NT 10.0) AppleWebKit/537.36 (KHTML, like Gecko) Chrome/103.0.0.0 Safari/537.36"
2.59.221.46 - - [21/Mar/2026:03:12:39 -0700] "GET /author/laba_admin/ HTTP/1.0" 500 6421 "https://www.drug-injury-lawyer.com/author/laba_admin/" "Mozilla/5.0 (Windows NT 10.0) AppleWebKit/537.36 (KHTML, like Gecko) Chrome/103.0.0.0 Safari/537.36"
173.236.217.44 - - [21/Mar/2026:03:12:39 -0700] "POST /wp-cron.php?doing_wp_cron=1774087959.5630741119384765625000 HTTP/1.1" 200 3646 "-" "WordPress/6.8.5; https://www.drug-injury-lawyer.com"
2.59.221.46 - - [21/Mar/2026:03:12:39 -0700] "GET /author/laba_admin/ HTTP/1.0" 500 6421 "https://www.drug-injury-lawyer.com/author/laba_admin/" "Mozilla/5.0 (Windows NT 6.1; Win64; x64) AppleWebKit/537.36 (KHTML, like Gecko) Chrome/103.0.5060.114 Safari/537.36"
2.59.221.46 - - [21/Mar/2026:03:12:40 -0700] "GET /blog/page/3/ HTTP/1.0" 200 70320 "https://www.drug-injury-lawyer.com/blog/page/3/" "Mozilla/5.0 (Windows NT 10.0) AppleWebKit/537.36 (KHTML, like Gecko) Chrome/103.0.0.0 Safari/537.36"
2.59.221.46 - - [21/Mar/2026:03:12:40 -0700] "GET /blog/page/3/ HTTP/1.0" 200 70320 "https://www.drug-injury-lawyer.com/blog/page/3/" "Mozilla/5.0 (Windows NT 6.1; Win64; x64) AppleWebKit/537.36 (KHTML, like Gecko) Chrome/103.0.5060.114 Safari/537.36"
2.59.221.46 - - [21/Mar/2026:03:12:40 -0700] "POST /blog/page/3/ HTTP/1.0" 200 70406 "https://www.drug-injury-lawyer.com/blog/page/3/" "Mozilla/5.0 (Windows NT 10.0) AppleWebKit/537.36 (KHTML, like Gecko) Chrome/103.0.0.0 Safari/537.36"
2.59.221.46 - - [21/Mar/2026:03:12:41 -0700] "POST /blog/page/3/ HTTP/1.0" 200 70406 "https://www.drug-injury-lawyer.com/blog/page/3/" "Mozilla/5.0 (Windows NT 6.1; Win64; x64) AppleWebKit/537.36 (KHTML, like Gecko) Chrome/103.0.5060.114 Safari/537.36"
107.20.105.74 - - [21/Mar/2026:03:12:55 -0700] "HEAD / HTTP/2.0" 200 342 "http://www.drug-injury-lawyer.com/" "DreamHost SiteMonitor 1.0"
66.249.64.5 - - [21/Mar/2026:03:13:03 -0700] "GET /?detail/0930322126955 HTTP/1.1" 301 3813 "-" "Mozilla/5.0 (Linux; Android 6.0.1; Nexus 5X Build/MMB29P) AppleWebKit/537.36 (KHTML, like Gecko) Chrome/145.0.7632.159 Mobile Safari/537.36 (compatible; Googlebot/2.1; +http://www.google.com/bot.html)"
66.249.64.7 - - [21/Mar/2026:03:13:03 -0700] "GET /?detail%2F0930322126955 HTTP/1.1" 200 16580 "-" "Mozilla/5.0 (Linux; Android 6.0.1; Nexus 5X Build/MMB29P) AppleWebKit/537.36 (KHTML, like Gecko) Chrome/145.0.7632.159 Mobile Safari/537.36 (compatible; Googlebot/2.1; +http://www.google.com/bot.html)"
185.237.106.243 - - [21/Mar/2026:03:13:10 -0700] "GET /blog/page/3/ HTTP/1.0" 200 70320 "https://www.drug-injury-lawyer.com/blog/page/3/" "Mozilla/5.0 (Windows NT 6.3; Win64; x64) AppleWebKit/537.36 (KHTML, like Gecko) Chrome/103.0.5060.114 Safari/537.36"
185.237.106.243 - - [21/Mar/2026:03:13:11 -0700] "GET /blog/page/3/ HTTP/1.0" 200 70320 "https://www.drug-injury-lawyer.com/blog/page/3/" "Mozilla/5.0 (Windows NT 6.3; Win64; x64) AppleWebKit/537.36 (KHTML, like Gecko) Chrome/103.0.5060.66 Safari/537.36"
185.237.106.243 - - [21/Mar/2026:03:13:11 -0700] "GET /blog/page/2/ HTTP/1.0" 200 75150 "https://www.drug-injury-lawyer.com/blog/page/2/" "Mozilla/5.0 (Windows NT 6.3; Win64; x64) AppleWebKit/537.36 (KHTML, like Gecko) Chrome/103.0.5060.114 Safari/537.36"
185.237.106.243 - - [21/Mar/2026:03:13:12 -0700] "GET /blog/page/2/ HTTP/1.0" 200 75150 "https://www.drug-injury-lawyer.com/blog/page/2/" "Mozilla/5.0 (Windows NT 6.3; Win64; x64) AppleWebKit/537.36 (KHTML, like Gecko) Chrome/103.0.5060.66 Safari/537.36"
185.237.106.243 - - [21/Mar/2026:03:13:12 -0700] "POST /blog/page/2/ HTTP/1.0" 200 75236 "https://www.drug-injury-lawyer.com/blog/page/2/" "Mozilla/5.0 (Windows NT 6.3; Win64; x64) AppleWebKit/537.36 (KHTML, like Gecko) Chrome/103.0.5060.114 Safari/537.36"
185.237.106.243 - - [21/Mar/2026:03:13:12 -0700] "POST /blog/page/2/ HTTP/1.0" 200 75236 "https://www.drug-injury-lawyer.com/blog/page/2/" "Mozilla/5.0 (Windows NT 6.3; Win64; x64) AppleWebKit/537.36 (KHTML, like Gecko) Chrome/103.0.5060.66 Safari/537.36"
185.237.106.243 - - [21/Mar/2026:03:13:13 -0700] "GET /author/laba_admin/ HTTP/1.0" 500 6421 "https://www.drug-injury-lawyer.com/author/laba_admin/" "Mozilla/5.0 (Windows NT 6.3; Win64; x64) AppleWebKit/537.36 (KHTML, like Gecko) Chrome/103.0.5060.114 Safari/537.36"
185.237.106.243 - - [21/Mar/2026:03:13:13 -0700] "GET /author/laba_admin/ HTTP/1.0" 500 6421 "https://www.drug-injury-lawyer.com/author/laba_admin/" "Mozilla/5.0 (Windows NT 6.3; Win64; x64) AppleWebKit/537.36 (KHTML, like Gecko) Chrome/103.0.5060.66 Safari/537.36"
185.237.106.243 - - [21/Mar/2026:03:13:14 -0700] "GET /blog/page/3/ HTTP/1.0" 200 70320 "https://www.drug-injury-lawyer.com/blog/page/3/" "Mozilla/5.0 (Windows NT 6.3; Win64; x64) AppleWebKit/537.36 (KHTML, like Gecko) Chrome/103.0.5060.114 Safari/537.36"
185.237.106.243 - - [21/Mar/2026:03:13:14 -0700] "GET /blog/page/3/ HTTP/1.0" 200 70320 "https://www.drug-injury-lawyer.com/blog/page/3/" "Mozilla/5.0 (Windows NT 6.3; Win64; x64) AppleWebKit/537.36 (KHTML, like Gecko) Chrome/103.0.5060.66 Safari/537.36"
185.237.106.243 - - [21/Mar/2026:03:13:15 -0700] "POST /blog/page/3/ HTTP/1.0" 200 70406 "https://www.drug-injury-lawyer.com/blog/page/3/" "Mozilla/5.0 (Windows NT 6.3; Win64; x64) AppleWebKit/537.36 (KHTML, like Gecko) Chrome/103.0.5060.114 Safari/537.36"
185.237.106.243 - - [21/Mar/2026:03:13:15 -0700] "POST /blog/page/3/ HTTP/1.0" 200 70406 "https://www.drug-injury-lawyer.com/blog/page/3/" "Mozilla/5.0 (Windows NT 6.3; Win64; x64) AppleWebKit/537.36 (KHTML, like Gecko) Chrome/103.0.5060.66 Safari/537.36"
173.236.217.44 - - [21/Mar/2026:03:13:31 -0700] "POST /wp-cron.php?doing_wp_cron=1774088011.6241910457611083984375 HTTP/1.1" 200 3646 "-" "WordPress/6.8.5; https://www.drug-injury-lawyer.com"
66.249.64.5 - - [21/Mar/2026:03:13:31 -0700] "GET /?goods/222028224 HTTP/1.1" 301 3808 "-" "Mozilla/5.0 (Linux; Android 6.0.1; Nexus 5X Build/MMB29P) AppleWebKit/537.36 (KHTML, like Gecko) Chrome/145.0.7632.159 Mobile Safari/537.36 (compatible; Googlebot/2.1; +http://www.google.com/bot.html)"
66.249.64.5 - - [21/Mar/2026:03:13:31 -0700] "GET /?goods%2F222028224 HTTP/1.1" 200 13229 "-" "Mozilla/5.0 (Linux; Android 6.0.1; Nexus 5X Build/MMB29P) AppleWebKit/537.36 (KHTML, like Gecko) Chrome/145.0.7632.159 Mobile Safari/537.36 (compatible; Googlebot/2.1; +http://www.google.com/bot.html)"
66.249.64.5 - - [21/Mar/2026:03:13:32 -0700] "GET /?goods/085016837 HTTP/1.1" 301 459 "-" "Mozilla/5.0 (Linux; Android 6.0.1; Nexus 5X Build/MMB29P) AppleWebKit/537.36 (KHTML, like Gecko) Chrome/145.0.7632.159 Mobile Safari/537.36 (compatible; Googlebot/2.1; +http://www.google.com/bot.html)"
66.249.64.5 - - [21/Mar/2026:03:13:32 -0700] "GET /?goods/293020167 HTTP/1.1" 301 459 "-" "Mozilla/5.0 (Linux; Android 6.0.1; Nexus 5X Build/MMB29P) AppleWebKit/537.36 (KHTML, like Gecko) Chrome/145.0.7632.159 Mobile Safari/537.36 (compatible; Googlebot/2.1; +http://www.google.com/bot.html)"
66.249.64.5 - - [21/Mar/2026:03:13:32 -0700] "GET /?goods%2F085016837 HTTP/1.1" 200 13228 "-" "Mozilla/5.0 (Linux; Android 6.0.1; Nexus 5X Build/MMB29P) AppleWebKit/537.36 (KHTML, like Gecko) Chrome/145.0.7632.159 Mobile Safari/537.36 (compatible; Googlebot/2.1; +http://www.google.com/bot.html)"
66.249.64.5 - - [21/Mar/2026:03:13:32 -0700] "GET /?goods%2F293020167 HTTP/1.1" 200 13227 "-" "Mozilla/5.0 (Linux; Android 6.0.1; Nexus 5X Build/MMB29P) AppleWebKit/537.36 (KHTML, like Gecko) Chrome/145.0.7632.159 Mobile Safari/537.36 (compatible; Googlebot/2.1; +http://www.google.com/bot.html)"
45.156.158.83 - - [21/Mar/2026:03:13:35 -0700] "GET /blog/page/3/ HTTP/1.0" 200 70320 "https://www.drug-injury-lawyer.com/blog/page/3/" "Mozilla/5.0 (Windows NT 10.0; Win64; x64) AppleWebKit/537.36 (KHTML, like Gecko) Chrome/103.0.5060.66 Safari/537.36"
45.156.158.83 - - [21/Mar/2026:03:13:36 -0700] "GET /blog/page/3/ HTTP/1.0" 200 70320 "https://www.drug-injury-lawyer.com/blog/page/3/" "Mozilla/5.0 (Windows NT 10.0; Win64; x64) AppleWebKit/537.36 (KHTML, like Gecko) Chrome/103.0.5060.134 Safari/537.36"
45.156.158.83 - - [21/Mar/2026:03:13:36 -0700] "GET /blog/page/2/ HTTP/1.0" 200 75150 "https://www.drug-injury-lawyer.com/blog/page/2/" "Mozilla/5.0 (Windows NT 10.0; Win64; x64) AppleWebKit/537.36 (KHTML, like Gecko) Chrome/103.0.5060.66 Safari/537.36"
45.156.158.83 - - [21/Mar/2026:03:13:37 -0700] "GET /blog/page/2/ HTTP/1.0" 200 75150 "https://www.drug-injury-lawyer.com/blog/page/2/" "Mozilla/5.0 (Windows NT 10.0; Win64; x64) AppleWebKit/537.36 (KHTML, like Gecko) Chrome/103.0.5060.134 Safari/537.36"
45.156.158.83 - - [21/Mar/2026:03:13:37 -0700] "POST /blog/page/2/ HTTP/1.0" 200 75236 "https://www.drug-injury-lawyer.com/blog/page/2/" "Mozilla/5.0 (Windows NT 10.0; Win64; x64) AppleWebKit/537.36 (KHTML, like Gecko) Chrome/103.0.5060.66 Safari/537.36"
45.156.158.83 - - [21/Mar/2026:03:13:37 -0700] "POST /blog/page/2/ HTTP/1.0" 200 75236 "https://www.drug-injury-lawyer.com/blog/page/2/" "Mozilla/5.0 (Windows NT 10.0; Win64; x64) AppleWebKit/537.36 (KHTML, like Gecko) Chrome/103.0.5060.134 Safari/537.36"
