173.236.217.44 - - [22/Mar/2026:07:41:32 -0700] "POST /wp-cron.php?doing_wp_cron=1774190492.3855519294738769531250 HTTP/1.1" 200 3646 "-" "WordPress/6.8.5; https://www.drug-injury-lawyer.com" 
66.249.64.5 - - [22/Mar/2026:07:41:32 -0700] "GET /?detail/09101462524116 HTTP/1.1" 301 3814 "-" "Mozilla/5.0 (Linux; Android 6.0.1; Nexus 5X Build/MMB29P) AppleWebKit/537.36 (KHTML, like Gecko) Chrome/145.0.7632.159 Mobile Safari/537.36 (compatible; Googlebot/2.1; +http://www.google.com/bot.html)" 
66.249.64.5 - - [22/Mar/2026:07:41:32 -0700] "GET /?detail%2F09101462524116 HTTP/1.1" 200 13231 "-" "Mozilla/5.0 (Linux; Android 6.0.1; Nexus 5X Build/MMB29P) AppleWebKit/537.36 (KHTML, like Gecko) Chrome/145.0.7632.159 Mobile Safari/537.36 (compatible; Googlebot/2.1; +http://www.google.com/bot.html)" 
173.236.217.44 - - [22/Mar/2026:07:41:40 -0700] "POST /wp-cron.php?doing_wp_cron=1774190500.5131270885467529296875 HTTP/1.1" 200 3646 "-" "WordPress/6.8.5; https://www.drug-injury-lawyer.com" 
66.249.64.5 - - [22/Mar/2026:07:41:40 -0700] "GET /?jp/247030305.html HTTP/1.1" 301 3810 "-" "Mozilla/5.0 (Linux; Android 6.0.1; Nexus 5X Build/MMB29P) AppleWebKit/537.36 (KHTML, like Gecko) Chrome/145.0.7632.159 Mobile Safari/537.36 (compatible; Googlebot/2.1; +http://www.google.com/bot.html)" 
66.249.64.5 - - [22/Mar/2026:07:41:40 -0700] "GET /?jp%2F247030305_html HTTP/1.1" 200 13230 "-" "Mozilla/5.0 (Linux; Android 6.0.1; Nexus 5X Build/MMB29P) AppleWebKit/537.36 (KHTML, like Gecko) Chrome/145.0.7632.159 Mobile Safari/537.36 (compatible; Googlebot/2.1; +http://www.google.com/bot.html)" 
66.249.64.5 - - [22/Mar/2026:07:41:51 -0700] "GET /?detail/2820240466575 HTTP/1.1" 301 3813 "-" "Mozilla/5.0 (Linux; Android 6.0.1; Nexus 5X Build/MMB29P) AppleWebKit/537.36 (KHTML, like Gecko) Chrome/145.0.7632.159 Mobile Safari/537.36 (compatible; Googlebot/2.1; +http://www.google.com/bot.html)" 
66.249.64.5 - - [22/Mar/2026:07:41:51 -0700] "GET /?detail%2F2820240466575 HTTP/1.1" 200 13231 "-" "Mozilla/5.0 (Linux; Android 6.0.1; Nexus 5X Build/MMB29P) AppleWebKit/537.36 (KHTML, like Gecko) Chrome/145.0.7632.159 Mobile Safari/537.36 (compatible; Googlebot/2.1; +http://www.google.com/bot.html)" 
66.249.64.5 - - [22/Mar/2026:07:41:59 -0700] "GET /?detail/054007061035 HTTP/1.1" 301 3812 "-" "Mozilla/5.0 (Linux; Android 6.0.1; Nexus 5X Build/MMB29P) AppleWebKit/537.36 (KHTML, like Gecko) Chrome/145.0.7632.159 Mobile Safari/537.36 (compatible; Googlebot/2.1; +http://www.google.com/bot.html)" 
66.249.64.5 - - [22/Mar/2026:07:41:59 -0700] "GET /?detail/10702911944246 HTTP/1.1" 301 465 "-" "Mozilla/5.0 (Linux; Android 6.0.1; Nexus 5X Build/MMB29P) AppleWebKit/537.36 (KHTML, like Gecko) Chrome/145.0.7632.159 Mobile Safari/537.36 (compatible; Googlebot/2.1; +http://www.google.com/bot.html)" 
66.249.64.5 - - [22/Mar/2026:07:41:59 -0700] "GET /?detail%2F054007061035 HTTP/1.1" 200 13229 "-" "Mozilla/5.0 (Linux; Android 6.0.1; Nexus 5X Build/MMB29P) AppleWebKit/537.36 (KHTML, like Gecko) Chrome/145.0.7632.159 Mobile Safari/537.36 (compatible; Googlebot/2.1; +http://www.google.com/bot.html)" 
66.249.64.5 - - [22/Mar/2026:07:41:59 -0700] "GET /?detail%2F10702911944246 HTTP/1.1" 200 13232 "-" "Mozilla/5.0 (Linux; Android 6.0.1; Nexus 5X Build/MMB29P) AppleWebKit/537.36 (KHTML, like Gecko) Chrome/145.0.7632.159 Mobile Safari/537.36 (compatible; Googlebot/2.1; +http://www.google.com/bot.html)" 
91.211.90.158 - - [22/Mar/2026:07:42:13 -0700] "GET /blog/page/3/ HTTP/1.0" 200 70320 "https://www.drug-injury-lawyer.com/blog/page/3/" "Mozilla/5.0 (Windows NT 6.1) AppleWebKit/537.36 (KHTML, like Gecko) Chrome/103.0.5060.114 Safari/537.36" 
91.211.90.158 - - [22/Mar/2026:07:42:14 -0700] "GET /blog/page/2/ HTTP/1.0" 200 75150 "https://www.drug-injury-lawyer.com/blog/page/2/" "Mozilla/5.0 (Windows NT 6.1) AppleWebKit/537.36 (KHTML, like Gecko) Chrome/103.0.5060.114 Safari/537.36" 
91.211.90.158 - - [22/Mar/2026:07:42:15 -0700] "POST /blog/page/2/ HTTP/1.0" 200 75236 "https://www.drug-injury-lawyer.com/blog/page/2/" "Mozilla/5.0 (Windows NT 6.1) AppleWebKit/537.36 (KHTML, like Gecko) Chrome/103.0.5060.114 Safari/537.36" 
91.211.90.158 - - [22/Mar/2026:07:42:16 -0700] "GET /author/laba_admin/ HTTP/1.0" 500 6421 "https://www.drug-injury-lawyer.com/author/laba_admin/" "Mozilla/5.0 (Windows NT 6.1) AppleWebKit/537.36 (KHTML, like Gecko) Chrome/103.0.5060.114 Safari/537.36" 
91.211.90.158 - - [22/Mar/2026:07:42:16 -0700] "GET /blog/page/3/ HTTP/1.0" 200 70320 "https://www.drug-injury-lawyer.com/blog/page/3/" "Mozilla/5.0 (Windows NT 6.1) AppleWebKit/537.36 (KHTML, like Gecko) Chrome/103.0.5060.114 Safari/537.36" 
91.211.90.158 - - [22/Mar/2026:07:42:17 -0700] "POST /blog/page/3/ HTTP/1.0" 200 70406 "https://www.drug-injury-lawyer.com/blog/page/3/" "Mozilla/5.0 (Windows NT 6.1) AppleWebKit/537.36 (KHTML, like Gecko) Chrome/103.0.5060.114 Safari/537.36" 
114.119.136.164 - - [22/Mar/2026:07:42:35 -0700] "GET /?sitemap269_xml HTTP/1.1" 200 16536 "-" "Mozilla/5.0 (Linux; Android 7.0;) AppleWebKit/537.36 (KHTML, like Gecko) Mobile Safari/537.36 (compatible; PetalBot;+https://webmaster.petalsearch.com/site/petalbot)" 
141.98.11.44 - - [22/Mar/2026:07:42:55 -0700] "GET /wp-includes/sodium_compat/src/Core/SecretStream/State.php HTTP/1.1" 200 3661 "-" "Mozilla/5.0 (Windows NT 10.0; Win64; x64) AppleWebKit/537.36" 
107.20.105.74 - - [22/Mar/2026:07:42:56 -0700] "HEAD / HTTP/2.0" 200 342 "http://www.drug-injury-lawyer.com/" "DreamHost SiteMonitor 1.0" 
66.249.64.7 - - [22/Mar/2026:07:44:07 -0700] "GET /?goods/291038402 HTTP/1.1" 301 3808 "-" "Mozilla/5.0 (Linux; Android 6.0.1; Nexus 5X Build/MMB29P) AppleWebKit/537.36 (KHTML, like Gecko) Chrome/145.0.7632.159 Mobile Safari/537.36 (compatible; Googlebot/2.1; +http://www.google.com/bot.html)" 
173.236.217.44 - - [22/Mar/2026:07:44:08 -0700] "POST /wp-cron.php?doing_wp_cron=1774190648.6230640411376953125000 HTTP/1.1" 200 3646 "-" "WordPress/6.8.5; https://www.drug-injury-lawyer.com" 
66.249.64.6 - - [22/Mar/2026:07:44:09 -0700] "GET /?goods%2F291038402 HTTP/1.1" 200 16578 "-" "Mozilla/5.0 (Linux; Android 6.0.1; Nexus 5X Build/MMB29P) AppleWebKit/537.36 (KHTML, like Gecko) Chrome/145.0.7632.159 Mobile Safari/537.36 (compatible; Googlebot/2.1; +http://www.google.com/bot.html)" 
66.249.64.6 - - [22/Mar/2026:07:44:18 -0700] "GET /?detail/1520277124755 HTTP/1.1" 301 3813 "-" "Mozilla/5.0 (Linux; Android 6.0.1; Nexus 5X Build/MMB29P) AppleWebKit/537.36 (KHTML, like Gecko) Chrome/145.0.7632.159 Mobile Safari/537.36 (compatible; Googlebot/2.1; +http://www.google.com/bot.html)" 
66.249.64.5 - - [22/Mar/2026:07:44:19 -0700] "GET /?detail%2F1520277124755 HTTP/1.1" 200 16580 "-" "Mozilla/5.0 (Linux; Android 6.0.1; Nexus 5X Build/MMB29P) AppleWebKit/537.36 (KHTML, like Gecko) Chrome/145.0.7632.159 Mobile Safari/537.36 (compatible; Googlebot/2.1; +http://www.google.com/bot.html)" 
66.249.64.5 - - [22/Mar/2026:07:44:35 -0700] "GET /?detail/02302310116441 HTTP/1.1" 301 3814 "-" "Mozilla/5.0 (Linux; Android 6.0.1; Nexus 5X Build/MMB29P) AppleWebKit/537.36 (KHTML, like Gecko) Chrome/145.0.7632.159 Mobile Safari/537.36 (compatible; Googlebot/2.1; +http://www.google.com/bot.html)" 
66.249.64.5 - - [22/Mar/2026:07:44:36 -0700] "GET /?detail%2F02302310116441 HTTP/1.1" 200 13231 "-" "Mozilla/5.0 (Linux; Android 6.0.1; Nexus 5X Build/MMB29P) AppleWebKit/537.36 (KHTML, like Gecko) Chrome/145.0.7632.159 Mobile Safari/537.36 (compatible; Googlebot/2.1; +http://www.google.com/bot.html)" 
173.236.217.44 - - [22/Mar/2026:07:44:35 -0700] "POST /wp-cron.php?doing_wp_cron=1774190675.4160020351409912109375 HTTP/1.1" 200 3646 "-" "WordPress/6.8.5; https://www.drug-injury-lawyer.com" 
66.249.64.5 - - [22/Mar/2026:07:44:42 -0700] "GET /wp-content/plugins/all-in-one-seo-pack/dist/Lite/assets/css/table-of-contents/global.e90f6d47.css?ver=4.9.0 HTTP/1.1" 200 4282 "https://www.drug-injury-lawyer.com/?detail%2F02302310116441" "Mozilla/5.0 (Linux; Android 6.0.1; Nexus 5X Build/MMB29P) AppleWebKit/537.36 (KHTML, like Gecko) Chrome/145.0.7632.159 Mobile Safari/537.36 (compatible; Googlebot/2.1; +http://www.google.com/bot.html)" 
173.236.217.44 - - [22/Mar/2026:07:44:51 -0700] "POST /wp-cron.php?doing_wp_cron=1774190691.7937409877777099609375 HTTP/1.1" 200 3646 "-" "WordPress/6.8.5; https://www.drug-injury-lawyer.com" 
66.249.64.5 - - [22/Mar/2026:07:44:51 -0700] "GET /?detail/0150023664114 HTTP/1.1" 301 3813 "-" "Mozilla/5.0 (Linux; Android 6.0.1; Nexus 5X Build/MMB29P) AppleWebKit/537.36 (KHTML, like Gecko) Chrome/145.0.7632.159 Mobile Safari/537.36 (compatible; Googlebot/2.1; +http://www.google.com/bot.html)" 
66.249.64.5 - - [22/Mar/2026:07:44:52 -0700] "GET /?detail%2F0150023664114 HTTP/1.1" 200 13230 "-" "Mozilla/5.0 (Linux; Android 6.0.1; Nexus 5X Build/MMB29P) AppleWebKit/537.36 (KHTML, like Gecko) Chrome/145.0.7632.159 Mobile Safari/537.36 (compatible; Googlebot/2.1; +http://www.google.com/bot.html)" 
31.57.216.187 - - [22/Mar/2026:07:45:27 -0700] "HEAD / HTTP/1.1" 200 3947 "https://www.drug-injury-lawyer.com/" "Mozilla/5.0 (Windows NT 10.0; Win64; x64) AppleWebKit/537.36 (KHTML, like Gecko) Chrome/91.0.4472.124 Safari/537.36" 
31.57.216.187 - - [22/Mar/2026:07:45:30 -0700] "HEAD / HTTP/1.1" 200 3947 "https://www.drug-injury-lawyer.com/" "Mozilla/5.0 (Windows NT 10.0; Win64; x64) AppleWebKit/537.36 (KHTML, like Gecko) Chrome/91.0.4472.124 Safari/537.36" 
31.57.216.187 - - [22/Mar/2026:07:45:31 -0700] "POST /wp-login.php HTTP/1.1" 200 5869 "https://www.google.com/" "Mozilla/5.0 (Windows NT 10.0; Win64; x64) AppleWebKit/537.36 (KHTML, like Gecko) Chrome/91.0.4472.124 Safari/537.36" 
31.57.216.187 - - [22/Mar/2026:07:45:31 -0700] "POST /wp-login.php HTTP/1.1" 302 1266 "https://www.drug-injury-lawyer.com/wp-admin/" "Mozilla/5.0 (Windows NT 10.0; Win64; x64) AppleWebKit/537.36 (KHTML, like Gecko) Chrome/90.0.4430.85 Safari/537.36" 
31.57.216.187 - - [22/Mar/2026:07:45:31 -0700] "GET /wp-admin/ HTTP/1.1" 200 137294 "https://www.drug-injury-lawyer.com/wp-admin/" "Mozilla/5.0 (Windows NT 10.0; Win64; x64) AppleWebKit/537.36 (KHTML, like Gecko) Chrome/90.0.4430.85 Safari/537.36" 
31.57.216.187 - - [22/Mar/2026:07:45:32 -0700] "GET /wp-admin/ HTTP/1.1" 200 137295 "https://www.google.com/" "Mozilla/5.0 (Windows NT 10.0; Win64; x64) AppleWebKit/537.36 (KHTML, like Gecko) Chrome/91.0.4472.124 Safari/537.36" 
31.57.216.187 - - [22/Mar/2026:07:45:33 -0700] "GET /wp-admin/plugin-install.php?tab=upload HTTP/1.1" 200 16506 "https://www.google.com/" "Mozilla/5.0 (Windows NT 10.0; Win64; x64) AppleWebKit/537.36 (KHTML, like Gecko) Chrome/91.0.4472.124 Safari/537.36" 
31.57.216.187 - - [22/Mar/2026:07:45:33 -0700] "POST /wp-admin/update.php?action=upload-plugin HTTP/1.1" 200 14241 "https://www.drug-injury-lawyer.com/wp-admin/plugin-install.php" "Mozilla/5.0 (Windows NT 10.0; Win64; x64) AppleWebKit/537.36 (KHTML, like Gecko) Chrome/132.0.0.0 Safari/537.36" 
31.57.216.187 - - [22/Mar/2026:07:45:34 -0700] "GET /wp-content/plugins/kbdxu/index.php HTTP/1.1" 301 3815 "-" "python-requests/2.32.3" 
31.57.216.187 - - [22/Mar/2026:07:45:34 -0700] "GET /wp-content/plugins/kbdxu/ HTTP/1.1" 500 3198 "-" "python-requests/2.32.3" 
66.249.64.6 - - [22/Mar/2026:07:45:34 -0700] "GET /?jp/045025780.html HTTP/1.1" 301 3810 "-" "Mozilla/5.0 (Linux; Android 6.0.1; Nexus 5X Build/MMB29P) AppleWebKit/537.36 (KHTML, like Gecko) Chrome/145.0.7632.159 Mobile Safari/537.36 (compatible; Googlebot/2.1; +http://www.google.com/bot.html)" 
31.57.216.187 - - [22/Mar/2026:07:45:34 -0700] "GET /wp-admin/ HTTP/1.1" 200 137324 "-" "Mozilla/5.0 (Windows NT 10.0; Win64; x64) AppleWebKit/537.36 (KHTML, like Gecko) Chrome/133.0.0.0 Safari/537.36" 
66.249.64.5 - - [22/Mar/2026:07:45:34 -0700] "GET /?jp%2F045025780_html HTTP/1.1" 200 16579 "-" "Mozilla/5.0 (Linux; Android 6.0.1; Nexus 5X Build/MMB29P) AppleWebKit/537.36 (KHTML, like Gecko) Chrome/145.0.7632.159 Mobile Safari/537.36 (compatible; Googlebot/2.1; +http://www.google.com/bot.html)" 
31.57.216.187 - - [22/Mar/2026:07:45:35 -0700] "POST /wp-admin/admin-ajax.php HTTP/1.1" 200 686 "-" "Mozilla/5.0 (Windows NT 10.0; Win64; x64) AppleWebKit/537.36 (KHTML, like Gecko) Chrome/133.0.0.0 Safari/537.36" 
31.57.216.187 - - [22/Mar/2026:07:45:36 -0700] "POST /wp-admin/admin-ajax.php HTTP/1.1" 200 632 "-" "Mozilla/5.0 (Windows NT 10.0; Win64; x64) AppleWebKit/537.36 (KHTML, like Gecko) Chrome/133.0.0.0 Safari/537.36" 
31.57.216.187 - - [22/Mar/2026:07:45:36 -0700] "GET /wp-admin/plugins.php HTTP/1.1" 200 26537 "-" "Mozilla/5.0 (Windows NT 10.0; Win64; x64) AppleWebKit/537.36 (KHTML, like Gecko) Chrome/133.0.0.0 Safari/537.36" 
31.57.216.187 - - [22/Mar/2026:07:45:36 -0700] "GET /wp-admin/admin.php?page=wp_file_manager HTTP/1.1" 403 2874 "https://www.google.com/" "Mozilla/5.0 (Windows NT 10.0; Win64; x64) AppleWebKit/537.36 (KHTML, like Gecko) Chrome/91.0.4472.124 Safari/537.36" 
31.57.216.187 - - [22/Mar/2026:07:45:36 -0700] "GET /wp-admin/theme-install.php?tab=upload HTTP/1.1" 200 19453 "https://www.google.com/" "Mozilla/5.0 (Windows NT 10.0; Win64; x64) AppleWebKit/537.36 (KHTML, like Gecko) Chrome/91.0.4472.124 Safari/537.36" 
31.57.216.187 - - [22/Mar/2026:07:45:37 -0700] "POST /wp-admin/update.php?action=upload-theme HTTP/1.1" 200 14223 "https://www.drug-injury-lawyer.com/wp-admin/theme-install.php" "Mozilla/5.0 (Windows NT 10.0; Win64; x64) AppleWebKit/537.36 (KHTML, like Gecko) Chrome/132.0.0.0 Safari/537.36" 
31.57.216.187 - - [22/Mar/2026:07:45:37 -0700] "GET /wp-content/themes/gtogz/index.php HTTP/1.1" 301 3814 "https://www.google.com/" "Mozilla/5.0 (Windows NT 10.0; Win64; x64) AppleWebKit/537.36 (KHTML, like Gecko) Chrome/91.0.4472.124 Safari/537.36" 
31.57.216.187 - - [22/Mar/2026:07:45:38 -0700] "GET /wp-content/themes/gtogz/ HTTP/1.1" 500 3198 "https://www.google.com/" "Mozilla/5.0 (Windows NT 10.0; Win64; x64) AppleWebKit/537.36 (KHTML, like Gecko) Chrome/91.0.4472.124 Safari/537.36" 
173.236.217.44 - - [22/Mar/2026:07:45:39 -0700] "POST /wp-cron.php?doing_wp_cron=1774190739.2008390426635742187500 HTTP/1.1" 200 3646 "-" "WordPress/6.8.5; https://www.drug-injury-lawyer.com" 
31.57.216.187 - - [22/Mar/2026:07:45:39 -0700] "GET /wp-admin/ HTTP/1.1" 200 137354 "-" "Mozilla/5.0 (Windows NT 10.0; Win64; x64) AppleWebKit/537.36 (KHTML, like Gecko) Chrome/133.0.0.0 Safari/537.36" 
31.57.216.187 - - [22/Mar/2026:07:45:39 -0700] "GET /wp-admin/plugin-editor.php?plugin=wp-file-manager%2Ffile_folder_manager.php&Submit=Select HTTP/1.1" 500 2953 "-" "Mozilla/5.0 (Windows NT 10.0; Win64; x64) AppleWebKit/537.36 (KHTML, like Gecko) Chrome/133.0.0.0 Safari/537.36" 
31.57.216.187 - - [22/Mar/2026:07:45:42 -0700] "POST /wp-admin/admin-ajax.php HTTP/1.1" 200 4089 "-" "Mozilla/5.0 (Windows NT 10.0; Win64; x64) AppleWebKit/537.36 (KHTML, like Gecko) Chrome/133.0.0.0 Safari/537.36" 
31.57.216.187 - - [22/Mar/2026:07:45:42 -0700] "POST /wp-admin/admin-ajax.php HTTP/1.1" 200 686 "-" "Mozilla/5.0 (Windows NT 10.0; Win64; x64) AppleWebKit/537.36 (KHTML, like Gecko) Chrome/133.0.0.0 Safari/537.36" 
66.249.64.6 - - [22/Mar/2026:07:45:42 -0700] "GET /?detail/02101064334438 HTTP/1.1" 301 3814 "-" "Mozilla/5.0 (Linux; Android 6.0.1; Nexus 5X Build/MMB29P) AppleWebKit/537.36 (KHTML, like Gecko) Chrome/145.0.7632.159 Mobile Safari/537.36 (compatible; Googlebot/2.1; +http://www.google.com/bot.html)" 
66.249.64.6 - - [22/Mar/2026:07:45:43 -0700] "GET /?detail%2F02101064334438 HTTP/1.1" 200 13232 "-" "Mozilla/5.0 (Linux; Android 6.0.1; Nexus 5X Build/MMB29P) AppleWebKit/537.36 (KHTML, like Gecko) Chrome/145.0.7632.159 Mobile Safari/537.36 (compatible; Googlebot/2.1; +http://www.google.com/bot.html)" 
31.57.216.187 - - [22/Mar/2026:07:45:43 -0700] "POST /wp-admin/admin-ajax.php HTTP/1.1" 200 632 "-" "Mozilla/5.0 (Windows NT 10.0; Win64; x64) AppleWebKit/537.36 (KHTML, like Gecko) Chrome/133.0.0.0 Safari/537.36" 
31.57.216.187 - - [22/Mar/2026:07:45:44 -0700] "GET /wp-admin/plugin-editor.php?plugin=wp-file-manager%2Ffile_folder_manager.php&Submit=Select HTTP/1.1" 500 2953 "-" "Mozilla/5.0 (Windows NT 10.0; Win64; x64) AppleWebKit/537.36 (KHTML, like Gecko) Chrome/133.0.0.0 Safari/537.36" 
31.57.216.187 - - [22/Mar/2026:07:45:44 -0700] "POST /wp-admin/admin-ajax.php HTTP/1.1" 200 3943 "https://www.drug-injury-lawyer.com/wp-admin/plugin-editor.php" "Mozilla/5.0 (Windows NT 10.0; Win64; x64) AppleWebKit/537.36 (KHTML, like Gecko) Chrome/138.0.0.0 Safari/537.36" 
31.57.216.187 - - [22/Mar/2026:07:45:45 -0700] "GET /wp-admin/plugin-editor.php HTTP/1.1" 200 46948 "https://www.drug-injury-lawyer.com/wp-admin/plugin-editor.php" "Mozilla/5.0 (Windows NT 10.0; Win64; x64) AppleWebKit/537.36 (KHTML, like Gecko) Chrome/138.0.0.0 Safari/537.36" 
31.57.216.187 - - [22/Mar/2026:07:45:45 -0700] "GET /wp-admin/plugin-editor.php?plugin=akeebabackupwp%2Fakeebabackupwp.php&Submit=Select HTTP/1.1" 200 46857 "https://www.drug-injury-lawyer.com/wp-admin/plugin-editor.php" "Mozilla/5.0 (Windows NT 10.0; Win64; x64) AppleWebKit/537.36 (KHTML, like Gecko) Chrome/138.0.0.0 Safari/537.36" 
173.236.217.44 - - [22/Mar/2026:07:45:46 -0700] "GET /wp-admin/plugin-editor.php?plugin=akeebabackupwp%2Fakeebabackupwp.php&file=akeebabackupwp%2Fakeebabackupwp.php&wp_scrape_key=43784b5a1a167ddd50c493656adc5d7f&wp_scrape_nonce=1910295626 HTTP/1.1" 200 10972 "-" "WordPress/6.8.5; https://www.drug-injury-lawyer.com" 
173.236.217.44 - - [22/Mar/2026:07:45:46 -0700] "GET /?wp_scrape_key=43784b5a1a167ddd50c493656adc5d7f&wp_scrape_nonce=1910295626 HTTP/1.1" 200 8086 "-" "WordPress/6.8.5; https://www.drug-injury-lawyer.com" 
31.57.216.187 - - [22/Mar/2026:07:45:46 -0700] "POST /wp-admin/admin-ajax.php HTTP/1.1" 200 668 "https://www.drug-injury-lawyer.com/wp-admin/plugin-editor.php" "Mozilla/5.0 (Windows NT 10.0; Win64; x64) AppleWebKit/537.36 (KHTML, like Gecko) Chrome/138.0.0.0 Safari/537.36" 
31.57.216.187 - - [22/Mar/2026:07:45:47 -0700] "GET /wp-content/plugins/akeebabackupwp/akeebabackupwp.php HTTP/1.1" 403 64302 "https://www.drug-injury-lawyer.com/wp-admin/plugin-editor.php" "Mozilla/5.0 (Windows NT 10.0; Win64; x64) AppleWebKit/537.36 (KHTML, like Gecko) Chrome/138.0.0.0 Safari/537.36" 
66.249.64.5 - - [22/Mar/2026:07:45:51 -0700] "GET /?jp/086033879.html HTTP/1.1" 200 8044 "-" "Mozilla/5.0 (Linux; Android 6.0.1; Nexus 5X Build/MMB29P) AppleWebKit/537.36 (KHTML, like Gecko) Chrome/145.0.7632.159 Mobile Safari/537.36 (compatible; Googlebot/2.1; +http://www.google.com/bot.html)" 
66.249.64.5 - - [22/Mar/2026:07:45:54 -0700] "GET /?detail/14203433918141 HTTP/1.1" 200 4695 "-" "Mozilla/5.0 (Linux; Android 6.0.1; Nexus 5X Build/MMB29P) AppleWebKit/537.36 (KHTML, like Gecko) Chrome/145.0.7632.159 Mobile Safari/537.36 (compatible; Googlebot/2.1; +http://www.google.com/bot.html)" 
66.249.64.5 - - [22/Mar/2026:07:45:59 -0700] "GET /?jp/230010316.html HTTP/1.1" 200 8044 "-" "Mozilla/5.0 (Linux; Android 6.0.1; Nexus 5X Build/MMB29P) AppleWebKit/537.36 (KHTML, like Gecko) Chrome/145.0.7632.159 Mobile Safari/537.36 (compatible; Googlebot/2.1; +http://www.google.com/bot.html)" 
66.249.64.5 - - [22/Mar/2026:07:46:13 -0700] "GET /?detail/125004872929 HTTP/1.1" 200 8044 "-" "Mozilla/5.0 (Linux; Android 6.0.1; Nexus 5X Build/MMB29P) AppleWebKit/537.36 (KHTML, like Gecko) Chrome/145.0.7632.159 Mobile Safari/537.36 (compatible; Googlebot/2.1; +http://www.google.com/bot.html)" 
66.249.64.5 - - [22/Mar/2026:07:46:29 -0700] "GET /?jp/162024680.html HTTP/1.1" 200 8044 "-" "Mozilla/5.0 (Linux; Android 6.0.1; Nexus 5X Build/MMB29P) AppleWebKit/537.36 (KHTML, like Gecko) Chrome/145.0.7632.159 Mobile Safari/537.36 (compatible; Googlebot/2.1; +http://www.google.com/bot.html)" 
66.249.64.5 - - [22/Mar/2026:07:46:46 -0700] "GET /?goods/172005642 HTTP/1.1" 200 8044 "-" "Mozilla/5.0 (Linux; Android 6.0.1; Nexus 5X Build/MMB29P) AppleWebKit/537.36 (KHTML, like Gecko) Chrome/145.0.7632.159 Mobile Safari/537.36 (compatible; Googlebot/2.1; +http://www.google.com/bot.html)" 
66.249.64.6 - - [22/Mar/2026:07:47:02 -0700] "GET /?detail/0630375787434 HTTP/1.1" 200 8044 "-" "Mozilla/5.0 (Linux; Android 6.0.1; Nexus 5X Build/MMB29P) AppleWebKit/537.36 (KHTML, like Gecko) Chrome/145.0.7632.159 Mobile Safari/537.36 (compatible; Googlebot/2.1; +http://www.google.com/bot.html)" 
66.249.64.5 - - [22/Mar/2026:07:47:32 -0700] "GET /?detail/1940422997401 HTTP/1.1" 200 8044 "-" "Mozilla/5.0 (Linux; Android 6.0.1; Nexus 5X Build/MMB29P) AppleWebKit/537.36 (KHTML, like Gecko) Chrome/145.0.7632.159 Mobile Safari/537.36 (compatible; Googlebot/2.1; +http://www.google.com/bot.html)" 
66.249.64.5 - - [22/Mar/2026:07:47:40 -0700] "GET /?detail/108042216184 HTTP/1.1" 200 8044 "-" "Mozilla/5.0 (Linux; Android 6.0.1; Nexus 5X Build/MMB29P) AppleWebKit/537.36 (KHTML, like Gecko) Chrome/145.0.7632.159 Mobile Safari/537.36 (compatible; Googlebot/2.1; +http://www.google.com/bot.html)" 
66.249.64.5 - - [22/Mar/2026:07:47:51 -0700] "GET /?detail/1070360795520 HTTP/1.1" 200 8044 "-" "Mozilla/5.0 (Linux; Android 6.0.1; Nexus 5X Build/MMB29P) AppleWebKit/537.36 (KHTML, like Gecko) Chrome/145.0.7632.159 Mobile Safari/537.36 (compatible; Googlebot/2.1; +http://www.google.com/bot.html)" 
66.249.64.5 - - [22/Mar/2026:07:47:52 -0700] "GET /?detail/164047878872 HTTP/1.1" 200 4695 "-" "Mozilla/5.0 (Linux; Android 6.0.1; Nexus 5X Build/MMB29P) AppleWebKit/537.36 (KHTML, like Gecko) Chrome/145.0.7632.159 Mobile Safari/537.36 (compatible; Googlebot/2.1; +http://www.google.com/bot.html)" 
66.249.64.5 - - [22/Mar/2026:07:47:56 -0700] "GET /?goods/284041412 HTTP/1.1" 200 8044 "-" "Mozilla/5.0 (Linux; Android 6.0.1; Nexus 5X Build/MMB29P) AppleWebKit/537.36 (KHTML, like Gecko) Chrome/145.0.7632.159 Mobile Safari/537.36 (compatible; Googlebot/2.1; +http://www.google.com/bot.html)" 
46.105.46.43 - - [22/Mar/2026:07:48:16 -0700] "GET /robots.txt HTTP/1.1" 301 3867 "-" "Mozilla/5.0 (compatible; MJ12bot/v2.0.5; http://mj12bot.com/)" 
46.105.46.43 - - [22/Mar/2026:07:48:16 -0700] "GET /robots.txt HTTP/1.1" 200 3855 "-" "Mozilla/5.0 (compatible; MJ12bot/v2.0.5; http://mj12bot.com/)" 
46.105.46.43 - - [22/Mar/2026:07:48:16 -0700] "GET / HTTP/1.1" 301 520 "-" "Mozilla/5.0 (compatible; MJ12bot/v2.0.5; http://mj12bot.com/)" 
46.105.46.43 - - [22/Mar/2026:07:48:17 -0700] "GET / HTTP/1.1" 200 4695 "-" "Mozilla/5.0 (compatible; MJ12bot/v2.0.5; http://mj12bot.com/)" 
66.249.64.5 - - [22/Mar/2026:07:48:34 -0700] "GET /?goods/239045875 HTTP/1.1" 200 8044 "-" "Mozilla/5.0 (Linux; Android 6.0.1; Nexus 5X Build/MMB29P) AppleWebKit/537.36 (KHTML, like Gecko) Chrome/145.0.7632.159 Mobile Safari/537.36 (compatible; Googlebot/2.1; +http://www.google.com/bot.html)" 
66.249.64.6 - - [22/Mar/2026:07:48:34 -0700] "GET /?goods/260001153 HTTP/1.1" 200 8044 "-" "Mozilla/5.0 (Linux; Android 6.0.1; Nexus 5X Build/MMB29P) AppleWebKit/537.36 (KHTML, like Gecko) Chrome/145.0.7632.159 Mobile Safari/537.36 (compatible; Googlebot/2.1; +http://www.google.com/bot.html)" 
66.249.64.7 - - [22/Mar/2026:07:48:35 -0700] "GET /?jp/250035865.html HTTP/1.1" 200 8044 "-" "Mozilla/5.0 (Linux; Android 6.0.1; Nexus 5X Build/MMB29P) AppleWebKit/537.36 (KHTML, like Gecko) Chrome/145.0.7632.159 Mobile Safari/537.36 (compatible; Googlebot/2.1; +http://www.google.com/bot.html)" 
66.249.64.5 - - [22/Mar/2026:07:48:42 -0700] "GET /?detail/2390458769856 HTTP/1.1" 200 8044 "-" "Mozilla/5.0 (Linux; Android 6.0.1; Nexus 5X Build/MMB29P) AppleWebKit/537.36 (KHTML, like Gecko) Chrome/145.0.7632.159 Mobile Safari/537.36 (compatible; Googlebot/2.1; +http://www.google.com/bot.html)" 
66.249.64.5 - - [22/Mar/2026:07:48:51 -0700] "GET /?detail/0840375624667 HTTP/1.1" 200 8044 "-" "Mozilla/5.0 (Linux; Android 6.0.1; Nexus 5X Build/MMB29P) AppleWebKit/537.36 (KHTML, like Gecko) Chrome/145.0.7632.159 Mobile Safari/537.36 (compatible; Googlebot/2.1; +http://www.google.com/bot.html)" 
66.249.64.5 - - [22/Mar/2026:07:48:56 -0700] "GET /?jp/236003513.html HTTP/1.1" 200 8044 "-" "Mozilla/5.0 (Linux; Android 6.0.1; Nexus 5X Build/MMB29P) AppleWebKit/537.36 (KHTML, like Gecko) Chrome/145.0.7632.159 Mobile Safari/537.36 (compatible; Googlebot/2.1; +http://www.google.com/bot.html)" 
66.249.64.6 - - [22/Mar/2026:07:49:26 -0700] "GET /?detail/1450353558325 HTTP/1.1" 200 8044 "-" "Mozilla/5.0 (Linux; Android 6.0.1; Nexus 5X Build/MMB29P) AppleWebKit/537.36 (KHTML, like Gecko) Chrome/145.0.7632.159 Mobile Safari/537.36 (compatible; Googlebot/2.1; +http://www.google.com/bot.html)" 
66.249.64.5 - - [22/Mar/2026:07:49:34 -0700] "GET /?jp/279019008.html HTTP/1.1" 200 8044 "-" "Mozilla/5.0 (Linux; Android 6.0.1; Nexus 5X Build/MMB29P) AppleWebKit/537.36 (KHTML, like Gecko) Chrome/145.0.7632.159 Mobile Safari/537.36 (compatible; Googlebot/2.1; +http://www.google.com/bot.html)" 
66.249.64.5 - - [22/Mar/2026:07:49:42 -0700] "GET /?detail/1460186890392 HTTP/1.1" 200 8044 "-" "Mozilla/5.0 (Linux; Android 6.0.1; Nexus 5X Build/MMB29P) AppleWebKit/537.36 (KHTML, like Gecko) Chrome/145.0.7632.159 Mobile Safari/537.36 (compatible; Googlebot/2.1; +http://www.google.com/bot.html)" 
66.249.64.5 - - [22/Mar/2026:07:49:50 -0700] "GET /?goods/235013627 HTTP/1.1" 200 8044 "-" "Mozilla/5.0 (Linux; Android 6.0.1; Nexus 5X Build/MMB29P) AppleWebKit/537.36 (KHTML, like Gecko) Chrome/145.0.7632.159 Mobile Safari/537.36 (compatible; Googlebot/2.1; +http://www.google.com/bot.html)" 
66.249.64.7 - - [22/Mar/2026:07:50:02 -0700] "GET /?detail/058026334252 HTTP/1.1" 200 8044 "-" "Mozilla/5.0 (Linux; Android 6.0.1; Nexus 5X Build/MMB29P) AppleWebKit/537.36 (KHTML, like Gecko) Chrome/145.0.7632.159 Mobile Safari/537.36 (compatible; Googlebot/2.1; +http://www.google.com/bot.html)" 
66.249.64.5 - - [22/Mar/2026:07:50:32 -0700] "GET /?goods/101029109 HTTP/1.1" 200 8044 "-" "Mozilla/5.0 (Linux; Android 6.0.1; Nexus 5X Build/MMB29P) AppleWebKit/537.36 (KHTML, like Gecko) Chrome/145.0.7632.159 Mobile Safari/537.36 (compatible; Googlebot/2.1; +http://www.google.com/bot.html)" 
66.249.64.6 - - [22/Mar/2026:07:51:07 -0700] "GET /?jp/182027740.html HTTP/1.1" 200 8044 "-" "Mozilla/5.0 (Linux; Android 6.0.1; Nexus 5X Build/MMB29P) AppleWebKit/537.36 (KHTML, like Gecko) Chrome/145.0.7632.159 Mobile Safari/537.36 (compatible; Googlebot/2.1; +http://www.google.com/bot.html)" 
66.249.64.6 - - [22/Mar/2026:07:51:07 -0700] "GET /?detail/011005868934 HTTP/1.1" 200 4695 "-" "Mozilla/5.0 (Linux; Android 6.0.1; Nexus 5X Build/MMB29P) AppleWebKit/537.36 (KHTML, like Gecko) Chrome/145.0.7632.159 Mobile Safari/537.36 (compatible; Googlebot/2.1; +http://www.google.com/bot.html)" 
66.249.64.6 - - [22/Mar/2026:07:51:15 -0700] "GET /?detail/194039515744 HTTP/1.1" 200 8044 "-" "Mozilla/5.0 (Linux; Android 6.0.1; Nexus 5X Build/MMB29P) AppleWebKit/537.36 (KHTML, like Gecko) Chrome/145.0.7632.159 Mobile Safari/537.36 (compatible; Googlebot/2.1; +http://www.google.com/bot.html)" 
66.249.64.5 - - [22/Mar/2026:07:51:37 -0700] "GET /?goods/085019278 HTTP/1.1" 200 8044 "-" "Mozilla/5.0 (Linux; Android 6.0.1; Nexus 5X Build/MMB29P) AppleWebKit/537.36 (KHTML, like Gecko) Chrome/145.0.7632.159 Mobile Safari/537.36 (compatible; Googlebot/2.1; +http://www.google.com/bot.html)" 
66.249.64.5 - - [22/Mar/2026:07:51:37 -0700] "GET /?goods/106038615 HTTP/1.1" 200 4695 "-" "Mozilla/5.0 (Linux; Android 6.0.1; Nexus 5X Build/MMB29P) AppleWebKit/537.36 (KHTML, like Gecko) Chrome/145.0.7632.159 Mobile Safari/537.36 (compatible; Googlebot/2.1; +http://www.google.com/bot.html)" 
66.249.64.5 - - [22/Mar/2026:07:51:45 -0700] "GET /?detail/0920409591512 HTTP/1.1" 200 8044 "-" "Mozilla/5.0 (Linux; Android 6.0.1; Nexus 5X Build/MMB29P) AppleWebKit/537.36 (KHTML, like Gecko) Chrome/145.0.7632.159 Mobile Safari/537.36 (compatible; Googlebot/2.1; +http://www.google.com/bot.html)" 
66.249.64.5 - - [22/Mar/2026:07:51:53 -0700] "GET /?goods/015030436 HTTP/1.1" 200 8044 "-" "Mozilla/5.0 (Linux; Android 6.0.1; Nexus 5X Build/MMB29P) AppleWebKit/537.36 (KHTML, like Gecko) Chrome/145.0.7632.159 Mobile Safari/537.36 (compatible; Googlebot/2.1; +http://www.google.com/bot.html)" 
66.249.64.5 - - [22/Mar/2026:07:52:01 -0700] "GET /?detail/1420129480339 HTTP/1.1" 200 8044 "-" "Mozilla/5.0 (Linux; Android 6.0.1; Nexus 5X Build/MMB29P) AppleWebKit/537.36 (KHTML, like Gecko) Chrome/145.0.7632.159 Mobile Safari/537.36 (compatible; Googlebot/2.1; +http://www.google.com/bot.html)" 
40.77.167.224 - - [22/Mar/2026:07:52:09 -0700] "GET /defective-medical-devices/stryker-hip-implants/ HTTP/2.0" 200 4494 "-" "Mozilla/5.0 AppleWebKit/537.36 (KHTML, like Gecko; compatible; bingbot/2.0; +http://www.bing.com/bingbot.htm) Chrome/116.0.1938.76 Safari/537.36" 
66.249.64.5 - - [22/Mar/2026:07:52:13 -0700] "GET /?goods/068019964 HTTP/1.1" 200 8044 "-" "Mozilla/5.0 (Linux; Android 6.0.1; Nexus 5X Build/MMB29P) AppleWebKit/537.36 (KHTML, like Gecko) Chrome/145.0.7632.159 Mobile Safari/537.36 (compatible; Googlebot/2.1; +http://www.google.com/bot.html)" 
66.249.64.5 - - [22/Mar/2026:07:52:29 -0700] "GET /?goods/030033567 HTTP/1.1" 200 8044 "-" "Mozilla/5.0 (Linux; Android 6.0.1; Nexus 5X Build/MMB29P) AppleWebKit/537.36 (KHTML, like Gecko) Chrome/145.0.7632.159 Mobile Safari/537.36 (compatible; Googlebot/2.1; +http://www.google.com/bot.html)" 
66.249.64.5 - - [22/Mar/2026:07:52:46 -0700] "GET /?detail/05202999700532 HTTP/1.1" 200 8044 "-" "Mozilla/5.0 (Linux; Android 6.0.1; Nexus 5X Build/MMB29P) AppleWebKit/537.36 (KHTML, like Gecko) Chrome/145.0.7632.159 Mobile Safari/537.36 (compatible; Googlebot/2.1; +http://www.google.com/bot.html)" 
66.249.64.6 - - [22/Mar/2026:07:53:02 -0700] "GET /?jp/227044857.html HTTP/1.1" 200 8044 "-" "Mozilla/5.0 (Linux; Android 6.0.1; Nexus 5X Build/MMB29P) AppleWebKit/537.36 (KHTML, like Gecko) Chrome/145.0.7632.159 Mobile Safari/537.36 (compatible; Googlebot/2.1; +http://www.google.com/bot.html)" 
110.249.201.198 - - [22/Mar/2026:07:53:13 -0700] "GET /robots.txt HTTP/1.1" 200 3616 "-" "Mozilla/5.0 (Linux; Android 5.0) AppleWebKit/537.36 (KHTML, like Gecko) Mobile Safari/537.36 (compatible; Bytespider; https://zhanzhang.toutiao.com/)" 
66.249.64.6 - - [22/Mar/2026:07:53:19 -0700] "GET /?detail/0600394912457 HTTP/1.1" 200 8044 "-" "Mozilla/5.0 (Linux; Android 6.0.1; Nexus 5X Build/MMB29P) AppleWebKit/537.36 (KHTML, like Gecko) Chrome/145.0.7632.159 Mobile Safari/537.36 (compatible; Googlebot/2.1; +http://www.google.com/bot.html)" 
66.249.64.5 - - [22/Mar/2026:07:53:35 -0700] "GET /?goods/278044447 HTTP/1.1" 200 8044 "-" "Mozilla/5.0 (Linux; Android 6.0.1; Nexus 5X Build/MMB29P) AppleWebKit/537.36 (KHTML, like Gecko) Chrome/145.0.7632.159 Mobile Safari/537.36 (compatible; Googlebot/2.1; +http://www.google.com/bot.html)" 
66.249.64.5 - - [22/Mar/2026:07:53:41 -0700] "GET /?goods/026000239 HTTP/1.1" 200 8044 "-" "Mozilla/5.0 (Linux; Android 6.0.1; Nexus 5X Build/MMB29P) AppleWebKit/537.36 (KHTML, like Gecko) Chrome/145.0.7632.159 Mobile Safari/537.36 (compatible; Googlebot/2.1; +http://www.google.com/bot.html)" 
66.249.64.6 - - [22/Mar/2026:07:54:05 -0700] "GET /?jp/074029512.html HTTP/1.1" 200 8044 "-" "Mozilla/5.0 (Linux; Android 6.0.1; Nexus 5X Build/MMB29P) AppleWebKit/537.36 (KHTML, like Gecko) Chrome/145.0.7632.159 Mobile Safari/537.36 (compatible; Googlebot/2.1; +http://www.google.com/bot.html)" 
66.249.64.5 - - [22/Mar/2026:07:54:13 -0700] "GET /?goods/194048611 HTTP/1.1" 200 8044 "-" "Mozilla/5.0 (Linux; Android 6.0.1; Nexus 5X Build/MMB29P) AppleWebKit/537.36 (KHTML, like Gecko) Chrome/145.0.7632.159 Mobile Safari/537.36 (compatible; Googlebot/2.1; +http://www.google.com/bot.html)" 
40.77.167.224 - - [22/Mar/2026:07:54:19 -0700] "GET /defective-medical-devices/stryker-hip-implants/?path=/home/heewonvps_17 HTTP/2.0" 200 4223 "-" "Mozilla/5.0 AppleWebKit/537.36 (KHTML, like Gecko; compatible; bingbot/2.0; +http://www.bing.com/bingbot.htm) Chrome/116.0.1938.76 Safari/537.36" 
40.77.167.224 - - [22/Mar/2026:07:54:20 -0700] "GET /defective-medical-devices/stryker-hip-implants/?path=/home/heewonvps_17/drug-injury-lawyer.com HTTP/2.0" 200 4436 "-" "Mozilla/5.0 AppleWebKit/537.36 (KHTML, like Gecko; compatible; bingbot/2.0; +http://www.bing.com/bingbot.htm) Chrome/116.0.1938.76 Safari/537.36" 
66.249.64.5 - - [22/Mar/2026:07:54:37 -0700] "GET /?detail/12504556183596 HTTP/1.1" 200 8044 "-" "Mozilla/5.0 (Linux; Android 6.0.1; Nexus 5X Build/MMB29P) AppleWebKit/537.36 (KHTML, like Gecko) Chrome/145.0.7632.159 Mobile Safari/537.36 (compatible; Googlebot/2.1; +http://www.google.com/bot.html)" 
66.249.64.5 - - [22/Mar/2026:07:54:46 -0700] "GET /?goods/169049734 HTTP/1.1" 200 8044 "-" "Mozilla/5.0 (Linux; Android 6.0.1; Nexus 5X Build/MMB29P) AppleWebKit/537.36 (KHTML, like Gecko) Chrome/145.0.7632.159 Mobile Safari/537.36 (compatible; Googlebot/2.1; +http://www.google.com/bot.html)" 
66.249.64.5 - - [22/Mar/2026:07:54:57 -0700] "GET /?goods/152022014 HTTP/1.1" 200 8044 "-" "Mozilla/5.0 (Linux; Android 6.0.1; Nexus 5X Build/MMB29P) AppleWebKit/537.36 (KHTML, like Gecko) Chrome/145.0.7632.159 Mobile Safari/537.36 (compatible; Googlebot/2.1; +http://www.google.com/bot.html)" 
66.249.64.5 - - [22/Mar/2026:07:55:13 -0700] "GET /?jp/111043035.html HTTP/1.1" 200 8044 "-" "Mozilla/5.0 (Linux; Android 6.0.1; Nexus 5X Build/MMB29P) AppleWebKit/537.36 (KHTML, like Gecko) Chrome/145.0.7632.159 Mobile Safari/537.36 (compatible; Googlebot/2.1; +http://www.google.com/bot.html)" 
40.77.167.48 - - [22/Mar/2026:07:55:23 -0700] "GET /defective-medical-devices/stryker-hip-implants/?path=/ HTTP/2.0" 200 3685 "-" "Mozilla/5.0 AppleWebKit/537.36 (KHTML, like Gecko; compatible; bingbot/2.0; +http://www.bing.com/bingbot.htm) Chrome/116.0.1938.76 Safari/537.36" 
66.249.64.5 - - [22/Mar/2026:07:55:30 -0700] "GET /?jp/039003280.html HTTP/1.1" 200 8044 "-" "Mozilla/5.0 (Linux; Android 6.0.1; Nexus 5X Build/MMB29P) AppleWebKit/537.36 (KHTML, like Gecko) Chrome/145.0.7632.159 Mobile Safari/537.36 (compatible; Googlebot/2.1; +http://www.google.com/bot.html)" 
66.249.64.5 - - [22/Mar/2026:07:55:59 -0700] "GET /?goods/004032429 HTTP/1.1" 200 8044 "-" "Mozilla/5.0 (Linux; Android 6.0.1; Nexus 5X Build/MMB29P) AppleWebKit/537.36 (KHTML, like Gecko) Chrome/145.0.7632.159 Mobile Safari/537.36 (compatible; Googlebot/2.1; +http://www.google.com/bot.html)" 
66.249.64.7 - - [22/Mar/2026:07:56:07 -0700] "GET /?goods/217008848 HTTP/1.1" 200 8044 "-" "Mozilla/5.0 (Linux; Android 6.0.1; Nexus 5X Build/MMB29P) AppleWebKit/537.36 (KHTML, like Gecko) Chrome/145.0.7632.159 Mobile Safari/537.36 (compatible; Googlebot/2.1; +http://www.google.com/bot.html)" 
66.249.64.6 - - [22/Mar/2026:07:56:19 -0700] "GET /?detail/158010244532 HTTP/1.1" 200 8044 "-" "Mozilla/5.0 (Linux; Android 6.0.1; Nexus 5X Build/MMB29P) AppleWebKit/537.36 (KHTML, like Gecko) Chrome/145.0.7632.159 Mobile Safari/537.36 (compatible; Googlebot/2.1; +http://www.google.com/bot.html)" 
74.7.228.3 - - [22/Mar/2026:07:56:21 -0700] "GET /robots.txt HTTP/2.0" 200 260 "-" "Mozilla/5.0 (Macintosh; Intel Mac OS X 10_15_7) AppleWebKit/537.36 (KHTML, like Gecko) Chrome/131.0.0.0 Safari/537.36; compatible; OAI-SearchBot/1.3; robots.txt; +https://openai.com/searchbot" 
66.249.64.5 - - [22/Mar/2026:07:56:34 -0700] "GET /?goods/003026821 HTTP/1.1" 200 8044 "-" "Mozilla/5.0 (Linux; Android 6.0.1; Nexus 5X Build/MMB29P) AppleWebKit/537.36 (KHTML, like Gecko) Chrome/145.0.7632.159 Mobile Safari/537.36 (compatible; Googlebot/2.1; +http://www.google.com/bot.html)" 
66.249.64.5 - - [22/Mar/2026:07:56:35 -0700] "GET /?detail/2620337319465 HTTP/1.1" 200 4695 "-" "Mozilla/5.0 (Linux; Android 6.0.1; Nexus 5X Build/MMB29P) AppleWebKit/537.36 (KHTML, like Gecko) Chrome/145.0.7632.159 Mobile Safari/537.36 (compatible; Googlebot/2.1; +http://www.google.com/bot.html)" 
66.249.64.5 - - [22/Mar/2026:07:56:37 -0700] "GET /?goods/225007006 HTTP/1.1" 200 4695 "-" "Mozilla/5.0 (Linux; Android 6.0.1; Nexus 5X Build/MMB29P) AppleWebKit/537.36 (KHTML, like Gecko) Chrome/145.0.7632.159 Mobile Safari/537.36 (compatible; Googlebot/2.1; +http://www.google.com/bot.html)" 
66.249.64.6 - - [22/Mar/2026:07:57:05 -0700] "GET /?goods/218005519 HTTP/1.1" 200 8044 "-" "Mozilla/5.0 (Linux; Android 6.0.1; Nexus 5X Build/MMB29P) AppleWebKit/537.36 (KHTML, like Gecko) Chrome/145.0.7632.159 Mobile Safari/537.36 (compatible; Googlebot/2.1; +http://www.google.com/bot.html)" 
66.249.64.6 - - [22/Mar/2026:07:57:08 -0700] "GET /?goods/187012775 HTTP/1.1" 200 4695 "-" "Mozilla/5.0 (Linux; Android 6.0.1; Nexus 5X Build/MMB29P) AppleWebKit/537.36 (KHTML, like Gecko) Chrome/145.0.7632.159 Mobile Safari/537.36 (compatible; Googlebot/2.1; +http://www.google.com/bot.html)" 
66.249.64.5 - - [22/Mar/2026:07:57:13 -0700] "GET /?detail/22102941905237 HTTP/1.1" 200 8044 "-" "Mozilla/5.0 (Linux; Android 6.0.1; Nexus 5X Build/MMB29P) AppleWebKit/537.36 (KHTML, like Gecko) Chrome/145.0.7632.159 Mobile Safari/537.36 (compatible; Googlebot/2.1; +http://www.google.com/bot.html)" 
66.249.64.5 - - [22/Mar/2026:07:57:24 -0700] "GET /?jp/075032466.html HTTP/1.1" 200 8044 "-" "Mozilla/5.0 (Linux; Android 6.0.1; Nexus 5X Build/MMB29P) AppleWebKit/537.36 (KHTML, like Gecko) Chrome/145.0.7632.159 Mobile Safari/537.36 (compatible; Googlebot/2.1; +http://www.google.com/bot.html)" 
66.249.64.5 - - [22/Mar/2026:07:57:29 -0700] "GET /?jp/263004756.html HTTP/1.1" 200 8044 "-" "Mozilla/5.0 (Linux; Android 6.0.1; Nexus 5X Build/MMB29P) AppleWebKit/537.36 (KHTML, like Gecko) Chrome/145.0.7632.159 Mobile Safari/537.36 (compatible; Googlebot/2.1; +http://www.google.com/bot.html)" 
66.249.64.5 - - [22/Mar/2026:07:57:54 -0700] "GET /?detail/1840163163987 HTTP/1.1" 200 8044 "-" "Mozilla/5.0 (Linux; Android 6.0.1; Nexus 5X Build/MMB29P) AppleWebKit/537.36 (KHTML, like Gecko) Chrome/145.0.7632.159 Mobile Safari/537.36 (compatible; Googlebot/2.1; +http://www.google.com/bot.html)" 
66.249.64.5 - - [22/Mar/2026:07:58:02 -0700] "GET /?detail/22301370889615 HTTP/1.1" 200 8044 "-" "Mozilla/5.0 (Linux; Android 6.0.1; Nexus 5X Build/MMB29P) AppleWebKit/537.36 (KHTML, like Gecko) Chrome/145.0.7632.159 Mobile Safari/537.36 (compatible; Googlebot/2.1; +http://www.google.com/bot.html)" 
66.249.64.5 - - [22/Mar/2026:07:58:13 -0700] "GET /?jp/087023799.html HTTP/1.1" 200 8044 "-" "Mozilla/5.0 (Linux; Android 6.0.1; Nexus 5X Build/MMB29P) AppleWebKit/537.36 (KHTML, like Gecko) Chrome/145.0.7632.159 Mobile Safari/537.36 (compatible; Googlebot/2.1; +http://www.google.com/bot.html)" 
66.249.64.5 - - [22/Mar/2026:07:58:30 -0700] "GET /?goods/125045564 HTTP/1.1" 200 8044 "-" "Mozilla/5.0 (Linux; Android 6.0.1; Nexus 5X Build/MMB29P) AppleWebKit/537.36 (KHTML, like Gecko) Chrome/145.0.7632.159 Mobile Safari/537.36 (compatible; Googlebot/2.1; +http://www.google.com/bot.html)" 
66.249.64.7 - - [22/Mar/2026:07:58:46 -0700] "GET /?detail/26804447119674 HTTP/1.1" 200 8044 "-" "Mozilla/5.0 (Linux; Android 6.0.1; Nexus 5X Build/MMB29P) AppleWebKit/537.36 (KHTML, like Gecko) Chrome/145.0.7632.159 Mobile Safari/537.36 (compatible; Googlebot/2.1; +http://www.google.com/bot.html)" 
66.249.64.6 - - [22/Mar/2026:07:59:02 -0700] "GET /?jp/050031668.html HTTP/1.1" 200 8044 "-" "Mozilla/5.0 (Linux; Android 6.0.1; Nexus 5X Build/MMB29P) AppleWebKit/537.36 (KHTML, like Gecko) Chrome/145.0.7632.159 Mobile Safari/537.36 (compatible; Googlebot/2.1; +http://www.google.com/bot.html)" 
66.249.68.65 - - [22/Mar/2026:07:59:19 -0700] "GET /?goods/250002657 HTTP/1.1" 200 8044 "-" "Mozilla/5.0 (Linux; Android 6.0.1; Nexus 5X Build/MMB29P) AppleWebKit/537.36 (KHTML, like Gecko) Chrome/145.0.7632.159 Mobile Safari/537.36 (compatible; Googlebot/2.1; +http://www.google.com/bot.html)" 
66.249.64.5 - - [22/Mar/2026:07:59:35 -0700] "GET /?goods/118028153 HTTP/1.1" 200 8044 "-" "Mozilla/5.0 (Linux; Android 6.0.1; Nexus 5X Build/MMB29P) AppleWebKit/537.36 (KHTML, like Gecko) Chrome/145.0.7632.159 Mobile Safari/537.36 (compatible; Googlebot/2.1; +http://www.google.com/bot.html)" 
66.249.64.5 - - [22/Mar/2026:07:59:51 -0700] "GET /?jp/037025119.html HTTP/1.1" 200 8044 "-" "Mozilla/5.0 (Linux; Android 6.0.1; Nexus 5X Build/MMB29P) AppleWebKit/537.36 (KHTML, like Gecko) Chrome/145.0.7632.159 Mobile Safari/537.36 (compatible; Googlebot/2.1; +http://www.google.com/bot.html)" 
66.249.64.7 - - [22/Mar/2026:08:00:08 -0700] "GET /?detail/02702330210935 HTTP/1.1" 200 8044 "-" "Mozilla/5.0 (Linux; Android 6.0.1; Nexus 5X Build/MMB29P) AppleWebKit/537.36 (KHTML, like Gecko) Chrome/145.0.7632.159 Mobile Safari/537.36 (compatible; Googlebot/2.1; +http://www.google.com/bot.html)" 
66.249.64.5 - - [22/Mar/2026:08:00:38 -0700] "GET /?detail/2680090650241 HTTP/1.1" 200 8044 "-" "Mozilla/5.0 (Linux; Android 6.0.1; Nexus 5X Build/MMB29P) AppleWebKit/537.36 (KHTML, like Gecko) Chrome/145.0.7632.159 Mobile Safari/537.36 (compatible; Googlebot/2.1; +http://www.google.com/bot.html)" 
66.249.64.5 - - [22/Mar/2026:08:00:46 -0700] "GET /?detail/0870237981472 HTTP/1.1" 200 8044 "-" "Mozilla/5.0 (Linux; Android 6.0.1; Nexus 5X Build/MMB29P) AppleWebKit/537.36 (KHTML, like Gecko) Chrome/145.0.7632.159 Mobile Safari/537.36 (compatible; Googlebot/2.1; +http://www.google.com/bot.html)" 
66.249.64.5 - - [22/Mar/2026:08:00:57 -0700] "GET /?detail/04704265197271 HTTP/1.1" 200 8044 "-" "Mozilla/5.0 (Linux; Android 6.0.1; Nexus 5X Build/MMB29P) AppleWebKit/537.36 (KHTML, like Gecko) Chrome/145.0.7632.159 Mobile Safari/537.36 (compatible; Googlebot/2.1; +http://www.google.com/bot.html)" 
66.249.64.5 - - [22/Mar/2026:08:01:13 -0700] "GET /?detail/2260069194049 HTTP/1.1" 200 8044 "-" "Mozilla/5.0 (Linux; Android 6.0.1; Nexus 5X Build/MMB29P) AppleWebKit/537.36 (KHTML, like Gecko) Chrome/145.0.7632.159 Mobile Safari/537.36 (compatible; Googlebot/2.1; +http://www.google.com/bot.html)" 
66.249.64.5 - - [22/Mar/2026:08:01:30 -0700] "GET /?jp/031044406.html HTTP/1.1" 200 8044 "-" "Mozilla/5.0 (Linux; Android 6.0.1; Nexus 5X Build/MMB29P) AppleWebKit/537.36 (KHTML, like Gecko) Chrome/145.0.7632.159 Mobile Safari/537.36 (compatible; Googlebot/2.1; +http://www.google.com/bot.html)" 
66.249.64.5 - - [22/Mar/2026:08:01:59 -0700] "GET /?detail/15901114474331 HTTP/1.1" 200 8044 "-" "Mozilla/5.0 (Linux; Android 6.0.1; Nexus 5X Build/MMB29P) AppleWebKit/537.36 (KHTML, like Gecko) Chrome/145.0.7632.159 Mobile Safari/537.36 (compatible; Googlebot/2.1; +http://www.google.com/bot.html)" 
66.249.64.5 - - [22/Mar/2026:08:02:08 -0700] "GET /?jp/040013527.html HTTP/1.1" 200 8044 "-" "Mozilla/5.0 (Linux; Android 6.0.1; Nexus 5X Build/MMB29P) AppleWebKit/537.36 (KHTML, like Gecko) Chrome/145.0.7632.159 Mobile Safari/537.36 (compatible; Googlebot/2.1; +http://www.google.com/bot.html)" 
66.249.64.5 - - [22/Mar/2026:08:02:19 -0700] "GET /?detail/27700179111564 HTTP/1.1" 200 8044 "-" "Mozilla/5.0 (Linux; Android 6.0.1; Nexus 5X Build/MMB29P) AppleWebKit/537.36 (KHTML, like Gecko) Chrome/145.0.7632.159 Mobile Safari/537.36 (compatible; Googlebot/2.1; +http://www.google.com/bot.html)" 
66.249.64.6 - - [22/Mar/2026:08:02:23 -0700] "GET /?detail/05502514793846 HTTP/1.1" 200 8044 "-" "Mozilla/5.0 (Linux; Android 6.0.1; Nexus 5X Build/MMB29P) AppleWebKit/537.36 (KHTML, like Gecko) Chrome/145.0.7632.159 Mobile Safari/537.36 (compatible; Googlebot/2.1; +http://www.google.com/bot.html)" 
66.249.64.5 - - [22/Mar/2026:08:02:35 -0700] "GET /?jp/227016279.html HTTP/1.1" 200 8044 "-" "Mozilla/5.0 (Linux; Android 6.0.1; Nexus 5X Build/MMB29P) AppleWebKit/537.36 (KHTML, like Gecko) Chrome/145.0.7632.159 Mobile Safari/537.36 (compatible; Googlebot/2.1; +http://www.google.com/bot.html)" 
66.249.64.5 - - [22/Mar/2026:08:02:51 -0700] "GET /?detail/200019499234 HTTP/1.1" 200 8044 "-" "Mozilla/5.0 (Linux; Android 6.0.1; Nexus 5X Build/MMB29P) AppleWebKit/537.36 (KHTML, like Gecko) Chrome/145.0.7632.159 Mobile Safari/537.36 (compatible; Googlebot/2.1; +http://www.google.com/bot.html)" 
66.249.64.5 - - [22/Mar/2026:08:03:21 -0700] "GET /?detail/12503128023064 HTTP/1.1" 200 8044 "-" "Mozilla/5.0 (Linux; Android 6.0.1; Nexus 5X Build/MMB29P) AppleWebKit/537.36 (KHTML, like Gecko) Chrome/145.0.7632.159 Mobile Safari/537.36 (compatible; Googlebot/2.1; +http://www.google.com/bot.html)" 
66.249.64.6 - - [22/Mar/2026:08:03:23 -0700] "GET /?detail/0820104460407 HTTP/1.1" 200 8044 "-" "Mozilla/5.0 (Linux; Android 6.0.1; Nexus 5X Build/MMB29P) AppleWebKit/537.36 (KHTML, like Gecko) Chrome/145.0.7632.159 Mobile Safari/537.36 (compatible; Googlebot/2.1; +http://www.google.com/bot.html)" 
66.249.64.5 - - [22/Mar/2026:08:03:23 -0700] "GET /?detail/2050121696883 HTTP/1.1" 200 4695 "-" "Mozilla/5.0 (Linux; Android 6.0.1; Nexus 5X Build/MMB29P) AppleWebKit/537.36 (KHTML, like Gecko) Chrome/145.0.7632.159 Mobile Safari/537.36 (compatible; Googlebot/2.1; +http://www.google.com/bot.html)" 
66.249.64.7 - - [22/Mar/2026:08:03:29 -0700] "GET /?detail/1880458793164 HTTP/1.1" 200 8044 "-" "Mozilla/5.0 (Linux; Android 6.0.1; Nexus 5X Build/MMB29P) AppleWebKit/537.36 (KHTML, like Gecko) Chrome/145.0.7632.159 Mobile Safari/537.36 (compatible; Googlebot/2.1; +http://www.google.com/bot.html)" 
66.249.64.5 - - [22/Mar/2026:08:03:41 -0700] "GET /?detail/03000143142092 HTTP/1.1" 200 8044 "-" "Mozilla/5.0 (Linux; Android 6.0.1; Nexus 5X Build/MMB29P) AppleWebKit/537.36 (KHTML, like Gecko) Chrome/145.0.7632.159 Mobile Safari/537.36 (compatible; Googlebot/2.1; +http://www.google.com/bot.html)" 
66.249.64.6 - - [22/Mar/2026:08:04:24 -0700] "GET /?jp/164001974.html HTTP/1.1" 200 8044 "-" "Mozilla/5.0 (Linux; Android 6.0.1; Nexus 5X Build/MMB29P) AppleWebKit/537.36 (KHTML, like Gecko) Chrome/145.0.7632.159 Mobile Safari/537.36 (compatible; Googlebot/2.1; +http://www.google.com/bot.html)" 
66.249.64.6 - - [22/Mar/2026:08:04:24 -0700] "GET /?detail/028006215926 HTTP/1.1" 200 4695 "-" "Mozilla/5.0 (Linux; Android 6.0.1; Nexus 5X Build/MMB29P) AppleWebKit/537.36 (KHTML, like Gecko) Chrome/145.0.7632.159 Mobile Safari/537.36 (compatible; Googlebot/2.1; +http://www.google.com/bot.html)" 
66.249.64.5 - - [22/Mar/2026:08:04:32 -0700] "GET /?jp/176045327.html HTTP/1.1" 200 8044 "-" "Mozilla/5.0 (Linux; Android 6.0.1; Nexus 5X Build/MMB29P) AppleWebKit/537.36 (KHTML, like Gecko) Chrome/145.0.7632.159 Mobile Safari/537.36 (compatible; Googlebot/2.1; +http://www.google.com/bot.html)" 
66.249.64.5 - - [22/Mar/2026:08:04:32 -0700] "GET /?goods/075009205 HTTP/1.1" 200 4695 "-" "Mozilla/5.0 (Linux; Android 6.0.1; Nexus 5X Build/MMB29P) AppleWebKit/537.36 (KHTML, like Gecko) Chrome/145.0.7632.159 Mobile Safari/537.36 (compatible; Googlebot/2.1; +http://www.google.com/bot.html)" 
66.249.64.5 - - [22/Mar/2026:08:04:36 -0700] "GET /?detail/1590019882595 HTTP/1.1" 200 4695 "-" "Mozilla/5.0 (Linux; Android 6.0.1; Nexus 5X Build/MMB29P) AppleWebKit/537.36 (KHTML, like Gecko) Chrome/145.0.7632.159 Mobile Safari/537.36 (compatible; Googlebot/2.1; +http://www.google.com/bot.html)" 
66.249.64.5 - - [22/Mar/2026:08:04:40 -0700] "GET /?detail/2450004703512 HTTP/1.1" 200 8044 "-" "Mozilla/5.0 (Linux; Android 6.0.1; Nexus 5X Build/MMB29P) AppleWebKit/537.36 (KHTML, like Gecko) Chrome/145.0.7632.159 Mobile Safari/537.36 (compatible; Googlebot/2.1; +http://www.google.com/bot.html)" 
66.249.64.5 - - [22/Mar/2026:08:04:48 -0700] "GET /?detail/1540204535713 HTTP/1.1" 200 8044 "-" "Mozilla/5.0 (Linux; Android 6.0.1; Nexus 5X Build/MMB29P) AppleWebKit/537.36 (KHTML, like Gecko) Chrome/145.0.7632.159 Mobile Safari/537.36 (compatible; Googlebot/2.1; +http://www.google.com/bot.html)" 
66.249.64.5 - - [22/Mar/2026:08:05:02 -0700] "GET /?detail/213049429827 HTTP/1.1" 200 8044 "-" "Mozilla/5.0 (Linux; Android 6.0.1; Nexus 5X Build/MMB29P) AppleWebKit/537.36 (KHTML, like Gecko) Chrome/145.0.7632.159 Mobile Safari/537.36 (compatible; Googlebot/2.1; +http://www.google.com/bot.html)" 
66.249.64.6 - - [22/Mar/2026:08:05:32 -0700] "GET /?goods/168036298 HTTP/1.1" 200 8044 "-" "Mozilla/5.0 (Linux; Android 6.0.1; Nexus 5X Build/MMB29P) AppleWebKit/537.36 (KHTML, like Gecko) Chrome/145.0.7632.159 Mobile Safari/537.36 (compatible; Googlebot/2.1; +http://www.google.com/bot.html)" 
141.98.11.44 - - [22/Mar/2026:08:05:35 -0700] "GET /wp-includes/sodium_compat/src/Core/SecretStream/State.php HTTP/1.1" 200 3661 "-" "Mozilla/5.0 (Windows NT 10.0; Win64; x64) AppleWebKit/537.36" 
66.249.64.5 - - [22/Mar/2026:08:05:54 -0700] "GET /?detail/15000732751159 HTTP/1.1" 200 8044 "-" "Mozilla/5.0 (Linux; Android 6.0.1; Nexus 5X Build/MMB29P) AppleWebKit/537.36 (KHTML, like Gecko) Chrome/145.0.7632.159 Mobile Safari/537.36 (compatible; Googlebot/2.1; +http://www.google.com/bot.html)" 
66.249.64.5 - - [22/Mar/2026:08:06:02 -0700] "GET /?detail/0380046179217 HTTP/1.1" 200 8044 "-" "Mozilla/5.0 (Linux; Android 6.0.1; Nexus 5X Build/MMB29P) AppleWebKit/537.36 (KHTML, like Gecko) Chrome/145.0.7632.159 Mobile Safari/537.36 (compatible; Googlebot/2.1; +http://www.google.com/bot.html)" 
66.249.64.7 - - [22/Mar/2026:08:06:04 -0700] "GET /?goods/105048348 HTTP/1.1" 200 8044 "-" "Mozilla/5.0 (Linux; Android 6.0.1; Nexus 5X Build/MMB29P) AppleWebKit/537.36 (KHTML, like Gecko) Chrome/145.0.7632.159 Mobile Safari/537.36 (compatible; Googlebot/2.1; +http://www.google.com/bot.html)" 
66.249.64.6 - - [22/Mar/2026:08:06:10 -0700] "GET /?jp/021027059.html HTTP/1.1" 200 8044 "-" "Mozilla/5.0 (Linux; Android 6.0.1; Nexus 5X Build/MMB29P) AppleWebKit/537.36 (KHTML, like Gecko) Chrome/145.0.7632.159 Mobile Safari/537.36 (compatible; Googlebot/2.1; +http://www.google.com/bot.html)" 
66.249.64.5 - - [22/Mar/2026:08:06:38 -0700] "GET /?jp/254004950.html HTTP/1.1" 200 8044 "-" "Mozilla/5.0 (Linux; Android 6.0.1; Nexus 5X Build/MMB29P) AppleWebKit/537.36 (KHTML, like Gecko) Chrome/145.0.7632.159 Mobile Safari/537.36 (compatible; Googlebot/2.1; +http://www.google.com/bot.html)" 
66.249.64.6 - - [22/Mar/2026:08:07:13 -0700] "GET /?goods/082015532 HTTP/1.1" 200 8044 "-" "Mozilla/5.0 (Linux; Android 6.0.1; Nexus 5X Build/MMB29P) AppleWebKit/537.36 (KHTML, like Gecko) Chrome/145.0.7632.159 Mobile Safari/537.36 (compatible; Googlebot/2.1; +http://www.google.com/bot.html)" 
