91.211.90.228 - - [22/Mar/2026:07:12:01 -0700] "POST /blog/page/3/ HTTP/1.0" 200 70406 "https://www.drug-injury-lawyer.com/blog/page/3/" "Mozilla/5.0 (Windows NT 6.3; WOW64) AppleWebKit/537.36 (KHTML, like Gecko) Chrome/103.0.5060.114 Safari/537.36" 
91.211.90.207 - - [22/Mar/2026:07:12:13 -0700] "GET /blog/page/3/ HTTP/1.0" 200 70320 "https://www.drug-injury-lawyer.com/blog/page/3/" "Mozilla/5.0 (Windows NT 6.1; Win64; x64) AppleWebKit/537.36 (KHTML, like Gecko) Chrome/103.0.5060.114 Safari/537.36" 
91.211.90.207 - - [22/Mar/2026:07:12:14 -0700] "GET /blog/page/2/ HTTP/1.0" 200 75150 "https://www.drug-injury-lawyer.com/blog/page/2/" "Mozilla/5.0 (Windows NT 6.1; Win64; x64) AppleWebKit/537.36 (KHTML, like Gecko) Chrome/103.0.5060.114 Safari/537.36" 
91.211.90.207 - - [22/Mar/2026:07:12:15 -0700] "POST /blog/page/2/ HTTP/1.0" 200 75236 "https://www.drug-injury-lawyer.com/blog/page/2/" "Mozilla/5.0 (Windows NT 6.1; Win64; x64) AppleWebKit/537.36 (KHTML, like Gecko) Chrome/103.0.5060.114 Safari/537.36" 
91.211.90.207 - - [22/Mar/2026:07:12:16 -0700] "GET /author/laba_admin/ HTTP/1.0" 500 6421 "https://www.drug-injury-lawyer.com/author/laba_admin/" "Mozilla/5.0 (Windows NT 6.1; Win64; x64) AppleWebKit/537.36 (KHTML, like Gecko) Chrome/103.0.5060.114 Safari/537.36" 
91.211.90.207 - - [22/Mar/2026:07:12:17 -0700] "GET /blog/page/3/ HTTP/1.0" 200 70320 "https://www.drug-injury-lawyer.com/blog/page/3/" "Mozilla/5.0 (Windows NT 6.1; Win64; x64) AppleWebKit/537.36 (KHTML, like Gecko) Chrome/103.0.5060.114 Safari/537.36" 
91.211.90.207 - - [22/Mar/2026:07:12:18 -0700] "POST /blog/page/3/ HTTP/1.0" 200 70406 "https://www.drug-injury-lawyer.com/blog/page/3/" "Mozilla/5.0 (Windows NT 6.1; Win64; x64) AppleWebKit/537.36 (KHTML, like Gecko) Chrome/103.0.5060.114 Safari/537.36" 
66.249.64.6 - - [22/Mar/2026:07:12:23 -0700] "GET /?goods/004011169 HTTP/1.1" 301 3808 "-" "Mozilla/5.0 (Linux; Android 6.0.1; Nexus 5X Build/MMB29P) AppleWebKit/537.36 (KHTML, like Gecko) Chrome/145.0.7632.159 Mobile Safari/537.36 (compatible; Googlebot/2.1; +http://www.google.com/bot.html)" 
66.249.64.5 - - [22/Mar/2026:07:12:24 -0700] "GET /?goods%2F004011169 HTTP/1.1" 200 16577 "-" "Mozilla/5.0 (Linux; Android 6.0.1; Nexus 5X Build/MMB29P) AppleWebKit/537.36 (KHTML, like Gecko) Chrome/145.0.7632.159 Mobile Safari/537.36 (compatible; Googlebot/2.1; +http://www.google.com/bot.html)" 
173.236.217.44 - - [22/Mar/2026:07:12:40 -0700] "POST /wp-cron.php?doing_wp_cron=1774188760.3067901134490966796875 HTTP/1.1" 200 3646 "-" "WordPress/6.8.5; https://www.drug-injury-lawyer.com" 
66.249.64.5 - - [22/Mar/2026:07:12:40 -0700] "GET /?goods/247036562 HTTP/1.1" 301 3808 "-" "Mozilla/5.0 (Linux; Android 6.0.1; Nexus 5X Build/MMB29P) AppleWebKit/537.36 (KHTML, like Gecko) Chrome/145.0.7632.159 Mobile Safari/537.36 (compatible; Googlebot/2.1; +http://www.google.com/bot.html)" 
66.249.64.5 - - [22/Mar/2026:07:12:40 -0700] "GET /?goods%2F247036562 HTTP/1.1" 200 13229 "-" "Mozilla/5.0 (Linux; Android 6.0.1; Nexus 5X Build/MMB29P) AppleWebKit/537.36 (KHTML, like Gecko) Chrome/145.0.7632.159 Mobile Safari/537.36 (compatible; Googlebot/2.1; +http://www.google.com/bot.html)" 
107.20.105.74 - - [22/Mar/2026:07:12:55 -0700] "HEAD / HTTP/2.0" 200 342 "http://www.drug-injury-lawyer.com/" "DreamHost SiteMonitor 1.0" 
66.249.64.6 - - [22/Mar/2026:07:12:56 -0700] "GET /?jp/079000628.html HTTP/1.1" 301 3810 "-" "Mozilla/5.0 (Linux; Android 6.0.1; Nexus 5X Build/MMB29P) AppleWebKit/537.36 (KHTML, like Gecko) Chrome/145.0.7632.159 Mobile Safari/537.36 (compatible; Googlebot/2.1; +http://www.google.com/bot.html)" 
66.249.64.5 - - [22/Mar/2026:07:12:56 -0700] "GET /?jp%2F079000628_html HTTP/1.1" 200 16579 "-" "Mozilla/5.0 (Linux; Android 6.0.1; Nexus 5X Build/MMB29P) AppleWebKit/537.36 (KHTML, like Gecko) Chrome/145.0.7632.159 Mobile Safari/537.36 (compatible; Googlebot/2.1; +http://www.google.com/bot.html)" 
66.249.64.7 - - [22/Mar/2026:07:13:12 -0700] "GET /?goods/264005181 HTTP/1.1" 301 3808 "-" "Mozilla/5.0 (Linux; Android 6.0.1; Nexus 5X Build/MMB29P) AppleWebKit/537.36 (KHTML, like Gecko) Chrome/145.0.7632.159 Mobile Safari/537.36 (compatible; Googlebot/2.1; +http://www.google.com/bot.html)" 
66.249.64.6 - - [22/Mar/2026:07:13:13 -0700] "GET /?goods%2F264005181 HTTP/1.1" 200 16578 "-" "Mozilla/5.0 (Linux; Android 6.0.1; Nexus 5X Build/MMB29P) AppleWebKit/537.36 (KHTML, like Gecko) Chrome/145.0.7632.159 Mobile Safari/537.36 (compatible; Googlebot/2.1; +http://www.google.com/bot.html)" 
217.147.172.235 - - [22/Mar/2026:07:13:18 -0700] "GET /blog/page/3/ HTTP/1.0" 200 70320 "https://www.drug-injury-lawyer.com/blog/page/3/" "Mozilla/5.0 (Windows NT 6.3; Win64; x64) AppleWebKit/537.36 (KHTML, like Gecko) Chrome/103.0.5060.114 Safari/537.36" 
217.147.172.235 - - [22/Mar/2026:07:13:19 -0700] "GET /blog/page/2/ HTTP/1.0" 200 75150 "https://www.drug-injury-lawyer.com/blog/page/2/" "Mozilla/5.0 (Windows NT 6.3; Win64; x64) AppleWebKit/537.36 (KHTML, like Gecko) Chrome/103.0.5060.114 Safari/537.36" 
217.147.172.235 - - [22/Mar/2026:07:13:20 -0700] "POST /blog/page/2/ HTTP/1.0" 200 75236 "https://www.drug-injury-lawyer.com/blog/page/2/" "Mozilla/5.0 (Windows NT 6.3; Win64; x64) AppleWebKit/537.36 (KHTML, like Gecko) Chrome/103.0.5060.114 Safari/537.36" 
217.147.172.235 - - [22/Mar/2026:07:13:21 -0700] "GET /author/laba_admin/ HTTP/1.0" 500 6421 "https://www.drug-injury-lawyer.com/author/laba_admin/" "Mozilla/5.0 (Windows NT 6.3; Win64; x64) AppleWebKit/537.36 (KHTML, like Gecko) Chrome/103.0.5060.114 Safari/537.36" 
217.147.172.235 - - [22/Mar/2026:07:13:21 -0700] "GET /blog/page/3/ HTTP/1.0" 200 70320 "https://www.drug-injury-lawyer.com/blog/page/3/" "Mozilla/5.0 (Windows NT 6.3; Win64; x64) AppleWebKit/537.36 (KHTML, like Gecko) Chrome/103.0.5060.114 Safari/537.36" 
217.147.172.235 - - [22/Mar/2026:07:13:22 -0700] "POST /blog/page/3/ HTTP/1.0" 200 70406 "https://www.drug-injury-lawyer.com/blog/page/3/" "Mozilla/5.0 (Windows NT 6.3; Win64; x64) AppleWebKit/537.36 (KHTML, like Gecko) Chrome/103.0.5060.114 Safari/537.36" 
173.236.217.44 - - [22/Mar/2026:07:13:29 -0700] "POST /wp-cron.php?doing_wp_cron=1774188809.4375569820404052734375 HTTP/1.1" 200 3646 "-" "WordPress/6.8.5; https://www.drug-injury-lawyer.com" 
66.249.64.5 - - [22/Mar/2026:07:13:29 -0700] "GET /?detail/036038200472 HTTP/1.1" 301 3812 "-" "Mozilla/5.0 (Linux; Android 6.0.1; Nexus 5X Build/MMB29P) AppleWebKit/537.36 (KHTML, like Gecko) Chrome/145.0.7632.159 Mobile Safari/537.36 (compatible; Googlebot/2.1; +http://www.google.com/bot.html)" 
66.249.64.6 - - [22/Mar/2026:07:13:29 -0700] "GET /?detail%2F036038200472 HTTP/1.1" 200 16579 "-" "Mozilla/5.0 (Linux; Android 6.0.1; Nexus 5X Build/MMB29P) AppleWebKit/537.36 (KHTML, like Gecko) Chrome/145.0.7632.159 Mobile Safari/537.36 (compatible; Googlebot/2.1; +http://www.google.com/bot.html)" 
173.236.217.44 - - [22/Mar/2026:07:13:39 -0700] "POST /wp-cron.php?doing_wp_cron=1774188819.0019159317016601562500 HTTP/1.1" 200 3646 "-" "WordPress/6.8.5; https://www.drug-injury-lawyer.com" 
91.211.90.88 - - [22/Mar/2026:07:13:38 -0700] "GET /blog/page/3/ HTTP/1.0" 200 70320 "https://www.drug-injury-lawyer.com/blog/page/3/" "Mozilla/5.0 (Windows NT 6.1; Win64; x64) AppleWebKit/537.36 (KHTML, like Gecko) Chrome/103.0.5060.114 Safari/537.36" 
91.211.90.88 - - [22/Mar/2026:07:13:40 -0700] "GET /blog/page/2/ HTTP/1.0" 200 75150 "https://www.drug-injury-lawyer.com/blog/page/2/" "Mozilla/5.0 (Windows NT 6.1; Win64; x64) AppleWebKit/537.36 (KHTML, like Gecko) Chrome/103.0.5060.114 Safari/537.36" 
91.211.90.88 - - [22/Mar/2026:07:13:40 -0700] "POST /blog/page/2/ HTTP/1.0" 200 75236 "https://www.drug-injury-lawyer.com/blog/page/2/" "Mozilla/5.0 (Windows NT 6.1; Win64; x64) AppleWebKit/537.36 (KHTML, like Gecko) Chrome/103.0.5060.114 Safari/537.36" 
91.211.90.88 - - [22/Mar/2026:07:13:41 -0700] "GET /author/laba_admin/ HTTP/1.0" 500 6421 "https://www.drug-injury-lawyer.com/author/laba_admin/" "Mozilla/5.0 (Windows NT 6.1; Win64; x64) AppleWebKit/537.36 (KHTML, like Gecko) Chrome/103.0.5060.114 Safari/537.36" 
91.211.90.88 - - [22/Mar/2026:07:13:42 -0700] "GET /blog/page/3/ HTTP/1.0" 200 70320 "https://www.drug-injury-lawyer.com/blog/page/3/" "Mozilla/5.0 (Windows NT 6.1; Win64; x64) AppleWebKit/537.36 (KHTML, like Gecko) Chrome/103.0.5060.114 Safari/537.36" 
91.211.90.88 - - [22/Mar/2026:07:13:43 -0700] "POST /blog/page/3/ HTTP/1.0" 200 70406 "https://www.drug-injury-lawyer.com/blog/page/3/" "Mozilla/5.0 (Windows NT 6.1; Win64; x64) AppleWebKit/537.36 (KHTML, like Gecko) Chrome/103.0.5060.114 Safari/537.36" 
45.156.158.75 - - [22/Mar/2026:07:13:52 -0700] "GET /blog/page/3/ HTTP/1.0" 200 70320 "https://www.drug-injury-lawyer.com/blog/page/3/" "Mozilla/5.0 (Windows NT 6.3; Win64; x64) AppleWebKit/537.36 (KHTML, like Gecko) Chrome/103.0.5060.114 Safari/537.36" 
45.156.158.75 - - [22/Mar/2026:07:13:53 -0700] "GET /blog/page/2/ HTTP/1.0" 200 75150 "https://www.drug-injury-lawyer.com/blog/page/2/" "Mozilla/5.0 (Windows NT 6.3; Win64; x64) AppleWebKit/537.36 (KHTML, like Gecko) Chrome/103.0.5060.114 Safari/537.36" 
45.156.158.75 - - [22/Mar/2026:07:13:54 -0700] "POST /blog/page/2/ HTTP/1.0" 200 75236 "https://www.drug-injury-lawyer.com/blog/page/2/" "Mozilla/5.0 (Windows NT 6.3; Win64; x64) AppleWebKit/537.36 (KHTML, like Gecko) Chrome/103.0.5060.114 Safari/537.36" 
45.156.158.75 - - [22/Mar/2026:07:13:55 -0700] "GET /author/laba_admin/ HTTP/1.0" 500 6421 "https://www.drug-injury-lawyer.com/author/laba_admin/" "Mozilla/5.0 (Windows NT 6.3; Win64; x64) AppleWebKit/537.36 (KHTML, like Gecko) Chrome/103.0.5060.114 Safari/537.36" 
45.156.158.216 - - [22/Mar/2026:07:13:55 -0700] "GET /blog/page/3/ HTTP/1.0" 200 70320 "https://www.drug-injury-lawyer.com/blog/page/3/" "Mozilla/5.0 (Windows NT 10.0; Win64; x64) AppleWebKit/537.36 (KHTML, like Gecko) Chrome/103.0.5060.134 Safari/537.36" 
45.156.158.75 - - [22/Mar/2026:07:13:56 -0700] "GET /blog/page/3/ HTTP/1.0" 200 70320 "https://www.drug-injury-lawyer.com/blog/page/3/" "Mozilla/5.0 (Windows NT 6.3; Win64; x64) AppleWebKit/537.36 (KHTML, like Gecko) Chrome/103.0.5060.114 Safari/537.36" 
45.156.158.216 - - [22/Mar/2026:07:13:56 -0700] "GET /blog/page/2/ HTTP/1.0" 200 75150 "https://www.drug-injury-lawyer.com/blog/page/2/" "Mozilla/5.0 (Windows NT 10.0; Win64; x64) AppleWebKit/537.36 (KHTML, like Gecko) Chrome/103.0.5060.134 Safari/537.36" 
45.156.158.75 - - [22/Mar/2026:07:13:57 -0700] "POST /blog/page/3/ HTTP/1.0" 200 70406 "https://www.drug-injury-lawyer.com/blog/page/3/" "Mozilla/5.0 (Windows NT 6.3; Win64; x64) AppleWebKit/537.36 (KHTML, like Gecko) Chrome/103.0.5060.114 Safari/537.36" 
45.156.158.216 - - [22/Mar/2026:07:13:57 -0700] "POST /blog/page/2/ HTTP/1.0" 200 75236 "https://www.drug-injury-lawyer.com/blog/page/2/" "Mozilla/5.0 (Windows NT 10.0; Win64; x64) AppleWebKit/537.36 (KHTML, like Gecko) Chrome/103.0.5060.134 Safari/537.36" 
45.156.158.216 - - [22/Mar/2026:07:13:58 -0700] "GET /author/laba_admin/ HTTP/1.0" 500 6421 "https://www.drug-injury-lawyer.com/author/laba_admin/" "Mozilla/5.0 (Windows NT 10.0; Win64; x64) AppleWebKit/537.36 (KHTML, like Gecko) Chrome/103.0.5060.134 Safari/537.36" 
66.249.64.5 - - [22/Mar/2026:07:13:59 -0700] "GET /?detail/23403484810619 HTTP/1.1" 301 3814 "-" "Mozilla/5.0 (Linux; Android 6.0.1; Nexus 5X Build/MMB29P) AppleWebKit/537.36 (KHTML, like Gecko) Chrome/145.0.7632.159 Mobile Safari/537.36 (compatible; Googlebot/2.1; +http://www.google.com/bot.html)" 
45.156.158.216 - - [22/Mar/2026:07:13:58 -0700] "GET /blog/page/3/ HTTP/1.0" 200 70320 "https://www.drug-injury-lawyer.com/blog/page/3/" "Mozilla/5.0 (Windows NT 10.0; Win64; x64) AppleWebKit/537.36 (KHTML, like Gecko) Chrome/103.0.5060.134 Safari/537.36" 
66.249.64.5 - - [22/Mar/2026:07:13:59 -0700] "GET /?goods/153028499 HTTP/1.1" 301 459 "-" "Mozilla/5.0 (Linux; Android 6.0.1; Nexus 5X Build/MMB29P) AppleWebKit/537.36 (KHTML, like Gecko) Chrome/145.0.7632.159 Mobile Safari/537.36 (compatible; Googlebot/2.1; +http://www.google.com/bot.html)" 
66.249.64.5 - - [22/Mar/2026:07:13:59 -0700] "GET /?detail%2F23403484810619 HTTP/1.1" 200 13232 "-" "Mozilla/5.0 (Linux; Android 6.0.1; Nexus 5X Build/MMB29P) AppleWebKit/537.36 (KHTML, like Gecko) Chrome/145.0.7632.159 Mobile Safari/537.36 (compatible; Googlebot/2.1; +http://www.google.com/bot.html)" 
66.249.64.5 - - [22/Mar/2026:07:13:59 -0700] "GET /?goods%2F153028499 HTTP/1.1" 200 13229 "-" "Mozilla/5.0 (Linux; Android 6.0.1; Nexus 5X Build/MMB29P) AppleWebKit/537.36 (KHTML, like Gecko) Chrome/145.0.7632.159 Mobile Safari/537.36 (compatible; Googlebot/2.1; +http://www.google.com/bot.html)" 
45.156.158.216 - - [22/Mar/2026:07:13:59 -0700] "POST /blog/page/3/ HTTP/1.0" 200 70406 "https://www.drug-injury-lawyer.com/blog/page/3/" "Mozilla/5.0 (Windows NT 10.0; Win64; x64) AppleWebKit/537.36 (KHTML, like Gecko) Chrome/103.0.5060.134 Safari/537.36" 
66.249.64.7 - - [22/Mar/2026:07:14:07 -0700] "GET /?detail/01700529088368 HTTP/1.1" 301 3814 "-" "Mozilla/5.0 (Linux; Android 6.0.1; Nexus 5X Build/MMB29P) AppleWebKit/537.36 (KHTML, like Gecko) Chrome/145.0.7632.159 Mobile Safari/537.36 (compatible; Googlebot/2.1; +http://www.google.com/bot.html)" 
66.249.64.6 - - [22/Mar/2026:07:14:07 -0700] "GET /?detail%2F01700529088368 HTTP/1.1" 200 16580 "-" "Mozilla/5.0 (Linux; Android 6.0.1; Nexus 5X Build/MMB29P) AppleWebKit/537.36 (KHTML, like Gecko) Chrome/145.0.7632.159 Mobile Safari/537.36 (compatible; Googlebot/2.1; +http://www.google.com/bot.html)" 
66.249.64.5 - - [22/Mar/2026:07:14:18 -0700] "GET /?goods/068000048 HTTP/1.1" 301 3808 "-" "Mozilla/5.0 (Linux; Android 6.0.1; Nexus 5X Build/MMB29P) AppleWebKit/537.36 (KHTML, like Gecko) Chrome/145.0.7632.159 Mobile Safari/537.36 (compatible; Googlebot/2.1; +http://www.google.com/bot.html)" 
66.249.64.5 - - [22/Mar/2026:07:14:18 -0700] "GET /?goods%2F068000048 HTTP/1.1" 200 13228 "-" "Mozilla/5.0 (Linux; Android 6.0.1; Nexus 5X Build/MMB29P) AppleWebKit/537.36 (KHTML, like Gecko) Chrome/145.0.7632.159 Mobile Safari/537.36 (compatible; Googlebot/2.1; +http://www.google.com/bot.html)" 
173.236.217.44 - - [22/Mar/2026:07:14:32 -0700] "POST /wp-cron.php?doing_wp_cron=1774188872.3554499149322509765625 HTTP/1.1" 200 3646 "-" "WordPress/6.8.5; https://www.drug-injury-lawyer.com" 
66.249.64.5 - - [22/Mar/2026:07:14:32 -0700] "GET /?jp/007035777.html HTTP/1.1" 301 3810 "-" "Mozilla/5.0 (Linux; Android 6.0.1; Nexus 5X Build/MMB29P) AppleWebKit/537.36 (KHTML, like Gecko) Chrome/145.0.7632.159 Mobile Safari/537.36 (compatible; Googlebot/2.1; +http://www.google.com/bot.html)" 
66.249.64.5 - - [22/Mar/2026:07:14:32 -0700] "GET /?jp%2F007035777_html HTTP/1.1" 200 13230 "-" "Mozilla/5.0 (Linux; Android 6.0.1; Nexus 5X Build/MMB29P) AppleWebKit/537.36 (KHTML, like Gecko) Chrome/145.0.7632.159 Mobile Safari/537.36 (compatible; Googlebot/2.1; +http://www.google.com/bot.html)" 
66.249.64.5 - - [22/Mar/2026:07:14:34 -0700] "GET /?detail/128047180669 HTTP/1.1" 301 463 "-" "Mozilla/5.0 (Linux; Android 6.0.1; Nexus 5X Build/MMB29P) AppleWebKit/537.36 (KHTML, like Gecko) Chrome/145.0.7632.159 Mobile Safari/537.36 (compatible; Googlebot/2.1; +http://www.google.com/bot.html)" 
66.249.64.5 - - [22/Mar/2026:07:14:34 -0700] "GET /?detail%2F128047180669 HTTP/1.1" 200 13230 "-" "Mozilla/5.0 (Linux; Android 6.0.1; Nexus 5X Build/MMB29P) AppleWebKit/537.36 (KHTML, like Gecko) Chrome/145.0.7632.159 Mobile Safari/537.36 (compatible; Googlebot/2.1; +http://www.google.com/bot.html)" 
66.249.64.5 - - [22/Mar/2026:07:14:36 -0700] "GET /?jp/268024357.html HTTP/1.1" 301 461 "-" "Mozilla/5.0 (Linux; Android 6.0.1; Nexus 5X Build/MMB29P) AppleWebKit/537.36 (KHTML, like Gecko) Chrome/145.0.7632.159 Mobile Safari/537.36 (compatible; Googlebot/2.1; +http://www.google.com/bot.html)" 
66.249.64.5 - - [22/Mar/2026:07:14:36 -0700] "GET /?jp%2F268024357_html HTTP/1.1" 200 13230 "-" "Mozilla/5.0 (Linux; Android 6.0.1; Nexus 5X Build/MMB29P) AppleWebKit/537.36 (KHTML, like Gecko) Chrome/145.0.7632.159 Mobile Safari/537.36 (compatible; Googlebot/2.1; +http://www.google.com/bot.html)" 
173.236.217.44 - - [22/Mar/2026:07:14:51 -0700] "POST /wp-cron.php?doing_wp_cron=1774188891.2674961090087890625000 HTTP/1.1" 200 3646 "-" "WordPress/6.8.5; https://www.drug-injury-lawyer.com" 
66.249.64.5 - - [22/Mar/2026:07:14:51 -0700] "GET /?goods/018043168 HTTP/1.1" 301 3808 "-" "Mozilla/5.0 (Linux; Android 6.0.1; Nexus 5X Build/MMB29P) AppleWebKit/537.36 (KHTML, like Gecko) Chrome/145.0.7632.159 Mobile Safari/537.36 (compatible; Googlebot/2.1; +http://www.google.com/bot.html)" 
66.249.64.5 - - [22/Mar/2026:07:14:51 -0700] "GET /?goods%2F018043168 HTTP/1.1" 200 13228 "-" "Mozilla/5.0 (Linux; Android 6.0.1; Nexus 5X Build/MMB29P) AppleWebKit/537.36 (KHTML, like Gecko) Chrome/145.0.7632.159 Mobile Safari/537.36 (compatible; Googlebot/2.1; +http://www.google.com/bot.html)" 
45.156.158.225 - - [22/Mar/2026:07:15:09 -0700] "GET /blog/page/3/ HTTP/1.0" 200 70320 "https://www.drug-injury-lawyer.com/blog/page/3/" "Mozilla/5.0 (Windows NT 10.0; Win64; x64) AppleWebKit/537.36 (KHTML, like Gecko) Chrome/103.0.5060.66 Safari/537.36" 
45.156.158.225 - - [22/Mar/2026:07:15:09 -0700] "GET /blog/page/2/ HTTP/1.0" 200 75150 "https://www.drug-injury-lawyer.com/blog/page/2/" "Mozilla/5.0 (Windows NT 10.0; Win64; x64) AppleWebKit/537.36 (KHTML, like Gecko) Chrome/103.0.5060.66 Safari/537.36" 
45.156.158.225 - - [22/Mar/2026:07:15:10 -0700] "POST /blog/page/2/ HTTP/1.0" 200 75236 "https://www.drug-injury-lawyer.com/blog/page/2/" "Mozilla/5.0 (Windows NT 10.0; Win64; x64) AppleWebKit/537.36 (KHTML, like Gecko) Chrome/103.0.5060.66 Safari/537.36" 
45.156.158.225 - - [22/Mar/2026:07:15:11 -0700] "GET /author/laba_admin/ HTTP/1.0" 500 6421 "https://www.drug-injury-lawyer.com/author/laba_admin/" "Mozilla/5.0 (Windows NT 10.0; Win64; x64) AppleWebKit/537.36 (KHTML, like Gecko) Chrome/103.0.5060.66 Safari/537.36" 
45.156.158.225 - - [22/Mar/2026:07:15:12 -0700] "GET /blog/page/3/ HTTP/1.0" 200 70320 "https://www.drug-injury-lawyer.com/blog/page/3/" "Mozilla/5.0 (Windows NT 10.0; Win64; x64) AppleWebKit/537.36 (KHTML, like Gecko) Chrome/103.0.5060.66 Safari/537.36" 
45.156.158.225 - - [22/Mar/2026:07:15:13 -0700] "POST /blog/page/3/ HTTP/1.0" 200 70406 "https://www.drug-injury-lawyer.com/blog/page/3/" "Mozilla/5.0 (Windows NT 10.0; Win64; x64) AppleWebKit/537.36 (KHTML, like Gecko) Chrome/103.0.5060.66 Safari/537.36" 
66.249.64.6 - - [22/Mar/2026:07:15:20 -0700] "GET /?detail/243010791120 HTTP/1.1" 301 3812 "-" "Mozilla/5.0 (Linux; Android 6.0.1; Nexus 5X Build/MMB29P) AppleWebKit/537.36 (KHTML, like Gecko) Chrome/145.0.7632.159 Mobile Safari/537.36 (compatible; Googlebot/2.1; +http://www.google.com/bot.html)" 
66.249.64.5 - - [22/Mar/2026:07:15:21 -0700] "GET /?detail%2F243010791120 HTTP/1.1" 200 16578 "-" "Mozilla/5.0 (Linux; Android 6.0.1; Nexus 5X Build/MMB29P) AppleWebKit/537.36 (KHTML, like Gecko) Chrome/145.0.7632.159 Mobile Safari/537.36 (compatible; Googlebot/2.1; +http://www.google.com/bot.html)" 
173.236.217.44 - - [22/Mar/2026:07:15:29 -0700] "POST /wp-cron.php?doing_wp_cron=1774188929.1558599472045898437500 HTTP/1.1" 200 3646 "-" "WordPress/6.8.5; https://www.drug-injury-lawyer.com" 
66.249.64.5 - - [22/Mar/2026:07:15:29 -0700] "GET /?detail/02501075080736 HTTP/1.1" 301 3814 "-" "Mozilla/5.0 (Linux; Android 6.0.1; Nexus 5X Build/MMB29P) AppleWebKit/537.36 (KHTML, like Gecko) Chrome/145.0.7632.159 Mobile Safari/537.36 (compatible; Googlebot/2.1; +http://www.google.com/bot.html)" 
66.249.64.6 - - [22/Mar/2026:07:15:29 -0700] "GET /?detail%2F02501075080736 HTTP/1.1" 200 16579 "-" "Mozilla/5.0 (Linux; Android 6.0.1; Nexus 5X Build/MMB29P) AppleWebKit/537.36 (KHTML, like Gecko) Chrome/145.0.7632.159 Mobile Safari/537.36 (compatible; Googlebot/2.1; +http://www.google.com/bot.html)" 
173.236.217.44 - - [22/Mar/2026:07:15:53 -0700] "POST /wp-cron.php?doing_wp_cron=1774188953.7444229125976562500000 HTTP/1.1" 200 3646 "-" "WordPress/6.8.5; https://www.drug-injury-lawyer.com" 
66.249.64.5 - - [22/Mar/2026:07:15:53 -0700] "GET /?goods/207024826 HTTP/1.1" 301 3808 "-" "Mozilla/5.0 (Linux; Android 6.0.1; Nexus 5X Build/MMB29P) AppleWebKit/537.36 (KHTML, like Gecko) Chrome/145.0.7632.159 Mobile Safari/537.36 (compatible; Googlebot/2.1; +http://www.google.com/bot.html)" 
66.249.64.5 - - [22/Mar/2026:07:15:53 -0700] "GET /?goods%2F207024826 HTTP/1.1" 200 13226 "-" "Mozilla/5.0 (Linux; Android 6.0.1; Nexus 5X Build/MMB29P) AppleWebKit/537.36 (KHTML, like Gecko) Chrome/145.0.7632.159 Mobile Safari/537.36 (compatible; Googlebot/2.1; +http://www.google.com/bot.html)" 
66.249.64.5 - - [22/Mar/2026:07:15:54 -0700] "GET /?goods/281033068 HTTP/1.1" 301 459 "-" "Mozilla/5.0 (Linux; Android 6.0.1; Nexus 5X Build/MMB29P) AppleWebKit/537.36 (KHTML, like Gecko) Chrome/145.0.7632.159 Mobile Safari/537.36 (compatible; Googlebot/2.1; +http://www.google.com/bot.html)" 
66.249.64.5 - - [22/Mar/2026:07:15:54 -0700] "GET /?goods%2F281033068 HTTP/1.1" 200 13229 "-" "Mozilla/5.0 (Linux; Android 6.0.1; Nexus 5X Build/MMB29P) AppleWebKit/537.36 (KHTML, like Gecko) Chrome/145.0.7632.159 Mobile Safari/537.36 (compatible; Googlebot/2.1; +http://www.google.com/bot.html)" 
217.147.172.67 - - [22/Mar/2026:07:15:57 -0700] "GET /blog/page/3/ HTTP/1.0" 200 70320 "https://www.drug-injury-lawyer.com/blog/page/3/" "Mozilla/5.0 (Windows NT 6.1; WOW64) AppleWebKit/537.36 (KHTML, like Gecko) Chrome/103.0.0.0 Safari/537.36" 
217.147.172.67 - - [22/Mar/2026:07:15:57 -0700] "GET /blog/page/2/ HTTP/1.0" 200 75150 "https://www.drug-injury-lawyer.com/blog/page/2/" "Mozilla/5.0 (Windows NT 6.1; WOW64) AppleWebKit/537.36 (KHTML, like Gecko) Chrome/103.0.0.0 Safari/537.36" 
217.147.172.67 - - [22/Mar/2026:07:15:58 -0700] "GET /blog/page/3/ HTTP/1.0" 200 70320 "https://www.drug-injury-lawyer.com/blog/page/3/" "Mozilla/5.0 (Windows NT 6.3; Win64; x64) AppleWebKit/537.36 (KHTML, like Gecko) Chrome/103.0.5060.53 Safari/537.36" 
217.147.172.67 - - [22/Mar/2026:07:15:58 -0700] "POST /blog/page/2/ HTTP/1.0" 200 75236 "https://www.drug-injury-lawyer.com/blog/page/2/" "Mozilla/5.0 (Windows NT 6.1; WOW64) AppleWebKit/537.36 (KHTML, like Gecko) Chrome/103.0.0.0 Safari/537.36" 
217.147.172.67 - - [22/Mar/2026:07:15:59 -0700] "GET /blog/page/2/ HTTP/1.0" 200 75150 "https://www.drug-injury-lawyer.com/blog/page/2/" "Mozilla/5.0 (Windows NT 6.3; Win64; x64) AppleWebKit/537.36 (KHTML, like Gecko) Chrome/103.0.5060.53 Safari/537.36" 
217.147.172.67 - - [22/Mar/2026:07:15:59 -0700] "GET /author/laba_admin/ HTTP/1.0" 500 6421 "https://www.drug-injury-lawyer.com/author/laba_admin/" "Mozilla/5.0 (Windows NT 6.1; WOW64) AppleWebKit/537.36 (KHTML, like Gecko) Chrome/103.0.0.0 Safari/537.36" 
217.147.172.67 - - [22/Mar/2026:07:15:59 -0700] "POST /blog/page/2/ HTTP/1.0" 200 75236 "https://www.drug-injury-lawyer.com/blog/page/2/" "Mozilla/5.0 (Windows NT 6.3; Win64; x64) AppleWebKit/537.36 (KHTML, like Gecko) Chrome/103.0.5060.53 Safari/537.36" 
217.147.172.67 - - [22/Mar/2026:07:16:00 -0700] "GET /blog/page/3/ HTTP/1.0" 200 70320 "https://www.drug-injury-lawyer.com/blog/page/3/" "Mozilla/5.0 (Windows NT 6.1; WOW64) AppleWebKit/537.36 (KHTML, like Gecko) Chrome/103.0.0.0 Safari/537.36" 
217.147.172.67 - - [22/Mar/2026:07:16:00 -0700] "GET /author/laba_admin/ HTTP/1.0" 500 6421 "https://www.drug-injury-lawyer.com/author/laba_admin/" "Mozilla/5.0 (Windows NT 6.3; Win64; x64) AppleWebKit/537.36 (KHTML, like Gecko) Chrome/103.0.5060.53 Safari/537.36" 
217.147.172.67 - - [22/Mar/2026:07:16:01 -0700] "POST /blog/page/3/ HTTP/1.0" 200 70406 "https://www.drug-injury-lawyer.com/blog/page/3/" "Mozilla/5.0 (Windows NT 6.1; WOW64) AppleWebKit/537.36 (KHTML, like Gecko) Chrome/103.0.0.0 Safari/537.36" 
217.147.172.67 - - [22/Mar/2026:07:16:01 -0700] "GET /blog/page/3/ HTTP/1.0" 200 70320 "https://www.drug-injury-lawyer.com/blog/page/3/" "Mozilla/5.0 (Windows NT 6.3; Win64; x64) AppleWebKit/537.36 (KHTML, like Gecko) Chrome/103.0.5060.53 Safari/537.36" 
66.249.64.7 - - [22/Mar/2026:07:16:01 -0700] "GET /?detail/137042282770 HTTP/1.1" 301 3812 "-" "Mozilla/5.0 (Linux; Android 6.0.1; Nexus 5X Build/MMB29P) AppleWebKit/537.36 (KHTML, like Gecko) Chrome/145.0.7632.159 Mobile Safari/537.36 (compatible; Googlebot/2.1; +http://www.google.com/bot.html)" 
66.249.64.5 - - [22/Mar/2026:07:16:01 -0700] "GET /?detail%2F137042282770 HTTP/1.1" 200 16579 "-" "Mozilla/5.0 (Linux; Android 6.0.1; Nexus 5X Build/MMB29P) AppleWebKit/537.36 (KHTML, like Gecko) Chrome/145.0.7632.159 Mobile Safari/537.36 (compatible; Googlebot/2.1; +http://www.google.com/bot.html)" 
217.147.172.67 - - [22/Mar/2026:07:16:02 -0700] "POST /blog/page/3/ HTTP/1.0" 200 70406 "https://www.drug-injury-lawyer.com/blog/page/3/" "Mozilla/5.0 (Windows NT 6.3; Win64; x64) AppleWebKit/537.36 (KHTML, like Gecko) Chrome/103.0.5060.53 Safari/537.36" 
91.211.90.240 - - [22/Mar/2026:07:16:11 -0700] "GET /blog/page/3/ HTTP/1.0" 200 70320 "https://www.drug-injury-lawyer.com/blog/page/3/" "Mozilla/5.0 (Windows NT 6.3; WOW64) AppleWebKit/537.36 (KHTML, like Gecko) Chrome/103.0.5060.114 Safari/537.36" 
91.211.90.240 - - [22/Mar/2026:07:16:12 -0700] "GET /blog/page/2/ HTTP/1.0" 200 75150 "https://www.drug-injury-lawyer.com/blog/page/2/" "Mozilla/5.0 (Windows NT 6.3; WOW64) AppleWebKit/537.36 (KHTML, like Gecko) Chrome/103.0.5060.114 Safari/537.36" 
66.249.64.6 - - [22/Mar/2026:07:16:13 -0700] "GET /?jp/211037312.html HTTP/1.1" 301 3810 "-" "Mozilla/5.0 (Linux; Android 6.0.1; Nexus 5X Build/MMB29P) AppleWebKit/537.36 (KHTML, like Gecko) Chrome/145.0.7632.159 Mobile Safari/537.36 (compatible; Googlebot/2.1; +http://www.google.com/bot.html)" 
66.249.64.6 - - [22/Mar/2026:07:16:13 -0700] "GET /?jp%2F211037312_html HTTP/1.1" 200 13230 "-" "Mozilla/5.0 (Linux; Android 6.0.1; Nexus 5X Build/MMB29P) AppleWebKit/537.36 (KHTML, like Gecko) Chrome/145.0.7632.159 Mobile Safari/537.36 (compatible; Googlebot/2.1; +http://www.google.com/bot.html)" 
91.211.90.240 - - [22/Mar/2026:07:16:13 -0700] "POST /blog/page/2/ HTTP/1.0" 200 75236 "https://www.drug-injury-lawyer.com/blog/page/2/" "Mozilla/5.0 (Windows NT 6.3; WOW64) AppleWebKit/537.36 (KHTML, like Gecko) Chrome/103.0.5060.114 Safari/537.36" 
91.211.90.240 - - [22/Mar/2026:07:16:14 -0700] "GET /author/laba_admin/ HTTP/1.0" 500 6421 "https://www.drug-injury-lawyer.com/author/laba_admin/" "Mozilla/5.0 (Windows NT 6.3; WOW64) AppleWebKit/537.36 (KHTML, like Gecko) Chrome/103.0.5060.114 Safari/537.36" 
91.211.90.240 - - [22/Mar/2026:07:16:15 -0700] "GET /blog/page/3/ HTTP/1.0" 200 70320 "https://www.drug-injury-lawyer.com/blog/page/3/" "Mozilla/5.0 (Windows NT 6.3; WOW64) AppleWebKit/537.36 (KHTML, like Gecko) Chrome/103.0.5060.114 Safari/537.36" 
91.211.90.240 - - [22/Mar/2026:07:16:16 -0700] "POST /blog/page/3/ HTTP/1.0" 200 70406 "https://www.drug-injury-lawyer.com/blog/page/3/" "Mozilla/5.0 (Windows NT 6.3; WOW64) AppleWebKit/537.36 (KHTML, like Gecko) Chrome/103.0.5060.114 Safari/537.36" 
173.236.217.44 - - [22/Mar/2026:07:16:29 -0700] "POST /wp-cron.php?doing_wp_cron=1774188989.4692618846893310546875 HTTP/1.1" 200 3646 "-" "WordPress/6.8.5; https://www.drug-injury-lawyer.com" 
66.249.64.5 - - [22/Mar/2026:07:16:29 -0700] "GET /?goods/141045256 HTTP/1.1" 301 3808 "-" "Mozilla/5.0 (Linux; Android 6.0.1; Nexus 5X Build/MMB29P) AppleWebKit/537.36 (KHTML, like Gecko) Chrome/145.0.7632.159 Mobile Safari/537.36 (compatible; Googlebot/2.1; +http://www.google.com/bot.html)" 
66.249.64.5 - - [22/Mar/2026:07:16:29 -0700] "GET /?goods%2F141045256 HTTP/1.1" 200 13227 "-" "Mozilla/5.0 (Linux; Android 6.0.1; Nexus 5X Build/MMB29P) AppleWebKit/537.36 (KHTML, like Gecko) Chrome/145.0.7632.159 Mobile Safari/537.36 (compatible; Googlebot/2.1; +http://www.google.com/bot.html)" 
217.147.172.82 - - [22/Mar/2026:07:16:42 -0700] "GET /blog/page/3/ HTTP/1.0" 200 70320 "https://www.drug-injury-lawyer.com/blog/page/3/" "Mozilla/5.0 (Windows NT 6.1; Win64; x64) AppleWebKit/537.36 (KHTML, like Gecko) Chrome/103.0.0.0 Safari/537.36" 
217.147.172.82 - - [22/Mar/2026:07:16:43 -0700] "GET /blog/page/2/ HTTP/1.0" 200 75150 "https://www.drug-injury-lawyer.com/blog/page/2/" "Mozilla/5.0 (Windows NT 6.1; Win64; x64) AppleWebKit/537.36 (KHTML, like Gecko) Chrome/103.0.0.0 Safari/537.36" 
217.147.172.82 - - [22/Mar/2026:07:16:43 -0700] "GET /blog/page/3/ HTTP/1.0" 200 70320 "https://www.drug-injury-lawyer.com/blog/page/3/" "Mozilla/5.0 (Windows NT 10.0; Win64; x64) AppleWebKit/537.36 (KHTML, like Gecko) Chrome/103.0.5060.53 Safari/537.36" 
217.147.172.82 - - [22/Mar/2026:07:16:44 -0700] "GET /blog/page/2/ HTTP/1.0" 200 75150 "https://www.drug-injury-lawyer.com/blog/page/2/" "Mozilla/5.0 (Windows NT 10.0; Win64; x64) AppleWebKit/537.36 (KHTML, like Gecko) Chrome/103.0.5060.53 Safari/537.36" 
217.147.172.82 - - [22/Mar/2026:07:16:44 -0700] "POST /blog/page/2/ HTTP/1.0" 200 75236 "https://www.drug-injury-lawyer.com/blog/page/2/" "Mozilla/5.0 (Windows NT 6.1; Win64; x64) AppleWebKit/537.36 (KHTML, like Gecko) Chrome/103.0.0.0 Safari/537.36" 
217.147.172.82 - - [22/Mar/2026:07:16:45 -0700] "GET /author/laba_admin/ HTTP/1.0" 500 6421 "https://www.drug-injury-lawyer.com/author/laba_admin/" "Mozilla/5.0 (Windows NT 6.1; Win64; x64) AppleWebKit/537.36 (KHTML, like Gecko) Chrome/103.0.0.0 Safari/537.36" 
217.147.172.82 - - [22/Mar/2026:07:16:45 -0700] "POST /blog/page/2/ HTTP/1.0" 200 75236 "https://www.drug-injury-lawyer.com/blog/page/2/" "Mozilla/5.0 (Windows NT 10.0; Win64; x64) AppleWebKit/537.36 (KHTML, like Gecko) Chrome/103.0.5060.53 Safari/537.36" 
66.249.64.5 - - [22/Mar/2026:07:16:45 -0700] "GET /?jp/209046851.html HTTP/1.1" 301 3810 "-" "Mozilla/5.0 (Linux; Android 6.0.1; Nexus 5X Build/MMB29P) AppleWebKit/537.36 (KHTML, like Gecko) Chrome/145.0.7632.159 Mobile Safari/537.36 (compatible; Googlebot/2.1; +http://www.google.com/bot.html)" 
217.147.172.82 - - [22/Mar/2026:07:16:45 -0700] "GET /blog/page/3/ HTTP/1.0" 200 70320 "https://www.drug-injury-lawyer.com/blog/page/3/" "Mozilla/5.0 (Windows NT 6.1; Win64; x64) AppleWebKit/537.36 (KHTML, like Gecko) Chrome/103.0.0.0 Safari/537.36" 
66.249.64.5 - - [22/Mar/2026:07:16:45 -0700] "GET /?jp%2F209046851_html HTTP/1.1" 200 13230 "-" "Mozilla/5.0 (Linux; Android 6.0.1; Nexus 5X Build/MMB29P) AppleWebKit/537.36 (KHTML, like Gecko) Chrome/145.0.7632.159 Mobile Safari/537.36 (compatible; Googlebot/2.1; +http://www.google.com/bot.html)" 
217.147.172.82 - - [22/Mar/2026:07:16:46 -0700] "GET /author/laba_admin/ HTTP/1.0" 500 6421 "https://www.drug-injury-lawyer.com/author/laba_admin/" "Mozilla/5.0 (Windows NT 10.0; Win64; x64) AppleWebKit/537.36 (KHTML, like Gecko) Chrome/103.0.5060.53 Safari/537.36" 
217.147.172.82 - - [22/Mar/2026:07:16:46 -0700] "POST /blog/page/3/ HTTP/1.0" 200 70406 "https://www.drug-injury-lawyer.com/blog/page/3/" "Mozilla/5.0 (Windows NT 6.1; Win64; x64) AppleWebKit/537.36 (KHTML, like Gecko) Chrome/103.0.0.0 Safari/537.36" 
217.147.172.82 - - [22/Mar/2026:07:16:46 -0700] "GET /blog/page/3/ HTTP/1.0" 200 70320 "https://www.drug-injury-lawyer.com/blog/page/3/" "Mozilla/5.0 (Windows NT 10.0; Win64; x64) AppleWebKit/537.36 (KHTML, like Gecko) Chrome/103.0.5060.53 Safari/537.36" 
217.147.172.82 - - [22/Mar/2026:07:16:47 -0700] "POST /blog/page/3/ HTTP/1.0" 200 70406 "https://www.drug-injury-lawyer.com/blog/page/3/" "Mozilla/5.0 (Windows NT 10.0; Win64; x64) AppleWebKit/537.36 (KHTML, like Gecko) Chrome/103.0.5060.53 Safari/537.36" 
66.249.64.7 - - [22/Mar/2026:07:17:02 -0700] "GET /?jp/021021067.html HTTP/1.1" 301 3810 "-" "Mozilla/5.0 (Linux; Android 6.0.1; Nexus 5X Build/MMB29P) AppleWebKit/537.36 (KHTML, like Gecko) Chrome/145.0.7632.159 Mobile Safari/537.36 (compatible; Googlebot/2.1; +http://www.google.com/bot.html)" 
66.249.64.6 - - [22/Mar/2026:07:17:02 -0700] "GET /?jp%2F021021067_html HTTP/1.1" 200 16579 "-" "Mozilla/5.0 (Linux; Android 6.0.1; Nexus 5X Build/MMB29P) AppleWebKit/537.36 (KHTML, like Gecko) Chrome/145.0.7632.159 Mobile Safari/537.36 (compatible; Googlebot/2.1; +http://www.google.com/bot.html)" 
66.249.64.5 - - [22/Mar/2026:07:17:18 -0700] "GET /?detail/04601582092924 HTTP/1.1" 301 3814 "-" "Mozilla/5.0 (Linux; Android 6.0.1; Nexus 5X Build/MMB29P) AppleWebKit/537.36 (KHTML, like Gecko) Chrome/145.0.7632.159 Mobile Safari/537.36 (compatible; Googlebot/2.1; +http://www.google.com/bot.html)" 
66.249.64.5 - - [22/Mar/2026:07:17:18 -0700] "GET /?detail%2F04601582092924 HTTP/1.1" 200 13232 "-" "Mozilla/5.0 (Linux; Android 6.0.1; Nexus 5X Build/MMB29P) AppleWebKit/537.36 (KHTML, like Gecko) Chrome/145.0.7632.159 Mobile Safari/537.36 (compatible; Googlebot/2.1; +http://www.google.com/bot.html)" 
91.211.90.99 - - [22/Mar/2026:07:17:32 -0700] "GET /blog/page/3/ HTTP/1.0" 200 70320 "https://www.drug-injury-lawyer.com/blog/page/3/" "Mozilla/5.0 (Windows NT 10.0; WOW64) AppleWebKit/537.36 (KHTML, like Gecko) Chrome/103.0.5060.114 Safari/537.36" 
91.211.90.99 - - [22/Mar/2026:07:17:32 -0700] "GET /blog/page/3/ HTTP/1.0" 200 70320 "https://www.drug-injury-lawyer.com/blog/page/3/" "Mozilla/5.0 (Windows NT 6.3; WOW64) AppleWebKit/537.36 (KHTML, like Gecko) Chrome/103.0.0.0 Safari/537.36" 
91.211.90.99 - - [22/Mar/2026:07:17:33 -0700] "GET /blog/page/2/ HTTP/1.0" 200 75150 "https://www.drug-injury-lawyer.com/blog/page/2/" "Mozilla/5.0 (Windows NT 6.3; WOW64) AppleWebKit/537.36 (KHTML, like Gecko) Chrome/103.0.0.0 Safari/537.36" 
91.211.90.99 - - [22/Mar/2026:07:17:33 -0700] "GET /blog/page/2/ HTTP/1.0" 200 75150 "https://www.drug-injury-lawyer.com/blog/page/2/" "Mozilla/5.0 (Windows NT 10.0; WOW64) AppleWebKit/537.36 (KHTML, like Gecko) Chrome/103.0.5060.114 Safari/537.36" 
91.211.90.99 - - [22/Mar/2026:07:17:34 -0700] "POST /blog/page/2/ HTTP/1.0" 200 75236 "https://www.drug-injury-lawyer.com/blog/page/2/" "Mozilla/5.0 (Windows NT 6.3; WOW64) AppleWebKit/537.36 (KHTML, like Gecko) Chrome/103.0.0.0 Safari/537.36" 
91.211.90.99 - - [22/Mar/2026:07:17:34 -0700] "POST /blog/page/2/ HTTP/1.0" 200 75236 "https://www.drug-injury-lawyer.com/blog/page/2/" "Mozilla/5.0 (Windows NT 10.0; WOW64) AppleWebKit/537.36 (KHTML, like Gecko) Chrome/103.0.5060.114 Safari/537.36" 
66.249.64.5 - - [22/Mar/2026:07:17:34 -0700] "GET /?goods/104014657 HTTP/1.1" 301 3808 "-" "Mozilla/5.0 (Linux; Android 6.0.1; Nexus 5X Build/MMB29P) AppleWebKit/537.36 (KHTML, like Gecko) Chrome/145.0.7632.159 Mobile Safari/537.36 (compatible; Googlebot/2.1; +http://www.google.com/bot.html)" 
66.249.64.5 - - [22/Mar/2026:07:17:34 -0700] "GET /?goods%2F104014657 HTTP/1.1" 200 13228 "-" "Mozilla/5.0 (Linux; Android 6.0.1; Nexus 5X Build/MMB29P) AppleWebKit/537.36 (KHTML, like Gecko) Chrome/145.0.7632.159 Mobile Safari/537.36 (compatible; Googlebot/2.1; +http://www.google.com/bot.html)" 
91.211.90.99 - - [22/Mar/2026:07:17:35 -0700] "GET /author/laba_admin/ HTTP/1.0" 500 6421 "https://www.drug-injury-lawyer.com/author/laba_admin/" "Mozilla/5.0 (Windows NT 6.3; WOW64) AppleWebKit/537.36 (KHTML, like Gecko) Chrome/103.0.0.0 Safari/537.36" 
91.211.90.99 - - [22/Mar/2026:07:17:35 -0700] "GET /author/laba_admin/ HTTP/1.0" 500 6421 "https://www.drug-injury-lawyer.com/author/laba_admin/" "Mozilla/5.0 (Windows NT 10.0; WOW64) AppleWebKit/537.36 (KHTML, like Gecko) Chrome/103.0.5060.114 Safari/537.36" 
91.211.90.99 - - [22/Mar/2026:07:17:36 -0700] "GET /blog/page/3/ HTTP/1.0" 200 70320 "https://www.drug-injury-lawyer.com/blog/page/3/" "Mozilla/5.0 (Windows NT 6.3; WOW64) AppleWebKit/537.36 (KHTML, like Gecko) Chrome/103.0.0.0 Safari/537.36" 
91.211.90.99 - - [22/Mar/2026:07:17:36 -0700] "GET /blog/page/3/ HTTP/1.0" 200 70320 "https://www.drug-injury-lawyer.com/blog/page/3/" "Mozilla/5.0 (Windows NT 10.0; WOW64) AppleWebKit/537.36 (KHTML, like Gecko) Chrome/103.0.5060.114 Safari/537.36" 
91.211.90.99 - - [22/Mar/2026:07:17:36 -0700] "POST /blog/page/3/ HTTP/1.0" 200 70406 "https://www.drug-injury-lawyer.com/blog/page/3/" "Mozilla/5.0 (Windows NT 6.3; WOW64) AppleWebKit/537.36 (KHTML, like Gecko) Chrome/103.0.0.0 Safari/537.36" 
91.211.90.99 - - [22/Mar/2026:07:17:37 -0700] "POST /blog/page/3/ HTTP/1.0" 200 70406 "https://www.drug-injury-lawyer.com/blog/page/3/" "Mozilla/5.0 (Windows NT 10.0; WOW64) AppleWebKit/537.36 (KHTML, like Gecko) Chrome/103.0.5060.114 Safari/537.36" 
66.249.64.5 - - [22/Mar/2026:07:17:51 -0700] "GET /?goods/016037744 HTTP/1.1" 301 3808 "-" "Mozilla/5.0 (Linux; Android 6.0.1; Nexus 5X Build/MMB29P) AppleWebKit/537.36 (KHTML, like Gecko) Chrome/145.0.7632.159 Mobile Safari/537.36 (compatible; Googlebot/2.1; +http://www.google.com/bot.html)" 
66.249.64.5 - - [22/Mar/2026:07:17:51 -0700] "GET /?goods%2F016037744 HTTP/1.1" 200 13229 "-" "Mozilla/5.0 (Linux; Android 6.0.1; Nexus 5X Build/MMB29P) AppleWebKit/537.36 (KHTML, like Gecko) Chrome/145.0.7632.159 Mobile Safari/537.36 (compatible; Googlebot/2.1; +http://www.google.com/bot.html)" 
91.211.90.70 - - [22/Mar/2026:07:17:51 -0700] "GET /blog/page/3/ HTTP/1.0" 200 70320 "https://www.drug-injury-lawyer.com/blog/page/3/" "Mozilla/5.0 (Windows NT 6.3; Win64; x64) AppleWebKit/537.36 (KHTML, like Gecko) Chrome/103.0.5060.53 Safari/537.36" 
91.211.90.70 - - [22/Mar/2026:07:17:52 -0700] "GET /blog/page/2/ HTTP/1.0" 200 75150 "https://www.drug-injury-lawyer.com/blog/page/2/" "Mozilla/5.0 (Windows NT 6.3; Win64; x64) AppleWebKit/537.36 (KHTML, like Gecko) Chrome/103.0.5060.53 Safari/537.36" 
91.211.90.69 - - [22/Mar/2026:07:17:52 -0700] "GET /blog/page/3/ HTTP/1.0" 200 70320 "https://www.drug-injury-lawyer.com/blog/page/3/" "Mozilla/5.0 (Windows NT 10.0; Win64; x64) AppleWebKit/537.36 (KHTML, like Gecko) Chrome/103.0.0.0 Safari/537.36 Herring/95.1.8810.11" 
91.211.90.70 - - [22/Mar/2026:07:17:53 -0700] "POST /blog/page/2/ HTTP/1.0" 200 75236 "https://www.drug-injury-lawyer.com/blog/page/2/" "Mozilla/5.0 (Windows NT 6.3; Win64; x64) AppleWebKit/537.36 (KHTML, like Gecko) Chrome/103.0.5060.53 Safari/537.36" 
91.211.90.69 - - [22/Mar/2026:07:17:53 -0700] "GET /blog/page/2/ HTTP/1.0" 200 75150 "https://www.drug-injury-lawyer.com/blog/page/2/" "Mozilla/5.0 (Windows NT 10.0; Win64; x64) AppleWebKit/537.36 (KHTML, like Gecko) Chrome/103.0.0.0 Safari/537.36 Herring/95.1.8810.11" 
91.211.90.70 - - [22/Mar/2026:07:17:54 -0700] "GET /author/laba_admin/ HTTP/1.0" 500 6421 "https://www.drug-injury-lawyer.com/author/laba_admin/" "Mozilla/5.0 (Windows NT 6.3; Win64; x64) AppleWebKit/537.36 (KHTML, like Gecko) Chrome/103.0.5060.53 Safari/537.36" 
91.211.90.69 - - [22/Mar/2026:07:17:54 -0700] "POST /blog/page/2/ HTTP/1.0" 200 75236 "https://www.drug-injury-lawyer.com/blog/page/2/" "Mozilla/5.0 (Windows NT 10.0; Win64; x64) AppleWebKit/537.36 (KHTML, like Gecko) Chrome/103.0.0.0 Safari/537.36 Herring/95.1.8810.11" 
107.20.105.74 - - [22/Mar/2026:07:17:55 -0700] "HEAD / HTTP/2.0" 200 342 "http://www.drug-injury-lawyer.com/" "DreamHost SiteMonitor 1.0" 
91.211.90.70 - - [22/Mar/2026:07:17:55 -0700] "GET /blog/page/3/ HTTP/1.0" 200 70320 "https://www.drug-injury-lawyer.com/blog/page/3/" "Mozilla/5.0 (Windows NT 6.3; Win64; x64) AppleWebKit/537.36 (KHTML, like Gecko) Chrome/103.0.5060.53 Safari/537.36" 
91.211.90.69 - - [22/Mar/2026:07:17:55 -0700] "GET /author/laba_admin/ HTTP/1.0" 500 6421 "https://www.drug-injury-lawyer.com/author/laba_admin/" "Mozilla/5.0 (Windows NT 10.0; Win64; x64) AppleWebKit/537.36 (KHTML, like Gecko) Chrome/103.0.0.0 Safari/537.36 Herring/95.1.8810.11" 
91.211.90.69 - - [22/Mar/2026:07:17:56 -0700] "GET /blog/page/3/ HTTP/1.0" 200 70320 "https://www.drug-injury-lawyer.com/blog/page/3/" "Mozilla/5.0 (Windows NT 10.0; Win64; x64) AppleWebKit/537.36 (KHTML, like Gecko) Chrome/103.0.0.0 Safari/537.36 Herring/95.1.8810.11" 
91.211.90.70 - - [22/Mar/2026:07:17:56 -0700] "POST /blog/page/3/ HTTP/1.0" 200 70406 "https://www.drug-injury-lawyer.com/blog/page/3/" "Mozilla/5.0 (Windows NT 6.3; Win64; x64) AppleWebKit/537.36 (KHTML, like Gecko) Chrome/103.0.5060.53 Safari/537.36" 
91.211.90.69 - - [22/Mar/2026:07:17:57 -0700] "POST /blog/page/3/ HTTP/1.0" 200 70406 "https://www.drug-injury-lawyer.com/blog/page/3/" "Mozilla/5.0 (Windows NT 10.0; Win64; x64) AppleWebKit/537.36 (KHTML, like Gecko) Chrome/103.0.0.0 Safari/537.36 Herring/95.1.8810.11" 
66.249.64.7 - - [22/Mar/2026:07:18:07 -0700] "GET /?jp/284039253.html HTTP/1.1" 301 3810 "-" "Mozilla/5.0 (Linux; Android 6.0.1; Nexus 5X Build/MMB29P) AppleWebKit/537.36 (KHTML, like Gecko) Chrome/145.0.7632.159 Mobile Safari/537.36 (compatible; Googlebot/2.1; +http://www.google.com/bot.html)" 
66.249.64.7 - - [22/Mar/2026:07:18:07 -0700] "GET /?jp%2F284039253_html HTTP/1.1" 200 13230 "-" "Mozilla/5.0 (Linux; Android 6.0.1; Nexus 5X Build/MMB29P) AppleWebKit/537.36 (KHTML, like Gecko) Chrome/145.0.7632.159 Mobile Safari/537.36 (compatible; Googlebot/2.1; +http://www.google.com/bot.html)" 
66.249.64.5 - - [22/Mar/2026:07:18:23 -0700] "GET /?jp/017017554.html HTTP/1.1" 301 3810 "-" "Mozilla/5.0 (Linux; Android 6.0.1; Nexus 5X Build/MMB29P) AppleWebKit/537.36 (KHTML, like Gecko) Chrome/145.0.7632.159 Mobile Safari/537.36 (compatible; Googlebot/2.1; +http://www.google.com/bot.html)" 
66.249.64.5 - - [22/Mar/2026:07:18:23 -0700] "GET /?detail/117024368843 HTTP/1.1" 301 463 "-" "Mozilla/5.0 (Linux; Android 6.0.1; Nexus 5X Build/MMB29P) AppleWebKit/537.36 (KHTML, like Gecko) Chrome/145.0.7632.159 Mobile Safari/537.36 (compatible; Googlebot/2.1; +http://www.google.com/bot.html)" 
66.249.64.5 - - [22/Mar/2026:07:18:24 -0700] "GET /?detail/12201260232090 HTTP/1.1" 301 465 "-" "Mozilla/5.0 (Linux; Android 6.0.1; Nexus 5X Build/MMB29P) AppleWebKit/537.36 (KHTML, like Gecko) Chrome/145.0.7632.159 Mobile Safari/537.36 (compatible; Googlebot/2.1; +http://www.google.com/bot.html)" 
66.249.64.5 - - [22/Mar/2026:07:18:24 -0700] "GET /?jp%2F017017554_html HTTP/1.1" 200 13230 "-" "Mozilla/5.0 (Linux; Android 6.0.1; Nexus 5X Build/MMB29P) AppleWebKit/537.36 (KHTML, like Gecko) Chrome/145.0.7632.159 Mobile Safari/537.36 (compatible; Googlebot/2.1; +http://www.google.com/bot.html)" 
66.249.64.5 - - [22/Mar/2026:07:18:24 -0700] "GET /?detail%2F117024368843 HTTP/1.1" 200 13229 "-" "Mozilla/5.0 (Linux; Android 6.0.1; Nexus 5X Build/MMB29P) AppleWebKit/537.36 (KHTML, like Gecko) Chrome/145.0.7632.159 Mobile Safari/537.36 (compatible; Googlebot/2.1; +http://www.google.com/bot.html)" 
66.249.64.6 - - [22/Mar/2026:07:18:24 -0700] "GET /?detail%2F12201260232090 HTTP/1.1" 200 16581 "-" "Mozilla/5.0 (Linux; Android 6.0.1; Nexus 5X Build/MMB29P) AppleWebKit/537.36 (KHTML, like Gecko) Chrome/145.0.7632.159 Mobile Safari/537.36 (compatible; Googlebot/2.1; +http://www.google.com/bot.html)" 
66.249.64.5 - - [22/Mar/2026:07:18:24 -0700] "GET /?detail/1590066114346 HTTP/1.1" 301 464 "-" "Mozilla/5.0 (Linux; Android 6.0.1; Nexus 5X Build/MMB29P) AppleWebKit/537.36 (KHTML, like Gecko) Chrome/145.0.7632.159 Mobile Safari/537.36 (compatible; Googlebot/2.1; +http://www.google.com/bot.html)" 
66.249.64.5 - - [22/Mar/2026:07:18:25 -0700] "GET /?detail%2F1590066114346 HTTP/1.1" 200 13230 "-" "Mozilla/5.0 (Linux; Android 6.0.1; Nexus 5X Build/MMB29P) AppleWebKit/537.36 (KHTML, like Gecko) Chrome/145.0.7632.159 Mobile Safari/537.36 (compatible; Googlebot/2.1; +http://www.google.com/bot.html)" 
141.98.11.44 - - [22/Mar/2026:07:18:28 -0700] "GET /wp-includes/sodium_compat/src/Core/SecretStream/State.php HTTP/1.1" 200 3661 "-" "Mozilla/5.0 (Windows NT 10.0; Win64; x64) AppleWebKit/537.36" 
173.236.217.44 - - [22/Mar/2026:07:19:07 -0700] "POST /wp-cron.php?doing_wp_cron=1774189147.1224670410156250000000 HTTP/1.1" 200 3646 "-" "WordPress/6.8.5; https://www.drug-injury-lawyer.com" 
66.249.64.7 - - [22/Mar/2026:07:19:07 -0700] "GET /?detail/02102106425840 HTTP/1.1" 301 3814 "-" "Mozilla/5.0 (Linux; Android 6.0.1; Nexus 5X Build/MMB29P) AppleWebKit/537.36 (KHTML, like Gecko) Chrome/145.0.7632.159 Mobile Safari/537.36 (compatible; Googlebot/2.1; +http://www.google.com/bot.html)" 
66.249.64.5 - - [22/Mar/2026:07:19:07 -0700] "GET /?detail%2F02102106425840 HTTP/1.1" 200 16580 "-" "Mozilla/5.0 (Linux; Android 6.0.1; Nexus 5X Build/MMB29P) AppleWebKit/537.36 (KHTML, like Gecko) Chrome/145.0.7632.159 Mobile Safari/537.36 (compatible; Googlebot/2.1; +http://www.google.com/bot.html)" 
66.249.64.7 - - [22/Mar/2026:07:19:07 -0700] "GET /?jp/001021468.html HTTP/1.1" 301 3810 "-" "Mozilla/5.0 (Linux; Android 6.0.1; Nexus 5X Build/MMB29P) AppleWebKit/537.36 (KHTML, like Gecko) Chrome/145.0.7632.159 Mobile Safari/537.36 (compatible; Googlebot/2.1; +http://www.google.com/bot.html)" 
66.249.64.7 - - [22/Mar/2026:07:19:08 -0700] "GET /?jp%2F001021468_html HTTP/1.1" 200 13230 "-" "Mozilla/5.0 (Linux; Android 6.0.1; Nexus 5X Build/MMB29P) AppleWebKit/537.36 (KHTML, like Gecko) Chrome/145.0.7632.159 Mobile Safari/537.36 (compatible; Googlebot/2.1; +http://www.google.com/bot.html)" 
66.249.64.5 - - [22/Mar/2026:07:19:15 -0700] "GET /?goods/066045174 HTTP/1.1" 301 3808 "-" "Mozilla/5.0 (Linux; Android 6.0.1; Nexus 5X Build/MMB29P) AppleWebKit/537.36 (KHTML, like Gecko) Chrome/145.0.7632.159 Mobile Safari/537.36 (compatible; Googlebot/2.1; +http://www.google.com/bot.html)" 
66.249.64.5 - - [22/Mar/2026:07:19:15 -0700] "GET /?goods%2F066045174 HTTP/1.1" 200 13229 "-" "Mozilla/5.0 (Linux; Android 6.0.1; Nexus 5X Build/MMB29P) AppleWebKit/537.36 (KHTML, like Gecko) Chrome/145.0.7632.159 Mobile Safari/537.36 (compatible; Googlebot/2.1; +http://www.google.com/bot.html)" 
45.156.158.83 - - [22/Mar/2026:07:19:15 -0700] "GET /blog/page/3/ HTTP/1.0" 200 70320 "https://www.drug-injury-lawyer.com/blog/page/3/" "Mozilla/5.0 (Windows NT 6.1; WOW64) AppleWebKit/537.36 (KHTML, like Gecko) Chrome/103.0.0.0 Safari/537.36" 
45.156.158.83 - - [22/Mar/2026:07:19:16 -0700] "GET /blog/page/2/ HTTP/1.0" 200 75150 "https://www.drug-injury-lawyer.com/blog/page/2/" "Mozilla/5.0 (Windows NT 6.1; WOW64) AppleWebKit/537.36 (KHTML, like Gecko) Chrome/103.0.0.0 Safari/537.36" 
45.156.158.83 - - [22/Mar/2026:07:19:17 -0700] "POST /blog/page/2/ HTTP/1.0" 200 75236 "https://www.drug-injury-lawyer.com/blog/page/2/" "Mozilla/5.0 (Windows NT 6.1; WOW64) AppleWebKit/537.36 (KHTML, like Gecko) Chrome/103.0.0.0 Safari/537.36" 
45.156.158.83 - - [22/Mar/2026:07:19:18 -0700] "GET /author/laba_admin/ HTTP/1.0" 500 6421 "https://www.drug-injury-lawyer.com/author/laba_admin/" "Mozilla/5.0 (Windows NT 6.1; WOW64) AppleWebKit/537.36 (KHTML, like Gecko) Chrome/103.0.0.0 Safari/537.36" 
45.156.158.83 - - [22/Mar/2026:07:19:19 -0700] "GET /blog/page/3/ HTTP/1.0" 200 70320 "https://www.drug-injury-lawyer.com/blog/page/3/" "Mozilla/5.0 (Windows NT 6.1; WOW64) AppleWebKit/537.36 (KHTML, like Gecko) Chrome/103.0.0.0 Safari/537.36" 
45.156.158.83 - - [22/Mar/2026:07:19:20 -0700] "POST /blog/page/3/ HTTP/1.0" 200 70406 "https://www.drug-injury-lawyer.com/blog/page/3/" "Mozilla/5.0 (Windows NT 6.1; WOW64) AppleWebKit/537.36 (KHTML, like Gecko) Chrome/103.0.0.0 Safari/537.36" 
66.249.64.5 - - [22/Mar/2026:07:19:23 -0700] "GET /?jp/126038316.html HTTP/1.1" 301 3810 "-" "Mozilla/5.0 (Linux; Android 6.0.1; Nexus 5X Build/MMB29P) AppleWebKit/537.36 (KHTML, like Gecko) Chrome/145.0.7632.159 Mobile Safari/537.36 (compatible; Googlebot/2.1; +http://www.google.com/bot.html)" 
66.249.64.5 - - [22/Mar/2026:07:19:23 -0700] "GET /?jp%2F126038316_html HTTP/1.1" 200 13230 "-" "Mozilla/5.0 (Linux; Android 6.0.1; Nexus 5X Build/MMB29P) AppleWebKit/537.36 (KHTML, like Gecko) Chrome/145.0.7632.159 Mobile Safari/537.36 (compatible; Googlebot/2.1; +http://www.google.com/bot.html)" 
173.236.217.44 - - [22/Mar/2026:07:19:31 -0700] "POST /wp-cron.php?doing_wp_cron=1774189171.6662800312042236328125 HTTP/1.1" 200 3646 "-" "WordPress/6.8.5; https://www.drug-injury-lawyer.com" 
66.249.64.5 - - [22/Mar/2026:07:19:31 -0700] "GET /?detail/235012043739 HTTP/1.1" 301 3812 "-" "Mozilla/5.0 (Linux; Android 6.0.1; Nexus 5X Build/MMB29P) AppleWebKit/537.36 (KHTML, like Gecko) Chrome/145.0.7632.159 Mobile Safari/537.36 (compatible; Googlebot/2.1; +http://www.google.com/bot.html)" 
66.249.64.5 - - [22/Mar/2026:07:19:32 -0700] "GET /?detail%2F235012043739 HTTP/1.1" 200 13230 "-" "Mozilla/5.0 (Linux; Android 6.0.1; Nexus 5X Build/MMB29P) AppleWebKit/537.36 (KHTML, like Gecko) Chrome/145.0.7632.159 Mobile Safari/537.36 (compatible; Googlebot/2.1; +http://www.google.com/bot.html)" 
66.249.64.5 - - [22/Mar/2026:07:19:38 -0700] "GET /?jp/253003259.html HTTP/1.1" 301 3810 "-" "Mozilla/5.0 (Linux; Android 6.0.1; Nexus 5X Build/MMB29P) AppleWebKit/537.36 (KHTML, like Gecko) Chrome/145.0.7632.159 Mobile Safari/537.36 (compatible; Googlebot/2.1; +http://www.google.com/bot.html)" 
66.249.64.5 - - [22/Mar/2026:07:19:38 -0700] "GET /?jp%2F253003259_html HTTP/1.1" 200 13230 "-" "Mozilla/5.0 (Linux; Android 6.0.1; Nexus 5X Build/MMB29P) AppleWebKit/537.36 (KHTML, like Gecko) Chrome/145.0.7632.159 Mobile Safari/537.36 (compatible; Googlebot/2.1; +http://www.google.com/bot.html)" 
91.211.90.247 - - [22/Mar/2026:07:19:39 -0700] "GET /blog/page/3/ HTTP/1.0" 200 70320 "https://www.drug-injury-lawyer.com/blog/page/3/" "Mozilla/5.0 (Windows NT 6.1; WOW64) AppleWebKit/537.36 (KHTML, like Gecko) Chrome/103.0.0.0 Safari/537.36" 
91.211.90.247 - - [22/Mar/2026:07:19:40 -0700] "GET /blog/page/2/ HTTP/1.0" 200 75150 "https://www.drug-injury-lawyer.com/blog/page/2/" "Mozilla/5.0 (Windows NT 6.1; WOW64) AppleWebKit/537.36 (KHTML, like Gecko) Chrome/103.0.0.0 Safari/537.36" 
91.211.90.231 - - [22/Mar/2026:07:19:40 -0700] "GET /blog/page/3/ HTTP/1.0" 200 70320 "https://www.drug-injury-lawyer.com/blog/page/3/" "Mozilla/5.0 (Windows NT 10.0; Win64; x64) AppleWebKit/537.36 (KHTML, like Gecko) Chrome/103.0.5042.0 Safari/537.36" 
91.211.90.247 - - [22/Mar/2026:07:19:41 -0700] "POST /blog/page/2/ HTTP/1.0" 200 75236 "https://www.drug-injury-lawyer.com/blog/page/2/" "Mozilla/5.0 (Windows NT 6.1; WOW64) AppleWebKit/537.36 (KHTML, like Gecko) Chrome/103.0.0.0 Safari/537.36" 
91.211.90.231 - - [22/Mar/2026:07:19:41 -0700] "GET /blog/page/2/ HTTP/1.0" 200 75150 "https://www.drug-injury-lawyer.com/blog/page/2/" "Mozilla/5.0 (Windows NT 10.0; Win64; x64) AppleWebKit/537.36 (KHTML, like Gecko) Chrome/103.0.5042.0 Safari/537.36" 
