91.211.90.170 - - [22/Mar/2026:04:23:56 -0700] "GET /blog/page/2/ HTTP/1.0" 200 75150 "https://www.drug-injury-lawyer.com/blog/page/2/" "Mozilla/5.0 (Windows NT 10.0; Win64; x64) AppleWebKit/537.36 (KHTML, like Gecko) Chrome/103.0.5060.66 Safari/537.36" 
91.211.90.170 - - [22/Mar/2026:04:23:56 -0700] "GET /blog/page/2/ HTTP/1.0" 200 75150 "https://www.drug-injury-lawyer.com/blog/page/2/" "Mozilla/5.0 (Windows NT 10.0; WOW64) AppleWebKit/537.36 (KHTML, like Gecko) Chrome/103.0.0.0 Safari/537.36" 
91.211.90.168 - - [22/Mar/2026:04:23:55 -0700] "POST /blog/page/2/ HTTP/1.0" 200 75236 "https://www.drug-injury-lawyer.com/blog/page/2/" "Mozilla/5.0 (Windows NT 10.0; Win64; x64) AppleWebKit/537.36 (KHTML, like Gecko) Chrome/103.0.0.0 Safari/537.36" 
91.211.90.168 - - [22/Mar/2026:04:23:55 -0700] "POST /blog/page/2/ HTTP/1.0" 200 75236 "https://www.drug-injury-lawyer.com/blog/page/2/" "Mozilla/5.0 (Windows NT 6.3; Win64; x64) AppleWebKit/537.36 (KHTML, like Gecko) Chrome/103.0.5060.53 Safari/537.36" 
91.211.90.170 - - [22/Mar/2026:04:23:57 -0700] "POST /blog/page/2/ HTTP/1.0" 200 75236 "https://www.drug-injury-lawyer.com/blog/page/2/" "Mozilla/5.0 (Windows NT 10.0; WOW64) AppleWebKit/537.36 (KHTML, like Gecko) Chrome/103.0.0.0 Safari/537.36" 
91.211.90.170 - - [22/Mar/2026:04:23:57 -0700] "POST /blog/page/2/ HTTP/1.0" 200 75236 "https://www.drug-injury-lawyer.com/blog/page/2/" "Mozilla/5.0 (Windows NT 10.0; Win64; x64) AppleWebKit/537.36 (KHTML, like Gecko) Chrome/103.0.5060.66 Safari/537.36" 
91.211.90.168 - - [22/Mar/2026:04:23:57 -0700] "GET /author/laba_admin/ HTTP/1.0" 500 6421 "https://www.drug-injury-lawyer.com/author/laba_admin/" "Mozilla/5.0 (Windows NT 10.0; Win64; x64) AppleWebKit/537.36 (KHTML, like Gecko) Chrome/103.0.0.0 Safari/537.36" 
91.211.90.168 - - [22/Mar/2026:04:23:57 -0700] "GET /blog/page/3/ HTTP/1.0" 200 70320 "https://www.drug-injury-lawyer.com/blog/page/3/" "Mozilla/5.0 (Windows NT 10.0; Win64; x64) AppleWebKit/537.36 (KHTML, like Gecko) Chrome/103.0.0.0 Safari/537.36" 
91.211.90.170 - - [22/Mar/2026:04:23:58 -0700] "GET /author/laba_admin/ HTTP/1.0" 500 6421 "https://www.drug-injury-lawyer.com/author/laba_admin/" "Mozilla/5.0 (Windows NT 10.0; WOW64) AppleWebKit/537.36 (KHTML, like Gecko) Chrome/103.0.0.0 Safari/537.36" 
91.211.90.170 - - [22/Mar/2026:04:23:58 -0700] "GET /author/laba_admin/ HTTP/1.0" 500 6421 "https://www.drug-injury-lawyer.com/author/laba_admin/" "Mozilla/5.0 (Windows NT 10.0; Win64; x64) AppleWebKit/537.36 (KHTML, like Gecko) Chrome/103.0.5060.66 Safari/537.36" 
91.211.90.168 - - [22/Mar/2026:04:23:57 -0700] "GET /author/laba_admin/ HTTP/1.0" 500 6421 "https://www.drug-injury-lawyer.com/author/laba_admin/" "Mozilla/5.0 (Windows NT 6.3; Win64; x64) AppleWebKit/537.36 (KHTML, like Gecko) Chrome/103.0.5060.53 Safari/537.36" 
91.211.90.170 - - [22/Mar/2026:04:23:58 -0700] "GET /blog/page/3/ HTTP/1.0" 200 70320 "https://www.drug-injury-lawyer.com/blog/page/3/" "Mozilla/5.0 (Windows NT 10.0; WOW64) AppleWebKit/537.36 (KHTML, like Gecko) Chrome/103.0.0.0 Safari/537.36" 
91.211.90.170 - - [22/Mar/2026:04:23:58 -0700] "GET /blog/page/3/ HTTP/1.0" 200 70320 "https://www.drug-injury-lawyer.com/blog/page/3/" "Mozilla/5.0 (Windows NT 10.0; Win64; x64) AppleWebKit/537.36 (KHTML, like Gecko) Chrome/103.0.5060.66 Safari/537.36" 
91.211.90.168 - - [22/Mar/2026:04:23:58 -0700] "POST /blog/page/3/ HTTP/1.0" 200 70406 "https://www.drug-injury-lawyer.com/blog/page/3/" "Mozilla/5.0 (Windows NT 10.0; Win64; x64) AppleWebKit/537.36 (KHTML, like Gecko) Chrome/103.0.0.0 Safari/537.36" 
91.211.90.168 - - [22/Mar/2026:04:23:58 -0700] "GET /blog/page/3/ HTTP/1.0" 200 70320 "https://www.drug-injury-lawyer.com/blog/page/3/" "Mozilla/5.0 (Windows NT 6.3; Win64; x64) AppleWebKit/537.36 (KHTML, like Gecko) Chrome/103.0.5060.53 Safari/537.36" 
91.211.90.170 - - [22/Mar/2026:04:23:59 -0700] "POST /blog/page/3/ HTTP/1.0" 200 70406 "https://www.drug-injury-lawyer.com/blog/page/3/" "Mozilla/5.0 (Windows NT 10.0; WOW64) AppleWebKit/537.36 (KHTML, like Gecko) Chrome/103.0.0.0 Safari/537.36" 
91.211.90.170 - - [22/Mar/2026:04:23:59 -0700] "POST /blog/page/3/ HTTP/1.0" 200 70406 "https://www.drug-injury-lawyer.com/blog/page/3/" "Mozilla/5.0 (Windows NT 10.0; Win64; x64) AppleWebKit/537.36 (KHTML, like Gecko) Chrome/103.0.5060.66 Safari/537.36" 
91.211.90.168 - - [22/Mar/2026:04:23:59 -0700] "POST /blog/page/3/ HTTP/1.0" 200 70406 "https://www.drug-injury-lawyer.com/blog/page/3/" "Mozilla/5.0 (Windows NT 6.3; Win64; x64) AppleWebKit/537.36 (KHTML, like Gecko) Chrome/103.0.5060.53 Safari/537.36" 
66.249.64.5 - - [22/Mar/2026:04:24:01 -0700] "GET /?goods/126009192 HTTP/1.1" 301 3808 "-" "Mozilla/5.0 (Linux; Android 6.0.1; Nexus 5X Build/MMB29P) AppleWebKit/537.36 (KHTML, like Gecko) Chrome/145.0.7632.159 Mobile Safari/537.36 (compatible; Googlebot/2.1; +http://www.google.com/bot.html)" 
66.249.64.5 - - [22/Mar/2026:04:24:01 -0700] "GET /?goods%2F126009192 HTTP/1.1" 200 13229 "-" "Mozilla/5.0 (Linux; Android 6.0.1; Nexus 5X Build/MMB29P) AppleWebKit/537.36 (KHTML, like Gecko) Chrome/145.0.7632.159 Mobile Safari/537.36 (compatible; Googlebot/2.1; +http://www.google.com/bot.html)" 
66.249.64.6 - - [22/Mar/2026:04:24:14 -0700] "GET /?jp/171025550.html HTTP/1.1" 301 3810 "-" "Mozilla/5.0 (Linux; Android 6.0.1; Nexus 5X Build/MMB29P) AppleWebKit/537.36 (KHTML, like Gecko) Chrome/145.0.7632.159 Mobile Safari/537.36 (compatible; Googlebot/2.1; +http://www.google.com/bot.html)" 
66.249.64.6 - - [22/Mar/2026:04:24:14 -0700] "GET /?jp%2F171025550_html HTTP/1.1" 200 13230 "-" "Mozilla/5.0 (Linux; Android 6.0.1; Nexus 5X Build/MMB29P) AppleWebKit/537.36 (KHTML, like Gecko) Chrome/145.0.7632.159 Mobile Safari/537.36 (compatible; Googlebot/2.1; +http://www.google.com/bot.html)" 
66.249.64.5 - - [22/Mar/2026:04:24:27 -0700] "GET /?goods/212033412 HTTP/1.1" 301 3808 "-" "Mozilla/5.0 (Linux; Android 6.0.1; Nexus 5X Build/MMB29P) AppleWebKit/537.36 (KHTML, like Gecko) Chrome/145.0.7632.159 Mobile Safari/537.36 (compatible; Googlebot/2.1; +http://www.google.com/bot.html)" 
66.249.64.5 - - [22/Mar/2026:04:24:27 -0700] "GET /?goods%2F212033412 HTTP/1.1" 200 13229 "-" "Mozilla/5.0 (Linux; Android 6.0.1; Nexus 5X Build/MMB29P) AppleWebKit/537.36 (KHTML, like Gecko) Chrome/145.0.7632.159 Mobile Safari/537.36 (compatible; Googlebot/2.1; +http://www.google.com/bot.html)" 
173.236.217.44 - - [22/Mar/2026:04:24:40 -0700] "POST /wp-cron.php?doing_wp_cron=1774178680.5875210762023925781250 HTTP/1.1" 200 3646 "-" "WordPress/6.8.5; https://www.drug-injury-lawyer.com" 
66.249.64.5 - - [22/Mar/2026:04:24:40 -0700] "GET /?jp/210037652.html HTTP/1.1" 301 3810 "-" "Mozilla/5.0 (Linux; Android 6.0.1; Nexus 5X Build/MMB29P) AppleWebKit/537.36 (KHTML, like Gecko) Chrome/145.0.7632.159 Mobile Safari/537.36 (compatible; Googlebot/2.1; +http://www.google.com/bot.html)" 
66.249.64.5 - - [22/Mar/2026:04:24:40 -0700] "GET /?jp%2F210037652_html HTTP/1.1" 200 13229 "-" "Mozilla/5.0 (Linux; Android 6.0.1; Nexus 5X Build/MMB29P) AppleWebKit/537.36 (KHTML, like Gecko) Chrome/145.0.7632.159 Mobile Safari/537.36 (compatible; Googlebot/2.1; +http://www.google.com/bot.html)" 
66.249.64.5 - - [22/Mar/2026:04:24:43 -0700] "GET /?goods/281001672 HTTP/1.1" 301 459 "-" "Mozilla/5.0 (Linux; Android 6.0.1; Nexus 5X Build/MMB29P) AppleWebKit/537.36 (KHTML, like Gecko) Chrome/145.0.7632.159 Mobile Safari/537.36 (compatible; Googlebot/2.1; +http://www.google.com/bot.html)" 
66.249.64.5 - - [22/Mar/2026:04:24:43 -0700] "GET /?goods%2F281001672 HTTP/1.1" 200 13226 "-" "Mozilla/5.0 (Linux; Android 6.0.1; Nexus 5X Build/MMB29P) AppleWebKit/537.36 (KHTML, like Gecko) Chrome/145.0.7632.159 Mobile Safari/537.36 (compatible; Googlebot/2.1; +http://www.google.com/bot.html)" 
66.249.64.5 - - [22/Mar/2026:04:24:53 -0700] "GET /?goods/164041920 HTTP/1.1" 301 3808 "-" "Mozilla/5.0 (Linux; Android 6.0.1; Nexus 5X Build/MMB29P) AppleWebKit/537.36 (KHTML, like Gecko) Chrome/145.0.7632.159 Mobile Safari/537.36 (compatible; Googlebot/2.1; +http://www.google.com/bot.html)" 
66.249.64.5 - - [22/Mar/2026:04:24:53 -0700] "GET /?goods%2F164041920 HTTP/1.1" 200 13228 "-" "Mozilla/5.0 (Linux; Android 6.0.1; Nexus 5X Build/MMB29P) AppleWebKit/537.36 (KHTML, like Gecko) Chrome/145.0.7632.159 Mobile Safari/537.36 (compatible; Googlebot/2.1; +http://www.google.com/bot.html)" 
66.249.64.5 - - [22/Mar/2026:04:25:06 -0700] "GET /?detail/10203296133779 HTTP/1.1" 301 3814 "-" "Mozilla/5.0 (Linux; Android 6.0.1; Nexus 5X Build/MMB29P) AppleWebKit/537.36 (KHTML, like Gecko) Chrome/145.0.7632.159 Mobile Safari/537.36 (compatible; Googlebot/2.1; +http://www.google.com/bot.html)" 
66.249.64.7 - - [22/Mar/2026:04:25:06 -0700] "GET /?detail%2F10203296133779 HTTP/1.1" 200 16581 "-" "Mozilla/5.0 (Linux; Android 6.0.1; Nexus 5X Build/MMB29P) AppleWebKit/537.36 (KHTML, like Gecko) Chrome/145.0.7632.159 Mobile Safari/537.36 (compatible; Googlebot/2.1; +http://www.google.com/bot.html)" 
66.249.64.6 - - [22/Mar/2026:04:25:19 -0700] "GET /?jp/068029186.html HTTP/1.1" 301 3810 "-" "Mozilla/5.0 (Linux; Android 6.0.1; Nexus 5X Build/MMB29P) AppleWebKit/537.36 (KHTML, like Gecko) Chrome/145.0.7632.159 Mobile Safari/537.36 (compatible; Googlebot/2.1; +http://www.google.com/bot.html)" 
66.249.64.5 - - [22/Mar/2026:04:25:19 -0700] "GET /?jp%2F068029186_html HTTP/1.1" 200 16579 "-" "Mozilla/5.0 (Linux; Android 6.0.1; Nexus 5X Build/MMB29P) AppleWebKit/537.36 (KHTML, like Gecko) Chrome/145.0.7632.159 Mobile Safari/537.36 (compatible; Googlebot/2.1; +http://www.google.com/bot.html)" 
173.236.217.44 - - [22/Mar/2026:04:25:33 -0700] "POST /wp-cron.php?doing_wp_cron=1774178732.8774070739746093750000 HTTP/1.1" 200 3646 "-" "WordPress/6.8.5; https://www.drug-injury-lawyer.com" 
66.249.64.5 - - [22/Mar/2026:04:25:32 -0700] "GET /?goods/169021485 HTTP/1.1" 301 3808 "-" "Mozilla/5.0 (Linux; Android 6.0.1; Nexus 5X Build/MMB29P) AppleWebKit/537.36 (KHTML, like Gecko) Chrome/145.0.7632.159 Mobile Safari/537.36 (compatible; Googlebot/2.1; +http://www.google.com/bot.html)" 
66.249.64.5 - - [22/Mar/2026:04:25:33 -0700] "GET /?goods%2F169021485 HTTP/1.1" 200 13228 "-" "Mozilla/5.0 (Linux; Android 6.0.1; Nexus 5X Build/MMB29P) AppleWebKit/537.36 (KHTML, like Gecko) Chrome/145.0.7632.159 Mobile Safari/537.36 (compatible; Googlebot/2.1; +http://www.google.com/bot.html)" 
173.236.217.44 - - [22/Mar/2026:04:25:46 -0700] "POST /wp-cron.php?doing_wp_cron=1774178745.9642701148986816406250 HTTP/1.1" 200 3646 "-" "WordPress/6.8.5; https://www.drug-injury-lawyer.com" 
66.249.64.5 - - [22/Mar/2026:04:25:45 -0700] "GET /?jp/180037658.html HTTP/1.1" 301 3810 "-" "Mozilla/5.0 (Linux; Android 6.0.1; Nexus 5X Build/MMB29P) AppleWebKit/537.36 (KHTML, like Gecko) Chrome/145.0.7632.159 Mobile Safari/537.36 (compatible; Googlebot/2.1; +http://www.google.com/bot.html)" 
66.249.64.5 - - [22/Mar/2026:04:25:46 -0700] "GET /?jp%2F180037658_html HTTP/1.1" 200 13229 "-" "Mozilla/5.0 (Linux; Android 6.0.1; Nexus 5X Build/MMB29P) AppleWebKit/537.36 (KHTML, like Gecko) Chrome/145.0.7632.159 Mobile Safari/537.36 (compatible; Googlebot/2.1; +http://www.google.com/bot.html)" 
66.249.64.5 - - [22/Mar/2026:04:25:58 -0700] "GET /?jp/263027414.html HTTP/1.1" 301 3810 "-" "Mozilla/5.0 (Linux; Android 6.0.1; Nexus 5X Build/MMB29P) AppleWebKit/537.36 (KHTML, like Gecko) Chrome/145.0.7632.159 Mobile Safari/537.36 (compatible; Googlebot/2.1; +http://www.google.com/bot.html)" 
66.249.64.5 - - [22/Mar/2026:04:25:59 -0700] "GET /?jp%2F263027414_html HTTP/1.1" 200 13230 "-" "Mozilla/5.0 (Linux; Android 6.0.1; Nexus 5X Build/MMB29P) AppleWebKit/537.36 (KHTML, like Gecko) Chrome/145.0.7632.159 Mobile Safari/537.36 (compatible; Googlebot/2.1; +http://www.google.com/bot.html)" 
66.249.64.5 - - [22/Mar/2026:04:26:12 -0700] "GET /?jp/069026927.html HTTP/1.1" 301 3810 "-" "Mozilla/5.0 (Linux; Android 6.0.1; Nexus 5X Build/MMB29P) AppleWebKit/537.36 (KHTML, like Gecko) Chrome/145.0.7632.159 Mobile Safari/537.36 (compatible; Googlebot/2.1; +http://www.google.com/bot.html)" 
66.249.64.6 - - [22/Mar/2026:04:26:12 -0700] "GET /?jp%2F069026927_html HTTP/1.1" 200 16578 "-" "Mozilla/5.0 (Linux; Android 6.0.1; Nexus 5X Build/MMB29P) AppleWebKit/537.36 (KHTML, like Gecko) Chrome/145.0.7632.159 Mobile Safari/537.36 (compatible; Googlebot/2.1; +http://www.google.com/bot.html)" 
66.249.64.5 - - [22/Mar/2026:04:26:25 -0700] "GET /?detail/25401995412267 HTTP/1.1" 301 3814 "-" "Mozilla/5.0 (Linux; Android 6.0.1; Nexus 5X Build/MMB29P) AppleWebKit/537.36 (KHTML, like Gecko) Chrome/145.0.7632.159 Mobile Safari/537.36 (compatible; Googlebot/2.1; +http://www.google.com/bot.html)" 
66.249.64.5 - - [22/Mar/2026:04:26:25 -0700] "GET /?detail%2F25401995412267 HTTP/1.1" 200 13232 "-" "Mozilla/5.0 (Linux; Android 6.0.1; Nexus 5X Build/MMB29P) AppleWebKit/537.36 (KHTML, like Gecko) Chrome/145.0.7632.159 Mobile Safari/537.36 (compatible; Googlebot/2.1; +http://www.google.com/bot.html)" 
141.98.11.44 - - [22/Mar/2026:04:26:29 -0700] "GET /wp-includes/sodium_compat/src/Core/SecretStream/State.php HTTP/1.1" 200 3661 "-" "Mozilla/5.0 (Windows NT 10.0; Win64; x64) AppleWebKit/537.36" 
173.236.217.44 - - [22/Mar/2026:04:26:38 -0700] "POST /wp-cron.php?doing_wp_cron=1774178798.2789120674133300781250 HTTP/1.1" 200 3646 "-" "WordPress/6.8.5; https://www.drug-injury-lawyer.com" 
66.249.64.5 - - [22/Mar/2026:04:26:38 -0700] "GET /?detail/21002425848350 HTTP/1.1" 301 3814 "-" "Mozilla/5.0 (Linux; Android 6.0.1; Nexus 5X Build/MMB29P) AppleWebKit/537.36 (KHTML, like Gecko) Chrome/145.0.7632.159 Mobile Safari/537.36 (compatible; Googlebot/2.1; +http://www.google.com/bot.html)" 
66.249.64.5 - - [22/Mar/2026:04:26:38 -0700] "GET /?detail%2F21002425848350 HTTP/1.1" 200 13232 "-" "Mozilla/5.0 (Linux; Android 6.0.1; Nexus 5X Build/MMB29P) AppleWebKit/537.36 (KHTML, like Gecko) Chrome/145.0.7632.159 Mobile Safari/537.36 (compatible; Googlebot/2.1; +http://www.google.com/bot.html)" 
91.211.90.158 - - [22/Mar/2026:04:26:47 -0700] "GET /blog/page/3/ HTTP/1.0" 200 70320 "https://www.drug-injury-lawyer.com/blog/page/3/" "Mozilla/5.0 (Windows NT 6.2; Win64; x64) AppleWebKit/537.36 (KHTML, like Gecko) Chrome/103.0.0.0 Safari/537.36" 
91.211.90.158 - - [22/Mar/2026:04:26:48 -0700] "GET /blog/page/2/ HTTP/1.0" 200 75150 "https://www.drug-injury-lawyer.com/blog/page/2/" "Mozilla/5.0 (Windows NT 6.2; Win64; x64) AppleWebKit/537.36 (KHTML, like Gecko) Chrome/103.0.0.0 Safari/537.36" 
91.211.90.158 - - [22/Mar/2026:04:26:49 -0700] "POST /blog/page/2/ HTTP/1.0" 200 75236 "https://www.drug-injury-lawyer.com/blog/page/2/" "Mozilla/5.0 (Windows NT 6.2; Win64; x64) AppleWebKit/537.36 (KHTML, like Gecko) Chrome/103.0.0.0 Safari/537.36" 
91.211.90.158 - - [22/Mar/2026:04:26:50 -0700] "GET /author/laba_admin/ HTTP/1.0" 500 6421 "https://www.drug-injury-lawyer.com/author/laba_admin/" "Mozilla/5.0 (Windows NT 6.2; Win64; x64) AppleWebKit/537.36 (KHTML, like Gecko) Chrome/103.0.0.0 Safari/537.36" 
91.211.90.158 - - [22/Mar/2026:04:26:50 -0700] "GET /blog/page/3/ HTTP/1.0" 200 70320 "https://www.drug-injury-lawyer.com/blog/page/3/" "Mozilla/5.0 (Windows NT 6.2; Win64; x64) AppleWebKit/537.36 (KHTML, like Gecko) Chrome/103.0.0.0 Safari/537.36" 
66.249.64.5 - - [22/Mar/2026:04:26:51 -0700] "GET /?goods/135043815 HTTP/1.1" 301 3808 "-" "Mozilla/5.0 (Linux; Android 6.0.1; Nexus 5X Build/MMB29P) AppleWebKit/537.36 (KHTML, like Gecko) Chrome/145.0.7632.159 Mobile Safari/537.36 (compatible; Googlebot/2.1; +http://www.google.com/bot.html)" 
66.249.64.5 - - [22/Mar/2026:04:26:51 -0700] "GET /?goods%2F135043815 HTTP/1.1" 200 13229 "-" "Mozilla/5.0 (Linux; Android 6.0.1; Nexus 5X Build/MMB29P) AppleWebKit/537.36 (KHTML, like Gecko) Chrome/145.0.7632.159 Mobile Safari/537.36 (compatible; Googlebot/2.1; +http://www.google.com/bot.html)" 
91.211.90.158 - - [22/Mar/2026:04:26:51 -0700] "POST /blog/page/3/ HTTP/1.0" 200 70406 "https://www.drug-injury-lawyer.com/blog/page/3/" "Mozilla/5.0 (Windows NT 6.2; Win64; x64) AppleWebKit/537.36 (KHTML, like Gecko) Chrome/103.0.0.0 Safari/537.36" 
66.249.64.5 - - [22/Mar/2026:04:26:53 -0700] "GET /?goods/101044749 HTTP/1.1" 301 459 "-" "Mozilla/5.0 (Linux; Android 6.0.1; Nexus 5X Build/MMB29P) AppleWebKit/537.36 (KHTML, like Gecko) Chrome/145.0.7632.159 Mobile Safari/537.36 (compatible; Googlebot/2.1; +http://www.google.com/bot.html)" 
66.249.64.5 - - [22/Mar/2026:04:26:53 -0700] "GET /?goods%2F101044749 HTTP/1.1" 200 13229 "-" "Mozilla/5.0 (Linux; Android 6.0.1; Nexus 5X Build/MMB29P) AppleWebKit/537.36 (KHTML, like Gecko) Chrome/145.0.7632.159 Mobile Safari/537.36 (compatible; Googlebot/2.1; +http://www.google.com/bot.html)" 
66.249.64.6 - - [22/Mar/2026:04:27:04 -0700] "GET /?detail/03900248107255 HTTP/1.1" 301 3814 "-" "Mozilla/5.0 (Linux; Android 6.0.1; Nexus 5X Build/MMB29P) AppleWebKit/537.36 (KHTML, like Gecko) Chrome/145.0.7632.159 Mobile Safari/537.36 (compatible; Googlebot/2.1; +http://www.google.com/bot.html)" 
66.249.64.6 - - [22/Mar/2026:04:27:04 -0700] "GET /?detail%2F03900248107255 HTTP/1.1" 200 13232 "-" "Mozilla/5.0 (Linux; Android 6.0.1; Nexus 5X Build/MMB29P) AppleWebKit/537.36 (KHTML, like Gecko) Chrome/145.0.7632.159 Mobile Safari/537.36 (compatible; Googlebot/2.1; +http://www.google.com/bot.html)" 
66.249.64.6 - - [22/Mar/2026:04:27:17 -0700] "GET /?detail/1050436228452 HTTP/1.1" 301 3813 "-" "Mozilla/5.0 (Linux; Android 6.0.1; Nexus 5X Build/MMB29P) AppleWebKit/537.36 (KHTML, like Gecko) Chrome/145.0.7632.159 Mobile Safari/537.36 (compatible; Googlebot/2.1; +http://www.google.com/bot.html)" 
66.249.64.6 - - [22/Mar/2026:04:27:17 -0700] "GET /?detail%2F1050436228452 HTTP/1.1" 200 13231 "-" "Mozilla/5.0 (Linux; Android 6.0.1; Nexus 5X Build/MMB29P) AppleWebKit/537.36 (KHTML, like Gecko) Chrome/145.0.7632.159 Mobile Safari/537.36 (compatible; Googlebot/2.1; +http://www.google.com/bot.html)" 
173.236.217.44 - - [22/Mar/2026:04:27:30 -0700] "POST /wp-cron.php?doing_wp_cron=1774178850.5860939025878906250000 HTTP/1.1" 200 3646 "-" "WordPress/6.8.5; https://www.drug-injury-lawyer.com" 
66.249.64.5 - - [22/Mar/2026:04:27:30 -0700] "GET /?jp/269005084.html HTTP/1.1" 301 3810 "-" "Mozilla/5.0 (Linux; Android 6.0.1; Nexus 5X Build/MMB29P) AppleWebKit/537.36 (KHTML, like Gecko) Chrome/145.0.7632.159 Mobile Safari/537.36 (compatible; Googlebot/2.1; +http://www.google.com/bot.html)" 
66.249.64.5 - - [22/Mar/2026:04:27:30 -0700] "GET /?jp%2F269005084_html HTTP/1.1" 200 13230 "-" "Mozilla/5.0 (Linux; Android 6.0.1; Nexus 5X Build/MMB29P) AppleWebKit/537.36 (KHTML, like Gecko) Chrome/145.0.7632.159 Mobile Safari/537.36 (compatible; Googlebot/2.1; +http://www.google.com/bot.html)" 
173.236.217.44 - - [22/Mar/2026:04:27:43 -0700] "POST /wp-cron.php?doing_wp_cron=1774178863.6685700416564941406250 HTTP/1.1" 200 3646 "-" "WordPress/6.8.5; https://www.drug-injury-lawyer.com" 
66.249.64.5 - - [22/Mar/2026:04:27:43 -0700] "GET /?goods/178012404 HTTP/1.1" 301 3808 "-" "Mozilla/5.0 (Linux; Android 6.0.1; Nexus 5X Build/MMB29P) AppleWebKit/537.36 (KHTML, like Gecko) Chrome/145.0.7632.159 Mobile Safari/537.36 (compatible; Googlebot/2.1; +http://www.google.com/bot.html)" 
66.249.64.5 - - [22/Mar/2026:04:27:43 -0700] "GET /?goods%2F178012404 HTTP/1.1" 200 13229 "-" "Mozilla/5.0 (Linux; Android 6.0.1; Nexus 5X Build/MMB29P) AppleWebKit/537.36 (KHTML, like Gecko) Chrome/145.0.7632.159 Mobile Safari/537.36 (compatible; Googlebot/2.1; +http://www.google.com/bot.html)" 
107.20.105.74 - - [22/Mar/2026:04:27:55 -0700] "HEAD / HTTP/2.0" 200 342 "http://www.drug-injury-lawyer.com/" "DreamHost SiteMonitor 1.0" 
66.249.64.5 - - [22/Mar/2026:04:27:56 -0700] "GET /?detail/0250192464316 HTTP/1.1" 301 3813 "-" "Mozilla/5.0 (Linux; Android 6.0.1; Nexus 5X Build/MMB29P) AppleWebKit/537.36 (KHTML, like Gecko) Chrome/145.0.7632.159 Mobile Safari/537.36 (compatible; Googlebot/2.1; +http://www.google.com/bot.html)" 
66.249.64.5 - - [22/Mar/2026:04:27:56 -0700] "GET /?detail%2F0250192464316 HTTP/1.1" 200 13231 "-" "Mozilla/5.0 (Linux; Android 6.0.1; Nexus 5X Build/MMB29P) AppleWebKit/537.36 (KHTML, like Gecko) Chrome/145.0.7632.159 Mobile Safari/537.36 (compatible; Googlebot/2.1; +http://www.google.com/bot.html)" 
66.249.64.7 - - [22/Mar/2026:04:28:09 -0700] "GET /?goods/077021637 HTTP/1.1" 301 3808 "-" "Mozilla/5.0 (Linux; Android 6.0.1; Nexus 5X Build/MMB29P) AppleWebKit/537.36 (KHTML, like Gecko) Chrome/145.0.7632.159 Mobile Safari/537.36 (compatible; Googlebot/2.1; +http://www.google.com/bot.html)" 
66.249.64.7 - - [22/Mar/2026:04:28:09 -0700] "GET /?goods%2F077021637 HTTP/1.1" 200 13227 "-" "Mozilla/5.0 (Linux; Android 6.0.1; Nexus 5X Build/MMB29P) AppleWebKit/537.36 (KHTML, like Gecko) Chrome/145.0.7632.159 Mobile Safari/537.36 (compatible; Googlebot/2.1; +http://www.google.com/bot.html)" 
66.249.64.5 - - [22/Mar/2026:04:28:17 -0700] "GET /?jp/217009388.html HTTP/1.1" 301 3810 "-" "Mozilla/5.0 (Linux; Android 6.0.1; Nexus 5X Build/MMB29P) AppleWebKit/537.36 (KHTML, like Gecko) Chrome/145.0.7632.159 Mobile Safari/537.36 (compatible; Googlebot/2.1; +http://www.google.com/bot.html)" 
66.249.64.5 - - [22/Mar/2026:04:28:17 -0700] "GET /?jp%2F217009388_html HTTP/1.1" 200 13230 "-" "Mozilla/5.0 (Linux; Android 6.0.1; Nexus 5X Build/MMB29P) AppleWebKit/537.36 (KHTML, like Gecko) Chrome/145.0.7632.159 Mobile Safari/537.36 (compatible; Googlebot/2.1; +http://www.google.com/bot.html)" 
66.249.64.5 - - [22/Mar/2026:04:28:22 -0700] "GET /?goods/042001133 HTTP/1.1" 301 3808 "-" "Mozilla/5.0 (Linux; Android 6.0.1; Nexus 5X Build/MMB29P) AppleWebKit/537.36 (KHTML, like Gecko) Chrome/145.0.7632.159 Mobile Safari/537.36 (compatible; Googlebot/2.1; +http://www.google.com/bot.html)" 
66.249.64.5 - - [22/Mar/2026:04:28:22 -0700] "GET /?goods%2F042001133 HTTP/1.1" 200 13229 "-" "Mozilla/5.0 (Linux; Android 6.0.1; Nexus 5X Build/MMB29P) AppleWebKit/537.36 (KHTML, like Gecko) Chrome/145.0.7632.159 Mobile Safari/537.36 (compatible; Googlebot/2.1; +http://www.google.com/bot.html)" 
66.249.64.5 - - [22/Mar/2026:04:28:35 -0700] "GET /?detail/15504278085002 HTTP/1.1" 301 3814 "-" "Mozilla/5.0 (Linux; Android 6.0.1; Nexus 5X Build/MMB29P) AppleWebKit/537.36 (KHTML, like Gecko) Chrome/145.0.7632.159 Mobile Safari/537.36 (compatible; Googlebot/2.1; +http://www.google.com/bot.html)" 
173.236.217.44 - - [22/Mar/2026:04:28:36 -0700] "POST /wp-cron.php?doing_wp_cron=1774178915.9937410354614257812500 HTTP/1.1" 200 3646 "-" "WordPress/6.8.5; https://www.drug-injury-lawyer.com" 
66.249.64.5 - - [22/Mar/2026:04:28:36 -0700] "GET /?detail%2F15504278085002 HTTP/1.1" 200 13231 "-" "Mozilla/5.0 (Linux; Android 6.0.1; Nexus 5X Build/MMB29P) AppleWebKit/537.36 (KHTML, like Gecko) Chrome/145.0.7632.159 Mobile Safari/537.36 (compatible; Googlebot/2.1; +http://www.google.com/bot.html)" 
173.236.217.44 - - [22/Mar/2026:04:28:49 -0700] "POST /wp-cron.php?doing_wp_cron=1774178929.0729360580444335937500 HTTP/1.1" 200 3646 "-" "WordPress/6.8.5; https://www.drug-injury-lawyer.com" 
66.249.64.5 - - [22/Mar/2026:04:28:48 -0700] "GET /?jp/218037001.html HTTP/1.1" 301 3810 "-" "Mozilla/5.0 (Linux; Android 6.0.1; Nexus 5X Build/MMB29P) AppleWebKit/537.36 (KHTML, like Gecko) Chrome/145.0.7632.159 Mobile Safari/537.36 (compatible; Googlebot/2.1; +http://www.google.com/bot.html)" 
66.249.64.5 - - [22/Mar/2026:04:28:49 -0700] "GET /?jp%2F218037001_html HTTP/1.1" 200 13230 "-" "Mozilla/5.0 (Linux; Android 6.0.1; Nexus 5X Build/MMB29P) AppleWebKit/537.36 (KHTML, like Gecko) Chrome/145.0.7632.159 Mobile Safari/537.36 (compatible; Googlebot/2.1; +http://www.google.com/bot.html)" 
66.249.64.6 - - [22/Mar/2026:04:29:02 -0700] "GET /?goods/055030263 HTTP/1.1" 301 3808 "-" "Mozilla/5.0 (Linux; Android 6.0.1; Nexus 5X Build/MMB29P) AppleWebKit/537.36 (KHTML, like Gecko) Chrome/145.0.7632.159 Mobile Safari/537.36 (compatible; Googlebot/2.1; +http://www.google.com/bot.html)" 
66.249.64.7 - - [22/Mar/2026:04:29:02 -0700] "GET /?goods%2F055030263 HTTP/1.1" 200 16578 "-" "Mozilla/5.0 (Linux; Android 6.0.1; Nexus 5X Build/MMB29P) AppleWebKit/537.36 (KHTML, like Gecko) Chrome/145.0.7632.159 Mobile Safari/537.36 (compatible; Googlebot/2.1; +http://www.google.com/bot.html)" 
66.249.64.5 - - [22/Mar/2026:04:29:15 -0700] "GET /?goods/100029978 HTTP/1.1" 301 3808 "-" "Mozilla/5.0 (Linux; Android 6.0.1; Nexus 5X Build/MMB29P) AppleWebKit/537.36 (KHTML, like Gecko) Chrome/145.0.7632.159 Mobile Safari/537.36 (compatible; Googlebot/2.1; +http://www.google.com/bot.html)" 
66.249.64.6 - - [22/Mar/2026:04:29:15 -0700] "GET /?goods%2F100029978 HTTP/1.1" 200 16578 "-" "Mozilla/5.0 (Linux; Android 6.0.1; Nexus 5X Build/MMB29P) AppleWebKit/537.36 (KHTML, like Gecko) Chrome/145.0.7632.159 Mobile Safari/537.36 (compatible; Googlebot/2.1; +http://www.google.com/bot.html)" 
66.249.64.5 - - [22/Mar/2026:04:29:28 -0700] "GET /?goods/274029625 HTTP/1.1" 301 3808 "-" "Mozilla/5.0 (Linux; Android 6.0.1; Nexus 5X Build/MMB29P) AppleWebKit/537.36 (KHTML, like Gecko) Chrome/145.0.7632.159 Mobile Safari/537.36 (compatible; Googlebot/2.1; +http://www.google.com/bot.html)" 
66.249.64.5 - - [22/Mar/2026:04:29:28 -0700] "GET /?goods%2F274029625 HTTP/1.1" 200 13229 "-" "Mozilla/5.0 (Linux; Android 6.0.1; Nexus 5X Build/MMB29P) AppleWebKit/537.36 (KHTML, like Gecko) Chrome/145.0.7632.159 Mobile Safari/537.36 (compatible; Googlebot/2.1; +http://www.google.com/bot.html)" 
173.236.217.44 - - [22/Mar/2026:04:29:41 -0700] "POST /wp-cron.php?doing_wp_cron=1774178981.3755159378051757812500 HTTP/1.1" 200 3646 "-" "WordPress/6.8.5; https://www.drug-injury-lawyer.com" 
66.249.64.5 - - [22/Mar/2026:04:29:41 -0700] "GET /?goods/166021945 HTTP/1.1" 301 3808 "-" "Mozilla/5.0 (Linux; Android 6.0.1; Nexus 5X Build/MMB29P) AppleWebKit/537.36 (KHTML, like Gecko) Chrome/145.0.7632.159 Mobile Safari/537.36 (compatible; Googlebot/2.1; +http://www.google.com/bot.html)" 
66.249.64.5 - - [22/Mar/2026:04:29:41 -0700] "GET /?goods%2F166021945 HTTP/1.1" 200 13228 "-" "Mozilla/5.0 (Linux; Android 6.0.1; Nexus 5X Build/MMB29P) AppleWebKit/537.36 (KHTML, like Gecko) Chrome/145.0.7632.159 Mobile Safari/537.36 (compatible; Googlebot/2.1; +http://www.google.com/bot.html)" 
66.249.64.5 - - [22/Mar/2026:04:30:05 -0700] "GET /?goods/063013476 HTTP/1.1" 301 3808 "-" "Mozilla/5.0 (Linux; Android 6.0.1; Nexus 5X Build/MMB29P) AppleWebKit/537.36 (KHTML, like Gecko) Chrome/145.0.7632.159 Mobile Safari/537.36 (compatible; Googlebot/2.1; +http://www.google.com/bot.html)" 
66.249.64.7 - - [22/Mar/2026:04:30:05 -0700] "GET /?goods%2F063013476 HTTP/1.1" 200 16578 "-" "Mozilla/5.0 (Linux; Android 6.0.1; Nexus 5X Build/MMB29P) AppleWebKit/537.36 (KHTML, like Gecko) Chrome/145.0.7632.159 Mobile Safari/537.36 (compatible; Googlebot/2.1; +http://www.google.com/bot.html)" 
66.249.64.6 - - [22/Mar/2026:04:30:11 -0700] "GET /?jp/002019775.html HTTP/1.1" 301 3810 "-" "Mozilla/5.0 (Linux; Android 6.0.1; Nexus 5X Build/MMB29P) AppleWebKit/537.36 (KHTML, like Gecko) Chrome/145.0.7632.159 Mobile Safari/537.36 (compatible; Googlebot/2.1; +http://www.google.com/bot.html)" 
66.249.64.5 - - [22/Mar/2026:04:30:11 -0700] "GET /?jp%2F002019775_html HTTP/1.1" 200 16579 "-" "Mozilla/5.0 (Linux; Android 6.0.1; Nexus 5X Build/MMB29P) AppleWebKit/537.36 (KHTML, like Gecko) Chrome/145.0.7632.159 Mobile Safari/537.36 (compatible; Googlebot/2.1; +http://www.google.com/bot.html)" 
66.249.64.5 - - [22/Mar/2026:04:30:20 -0700] "GET /?goods/106009574 HTTP/1.1" 301 3808 "-" "Mozilla/5.0 (Linux; Android 6.0.1; Nexus 5X Build/MMB29P) AppleWebKit/537.36 (KHTML, like Gecko) Chrome/145.0.7632.159 Mobile Safari/537.36 (compatible; Googlebot/2.1; +http://www.google.com/bot.html)" 
66.249.64.5 - - [22/Mar/2026:04:30:20 -0700] "GET /?goods%2F106009574 HTTP/1.1" 200 13229 "-" "Mozilla/5.0 (Linux; Android 6.0.1; Nexus 5X Build/MMB29P) AppleWebKit/537.36 (KHTML, like Gecko) Chrome/145.0.7632.159 Mobile Safari/537.36 (compatible; Googlebot/2.1; +http://www.google.com/bot.html)" 
173.236.217.44 - - [22/Mar/2026:04:30:33 -0700] "POST /wp-cron.php?doing_wp_cron=1774179033.6999309062957763671875 HTTP/1.1" 200 3646 "-" "WordPress/6.8.5; https://www.drug-injury-lawyer.com" 
66.249.64.5 - - [22/Mar/2026:04:30:33 -0700] "GET /?detail/05002739279323 HTTP/1.1" 301 3814 "-" "Mozilla/5.0 (Linux; Android 6.0.1; Nexus 5X Build/MMB29P) AppleWebKit/537.36 (KHTML, like Gecko) Chrome/145.0.7632.159 Mobile Safari/537.36 (compatible; Googlebot/2.1; +http://www.google.com/bot.html)" 
66.249.64.5 - - [22/Mar/2026:04:30:33 -0700] "GET /?detail%2F05002739279323 HTTP/1.1" 200 13232 "-" "Mozilla/5.0 (Linux; Android 6.0.1; Nexus 5X Build/MMB29P) AppleWebKit/537.36 (KHTML, like Gecko) Chrome/145.0.7632.159 Mobile Safari/537.36 (compatible; Googlebot/2.1; +http://www.google.com/bot.html)" 
66.249.64.5 - - [22/Mar/2026:04:30:34 -0700] "GET /?goods/259034277 HTTP/1.1" 301 459 "-" "Mozilla/5.0 (Linux; Android 6.0.1; Nexus 5X Build/MMB29P) AppleWebKit/537.36 (KHTML, like Gecko) Chrome/145.0.7632.159 Mobile Safari/537.36 (compatible; Googlebot/2.1; +http://www.google.com/bot.html)" 
66.249.64.5 - - [22/Mar/2026:04:30:34 -0700] "GET /?goods%2F259034277 HTTP/1.1" 200 13229 "-" "Mozilla/5.0 (Linux; Android 6.0.1; Nexus 5X Build/MMB29P) AppleWebKit/537.36 (KHTML, like Gecko) Chrome/145.0.7632.159 Mobile Safari/537.36 (compatible; Googlebot/2.1; +http://www.google.com/bot.html)" 
173.236.217.44 - - [22/Mar/2026:04:30:46 -0700] "POST /wp-cron.php?doing_wp_cron=1774179046.7774450778961181640625 HTTP/1.1" 200 3646 "-" "WordPress/6.8.5; https://www.drug-injury-lawyer.com" 
66.249.64.5 - - [22/Mar/2026:04:30:46 -0700] "GET /?detail/06703213541148 HTTP/1.1" 301 3814 "-" "Mozilla/5.0 (Linux; Android 6.0.1; Nexus 5X Build/MMB29P) AppleWebKit/537.36 (KHTML, like Gecko) Chrome/145.0.7632.159 Mobile Safari/537.36 (compatible; Googlebot/2.1; +http://www.google.com/bot.html)" 
66.249.64.5 - - [22/Mar/2026:04:30:47 -0700] "GET /?detail%2F06703213541148 HTTP/1.1" 200 13232 "-" "Mozilla/5.0 (Linux; Android 6.0.1; Nexus 5X Build/MMB29P) AppleWebKit/537.36 (KHTML, like Gecko) Chrome/145.0.7632.159 Mobile Safari/537.36 (compatible; Googlebot/2.1; +http://www.google.com/bot.html)" 
66.249.64.5 - - [22/Mar/2026:04:30:59 -0700] "GET /?detail/1420430295853 HTTP/1.1" 301 3813 "-" "Mozilla/5.0 (Linux; Android 6.0.1; Nexus 5X Build/MMB29P) AppleWebKit/537.36 (KHTML, like Gecko) Chrome/145.0.7632.159 Mobile Safari/537.36 (compatible; Googlebot/2.1; +http://www.google.com/bot.html)" 
66.249.64.5 - - [22/Mar/2026:04:30:59 -0700] "GET /?detail%2F1420430295853 HTTP/1.1" 200 13231 "-" "Mozilla/5.0 (Linux; Android 6.0.1; Nexus 5X Build/MMB29P) AppleWebKit/537.36 (KHTML, like Gecko) Chrome/145.0.7632.159 Mobile Safari/537.36 (compatible; Googlebot/2.1; +http://www.google.com/bot.html)" 
66.249.64.5 - - [22/Mar/2026:04:31:12 -0700] "GET /?detail/0280353359147 HTTP/1.1" 301 3813 "-" "Mozilla/5.0 (Linux; Android 6.0.1; Nexus 5X Build/MMB29P) AppleWebKit/537.36 (KHTML, like Gecko) Chrome/145.0.7632.159 Mobile Safari/537.36 (compatible; Googlebot/2.1; +http://www.google.com/bot.html)" 
66.249.64.5 - - [22/Mar/2026:04:31:13 -0700] "GET /?detail%2F0280353359147 HTTP/1.1" 200 13231 "-" "Mozilla/5.0 (Linux; Android 6.0.1; Nexus 5X Build/MMB29P) AppleWebKit/537.36 (KHTML, like Gecko) Chrome/145.0.7632.159 Mobile Safari/537.36 (compatible; Googlebot/2.1; +http://www.google.com/bot.html)" 
66.249.64.5 - - [22/Mar/2026:04:31:25 -0700] "GET /?jp/095004802.html HTTP/1.1" 301 3810 "-" "Mozilla/5.0 (Linux; Android 6.0.1; Nexus 5X Build/MMB29P) AppleWebKit/537.36 (KHTML, like Gecko) Chrome/145.0.7632.159 Mobile Safari/537.36 (compatible; Googlebot/2.1; +http://www.google.com/bot.html)" 
66.249.64.5 - - [22/Mar/2026:04:31:26 -0700] "GET /?jp%2F095004802_html HTTP/1.1" 200 13230 "-" "Mozilla/5.0 (Linux; Android 6.0.1; Nexus 5X Build/MMB29P) AppleWebKit/537.36 (KHTML, like Gecko) Chrome/145.0.7632.159 Mobile Safari/537.36 (compatible; Googlebot/2.1; +http://www.google.com/bot.html)" 
173.236.217.44 - - [22/Mar/2026:04:31:39 -0700] "POST /wp-cron.php?doing_wp_cron=1774179099.1173450946807861328125 HTTP/1.1" 200 3646 "-" "WordPress/6.8.5; https://www.drug-injury-lawyer.com" 
66.249.64.5 - - [22/Mar/2026:04:31:39 -0700] "GET /?detail/00603839902446 HTTP/1.1" 301 3814 "-" "Mozilla/5.0 (Linux; Android 6.0.1; Nexus 5X Build/MMB29P) AppleWebKit/537.36 (KHTML, like Gecko) Chrome/145.0.7632.159 Mobile Safari/537.36 (compatible; Googlebot/2.1; +http://www.google.com/bot.html)" 
66.249.64.5 - - [22/Mar/2026:04:31:39 -0700] "GET /?detail%2F00603839902446 HTTP/1.1" 200 13232 "-" "Mozilla/5.0 (Linux; Android 6.0.1; Nexus 5X Build/MMB29P) AppleWebKit/537.36 (KHTML, like Gecko) Chrome/145.0.7632.159 Mobile Safari/537.36 (compatible; Googlebot/2.1; +http://www.google.com/bot.html)" 
66.249.64.5 - - [22/Mar/2026:04:31:44 -0700] "GET /?detail/23103323098266 HTTP/1.1" 301 3814 "-" "Mozilla/5.0 (Linux; Android 6.0.1; Nexus 5X Build/MMB29P) AppleWebKit/537.36 (KHTML, like Gecko) Chrome/145.0.7632.159 Mobile Safari/537.36 (compatible; Googlebot/2.1; +http://www.google.com/bot.html)" 
66.249.64.5 - - [22/Mar/2026:04:31:44 -0700] "GET /?detail%2F23103323098266 HTTP/1.1" 200 13230 "-" "Mozilla/5.0 (Linux; Android 6.0.1; Nexus 5X Build/MMB29P) AppleWebKit/537.36 (KHTML, like Gecko) Chrome/145.0.7632.159 Mobile Safari/537.36 (compatible; Googlebot/2.1; +http://www.google.com/bot.html)" 
66.249.64.5 - - [22/Mar/2026:04:31:46 -0700] "GET /?goods/167045347 HTTP/1.1" 301 459 "-" "Mozilla/5.0 (Linux; Android 6.0.1; Nexus 5X Build/MMB29P) AppleWebKit/537.36 (KHTML, like Gecko) Chrome/145.0.7632.159 Mobile Safari/537.36 (compatible; Googlebot/2.1; +http://www.google.com/bot.html)" 
66.249.64.5 - - [22/Mar/2026:04:31:46 -0700] "GET /?goods%2F167045347 HTTP/1.1" 200 13228 "-" "Mozilla/5.0 (Linux; Android 6.0.1; Nexus 5X Build/MMB29P) AppleWebKit/537.36 (KHTML, like Gecko) Chrome/145.0.7632.159 Mobile Safari/537.36 (compatible; Googlebot/2.1; +http://www.google.com/bot.html)" 
66.249.64.5 - - [22/Mar/2026:04:31:52 -0700] "GET /?jp/100029978.html HTTP/1.1" 301 3810 "-" "Mozilla/5.0 (Linux; Android 6.0.1; Nexus 5X Build/MMB29P) AppleWebKit/537.36 (KHTML, like Gecko) Chrome/145.0.7632.159 Mobile Safari/537.36 (compatible; Googlebot/2.1; +http://www.google.com/bot.html)" 
66.249.64.5 - - [22/Mar/2026:04:31:52 -0700] "GET /?jp%2F100029978_html HTTP/1.1" 200 13230 "-" "Mozilla/5.0 (Linux; Android 6.0.1; Nexus 5X Build/MMB29P) AppleWebKit/537.36 (KHTML, like Gecko) Chrome/145.0.7632.159 Mobile Safari/537.36 (compatible; Googlebot/2.1; +http://www.google.com/bot.html)" 
66.249.64.6 - - [22/Mar/2026:04:32:05 -0700] "GET /?goods/045005146 HTTP/1.1" 301 3808 "-" "Mozilla/5.0 (Linux; Android 6.0.1; Nexus 5X Build/MMB29P) AppleWebKit/537.36 (KHTML, like Gecko) Chrome/145.0.7632.159 Mobile Safari/537.36 (compatible; Googlebot/2.1; +http://www.google.com/bot.html)" 
66.249.64.7 - - [22/Mar/2026:04:32:05 -0700] "GET /?goods%2F045005146 HTTP/1.1" 200 16577 "-" "Mozilla/5.0 (Linux; Android 6.0.1; Nexus 5X Build/MMB29P) AppleWebKit/537.36 (KHTML, like Gecko) Chrome/145.0.7632.159 Mobile Safari/537.36 (compatible; Googlebot/2.1; +http://www.google.com/bot.html)" 
66.249.64.6 - - [22/Mar/2026:04:32:18 -0700] "GET /?detail/038010830905 HTTP/1.1" 301 3812 "-" "Mozilla/5.0 (Linux; Android 6.0.1; Nexus 5X Build/MMB29P) AppleWebKit/537.36 (KHTML, like Gecko) Chrome/145.0.7632.159 Mobile Safari/537.36 (compatible; Googlebot/2.1; +http://www.google.com/bot.html)" 
66.249.64.5 - - [22/Mar/2026:04:32:18 -0700] "GET /?detail%2F038010830905 HTTP/1.1" 200 16579 "-" "Mozilla/5.0 (Linux; Android 6.0.1; Nexus 5X Build/MMB29P) AppleWebKit/537.36 (KHTML, like Gecko) Chrome/145.0.7632.159 Mobile Safari/537.36 (compatible; Googlebot/2.1; +http://www.google.com/bot.html)" 
173.236.217.44 - - [22/Mar/2026:04:32:30 -0700] "POST /wp-cron.php?doing_wp_cron=1774179150.7389070987701416015625 HTTP/1.1" 200 3646 "-" "WordPress/6.8.5; https://www.drug-injury-lawyer.com" 
114.119.145.249 - - [22/Mar/2026:04:32:30 -0700] "GET /?sitemap770_xml HTTP/1.1" 200 16536 "-" "Mozilla/5.0 (Linux; Android 7.0;) AppleWebKit/537.36 (KHTML, like Gecko) Mobile Safari/537.36 (compatible; PetalBot;+https://webmaster.petalsearch.com/site/petalbot)" 
66.249.64.5 - - [22/Mar/2026:04:32:31 -0700] "GET /?goods/204043078 HTTP/1.1" 301 3808 "-" "Mozilla/5.0 (Linux; Android 6.0.1; Nexus 5X Build/MMB29P) AppleWebKit/537.36 (KHTML, like Gecko) Chrome/145.0.7632.159 Mobile Safari/537.36 (compatible; Googlebot/2.1; +http://www.google.com/bot.html)" 
66.249.64.5 - - [22/Mar/2026:04:32:31 -0700] "GET /?goods%2F204043078 HTTP/1.1" 200 13229 "-" "Mozilla/5.0 (Linux; Android 6.0.1; Nexus 5X Build/MMB29P) AppleWebKit/537.36 (KHTML, like Gecko) Chrome/145.0.7632.159 Mobile Safari/537.36 (compatible; Googlebot/2.1; +http://www.google.com/bot.html)" 
173.236.217.44 - - [22/Mar/2026:04:32:44 -0700] "POST /wp-cron.php?doing_wp_cron=1774179164.4893500804901123046875 HTTP/1.1" 200 3646 "-" "WordPress/6.8.5; https://www.drug-injury-lawyer.com" 
66.249.64.5 - - [22/Mar/2026:04:32:44 -0700] "GET /?goods/050027395 HTTP/1.1" 301 3808 "-" "Mozilla/5.0 (Linux; Android 6.0.1; Nexus 5X Build/MMB29P) AppleWebKit/537.36 (KHTML, like Gecko) Chrome/145.0.7632.159 Mobile Safari/537.36 (compatible; Googlebot/2.1; +http://www.google.com/bot.html)" 
66.249.64.5 - - [22/Mar/2026:04:32:44 -0700] "GET /?goods%2F050027395 HTTP/1.1" 200 13229 "-" "Mozilla/5.0 (Linux; Android 6.0.1; Nexus 5X Build/MMB29P) AppleWebKit/537.36 (KHTML, like Gecko) Chrome/145.0.7632.159 Mobile Safari/537.36 (compatible; Googlebot/2.1; +http://www.google.com/bot.html)" 
107.20.105.74 - - [22/Mar/2026:04:32:55 -0700] "HEAD / HTTP/2.0" 200 342 "http://www.drug-injury-lawyer.com/" "DreamHost SiteMonitor 1.0" 
66.249.64.5 - - [22/Mar/2026:04:32:57 -0700] "GET /?goods/046016744 HTTP/1.1" 301 3808 "-" "Mozilla/5.0 (Linux; Android 6.0.1; Nexus 5X Build/MMB29P) AppleWebKit/537.36 (KHTML, like Gecko) Chrome/145.0.7632.159 Mobile Safari/537.36 (compatible; Googlebot/2.1; +http://www.google.com/bot.html)" 
66.249.64.5 - - [22/Mar/2026:04:32:57 -0700] "GET /?goods%2F046016744 HTTP/1.1" 200 13227 "-" "Mozilla/5.0 (Linux; Android 6.0.1; Nexus 5X Build/MMB29P) AppleWebKit/537.36 (KHTML, like Gecko) Chrome/145.0.7632.159 Mobile Safari/537.36 (compatible; Googlebot/2.1; +http://www.google.com/bot.html)" 
66.249.64.5 - - [22/Mar/2026:04:33:10 -0700] "GET /?goods/196028175 HTTP/1.1" 301 3808 "-" "Mozilla/5.0 (Linux; Android 6.0.1; Nexus 5X Build/MMB29P) AppleWebKit/537.36 (KHTML, like Gecko) Chrome/145.0.7632.159 Mobile Safari/537.36 (compatible; Googlebot/2.1; +http://www.google.com/bot.html)" 
66.249.64.5 - - [22/Mar/2026:04:33:10 -0700] "GET /?goods%2F196028175 HTTP/1.1" 200 13229 "-" "Mozilla/5.0 (Linux; Android 6.0.1; Nexus 5X Build/MMB29P) AppleWebKit/537.36 (KHTML, like Gecko) Chrome/145.0.7632.159 Mobile Safari/537.36 (compatible; Googlebot/2.1; +http://www.google.com/bot.html)" 
217.147.172.206 - - [22/Mar/2026:04:33:21 -0700] "GET /blog/page/3/ HTTP/1.0" 200 70320 "https://www.drug-injury-lawyer.com/blog/page/3/" "Mozilla/5.0 (Windows NT 6.3; Win64; x64) AppleWebKit/537.36 (KHTML, like Gecko) Chrome/103.0.5060.66 Safari/537.36" 
217.147.172.206 - - [22/Mar/2026:04:33:22 -0700] "GET /blog/page/2/ HTTP/1.0" 200 75150 "https://www.drug-injury-lawyer.com/blog/page/2/" "Mozilla/5.0 (Windows NT 6.3; Win64; x64) AppleWebKit/537.36 (KHTML, like Gecko) Chrome/103.0.5060.66 Safari/537.36" 
45.156.158.225 - - [22/Mar/2026:04:33:23 -0700] "GET /blog/page/3/ HTTP/1.0" 200 70320 "https://www.drug-injury-lawyer.com/blog/page/3/" "Mozilla/5.0 (Windows NT 10.0) AppleWebKit/537.36 (KHTML, like Gecko) Chrome/103.0.0.0 Safari/537.36" 
66.249.64.5 - - [22/Mar/2026:04:33:23 -0700] "GET /?detail/2420159231625 HTTP/1.1" 301 3813 "-" "Mozilla/5.0 (Linux; Android 6.0.1; Nexus 5X Build/MMB29P) AppleWebKit/537.36 (KHTML, like Gecko) Chrome/145.0.7632.159 Mobile Safari/537.36 (compatible; Googlebot/2.1; +http://www.google.com/bot.html)" 
217.147.172.206 - - [22/Mar/2026:04:33:23 -0700] "POST /blog/page/2/ HTTP/1.0" 200 75236 "https://www.drug-injury-lawyer.com/blog/page/2/" "Mozilla/5.0 (Windows NT 6.3; Win64; x64) AppleWebKit/537.36 (KHTML, like Gecko) Chrome/103.0.5060.66 Safari/537.36" 
66.249.64.6 - - [22/Mar/2026:04:33:23 -0700] "GET /?detail%2F2420159231625 HTTP/1.1" 200 16580 "-" "Mozilla/5.0 (Linux; Android 6.0.1; Nexus 5X Build/MMB29P) AppleWebKit/537.36 (KHTML, like Gecko) Chrome/145.0.7632.159 Mobile Safari/537.36 (compatible; Googlebot/2.1; +http://www.google.com/bot.html)" 
45.156.158.225 - - [22/Mar/2026:04:33:24 -0700] "GET /blog/page/2/ HTTP/1.0" 200 75150 "https://www.drug-injury-lawyer.com/blog/page/2/" "Mozilla/5.0 (Windows NT 10.0) AppleWebKit/537.36 (KHTML, like Gecko) Chrome/103.0.0.0 Safari/537.36" 
217.147.172.206 - - [22/Mar/2026:04:33:24 -0700] "GET /author/laba_admin/ HTTP/1.0" 500 6421 "https://www.drug-injury-lawyer.com/author/laba_admin/" "Mozilla/5.0 (Windows NT 6.3; Win64; x64) AppleWebKit/537.36 (KHTML, like Gecko) Chrome/103.0.5060.66 Safari/537.36" 
45.156.158.225 - - [22/Mar/2026:04:33:25 -0700] "POST /blog/page/2/ HTTP/1.0" 200 75236 "https://www.drug-injury-lawyer.com/blog/page/2/" "Mozilla/5.0 (Windows NT 10.0) AppleWebKit/537.36 (KHTML, like Gecko) Chrome/103.0.0.0 Safari/537.36" 
217.147.172.206 - - [22/Mar/2026:04:33:25 -0700] "GET /blog/page/3/ HTTP/1.0" 200 70320 "https://www.drug-injury-lawyer.com/blog/page/3/" "Mozilla/5.0 (Windows NT 6.3; Win64; x64) AppleWebKit/537.36 (KHTML, like Gecko) Chrome/103.0.5060.66 Safari/537.36" 
45.156.158.225 - - [22/Mar/2026:04:33:26 -0700] "GET /author/laba_admin/ HTTP/1.0" 500 6421 "https://www.drug-injury-lawyer.com/author/laba_admin/" "Mozilla/5.0 (Windows NT 10.0) AppleWebKit/537.36 (KHTML, like Gecko) Chrome/103.0.0.0 Safari/537.36" 
217.147.172.206 - - [22/Mar/2026:04:33:26 -0700] "POST /blog/page/3/ HTTP/1.0" 200 70406 "https://www.drug-injury-lawyer.com/blog/page/3/" "Mozilla/5.0 (Windows NT 6.3; Win64; x64) AppleWebKit/537.36 (KHTML, like Gecko) Chrome/103.0.5060.66 Safari/537.36" 
45.156.158.225 - - [22/Mar/2026:04:33:26 -0700] "GET /blog/page/3/ HTTP/1.0" 200 70320 "https://www.drug-injury-lawyer.com/blog/page/3/" "Mozilla/5.0 (Windows NT 10.0) AppleWebKit/537.36 (KHTML, like Gecko) Chrome/103.0.0.0 Safari/537.36" 
45.156.158.225 - - [22/Mar/2026:04:33:27 -0700] "POST /blog/page/3/ HTTP/1.0" 200 70406 "https://www.drug-injury-lawyer.com/blog/page/3/" "Mozilla/5.0 (Windows NT 10.0) AppleWebKit/537.36 (KHTML, like Gecko) Chrome/103.0.0.0 Safari/537.36" 
91.211.90.225 - - [22/Mar/2026:04:33:31 -0700] "GET /blog/page/3/ HTTP/1.0" 200 70320 "https://www.drug-injury-lawyer.com/blog/page/3/" "Mozilla/5.0 (Windows NT 10.0; Win64; x64) AppleWebKit/537.36 (KHTML, like Gecko) Chrome/103.0.0.0 Safari/537.36" 
91.211.90.225 - - [22/Mar/2026:04:33:32 -0700] "GET /blog/page/2/ HTTP/1.0" 200 75150 "https://www.drug-injury-lawyer.com/blog/page/2/" "Mozilla/5.0 (Windows NT 10.0; Win64; x64) AppleWebKit/537.36 (KHTML, like Gecko) Chrome/103.0.0.0 Safari/537.36" 
91.211.90.225 - - [22/Mar/2026:04:33:32 -0700] "GET /blog/page/3/ HTTP/1.0" 200 70320 "https://www.drug-injury-lawyer.com/blog/page/3/" "Mozilla/5.0 (Windows NT 10.0; Win64; x64) AppleWebKit/537.36 (KHTML, like Gecko) Chrome/103.0.0.0 Safari/537.36" 
91.211.90.225 - - [22/Mar/2026:04:33:33 -0700] "POST /blog/page/2/ HTTP/1.0" 200 75236 "https://www.drug-injury-lawyer.com/blog/page/2/" "Mozilla/5.0 (Windows NT 10.0; Win64; x64) AppleWebKit/537.36 (KHTML, like Gecko) Chrome/103.0.0.0 Safari/537.36" 
91.211.90.225 - - [22/Mar/2026:04:33:33 -0700] "GET /blog/page/2/ HTTP/1.0" 200 75150 "https://www.drug-injury-lawyer.com/blog/page/2/" "Mozilla/5.0 (Windows NT 10.0; Win64; x64) AppleWebKit/537.36 (KHTML, like Gecko) Chrome/103.0.0.0 Safari/537.36" 
91.211.90.225 - - [22/Mar/2026:04:33:33 -0700] "GET /author/laba_admin/ HTTP/1.0" 500 6421 "https://www.drug-injury-lawyer.com/author/laba_admin/" "Mozilla/5.0 (Windows NT 10.0; Win64; x64) AppleWebKit/537.36 (KHTML, like Gecko) Chrome/103.0.0.0 Safari/537.36" 
91.211.90.225 - - [22/Mar/2026:04:33:34 -0700] "POST /blog/page/2/ HTTP/1.0" 200 75236 "https://www.drug-injury-lawyer.com/blog/page/2/" "Mozilla/5.0 (Windows NT 10.0; Win64; x64) AppleWebKit/537.36 (KHTML, like Gecko) Chrome/103.0.0.0 Safari/537.36" 
91.211.90.225 - - [22/Mar/2026:04:33:34 -0700] "GET /blog/page/3/ HTTP/1.0" 200 70320 "https://www.drug-injury-lawyer.com/blog/page/3/" "Mozilla/5.0 (Windows NT 10.0; Win64; x64) AppleWebKit/537.36 (KHTML, like Gecko) Chrome/103.0.0.0 Safari/537.36" 
91.211.90.225 - - [22/Mar/2026:04:33:35 -0700] "GET /author/laba_admin/ HTTP/1.0" 500 6421 "https://www.drug-injury-lawyer.com/author/laba_admin/" "Mozilla/5.0 (Windows NT 10.0; Win64; x64) AppleWebKit/537.36 (KHTML, like Gecko) Chrome/103.0.0.0 Safari/537.36" 
91.211.90.225 - - [22/Mar/2026:04:33:35 -0700] "POST /blog/page/3/ HTTP/1.0" 200 70406 "https://www.drug-injury-lawyer.com/blog/page/3/" "Mozilla/5.0 (Windows NT 10.0; Win64; x64) AppleWebKit/537.36 (KHTML, like Gecko) Chrome/103.0.0.0 Safari/537.36" 
91.211.90.225 - - [22/Mar/2026:04:33:35 -0700] "GET /blog/page/3/ HTTP/1.0" 200 70320 "https://www.drug-injury-lawyer.com/blog/page/3/" "Mozilla/5.0 (Windows NT 10.0; Win64; x64) AppleWebKit/537.36 (KHTML, like Gecko) Chrome/103.0.0.0 Safari/537.36" 
91.211.90.225 - - [22/Mar/2026:04:33:36 -0700] "POST /blog/page/3/ HTTP/1.0" 200 70406 "https://www.drug-injury-lawyer.com/blog/page/3/" "Mozilla/5.0 (Windows NT 10.0; Win64; x64) AppleWebKit/537.36 (KHTML, like Gecko) Chrome/103.0.0.0 Safari/537.36" 
66.249.64.5 - - [22/Mar/2026:04:33:36 -0700] "GET /?goods/194012635 HTTP/1.1" 301 3808 "-" "Mozilla/5.0 (Linux; Android 6.0.1; Nexus 5X Build/MMB29P) AppleWebKit/537.36 (KHTML, like Gecko) Chrome/145.0.7632.159 Mobile Safari/537.36 (compatible; Googlebot/2.1; +http://www.google.com/bot.html)" 
66.249.64.5 - - [22/Mar/2026:04:33:36 -0700] "GET /?goods%2F194012635 HTTP/1.1" 200 13229 "-" "Mozilla/5.0 (Linux; Android 6.0.1; Nexus 5X Build/MMB29P) AppleWebKit/537.36 (KHTML, like Gecko) Chrome/145.0.7632.159 Mobile Safari/537.36 (compatible; Googlebot/2.1; +http://www.google.com/bot.html)" 
173.236.217.44 - - [22/Mar/2026:04:33:50 -0700] "POST /wp-cron.php?doing_wp_cron=1774179229.9081320762634277343750 HTTP/1.1" 200 3646 "-" "WordPress/6.8.5; https://www.drug-injury-lawyer.com" 
66.249.64.5 - - [22/Mar/2026:04:33:49 -0700] "GET /?goods/013044846 HTTP/1.1" 301 3808 "-" "Mozilla/5.0 (Linux; Android 6.0.1; Nexus 5X Build/MMB29P) AppleWebKit/537.36 (KHTML, like Gecko) Chrome/145.0.7632.159 Mobile Safari/537.36 (compatible; Googlebot/2.1; +http://www.google.com/bot.html)" 
66.249.64.5 - - [22/Mar/2026:04:33:50 -0700] "GET /?goods%2F013044846 HTTP/1.1" 200 13229 "-" "Mozilla/5.0 (Linux; Android 6.0.1; Nexus 5X Build/MMB29P) AppleWebKit/537.36 (KHTML, like Gecko) Chrome/145.0.7632.159 Mobile Safari/537.36 (compatible; Googlebot/2.1; +http://www.google.com/bot.html)" 
66.249.64.5 - - [22/Mar/2026:04:34:02 -0700] "GET /?jp/074040644.html HTTP/1.1" 301 3810 "-" "Mozilla/5.0 (Linux; Android 6.0.1; Nexus 5X Build/MMB29P) AppleWebKit/537.36 (KHTML, like Gecko) Chrome/145.0.7632.159 Mobile Safari/537.36 (compatible; Googlebot/2.1; +http://www.google.com/bot.html)" 
66.249.64.6 - - [22/Mar/2026:04:34:03 -0700] "GET /?jp%2F074040644_html HTTP/1.1" 200 16579 "-" "Mozilla/5.0 (Linux; Android 6.0.1; Nexus 5X Build/MMB29P) AppleWebKit/537.36 (KHTML, like Gecko) Chrome/145.0.7632.159 Mobile Safari/537.36 (compatible; Googlebot/2.1; +http://www.google.com/bot.html)" 
66.249.64.5 - - [22/Mar/2026:04:34:06 -0700] "GET /?detail/2770414831165 HTTP/1.1" 301 464 "-" "Mozilla/5.0 (Linux; Android 6.0.1; Nexus 5X Build/MMB29P) AppleWebKit/537.36 (KHTML, like Gecko) Chrome/145.0.7632.159 Mobile Safari/537.36 (compatible; Googlebot/2.1; +http://www.google.com/bot.html)" 
66.249.64.6 - - [22/Mar/2026:04:34:06 -0700] "GET /?detail%2F2770414831165 HTTP/1.1" 200 13230 "-" "Mozilla/5.0 (Linux; Android 6.0.1; Nexus 5X Build/MMB29P) AppleWebKit/537.36 (KHTML, like Gecko) Chrome/145.0.7632.159 Mobile Safari/537.36 (compatible; Googlebot/2.1; +http://www.google.com/bot.html)" 
66.249.64.5 - - [22/Mar/2026:04:34:17 -0700] "GET /?goods/050027392 HTTP/1.1" 301 3808 "-" "Mozilla/5.0 (Linux; Android 6.0.1; Nexus 5X Build/MMB29P) AppleWebKit/537.36 (KHTML, like Gecko) Chrome/145.0.7632.159 Mobile Safari/537.36 (compatible; Googlebot/2.1; +http://www.google.com/bot.html)" 
66.249.64.5 - - [22/Mar/2026:04:34:18 -0700] "GET /?goods/141011267 HTTP/1.1" 301 3808 "-" "Mozilla/5.0 (Linux; Android 6.0.1; Nexus 5X Build/MMB29P) AppleWebKit/537.36 (KHTML, like Gecko) Chrome/145.0.7632.159 Mobile Safari/537.36 (compatible; Googlebot/2.1; +http://www.google.com/bot.html)" 
66.249.64.5 - - [22/Mar/2026:04:34:18 -0700] "GET /?goods%2F050027392 HTTP/1.1" 200 13229 "-" "Mozilla/5.0 (Linux; Android 6.0.1; Nexus 5X Build/MMB29P) AppleWebKit/537.36 (KHTML, like Gecko) Chrome/145.0.7632.159 Mobile Safari/537.36 (compatible; Googlebot/2.1; +http://www.google.com/bot.html)" 
66.249.64.5 - - [22/Mar/2026:04:34:18 -0700] "GET /?goods%2F141011267 HTTP/1.1" 200 13229 "-" "Mozilla/5.0 (Linux; Android 6.0.1; Nexus 5X Build/MMB29P) AppleWebKit/537.36 (KHTML, like Gecko) Chrome/145.0.7632.159 Mobile Safari/537.36 (compatible; Googlebot/2.1; +http://www.google.com/bot.html)" 
173.236.217.44 - - [22/Mar/2026:04:34:32 -0700] "POST /wp-cron.php?doing_wp_cron=1774179272.7955639362335205078125 HTTP/1.1" 200 3646 "-" "WordPress/6.8.5; https://www.drug-injury-lawyer.com" 
66.249.64.5 - - [22/Mar/2026:04:34:32 -0700] "GET /?goods/020027201 HTTP/1.1" 301 3808 "-" "Mozilla/5.0 (Linux; Android 6.0.1; Nexus 5X Build/MMB29P) AppleWebKit/537.36 (KHTML, like Gecko) Chrome/145.0.7632.159 Mobile Safari/537.36 (compatible; Googlebot/2.1; +http://www.google.com/bot.html)" 
66.249.64.5 - - [22/Mar/2026:04:34:33 -0700] "GET /?goods%2F020027201 HTTP/1.1" 200 13229 "-" "Mozilla/5.0 (Linux; Android 6.0.1; Nexus 5X Build/MMB29P) AppleWebKit/537.36 (KHTML, like Gecko) Chrome/145.0.7632.159 Mobile Safari/537.36 (compatible; Googlebot/2.1; +http://www.google.com/bot.html)" 
