45.156.87.12 - - [22/Mar/2026:05:31:22 -0700] "GET /wp-admin/index.php HTTP/1.1" 302 511 "http://drug-injury-lawyer.com/wp-login.php" "Mozilla/5.0 (Macintosh; Intel Mac OS X 10_15_7) AppleWebKit/537.36 (KHTML, like Gecko) Chrome/119.0.0.0 Safari/537.36" 
45.156.87.12 - - [22/Mar/2026:05:31:22 -0700] "GET /wp-login.php?redirect_to=https%3A%2F%2Fwww.drug-injury-lawyer.com%2Fwp-admin%2Findex.php&reauth=1 HTTP/1.1" 200 4570 "http://drug-injury-lawyer.com/wp-login.php" "Mozilla/5.0 (Macintosh; Intel Mac OS X 10_15_7) AppleWebKit/537.36 (KHTML, like Gecko) Chrome/119.0.0.0 Safari/537.36" 
45.156.87.12 - - [22/Mar/2026:05:31:23 -0700] "GET /wp-admin/index.php HTTP/1.1" 302 511 "http://drug-injury-lawyer.com/wp-login.php" "Mozilla/5.0 (Macintosh; Intel Mac OS X 13_6_1) AppleWebKit/605.1.15 (KHTML, like Gecko) Version/16.6 Safari/605.1.15" 
45.156.87.12 - - [22/Mar/2026:05:31:23 -0700] "GET /wp-login.php?redirect_to=https%3A%2F%2Fwww.drug-injury-lawyer.com%2Fwp-admin%2Findex.php&reauth=1 HTTP/1.1" 200 4570 "http://drug-injury-lawyer.com/wp-login.php" "Mozilla/5.0 (Macintosh; Intel Mac OS X 13_6_1) AppleWebKit/605.1.15 (KHTML, like Gecko) Version/16.6 Safari/605.1.15" 
45.156.87.12 - - [22/Mar/2026:05:31:23 -0700] "GET /wp-admin/index.php HTTP/1.1" 302 511 "http://drug-injury-lawyer.com/wp-login.php" "Mozilla/5.0 (Windows NT 11.0; Win64; x64; rv:118.0) Gecko/20100101 Firefox/118.0" 
45.156.87.12 - - [22/Mar/2026:05:31:24 -0700] "GET /wp-login.php?redirect_to=https%3A%2F%2Fwww.drug-injury-lawyer.com%2Fwp-admin%2Findex.php&reauth=1 HTTP/1.1" 200 4570 "http://drug-injury-lawyer.com/wp-login.php" "Mozilla/5.0 (Windows NT 11.0; Win64; x64; rv:118.0) Gecko/20100101 Firefox/118.0" 
45.156.87.12 - - [22/Mar/2026:05:31:24 -0700] "GET /wp-admin/index.php HTTP/1.1" 302 511 "http://drug-injury-lawyer.com/wp-login.php" "Mozilla/5.0 (Macintosh; Intel Mac OS X 13_6_1) AppleWebKit/605.1.15 (KHTML, like Gecko) Version/17.0 Safari/605.1.15" 
45.156.87.12 - - [22/Mar/2026:05:31:24 -0700] "GET /wp-login.php?redirect_to=https%3A%2F%2Fwww.drug-injury-lawyer.com%2Fwp-admin%2Findex.php&reauth=1 HTTP/1.1" 200 4570 "http://drug-injury-lawyer.com/wp-login.php" "Mozilla/5.0 (Macintosh; Intel Mac OS X 13_6_1) AppleWebKit/605.1.15 (KHTML, like Gecko) Version/17.0 Safari/605.1.15" 
45.156.87.12 - - [22/Mar/2026:05:31:25 -0700] "GET /wp-admin/index.php HTTP/1.1" 302 511 "http://drug-injury-lawyer.com/wp-login.php" "Mozilla/5.0 (Windows NT 11.0; Win64; x64; rv:118.0) Gecko/20100101 Firefox/118.0" 
45.156.87.12 - - [22/Mar/2026:05:31:25 -0700] "GET /wp-login.php?redirect_to=https%3A%2F%2Fwww.drug-injury-lawyer.com%2Fwp-admin%2Findex.php&reauth=1 HTTP/1.1" 200 4570 "http://drug-injury-lawyer.com/wp-login.php" "Mozilla/5.0 (Windows NT 11.0; Win64; x64; rv:118.0) Gecko/20100101 Firefox/118.0" 
45.156.87.12 - - [22/Mar/2026:05:31:26 -0700] "GET /wp-admin/index.php HTTP/1.1" 302 511 "http://drug-injury-lawyer.com/wp-login.php" "Mozilla/5.0 (Macintosh; Intel Mac OS X 10_15_7; rv:120.0) Gecko/20100101 Firefox/120.0" 
45.156.87.12 - - [22/Mar/2026:05:31:26 -0700] "GET /wp-login.php?redirect_to=https%3A%2F%2Fwww.drug-injury-lawyer.com%2Fwp-admin%2Findex.php&reauth=1 HTTP/1.1" 200 4570 "http://drug-injury-lawyer.com/wp-login.php" "Mozilla/5.0 (Macintosh; Intel Mac OS X 10_15_7; rv:120.0) Gecko/20100101 Firefox/120.0" 
45.156.87.12 - - [22/Mar/2026:05:31:26 -0700] "GET /wp-admin/index.php HTTP/1.1" 302 511 "http://drug-injury-lawyer.com/wp-login.php" "Mozilla/5.0 (Windows NT 11.0; Win64; x64) AppleWebKit/537.36 (KHTML, like Gecko) Chrome/119.0.0.0 Safari/537.36" 
45.156.87.12 - - [22/Mar/2026:05:31:27 -0700] "GET /wp-login.php?redirect_to=https%3A%2F%2Fwww.drug-injury-lawyer.com%2Fwp-admin%2Findex.php&reauth=1 HTTP/1.1" 200 4570 "http://drug-injury-lawyer.com/wp-login.php" "Mozilla/5.0 (Windows NT 11.0; Win64; x64) AppleWebKit/537.36 (KHTML, like Gecko) Chrome/119.0.0.0 Safari/537.36" 
45.156.87.12 - - [22/Mar/2026:05:31:27 -0700] "GET /wp-admin/index.php HTTP/1.1" 302 511 "http://drug-injury-lawyer.com/wp-login.php" "Mozilla/5.0 (Macintosh; Intel Mac OS X 13_6_1; rv:120.0) Gecko/20100101 Firefox/120.0" 
45.156.87.12 - - [22/Mar/2026:05:31:27 -0700] "GET /wp-login.php?redirect_to=https%3A%2F%2Fwww.drug-injury-lawyer.com%2Fwp-admin%2Findex.php&reauth=1 HTTP/1.1" 200 4570 "http://drug-injury-lawyer.com/wp-login.php" "Mozilla/5.0 (Macintosh; Intel Mac OS X 13_6_1; rv:120.0) Gecko/20100101 Firefox/120.0" 
45.156.87.12 - - [22/Mar/2026:05:31:28 -0700] "GET /wp-admin/index.php HTTP/1.1" 302 511 "http://drug-injury-lawyer.com/wp-login.php" "Mozilla/5.0 (X11; Linux x86_64) AppleWebKit/537.36 (KHTML, like Gecko) Chrome/121.0.0.0 Safari/537.36" 
45.156.87.12 - - [22/Mar/2026:05:31:28 -0700] "GET /wp-login.php?redirect_to=https%3A%2F%2Fwww.drug-injury-lawyer.com%2Fwp-admin%2Findex.php&reauth=1 HTTP/1.1" 200 4570 "http://drug-injury-lawyer.com/wp-login.php" "Mozilla/5.0 (X11; Linux x86_64) AppleWebKit/537.36 (KHTML, like Gecko) Chrome/121.0.0.0 Safari/537.36" 
45.156.87.12 - - [22/Mar/2026:05:31:30 -0700] "GET /wp-admin/index.php HTTP/1.1" 302 511 "http://drug-injury-lawyer.com/wp-login.php" "Mozilla/5.0 (Windows NT 10.0; Win64; x64; rv:118.0) Gecko/20100101 Firefox/118.0" 
45.156.87.12 - - [22/Mar/2026:05:31:30 -0700] "GET /wp-login.php?redirect_to=https%3A%2F%2Fwww.drug-injury-lawyer.com%2Fwp-admin%2Findex.php&reauth=1 HTTP/1.1" 200 4570 "http://drug-injury-lawyer.com/wp-login.php" "Mozilla/5.0 (Windows NT 10.0; Win64; x64; rv:118.0) Gecko/20100101 Firefox/118.0" 
45.156.87.12 - - [22/Mar/2026:05:31:31 -0700] "GET /wp-admin/index.php HTTP/1.1" 302 511 "http://drug-injury-lawyer.com/wp-login.php" "Mozilla/5.0 (Macintosh; Intel Mac OS X 13_6_1) AppleWebKit/605.1.15 (KHTML, like Gecko) Version/17.0 Safari/605.1.15" 
45.156.87.12 - - [22/Mar/2026:05:31:31 -0700] "GET /wp-login.php?redirect_to=https%3A%2F%2Fwww.drug-injury-lawyer.com%2Fwp-admin%2Findex.php&reauth=1 HTTP/1.1" 200 4570 "http://drug-injury-lawyer.com/wp-login.php" "Mozilla/5.0 (Macintosh; Intel Mac OS X 13_6_1) AppleWebKit/605.1.15 (KHTML, like Gecko) Version/17.0 Safari/605.1.15" 
45.156.87.12 - - [22/Mar/2026:05:31:31 -0700] "GET /wp-admin/index.php HTTP/1.1" 302 511 "http://drug-injury-lawyer.com/wp-login.php" "Mozilla/5.0 (Windows NT 10.0; Win64; x64) AppleWebKit/537.36 (KHTML, like Gecko) Chrome/118.0.0.0 Safari/537.36" 
45.156.87.12 - - [22/Mar/2026:05:31:32 -0700] "GET /wp-login.php?redirect_to=https%3A%2F%2Fwww.drug-injury-lawyer.com%2Fwp-admin%2Findex.php&reauth=1 HTTP/1.1" 200 4570 "http://drug-injury-lawyer.com/wp-login.php" "Mozilla/5.0 (Windows NT 10.0; Win64; x64) AppleWebKit/537.36 (KHTML, like Gecko) Chrome/118.0.0.0 Safari/537.36" 
45.156.87.12 - - [22/Mar/2026:05:31:32 -0700] "GET /wp-admin/index.php HTTP/1.1" 302 511 "http://drug-injury-lawyer.com/wp-login.php" "Mozilla/5.0 (X11; Ubuntu; Linux x86_64) AppleWebKit/537.36 (KHTML, like Gecko) Chrome/119.0.0.0 Safari/537.36" 
45.156.87.12 - - [22/Mar/2026:05:31:32 -0700] "GET /wp-login.php?redirect_to=https%3A%2F%2Fwww.drug-injury-lawyer.com%2Fwp-admin%2Findex.php&reauth=1 HTTP/1.1" 200 4570 "http://drug-injury-lawyer.com/wp-login.php" "Mozilla/5.0 (X11; Ubuntu; Linux x86_64) AppleWebKit/537.36 (KHTML, like Gecko) Chrome/119.0.0.0 Safari/537.36" 
45.156.87.12 - - [22/Mar/2026:05:31:33 -0700] "GET /wp-admin/index.php HTTP/1.1" 302 511 "http://drug-injury-lawyer.com/wp-login.php" "Mozilla/5.0 (X11; Ubuntu; Linux x86_64) AppleWebKit/537.36 (KHTML, like Gecko) Chrome/119.0.0.0 Safari/537.36" 
45.156.87.12 - - [22/Mar/2026:05:31:33 -0700] "GET /wp-login.php?redirect_to=https%3A%2F%2Fwww.drug-injury-lawyer.com%2Fwp-admin%2Findex.php&reauth=1 HTTP/1.1" 200 4570 "http://drug-injury-lawyer.com/wp-login.php" "Mozilla/5.0 (X11; Ubuntu; Linux x86_64) AppleWebKit/537.36 (KHTML, like Gecko) Chrome/119.0.0.0 Safari/537.36" 
45.156.87.12 - - [22/Mar/2026:05:31:34 -0700] "GET /wp-admin/index.php HTTP/1.1" 302 511 "http://drug-injury-lawyer.com/wp-login.php" "Mozilla/5.0 (X11; Linux x86_64) AppleWebKit/537.36 (KHTML, like Gecko) Chrome/120.0.0.0 Safari/537.36" 
45.156.87.12 - - [22/Mar/2026:05:31:34 -0700] "GET /wp-login.php?redirect_to=https%3A%2F%2Fwww.drug-injury-lawyer.com%2Fwp-admin%2Findex.php&reauth=1 HTTP/1.1" 200 4570 "http://drug-injury-lawyer.com/wp-login.php" "Mozilla/5.0 (X11; Linux x86_64) AppleWebKit/537.36 (KHTML, like Gecko) Chrome/120.0.0.0 Safari/537.36" 
45.156.87.12 - - [22/Mar/2026:05:31:35 -0700] "GET /wp-admin/index.php HTTP/1.1" 302 510 "http://drug-injury-lawyer.com/wp-login.php" "Mozilla/5.0 (Macintosh; Intel Mac OS X 10_15_7; rv:119.0) Gecko/20100101 Firefox/119.0" 
45.156.87.12 - - [22/Mar/2026:05:31:35 -0700] "GET /wp-login.php?redirect_to=https%3A%2F%2Fwww.drug-injury-lawyer.com%2Fwp-admin%2Findex.php&reauth=1 HTTP/1.1" 200 4569 "http://drug-injury-lawyer.com/wp-login.php" "Mozilla/5.0 (Macintosh; Intel Mac OS X 10_15_7; rv:119.0) Gecko/20100101 Firefox/119.0" 
45.156.87.12 - - [22/Mar/2026:05:31:35 -0700] "GET /wp-admin/index.php HTTP/1.1" 302 510 "http://drug-injury-lawyer.com/wp-login.php" "Mozilla/5.0 (Macintosh; Intel Mac OS X 10_15_7; rv:118.0) Gecko/20100101 Firefox/118.0" 
45.156.87.12 - - [22/Mar/2026:05:31:35 -0700] "GET /wp-login.php?redirect_to=https%3A%2F%2Fwww.drug-injury-lawyer.com%2Fwp-admin%2Findex.php&reauth=1 HTTP/1.1" 200 4569 "http://drug-injury-lawyer.com/wp-login.php" "Mozilla/5.0 (Macintosh; Intel Mac OS X 10_15_7; rv:118.0) Gecko/20100101 Firefox/118.0" 
45.156.87.12 - - [22/Mar/2026:05:31:36 -0700] "GET /wp-admin/index.php HTTP/1.1" 302 510 "http://drug-injury-lawyer.com/wp-login.php" "Mozilla/5.0 (Windows NT 11.0; Win64; x64; rv:119.0) Gecko/20100101 Firefox/119.0" 
45.156.87.12 - - [22/Mar/2026:05:31:36 -0700] "GET /wp-login.php?redirect_to=https%3A%2F%2Fwww.drug-injury-lawyer.com%2Fwp-admin%2Findex.php&reauth=1 HTTP/1.1" 200 4569 "http://drug-injury-lawyer.com/wp-login.php" "Mozilla/5.0 (Windows NT 11.0; Win64; x64; rv:119.0) Gecko/20100101 Firefox/119.0" 
45.156.87.12 - - [22/Mar/2026:05:31:37 -0700] "GET /wp-admin/index.php HTTP/1.1" 302 510 "http://drug-injury-lawyer.com/wp-login.php" "Mozilla/5.0 (X11; Ubuntu; Linux x86_64) AppleWebKit/537.36 (KHTML, like Gecko) Chrome/121.0.0.0 Safari/537.36" 
45.156.87.12 - - [22/Mar/2026:05:31:37 -0700] "GET /wp-login.php?redirect_to=https%3A%2F%2Fwww.drug-injury-lawyer.com%2Fwp-admin%2Findex.php&reauth=1 HTTP/1.1" 200 4569 "http://drug-injury-lawyer.com/wp-login.php" "Mozilla/5.0 (X11; Ubuntu; Linux x86_64) AppleWebKit/537.36 (KHTML, like Gecko) Chrome/121.0.0.0 Safari/537.36" 
45.156.87.12 - - [22/Mar/2026:05:31:38 -0700] "GET /wp-admin/index.php HTTP/1.1" 302 510 "http://drug-injury-lawyer.com/wp-login.php" "Mozilla/5.0 (Macintosh; Intel Mac OS X 13_6_1) AppleWebKit/605.1.15 (KHTML, like Gecko) Version/16.6 Safari/605.1.15" 
45.156.87.12 - - [22/Mar/2026:05:31:38 -0700] "GET /wp-login.php?redirect_to=https%3A%2F%2Fwww.drug-injury-lawyer.com%2Fwp-admin%2Findex.php&reauth=1 HTTP/1.1" 200 4534 "http://drug-injury-lawyer.com/wp-login.php" "Mozilla/5.0 (Macintosh; Intel Mac OS X 13_6_1) AppleWebKit/605.1.15 (KHTML, like Gecko) Version/16.6 Safari/605.1.15" 
45.156.87.12 - - [22/Mar/2026:05:31:39 -0700] "GET /wp-admin/index.php HTTP/1.1" 302 3875 "http://drug-injury-lawyer.com/wp-login.php" "Mozilla/5.0 (Macintosh; Intel Mac OS X 10_15_7; rv:119.0) Gecko/20100101 Firefox/119.0" 
173.236.217.44 - - [22/Mar/2026:05:31:39 -0700] "POST /wp-cron.php?doing_wp_cron=1774182699.2070989608764648437500 HTTP/1.1" 200 3646 "-" "WordPress/6.8.5; https://www.drug-injury-lawyer.com" 
45.156.87.12 - - [22/Mar/2026:05:31:40 -0700] "GET /wp-login.php?redirect_to=https%3A%2F%2Fwww.drug-injury-lawyer.com%2Fwp-admin%2Findex.php&reauth=1 HTTP/1.1" 200 4570 "http://drug-injury-lawyer.com/wp-login.php" "Mozilla/5.0 (Macintosh; Intel Mac OS X 10_15_7; rv:119.0) Gecko/20100101 Firefox/119.0" 
45.156.87.12 - - [22/Mar/2026:05:31:41 -0700] "GET /wp-admin/index.php HTTP/1.1" 302 511 "http://drug-injury-lawyer.com/wp-login.php" "Mozilla/5.0 (Macintosh; Intel Mac OS X 13_6_1) AppleWebKit/537.36 (KHTML, like Gecko) Chrome/121.0.0.0 Safari/537.36" 
45.156.87.12 - - [22/Mar/2026:05:31:42 -0700] "GET /wp-login.php?redirect_to=https%3A%2F%2Fwww.drug-injury-lawyer.com%2Fwp-admin%2Findex.php&reauth=1 HTTP/1.1" 200 4570 "http://drug-injury-lawyer.com/wp-login.php" "Mozilla/5.0 (Macintosh; Intel Mac OS X 13_6_1) AppleWebKit/537.36 (KHTML, like Gecko) Chrome/121.0.0.0 Safari/537.36" 
45.156.87.12 - - [22/Mar/2026:05:31:42 -0700] "GET /wp-admin/index.php HTTP/1.1" 302 511 "http://drug-injury-lawyer.com/wp-login.php" "Mozilla/5.0 (Macintosh; Intel Mac OS X 13_6_1; rv:118.0) Gecko/20100101 Firefox/118.0" 
45.156.87.12 - - [22/Mar/2026:05:31:42 -0700] "GET /wp-login.php?redirect_to=https%3A%2F%2Fwww.drug-injury-lawyer.com%2Fwp-admin%2Findex.php&reauth=1 HTTP/1.1" 200 4570 "http://drug-injury-lawyer.com/wp-login.php" "Mozilla/5.0 (Macintosh; Intel Mac OS X 13_6_1; rv:118.0) Gecko/20100101 Firefox/118.0" 
45.156.87.12 - - [22/Mar/2026:05:31:43 -0700] "GET /wp-admin/index.php HTTP/1.1" 302 511 "http://drug-injury-lawyer.com/wp-login.php" "Mozilla/5.0 (Macintosh; Intel Mac OS X 10_15_7; rv:119.0) Gecko/20100101 Firefox/119.0" 
45.156.87.12 - - [22/Mar/2026:05:31:43 -0700] "GET /wp-login.php?redirect_to=https%3A%2F%2Fwww.drug-injury-lawyer.com%2Fwp-admin%2Findex.php&reauth=1 HTTP/1.1" 200 4570 "http://drug-injury-lawyer.com/wp-login.php" "Mozilla/5.0 (Macintosh; Intel Mac OS X 10_15_7; rv:119.0) Gecko/20100101 Firefox/119.0" 
45.156.87.12 - - [22/Mar/2026:05:31:44 -0700] "GET /wp-admin/index.php HTTP/1.1" 302 511 "http://drug-injury-lawyer.com/wp-login.php" "Mozilla/5.0 (Macintosh; Intel Mac OS X 10_15_7) AppleWebKit/605.1.15 (KHTML, like Gecko) Version/17.1 Safari/605.1.15" 
45.156.87.12 - - [22/Mar/2026:05:31:44 -0700] "GET /wp-login.php?redirect_to=https%3A%2F%2Fwww.drug-injury-lawyer.com%2Fwp-admin%2Findex.php&reauth=1 HTTP/1.1" 200 4570 "http://drug-injury-lawyer.com/wp-login.php" "Mozilla/5.0 (Macintosh; Intel Mac OS X 10_15_7) AppleWebKit/605.1.15 (KHTML, like Gecko) Version/17.1 Safari/605.1.15" 
45.156.87.12 - - [22/Mar/2026:05:31:44 -0700] "GET /wp-admin/index.php HTTP/1.1" 302 511 "http://drug-injury-lawyer.com/wp-login.php" "Mozilla/5.0 (Macintosh; Intel Mac OS X 13_6_1) AppleWebKit/537.36 (KHTML, like Gecko) Chrome/121.0.0.0 Safari/537.36" 
45.156.87.12 - - [22/Mar/2026:05:31:45 -0700] "GET /wp-login.php?redirect_to=https%3A%2F%2Fwww.drug-injury-lawyer.com%2Fwp-admin%2Findex.php&reauth=1 HTTP/1.1" 200 4570 "http://drug-injury-lawyer.com/wp-login.php" "Mozilla/5.0 (Macintosh; Intel Mac OS X 13_6_1) AppleWebKit/537.36 (KHTML, like Gecko) Chrome/121.0.0.0 Safari/537.36" 
45.156.87.12 - - [22/Mar/2026:05:31:45 -0700] "GET /wp-admin/index.php HTTP/1.1" 302 511 "http://drug-injury-lawyer.com/wp-login.php" "Mozilla/5.0 (Windows NT 10.0; Win64; x64; rv:120.0) Gecko/20100101 Firefox/120.0" 
45.156.87.12 - - [22/Mar/2026:05:31:45 -0700] "GET /wp-login.php?redirect_to=https%3A%2F%2Fwww.drug-injury-lawyer.com%2Fwp-admin%2Findex.php&reauth=1 HTTP/1.1" 200 4570 "http://drug-injury-lawyer.com/wp-login.php" "Mozilla/5.0 (Windows NT 10.0; Win64; x64; rv:120.0) Gecko/20100101 Firefox/120.0" 
45.156.87.12 - - [22/Mar/2026:05:31:46 -0700] "GET /wp-admin/index.php HTTP/1.1" 302 511 "http://drug-injury-lawyer.com/wp-login.php" "Mozilla/5.0 (Windows NT 10.0; Win64; x64; rv:118.0) Gecko/20100101 Firefox/118.0" 
45.156.87.12 - - [22/Mar/2026:05:31:46 -0700] "GET /wp-login.php?redirect_to=https%3A%2F%2Fwww.drug-injury-lawyer.com%2Fwp-admin%2Findex.php&reauth=1 HTTP/1.1" 200 4570 "http://drug-injury-lawyer.com/wp-login.php" "Mozilla/5.0 (Windows NT 10.0; Win64; x64; rv:118.0) Gecko/20100101 Firefox/118.0" 
45.156.87.12 - - [22/Mar/2026:05:31:47 -0700] "GET /wp-admin/index.php HTTP/1.1" 302 511 "http://drug-injury-lawyer.com/wp-login.php" "Mozilla/5.0 (Windows NT 10.0; Win64; x64) AppleWebKit/537.36 (KHTML, like Gecko) Chrome/119.0.0.0 Safari/537.36" 
45.156.87.12 - - [22/Mar/2026:05:31:47 -0700] "GET /wp-login.php?redirect_to=https%3A%2F%2Fwww.drug-injury-lawyer.com%2Fwp-admin%2Findex.php&reauth=1 HTTP/1.1" 200 4570 "http://drug-injury-lawyer.com/wp-login.php" "Mozilla/5.0 (Windows NT 10.0; Win64; x64) AppleWebKit/537.36 (KHTML, like Gecko) Chrome/119.0.0.0 Safari/537.36" 
45.156.87.12 - - [22/Mar/2026:05:31:48 -0700] "GET /wp-admin/index.php HTTP/1.1" 302 511 "http://drug-injury-lawyer.com/wp-login.php" "Mozilla/5.0 (Macintosh; Intel Mac OS X 10_15_7) AppleWebKit/605.1.15 (KHTML, like Gecko) Version/17.0 Safari/605.1.15" 
45.156.87.12 - - [22/Mar/2026:05:31:48 -0700] "GET /wp-login.php?redirect_to=https%3A%2F%2Fwww.drug-injury-lawyer.com%2Fwp-admin%2Findex.php&reauth=1 HTTP/1.1" 200 4570 "http://drug-injury-lawyer.com/wp-login.php" "Mozilla/5.0 (Macintosh; Intel Mac OS X 10_15_7) AppleWebKit/605.1.15 (KHTML, like Gecko) Version/17.0 Safari/605.1.15" 
45.156.87.12 - - [22/Mar/2026:05:31:48 -0700] "GET /wp-admin/index.php HTTP/1.1" 302 511 "http://drug-injury-lawyer.com/wp-login.php" "Mozilla/5.0 (Macintosh; Intel Mac OS X 13_6_1; rv:120.0) Gecko/20100101 Firefox/120.0" 
45.156.87.12 - - [22/Mar/2026:05:31:49 -0700] "GET /wp-login.php?redirect_to=https%3A%2F%2Fwww.drug-injury-lawyer.com%2Fwp-admin%2Findex.php&reauth=1 HTTP/1.1" 200 4570 "http://drug-injury-lawyer.com/wp-login.php" "Mozilla/5.0 (Macintosh; Intel Mac OS X 13_6_1; rv:120.0) Gecko/20100101 Firefox/120.0" 
45.156.87.12 - - [22/Mar/2026:05:31:49 -0700] "GET /wp-admin/index.php HTTP/1.1" 302 511 "http://drug-injury-lawyer.com/wp-login.php" "Mozilla/5.0 (Macintosh; Intel Mac OS X 10_15_7; rv:118.0) Gecko/20100101 Firefox/118.0" 
45.156.87.12 - - [22/Mar/2026:05:31:49 -0700] "GET /wp-login.php?redirect_to=https%3A%2F%2Fwww.drug-injury-lawyer.com%2Fwp-admin%2Findex.php&reauth=1 HTTP/1.1" 200 4570 "http://drug-injury-lawyer.com/wp-login.php" "Mozilla/5.0 (Macintosh; Intel Mac OS X 10_15_7; rv:118.0) Gecko/20100101 Firefox/118.0" 
45.156.87.12 - - [22/Mar/2026:05:31:50 -0700] "GET /wp-admin/index.php HTTP/1.1" 302 511 "http://drug-injury-lawyer.com/wp-login.php" "Mozilla/5.0 (Macintosh; Intel Mac OS X 13_6_1; rv:118.0) Gecko/20100101 Firefox/118.0" 
45.156.87.12 - - [22/Mar/2026:05:31:50 -0700] "GET /wp-login.php?redirect_to=https%3A%2F%2Fwww.drug-injury-lawyer.com%2Fwp-admin%2Findex.php&reauth=1 HTTP/1.1" 200 4570 "http://drug-injury-lawyer.com/wp-login.php" "Mozilla/5.0 (Macintosh; Intel Mac OS X 13_6_1; rv:118.0) Gecko/20100101 Firefox/118.0" 
45.156.87.12 - - [22/Mar/2026:05:31:51 -0700] "GET /wp-admin/index.php HTTP/1.1" 302 511 "http://drug-injury-lawyer.com/wp-login.php" "Mozilla/5.0 (X11; Linux x86_64) AppleWebKit/537.36 (KHTML, like Gecko) Chrome/118.0.0.0 Safari/537.36" 
45.156.87.12 - - [22/Mar/2026:05:31:51 -0700] "GET /wp-login.php?redirect_to=https%3A%2F%2Fwww.drug-injury-lawyer.com%2Fwp-admin%2Findex.php&reauth=1 HTTP/1.1" 200 4570 "http://drug-injury-lawyer.com/wp-login.php" "Mozilla/5.0 (X11; Linux x86_64) AppleWebKit/537.36 (KHTML, like Gecko) Chrome/118.0.0.0 Safari/537.36" 
45.156.87.12 - - [22/Mar/2026:05:31:51 -0700] "GET /wp-admin/index.php HTTP/1.1" 302 511 "http://drug-injury-lawyer.com/wp-login.php" "Mozilla/5.0 (Macintosh; Intel Mac OS X 10_15_7) AppleWebKit/605.1.15 (KHTML, like Gecko) Version/17.0 Safari/605.1.15" 
45.156.87.12 - - [22/Mar/2026:05:31:52 -0700] "GET /wp-login.php?redirect_to=https%3A%2F%2Fwww.drug-injury-lawyer.com%2Fwp-admin%2Findex.php&reauth=1 HTTP/1.1" 200 4570 "http://drug-injury-lawyer.com/wp-login.php" "Mozilla/5.0 (Macintosh; Intel Mac OS X 10_15_7) AppleWebKit/605.1.15 (KHTML, like Gecko) Version/17.0 Safari/605.1.15" 
66.249.64.7 - - [22/Mar/2026:05:31:52 -0700] "GET /?detail/285040936390 HTTP/1.1" 301 3812 "-" "Mozilla/5.0 (Linux; Android 6.0.1; Nexus 5X Build/MMB29P) AppleWebKit/537.36 (KHTML, like Gecko) Chrome/145.0.7632.159 Mobile Safari/537.36 (compatible; Googlebot/2.1; +http://www.google.com/bot.html)" 
66.249.64.6 - - [22/Mar/2026:05:31:52 -0700] "GET /?detail%2F285040936390 HTTP/1.1" 200 16579 "-" "Mozilla/5.0 (Linux; Android 6.0.1; Nexus 5X Build/MMB29P) AppleWebKit/537.36 (KHTML, like Gecko) Chrome/145.0.7632.159 Mobile Safari/537.36 (compatible; Googlebot/2.1; +http://www.google.com/bot.html)" 
45.156.87.12 - - [22/Mar/2026:05:31:52 -0700] "GET /wp-admin/index.php HTTP/1.1" 302 511 "http://drug-injury-lawyer.com/wp-login.php" "Mozilla/5.0 (Macintosh; Intel Mac OS X 13_6_1; rv:118.0) Gecko/20100101 Firefox/118.0" 
45.156.87.12 - - [22/Mar/2026:05:31:52 -0700] "GET /wp-login.php?redirect_to=https%3A%2F%2Fwww.drug-injury-lawyer.com%2Fwp-admin%2Findex.php&reauth=1 HTTP/1.1" 200 4570 "http://drug-injury-lawyer.com/wp-login.php" "Mozilla/5.0 (Macintosh; Intel Mac OS X 13_6_1; rv:118.0) Gecko/20100101 Firefox/118.0" 
45.156.87.12 - - [22/Mar/2026:05:31:53 -0700] "GET /wp-admin/index.php HTTP/1.1" 302 511 "http://drug-injury-lawyer.com/wp-login.php" "Mozilla/5.0 (Macintosh; Intel Mac OS X 10_15_7; rv:119.0) Gecko/20100101 Firefox/119.0" 
45.156.87.12 - - [22/Mar/2026:05:31:53 -0700] "GET /wp-login.php?redirect_to=https%3A%2F%2Fwww.drug-injury-lawyer.com%2Fwp-admin%2Findex.php&reauth=1 HTTP/1.1" 200 4570 "http://drug-injury-lawyer.com/wp-login.php" "Mozilla/5.0 (Macintosh; Intel Mac OS X 10_15_7; rv:119.0) Gecko/20100101 Firefox/119.0" 
216.73.216.189 - - [22/Mar/2026:05:32:00 -0700] "GET /2013/03/31/elderly-patients-likelier-to-receive-dangerous-drugs HTTP/2.0" 301 206 "-" "Mozilla/5.0 AppleWebKit/537.36 (KHTML, like Gecko; compatible; ClaudeBot/1.0; +claudebot@anthropic.com)" 
216.73.216.189 - - [22/Mar/2026:05:32:00 -0700] "GET /2013/03/31/elderly-patients-likelier-to-receive-dangerous-drugs/ HTTP/2.0" 200 11584 "https://www.drug-injury-lawyer.com/2013/03/31/elderly-patients-likelier-to-receive-dangerous-drugs" "Mozilla/5.0 AppleWebKit/537.36 (KHTML, like Gecko; compatible; ClaudeBot/1.0; +claudebot@anthropic.com)" 
66.249.64.6 - - [22/Mar/2026:05:32:23 -0700] "GET /?jp/041046617.html HTTP/1.1" 301 3810 "-" "Mozilla/5.0 (Linux; Android 6.0.1; Nexus 5X Build/MMB29P) AppleWebKit/537.36 (KHTML, like Gecko) Chrome/145.0.7632.159 Mobile Safari/537.36 (compatible; Googlebot/2.1; +http://www.google.com/bot.html)" 
66.249.64.6 - - [22/Mar/2026:05:32:23 -0700] "GET /?jp%2F041046617_html HTTP/1.1" 200 13230 "-" "Mozilla/5.0 (Linux; Android 6.0.1; Nexus 5X Build/MMB29P) AppleWebKit/537.36 (KHTML, like Gecko) Chrome/145.0.7632.159 Mobile Safari/537.36 (compatible; Googlebot/2.1; +http://www.google.com/bot.html)" 
217.147.172.209 - - [22/Mar/2026:05:32:55 -0700] "GET /blog/page/3/ HTTP/1.0" 200 70320 "https://www.drug-injury-lawyer.com/blog/page/3/" "Mozilla/5.0 (Windows NT 10.0; Win64; x64) AppleWebKit/537.36 (KHTML, like Gecko) Chrome/103.0.5042.0 Safari/537.36" 
217.147.172.209 - - [22/Mar/2026:05:32:55 -0700] "GET /blog/page/3/ HTTP/1.0" 200 70320 "https://www.drug-injury-lawyer.com/blog/page/3/" "Mozilla/5.0 (Windows NT 6.1; Win64; x64) AppleWebKit/537.36 (KHTML, like Gecko) Chrome/103.0.5060.66 Safari/537.36" 
107.20.105.74 - - [22/Mar/2026:05:32:56 -0700] "HEAD / HTTP/2.0" 200 342 "http://www.drug-injury-lawyer.com/" "DreamHost SiteMonitor 1.0" 
217.147.172.209 - - [22/Mar/2026:05:32:56 -0700] "GET /blog/page/2/ HTTP/1.0" 200 75150 "https://www.drug-injury-lawyer.com/blog/page/2/" "Mozilla/5.0 (Windows NT 10.0; Win64; x64) AppleWebKit/537.36 (KHTML, like Gecko) Chrome/103.0.5042.0 Safari/537.36" 
217.147.172.209 - - [22/Mar/2026:05:32:56 -0700] "GET /blog/page/2/ HTTP/1.0" 200 75150 "https://www.drug-injury-lawyer.com/blog/page/2/" "Mozilla/5.0 (Windows NT 6.1; Win64; x64) AppleWebKit/537.36 (KHTML, like Gecko) Chrome/103.0.5060.66 Safari/537.36" 
112.86.225.26 - - [22/Mar/2026:05:32:57 -0700] "GET / HTTP/1.1" 200 16565 "-" "Sogou web spider/4.0(+http://www.sogou.com/docs/help/webmasters.htm#07)" 
217.147.172.209 - - [22/Mar/2026:05:32:57 -0700] "POST /blog/page/2/ HTTP/1.0" 200 75236 "https://www.drug-injury-lawyer.com/blog/page/2/" "Mozilla/5.0 (Windows NT 6.1; Win64; x64) AppleWebKit/537.36 (KHTML, like Gecko) Chrome/103.0.5060.66 Safari/537.36" 
217.147.172.209 - - [22/Mar/2026:05:32:57 -0700] "POST /blog/page/2/ HTTP/1.0" 200 75236 "https://www.drug-injury-lawyer.com/blog/page/2/" "Mozilla/5.0 (Windows NT 10.0; Win64; x64) AppleWebKit/537.36 (KHTML, like Gecko) Chrome/103.0.5042.0 Safari/537.36" 
217.147.172.209 - - [22/Mar/2026:05:32:59 -0700] "GET /author/laba_admin/ HTTP/1.0" 500 6421 "https://www.drug-injury-lawyer.com/author/laba_admin/" "Mozilla/5.0 (Windows NT 10.0; Win64; x64) AppleWebKit/537.36 (KHTML, like Gecko) Chrome/103.0.5042.0 Safari/537.36" 
217.147.172.209 - - [22/Mar/2026:05:32:58 -0700] "GET /author/laba_admin/ HTTP/1.0" 500 6421 "https://www.drug-injury-lawyer.com/author/laba_admin/" "Mozilla/5.0 (Windows NT 6.1; Win64; x64) AppleWebKit/537.36 (KHTML, like Gecko) Chrome/103.0.5060.66 Safari/537.36" 
217.147.172.209 - - [22/Mar/2026:05:32:59 -0700] "GET /blog/page/3/ HTTP/1.0" 200 70320 "https://www.drug-injury-lawyer.com/blog/page/3/" "Mozilla/5.0 (Windows NT 10.0; Win64; x64) AppleWebKit/537.36 (KHTML, like Gecko) Chrome/103.0.5042.0 Safari/537.36" 
217.147.172.209 - - [22/Mar/2026:05:33:00 -0700] "GET /blog/page/3/ HTTP/1.0" 200 70320 "https://www.drug-injury-lawyer.com/blog/page/3/" "Mozilla/5.0 (Windows NT 6.1; Win64; x64) AppleWebKit/537.36 (KHTML, like Gecko) Chrome/103.0.5060.66 Safari/537.36" 
217.147.172.209 - - [22/Mar/2026:05:33:00 -0700] "POST /blog/page/3/ HTTP/1.0" 200 70406 "https://www.drug-injury-lawyer.com/blog/page/3/" "Mozilla/5.0 (Windows NT 10.0; Win64; x64) AppleWebKit/537.36 (KHTML, like Gecko) Chrome/103.0.5042.0 Safari/537.36" 
217.147.172.209 - - [22/Mar/2026:05:33:01 -0700] "POST /blog/page/3/ HTTP/1.0" 200 70406 "https://www.drug-injury-lawyer.com/blog/page/3/" "Mozilla/5.0 (Windows NT 6.1; Win64; x64) AppleWebKit/537.36 (KHTML, like Gecko) Chrome/103.0.5060.66 Safari/537.36" 
45.156.158.88 - - [22/Mar/2026:05:33:00 -0700] "GET /blog/page/3/ HTTP/1.0" 200 70320 "https://www.drug-injury-lawyer.com/blog/page/3/" "Mozilla/5.0 (Windows NT 6.3; Win64; x64) AppleWebKit/537.36 (KHTML, like Gecko) Chrome/103.0.5060.114 Safari/537.36" 
45.156.158.88 - - [22/Mar/2026:05:33:02 -0700] "GET /blog/page/2/ HTTP/1.0" 200 75150 "https://www.drug-injury-lawyer.com/blog/page/2/" "Mozilla/5.0 (Windows NT 6.3; Win64; x64) AppleWebKit/537.36 (KHTML, like Gecko) Chrome/103.0.5060.114 Safari/537.36" 
45.156.158.88 - - [22/Mar/2026:05:33:03 -0700] "POST /blog/page/2/ HTTP/1.0" 200 75236 "https://www.drug-injury-lawyer.com/blog/page/2/" "Mozilla/5.0 (Windows NT 6.3; Win64; x64) AppleWebKit/537.36 (KHTML, like Gecko) Chrome/103.0.5060.114 Safari/537.36" 
45.156.158.88 - - [22/Mar/2026:05:33:04 -0700] "GET /author/laba_admin/ HTTP/1.0" 500 6421 "https://www.drug-injury-lawyer.com/author/laba_admin/" "Mozilla/5.0 (Windows NT 6.3; Win64; x64) AppleWebKit/537.36 (KHTML, like Gecko) Chrome/103.0.5060.114 Safari/537.36" 
45.156.158.88 - - [22/Mar/2026:05:33:05 -0700] "GET /blog/page/3/ HTTP/1.0" 200 70320 "https://www.drug-injury-lawyer.com/blog/page/3/" "Mozilla/5.0 (Windows NT 6.3; Win64; x64) AppleWebKit/537.36 (KHTML, like Gecko) Chrome/103.0.5060.114 Safari/537.36" 
45.156.158.88 - - [22/Mar/2026:05:33:05 -0700] "POST /blog/page/3/ HTTP/1.0" 200 70406 "https://www.drug-injury-lawyer.com/blog/page/3/" "Mozilla/5.0 (Windows NT 6.3; Win64; x64) AppleWebKit/537.36 (KHTML, like Gecko) Chrome/103.0.5060.114 Safari/537.36" 
91.211.90.168 - - [22/Mar/2026:05:33:09 -0700] "GET /blog/page/3/ HTTP/1.0" 200 70320 "https://www.drug-injury-lawyer.com/blog/page/3/" "Mozilla/5.0 (Windows NT 6.1; Win64; x64) AppleWebKit/537.36 (KHTML, like Gecko) Chrome/103.0.5060.66 Safari/537.36" 
91.211.90.168 - - [22/Mar/2026:05:33:10 -0700] "GET /blog/page/3/ HTTP/1.0" 200 70320 "https://www.drug-injury-lawyer.com/blog/page/3/" "Mozilla/5.0 (Windows NT 10.0; Win64; x64) AppleWebKit/537.36 (KHTML, like Gecko) Chrome/103.0.5060.53 Safari/537.36" 
91.211.90.168 - - [22/Mar/2026:05:33:10 -0700] "GET /blog/page/2/ HTTP/1.0" 200 75150 "https://www.drug-injury-lawyer.com/blog/page/2/" "Mozilla/5.0 (Windows NT 6.1; Win64; x64) AppleWebKit/537.36 (KHTML, like Gecko) Chrome/103.0.5060.66 Safari/537.36" 
91.211.90.168 - - [22/Mar/2026:05:33:11 -0700] "GET /blog/page/2/ HTTP/1.0" 200 75150 "https://www.drug-injury-lawyer.com/blog/page/2/" "Mozilla/5.0 (Windows NT 10.0; Win64; x64) AppleWebKit/537.36 (KHTML, like Gecko) Chrome/103.0.5060.53 Safari/537.36" 
91.211.90.168 - - [22/Mar/2026:05:33:11 -0700] "POST /blog/page/2/ HTTP/1.0" 200 75236 "https://www.drug-injury-lawyer.com/blog/page/2/" "Mozilla/5.0 (Windows NT 6.1; Win64; x64) AppleWebKit/537.36 (KHTML, like Gecko) Chrome/103.0.5060.66 Safari/537.36" 
91.211.90.168 - - [22/Mar/2026:05:33:12 -0700] "POST /blog/page/2/ HTTP/1.0" 200 75236 "https://www.drug-injury-lawyer.com/blog/page/2/" "Mozilla/5.0 (Windows NT 10.0; Win64; x64) AppleWebKit/537.36 (KHTML, like Gecko) Chrome/103.0.5060.53 Safari/537.36" 
91.211.90.168 - - [22/Mar/2026:05:33:12 -0700] "GET /author/laba_admin/ HTTP/1.0" 500 6421 "https://www.drug-injury-lawyer.com/author/laba_admin/" "Mozilla/5.0 (Windows NT 6.1; Win64; x64) AppleWebKit/537.36 (KHTML, like Gecko) Chrome/103.0.5060.66 Safari/537.36" 
91.211.90.168 - - [22/Mar/2026:05:33:12 -0700] "GET /blog/page/3/ HTTP/1.0" 200 70320 "https://www.drug-injury-lawyer.com/blog/page/3/" "Mozilla/5.0 (Windows NT 6.1; Win64; x64) AppleWebKit/537.36 (KHTML, like Gecko) Chrome/103.0.5060.66 Safari/537.36" 
91.211.90.170 - - [22/Mar/2026:05:33:13 -0700] "GET /blog/page/3/ HTTP/1.0" 200 70320 "https://www.drug-injury-lawyer.com/blog/page/3/" "Mozilla/5.0 (Windows NT 10.0) AppleWebKit/537.36 (KHTML, like Gecko) Chrome/103.0.0.0 Safari/537.36" 
91.211.90.168 - - [22/Mar/2026:05:33:13 -0700] "POST /blog/page/3/ HTTP/1.0" 200 70406 "https://www.drug-injury-lawyer.com/blog/page/3/" "Mozilla/5.0 (Windows NT 6.1; Win64; x64) AppleWebKit/537.36 (KHTML, like Gecko) Chrome/103.0.5060.66 Safari/537.36" 
91.211.90.168 - - [22/Mar/2026:05:33:12 -0700] "GET /author/laba_admin/ HTTP/1.0" 500 6421 "https://www.drug-injury-lawyer.com/author/laba_admin/" "Mozilla/5.0 (Windows NT 10.0; Win64; x64) AppleWebKit/537.36 (KHTML, like Gecko) Chrome/103.0.5060.53 Safari/537.36" 
91.211.90.170 - - [22/Mar/2026:05:33:14 -0700] "GET /blog/page/2/ HTTP/1.0" 200 75150 "https://www.drug-injury-lawyer.com/blog/page/2/" "Mozilla/5.0 (Windows NT 10.0) AppleWebKit/537.36 (KHTML, like Gecko) Chrome/103.0.0.0 Safari/537.36" 
91.211.90.170 - - [22/Mar/2026:05:33:13 -0700] "GET /blog/page/3/ HTTP/1.0" 200 70320 "https://www.drug-injury-lawyer.com/blog/page/3/" "Mozilla/5.0 (Windows NT 10.0; Win64; x64) AppleWebKit/537.36 (KHTML, like Gecko) Chrome/103.0.5060.53 Safari/537.36" 
91.211.90.168 - - [22/Mar/2026:05:33:14 -0700] "GET /blog/page/3/ HTTP/1.0" 200 70320 "https://www.drug-injury-lawyer.com/blog/page/3/" "Mozilla/5.0 (Windows NT 10.0; Win64; x64) AppleWebKit/537.36 (KHTML, like Gecko) Chrome/103.0.5060.53 Safari/537.36" 
91.211.90.170 - - [22/Mar/2026:05:33:14 -0700] "POST /blog/page/2/ HTTP/1.0" 200 75236 "https://www.drug-injury-lawyer.com/blog/page/2/" "Mozilla/5.0 (Windows NT 10.0) AppleWebKit/537.36 (KHTML, like Gecko) Chrome/103.0.0.0 Safari/537.36" 
91.211.90.170 - - [22/Mar/2026:05:33:15 -0700] "GET /blog/page/2/ HTTP/1.0" 200 75150 "https://www.drug-injury-lawyer.com/blog/page/2/" "Mozilla/5.0 (Windows NT 10.0; Win64; x64) AppleWebKit/537.36 (KHTML, like Gecko) Chrome/103.0.5060.53 Safari/537.36" 
91.211.90.168 - - [22/Mar/2026:05:33:15 -0700] "POST /blog/page/3/ HTTP/1.0" 200 70406 "https://www.drug-injury-lawyer.com/blog/page/3/" "Mozilla/5.0 (Windows NT 10.0; Win64; x64) AppleWebKit/537.36 (KHTML, like Gecko) Chrome/103.0.5060.53 Safari/537.36" 
91.211.90.170 - - [22/Mar/2026:05:33:15 -0700] "GET /author/laba_admin/ HTTP/1.0" 500 6421 "https://www.drug-injury-lawyer.com/author/laba_admin/" "Mozilla/5.0 (Windows NT 10.0) AppleWebKit/537.36 (KHTML, like Gecko) Chrome/103.0.0.0 Safari/537.36" 
91.211.90.170 - - [22/Mar/2026:05:33:15 -0700] "POST /blog/page/2/ HTTP/1.0" 200 75236 "https://www.drug-injury-lawyer.com/blog/page/2/" "Mozilla/5.0 (Windows NT 10.0; Win64; x64) AppleWebKit/537.36 (KHTML, like Gecko) Chrome/103.0.5060.53 Safari/537.36" 
91.211.90.170 - - [22/Mar/2026:05:33:16 -0700] "GET /blog/page/3/ HTTP/1.0" 200 70320 "https://www.drug-injury-lawyer.com/blog/page/3/" "Mozilla/5.0 (Windows NT 10.0) AppleWebKit/537.36 (KHTML, like Gecko) Chrome/103.0.0.0 Safari/537.36" 
91.211.90.170 - - [22/Mar/2026:05:33:16 -0700] "GET /author/laba_admin/ HTTP/1.0" 500 6421 "https://www.drug-injury-lawyer.com/author/laba_admin/" "Mozilla/5.0 (Windows NT 10.0; Win64; x64) AppleWebKit/537.36 (KHTML, like Gecko) Chrome/103.0.5060.53 Safari/537.36" 
91.211.90.170 - - [22/Mar/2026:05:33:17 -0700] "POST /blog/page/3/ HTTP/1.0" 200 70406 "https://www.drug-injury-lawyer.com/blog/page/3/" "Mozilla/5.0 (Windows NT 10.0) AppleWebKit/537.36 (KHTML, like Gecko) Chrome/103.0.0.0 Safari/537.36" 
91.211.90.170 - - [22/Mar/2026:05:33:17 -0700] "GET /blog/page/3/ HTTP/1.0" 200 70320 "https://www.drug-injury-lawyer.com/blog/page/3/" "Mozilla/5.0 (Windows NT 10.0; Win64; x64) AppleWebKit/537.36 (KHTML, like Gecko) Chrome/103.0.5060.53 Safari/537.36" 
91.211.90.170 - - [22/Mar/2026:05:33:18 -0700] "POST /blog/page/3/ HTTP/1.0" 200 70406 "https://www.drug-injury-lawyer.com/blog/page/3/" "Mozilla/5.0 (Windows NT 10.0; Win64; x64) AppleWebKit/537.36 (KHTML, like Gecko) Chrome/103.0.5060.53 Safari/537.36" 
66.249.64.5 - - [22/Mar/2026:05:33:44 -0700] "GET /?jp/299049701.html HTTP/1.1" 301 3810 "-" "Mozilla/5.0 (Linux; Android 6.0.1; Nexus 5X Build/MMB29P) AppleWebKit/537.36 (KHTML, like Gecko) Chrome/145.0.7632.159 Mobile Safari/537.36 (compatible; Googlebot/2.1; +http://www.google.com/bot.html)" 
173.236.217.44 - - [22/Mar/2026:05:33:45 -0700] "POST /wp-cron.php?doing_wp_cron=1774182825.0784299373626708984375 HTTP/1.1" 200 3646 "-" "WordPress/6.8.5; https://www.drug-injury-lawyer.com" 
66.249.64.6 - - [22/Mar/2026:05:33:46 -0700] "GET /?jp%2F299049701_html HTTP/1.1" 200 16579 "-" "Mozilla/5.0 (Linux; Android 6.0.1; Nexus 5X Build/MMB29P) AppleWebKit/537.36 (KHTML, like Gecko) Chrome/145.0.7632.159 Mobile Safari/537.36 (compatible; Googlebot/2.1; +http://www.google.com/bot.html)" 
66.249.64.5 - - [22/Mar/2026:05:34:23 -0700] "GET /?goods/064013188 HTTP/1.1" 301 3808 "-" "Mozilla/5.0 (Linux; Android 6.0.1; Nexus 5X Build/MMB29P) AppleWebKit/537.36 (KHTML, like Gecko) Chrome/145.0.7632.159 Mobile Safari/537.36 (compatible; Googlebot/2.1; +http://www.google.com/bot.html)" 
66.249.64.7 - - [22/Mar/2026:05:34:23 -0700] "GET /?goods%2F064013188 HTTP/1.1" 200 16578 "-" "Mozilla/5.0 (Linux; Android 6.0.1; Nexus 5X Build/MMB29P) AppleWebKit/537.36 (KHTML, like Gecko) Chrome/145.0.7632.159 Mobile Safari/537.36 (compatible; Googlebot/2.1; +http://www.google.com/bot.html)" 
66.249.64.7 - - [22/Mar/2026:05:35:29 -0700] "GET /?goods/146033354 HTTP/1.1" 301 3808 "-" "Mozilla/5.0 (Linux; Android 6.0.1; Nexus 5X Build/MMB29P) AppleWebKit/537.36 (KHTML, like Gecko) Chrome/145.0.7632.159 Mobile Safari/537.36 (compatible; Googlebot/2.1; +http://www.google.com/bot.html)" 
173.236.217.44 - - [22/Mar/2026:05:35:29 -0700] "POST /wp-cron.php?doing_wp_cron=1774182929.7964088916778564453125 HTTP/1.1" 200 3646 "-" "WordPress/6.8.5; https://www.drug-injury-lawyer.com" 
66.249.64.6 - - [22/Mar/2026:05:35:31 -0700] "GET /?goods/001018674 HTTP/1.1" 301 3808 "-" "Mozilla/5.0 (Linux; Android 6.0.1; Nexus 5X Build/MMB29P) AppleWebKit/537.36 (KHTML, like Gecko) Chrome/145.0.7632.159 Mobile Safari/537.36 (compatible; Googlebot/2.1; +http://www.google.com/bot.html)" 
66.249.64.5 - - [22/Mar/2026:05:35:30 -0700] "GET /?goods%2F146033354 HTTP/1.1" 200 16577 "-" "Mozilla/5.0 (Linux; Android 6.0.1; Nexus 5X Build/MMB29P) AppleWebKit/537.36 (KHTML, like Gecko) Chrome/145.0.7632.159 Mobile Safari/537.36 (compatible; Googlebot/2.1; +http://www.google.com/bot.html)" 
66.249.64.5 - - [22/Mar/2026:05:35:31 -0700] "GET /?goods%2F001018674 HTTP/1.1" 200 16578 "-" "Mozilla/5.0 (Linux; Android 6.0.1; Nexus 5X Build/MMB29P) AppleWebKit/537.36 (KHTML, like Gecko) Chrome/145.0.7632.159 Mobile Safari/537.36 (compatible; Googlebot/2.1; +http://www.google.com/bot.html)" 
91.211.90.158 - - [22/Mar/2026:05:36:03 -0700] "GET /blog/page/3/ HTTP/1.0" 200 70320 "https://www.drug-injury-lawyer.com/blog/page/3/" "Mozilla/5.0 (Windows NT 6.3; WOW64) AppleWebKit/537.36 (KHTML, like Gecko) Chrome/103.0.5060.114 Safari/537.36" 
91.211.90.158 - - [22/Mar/2026:05:36:04 -0700] "GET /blog/page/2/ HTTP/1.0" 200 75150 "https://www.drug-injury-lawyer.com/blog/page/2/" "Mozilla/5.0 (Windows NT 6.3; WOW64) AppleWebKit/537.36 (KHTML, like Gecko) Chrome/103.0.5060.114 Safari/537.36" 
91.211.90.158 - - [22/Mar/2026:05:36:05 -0700] "POST /blog/page/2/ HTTP/1.0" 200 75236 "https://www.drug-injury-lawyer.com/blog/page/2/" "Mozilla/5.0 (Windows NT 6.3; WOW64) AppleWebKit/537.36 (KHTML, like Gecko) Chrome/103.0.5060.114 Safari/537.36" 
91.211.90.158 - - [22/Mar/2026:05:36:06 -0700] "GET /author/laba_admin/ HTTP/1.0" 500 6421 "https://www.drug-injury-lawyer.com/author/laba_admin/" "Mozilla/5.0 (Windows NT 6.3; WOW64) AppleWebKit/537.36 (KHTML, like Gecko) Chrome/103.0.5060.114 Safari/537.36" 
91.211.90.158 - - [22/Mar/2026:05:36:07 -0700] "GET /blog/page/3/ HTTP/1.0" 200 70320 "https://www.drug-injury-lawyer.com/blog/page/3/" "Mozilla/5.0 (Windows NT 6.3; WOW64) AppleWebKit/537.36 (KHTML, like Gecko) Chrome/103.0.5060.114 Safari/537.36" 
91.211.90.158 - - [22/Mar/2026:05:36:08 -0700] "POST /blog/page/3/ HTTP/1.0" 200 70406 "https://www.drug-injury-lawyer.com/blog/page/3/" "Mozilla/5.0 (Windows NT 6.3; WOW64) AppleWebKit/537.36 (KHTML, like Gecko) Chrome/103.0.5060.114 Safari/537.36" 
66.249.64.5 - - [22/Mar/2026:05:37:51 -0700] "GET /?jp/172005645.html HTTP/1.1" 301 3810 "-" "Mozilla/5.0 (Linux; Android 6.0.1; Nexus 5X Build/MMB29P) AppleWebKit/537.36 (KHTML, like Gecko) Chrome/145.0.7632.159 Mobile Safari/537.36 (compatible; Googlebot/2.1; +http://www.google.com/bot.html)" 
173.236.217.44 - - [22/Mar/2026:05:37:52 -0700] "POST /wp-cron.php?doing_wp_cron=1774183072.0040640830993652343750 HTTP/1.1" 200 3646 "-" "WordPress/6.8.5; https://www.drug-injury-lawyer.com" 
66.249.64.6 - - [22/Mar/2026:05:37:53 -0700] "GET /?jp%2F172005645_html HTTP/1.1" 200 16580 "-" "Mozilla/5.0 (Linux; Android 6.0.1; Nexus 5X Build/MMB29P) AppleWebKit/537.36 (KHTML, like Gecko) Chrome/145.0.7632.159 Mobile Safari/537.36 (compatible; Googlebot/2.1; +http://www.google.com/bot.html)" 
107.20.105.74 - - [22/Mar/2026:05:37:56 -0700] "HEAD / HTTP/2.0" 200 342 "http://www.drug-injury-lawyer.com/" "DreamHost SiteMonitor 1.0" 
66.249.64.6 - - [22/Mar/2026:05:38:01 -0700] "GET /?jp/208025918.html HTTP/1.1" 301 3810 "-" "Mozilla/5.0 (Linux; Android 6.0.1; Nexus 5X Build/MMB29P) AppleWebKit/537.36 (KHTML, like Gecko) Chrome/145.0.7632.159 Mobile Safari/537.36 (compatible; Googlebot/2.1; +http://www.google.com/bot.html)" 
66.249.64.6 - - [22/Mar/2026:05:38:01 -0700] "GET /?jp%2F208025918_html HTTP/1.1" 200 13229 "-" "Mozilla/5.0 (Linux; Android 6.0.1; Nexus 5X Build/MMB29P) AppleWebKit/537.36 (KHTML, like Gecko) Chrome/145.0.7632.159 Mobile Safari/537.36 (compatible; Googlebot/2.1; +http://www.google.com/bot.html)" 
213.209.159.254 - - [22/Mar/2026:05:38:41 -0700] "GET / HTTP/2.0" 301 358 "-" "Mozilla/5.0 (Windows NT 10.0; Win64; x64) AppleWebKit/537.36 (KHTML, like Gecko) Chrome/100.0.4896.75 Safari/537.36" 
66.249.64.5 - - [22/Mar/2026:05:38:44 -0700] "GET /?detail/14303893522855 HTTP/1.1" 301 3814 "-" "Mozilla/5.0 (Linux; Android 6.0.1; Nexus 5X Build/MMB29P) AppleWebKit/537.36 (KHTML, like Gecko) Chrome/145.0.7632.159 Mobile Safari/537.36 (compatible; Googlebot/2.1; +http://www.google.com/bot.html)" 
173.236.217.44 - - [22/Mar/2026:05:38:45 -0700] "POST /wp-cron.php?doing_wp_cron=1774183124.9688150882720947265625 HTTP/1.1" 200 3646 "-" "WordPress/6.8.5; https://www.drug-injury-lawyer.com" 
66.249.64.6 - - [22/Mar/2026:05:38:46 -0700] "GET /?detail%2F14303893522855 HTTP/1.1" 200 16580 "-" "Mozilla/5.0 (Linux; Android 6.0.1; Nexus 5X Build/MMB29P) AppleWebKit/537.36 (KHTML, like Gecko) Chrome/145.0.7632.159 Mobile Safari/537.36 (compatible; Googlebot/2.1; +http://www.google.com/bot.html)" 
66.249.64.5 - - [22/Mar/2026:05:40:11 -0700] "GET /?detail/0050312886271 HTTP/1.1" 301 3813 "-" "Mozilla/5.0 (Linux; Android 6.0.1; Nexus 5X Build/MMB29P) AppleWebKit/537.36 (KHTML, like Gecko) Chrome/145.0.7632.159 Mobile Safari/537.36 (compatible; Googlebot/2.1; +http://www.google.com/bot.html)" 
66.249.64.7 - - [22/Mar/2026:05:40:11 -0700] "GET /?detail%2F0050312886271 HTTP/1.1" 200 16580 "-" "Mozilla/5.0 (Linux; Android 6.0.1; Nexus 5X Build/MMB29P) AppleWebKit/537.36 (KHTML, like Gecko) Chrome/145.0.7632.159 Mobile Safari/537.36 (compatible; Googlebot/2.1; +http://www.google.com/bot.html)" 
141.98.11.44 - - [22/Mar/2026:05:40:44 -0700] "GET /wp-includes/sodium_compat/src/Core/SecretStream/State.php HTTP/1.1" 200 3661 "-" "Mozilla/5.0 (Windows NT 10.0; Win64; x64) AppleWebKit/537.36" 
45.156.158.225 - - [22/Mar/2026:05:40:56 -0700] "GET /blog/page/3/ HTTP/1.0" 200 70320 "https://www.drug-injury-lawyer.com/blog/page/3/" "Mozilla/5.0 (Windows NT 10.0; WOW64) AppleWebKit/537.36 (KHTML, like Gecko) Chrome/103.0.0.0 Safari/537.36" 
91.211.90.225 - - [22/Mar/2026:05:40:57 -0700] "GET /blog/page/3/ HTTP/1.0" 200 70320 "https://www.drug-injury-lawyer.com/blog/page/3/" "Mozilla/5.0 (Windows NT 6.1; Win64; x64) AppleWebKit/537.36 (KHTML, like Gecko) Chrome/103.0.5060.114 Safari/537.36" 
217.147.172.206 - - [22/Mar/2026:05:40:57 -0700] "GET /blog/page/3/ HTTP/1.0" 200 70320 "https://www.drug-injury-lawyer.com/blog/page/3/" "Mozilla/5.0 (Windows NT 6.3; WOW64) AppleWebKit/537.36 (KHTML, like Gecko) Chrome/103.0.5060.114 Safari/537.36" 
91.211.90.225 - - [22/Mar/2026:05:40:58 -0700] "GET /blog/page/2/ HTTP/1.0" 200 75150 "https://www.drug-injury-lawyer.com/blog/page/2/" "Mozilla/5.0 (Windows NT 6.1; Win64; x64) AppleWebKit/537.36 (KHTML, like Gecko) Chrome/103.0.5060.114 Safari/537.36" 
45.156.158.225 - - [22/Mar/2026:05:40:57 -0700] "GET /blog/page/2/ HTTP/1.0" 200 75150 "https://www.drug-injury-lawyer.com/blog/page/2/" "Mozilla/5.0 (Windows NT 10.0; WOW64) AppleWebKit/537.36 (KHTML, like Gecko) Chrome/103.0.0.0 Safari/537.36" 
91.211.90.225 - - [22/Mar/2026:05:40:59 -0700] "POST /blog/page/2/ HTTP/1.0" 200 75236 "https://www.drug-injury-lawyer.com/blog/page/2/" "Mozilla/5.0 (Windows NT 6.1; Win64; x64) AppleWebKit/537.36 (KHTML, like Gecko) Chrome/103.0.5060.114 Safari/537.36" 
217.147.172.206 - - [22/Mar/2026:05:40:59 -0700] "GET /blog/page/2/ HTTP/1.0" 200 75150 "https://www.drug-injury-lawyer.com/blog/page/2/" "Mozilla/5.0 (Windows NT 6.3; WOW64) AppleWebKit/537.36 (KHTML, like Gecko) Chrome/103.0.5060.114 Safari/537.36" 
91.211.90.225 - - [22/Mar/2026:05:41:00 -0700] "GET /author/laba_admin/ HTTP/1.0" 500 6421 "https://www.drug-injury-lawyer.com/author/laba_admin/" "Mozilla/5.0 (Windows NT 6.1; Win64; x64) AppleWebKit/537.36 (KHTML, like Gecko) Chrome/103.0.5060.114 Safari/537.36" 
91.211.90.225 - - [22/Mar/2026:05:40:58 -0700] "GET /blog/page/3/ HTTP/1.0" 200 70320 "https://www.drug-injury-lawyer.com/blog/page/3/" "Mozilla/5.0 (Windows NT 6.3; Win64; x64) AppleWebKit/537.36 (KHTML, like Gecko) Chrome/103.0.0.0 Safari/537.36" 
45.156.158.225 - - [22/Mar/2026:05:40:59 -0700] "POST /blog/page/2/ HTTP/1.0" 200 75236 "https://www.drug-injury-lawyer.com/blog/page/2/" "Mozilla/5.0 (Windows NT 10.0; WOW64) AppleWebKit/537.36 (KHTML, like Gecko) Chrome/103.0.0.0 Safari/537.36" 
217.147.172.206 - - [22/Mar/2026:05:41:00 -0700] "POST /blog/page/2/ HTTP/1.0" 200 75236 "https://www.drug-injury-lawyer.com/blog/page/2/" "Mozilla/5.0 (Windows NT 6.3; WOW64) AppleWebKit/537.36 (KHTML, like Gecko) Chrome/103.0.5060.114 Safari/537.36" 
91.211.90.225 - - [22/Mar/2026:05:41:01 -0700] "GET /blog/page/3/ HTTP/1.0" 200 70320 "https://www.drug-injury-lawyer.com/blog/page/3/" "Mozilla/5.0 (Windows NT 6.1; Win64; x64) AppleWebKit/537.36 (KHTML, like Gecko) Chrome/103.0.5060.114 Safari/537.36" 
91.211.90.225 - - [22/Mar/2026:05:41:01 -0700] "GET /blog/page/2/ HTTP/1.0" 200 75150 "https://www.drug-injury-lawyer.com/blog/page/2/" "Mozilla/5.0 (Windows NT 6.3; Win64; x64) AppleWebKit/537.36 (KHTML, like Gecko) Chrome/103.0.0.0 Safari/537.36" 
45.156.158.225 - - [22/Mar/2026:05:41:01 -0700] "GET /author/laba_admin/ HTTP/1.0" 500 6421 "https://www.drug-injury-lawyer.com/author/laba_admin/" "Mozilla/5.0 (Windows NT 10.0; WOW64) AppleWebKit/537.36 (KHTML, like Gecko) Chrome/103.0.0.0 Safari/537.36" 
217.147.172.206 - - [22/Mar/2026:05:41:01 -0700] "GET /author/laba_admin/ HTTP/1.0" 500 6421 "https://www.drug-injury-lawyer.com/author/laba_admin/" "Mozilla/5.0 (Windows NT 6.3; WOW64) AppleWebKit/537.36 (KHTML, like Gecko) Chrome/103.0.5060.114 Safari/537.36" 
91.211.90.225 - - [22/Mar/2026:05:41:02 -0700] "POST /blog/page/3/ HTTP/1.0" 200 70406 "https://www.drug-injury-lawyer.com/blog/page/3/" "Mozilla/5.0 (Windows NT 6.1; Win64; x64) AppleWebKit/537.36 (KHTML, like Gecko) Chrome/103.0.5060.114 Safari/537.36" 
45.156.158.225 - - [22/Mar/2026:05:41:02 -0700] "GET /blog/page/3/ HTTP/1.0" 200 70320 "https://www.drug-injury-lawyer.com/blog/page/3/" "Mozilla/5.0 (Windows NT 10.0; WOW64) AppleWebKit/537.36 (KHTML, like Gecko) Chrome/103.0.0.0 Safari/537.36" 
91.211.90.225 - - [22/Mar/2026:05:41:02 -0700] "POST /blog/page/2/ HTTP/1.0" 200 75236 "https://www.drug-injury-lawyer.com/blog/page/2/" "Mozilla/5.0 (Windows NT 6.3; Win64; x64) AppleWebKit/537.36 (KHTML, like Gecko) Chrome/103.0.0.0 Safari/537.36" 
45.156.158.225 - - [22/Mar/2026:05:41:03 -0700] "POST /blog/page/3/ HTTP/1.0" 200 70406 "https://www.drug-injury-lawyer.com/blog/page/3/" "Mozilla/5.0 (Windows NT 10.0; WOW64) AppleWebKit/537.36 (KHTML, like Gecko) Chrome/103.0.0.0 Safari/537.36" 
91.211.90.225 - - [22/Mar/2026:05:41:03 -0700] "GET /author/laba_admin/ HTTP/1.0" 500 6421 "https://www.drug-injury-lawyer.com/author/laba_admin/" "Mozilla/5.0 (Windows NT 6.3; Win64; x64) AppleWebKit/537.36 (KHTML, like Gecko) Chrome/103.0.0.0 Safari/537.36" 
217.147.172.206 - - [22/Mar/2026:05:41:02 -0700] "GET /blog/page/3/ HTTP/1.0" 200 70320 "https://www.drug-injury-lawyer.com/blog/page/3/" "Mozilla/5.0 (Windows NT 6.3; WOW64) AppleWebKit/537.36 (KHTML, like Gecko) Chrome/103.0.5060.114 Safari/537.36" 
91.211.90.225 - - [22/Mar/2026:05:41:04 -0700] "GET /blog/page/3/ HTTP/1.0" 200 70320 "https://www.drug-injury-lawyer.com/blog/page/3/" "Mozilla/5.0 (Windows NT 6.3; Win64; x64) AppleWebKit/537.36 (KHTML, like Gecko) Chrome/103.0.0.0 Safari/537.36" 
217.147.172.206 - - [22/Mar/2026:05:41:04 -0700] "POST /blog/page/3/ HTTP/1.0" 200 70406 "https://www.drug-injury-lawyer.com/blog/page/3/" "Mozilla/5.0 (Windows NT 6.3; WOW64) AppleWebKit/537.36 (KHTML, like Gecko) Chrome/103.0.5060.114 Safari/537.36" 
91.211.90.225 - - [22/Mar/2026:05:41:04 -0700] "POST /blog/page/3/ HTTP/1.0" 200 70406 "https://www.drug-injury-lawyer.com/blog/page/3/" "Mozilla/5.0 (Windows NT 6.3; Win64; x64) AppleWebKit/537.36 (KHTML, like Gecko) Chrome/103.0.0.0 Safari/537.36" 
66.249.64.5 - - [22/Mar/2026:05:41:12 -0700] "GET /?detail/2740374626768 HTTP/1.1" 301 3813 "-" "Mozilla/5.0 (Linux; Android 6.0.1; Nexus 5X Build/MMB29P) AppleWebKit/537.36 (KHTML, like Gecko) Chrome/145.0.7632.159 Mobile Safari/537.36 (compatible; Googlebot/2.1; +http://www.google.com/bot.html)" 
66.249.64.7 - - [22/Mar/2026:05:41:12 -0700] "GET /?detail%2F2740374626768 HTTP/1.1" 200 16580 "-" "Mozilla/5.0 (Linux; Android 6.0.1; Nexus 5X Build/MMB29P) AppleWebKit/537.36 (KHTML, like Gecko) Chrome/145.0.7632.159 Mobile Safari/537.36 (compatible; Googlebot/2.1; +http://www.google.com/bot.html)" 
66.249.64.5 - - [22/Mar/2026:05:41:51 -0700] "GET /?detail/1140273159628 HTTP/1.1" 301 3813 "-" "Mozilla/5.0 (Linux; Android 6.0.1; Nexus 5X Build/MMB29P) AppleWebKit/537.36 (KHTML, like Gecko) Chrome/145.0.7632.159 Mobile Safari/537.36 (compatible; Googlebot/2.1; +http://www.google.com/bot.html)" 
66.249.64.5 - - [22/Mar/2026:05:41:51 -0700] "GET /?goods/013002790 HTTP/1.1" 301 459 "-" "Mozilla/5.0 (Linux; Android 6.0.1; Nexus 5X Build/MMB29P) AppleWebKit/537.36 (KHTML, like Gecko) Chrome/145.0.7632.159 Mobile Safari/537.36 (compatible; Googlebot/2.1; +http://www.google.com/bot.html)" 
66.249.64.5 - - [22/Mar/2026:05:41:52 -0700] "GET /?detail/05000883350012 HTTP/1.1" 301 465 "-" "Mozilla/5.0 (Linux; Android 6.0.1; Nexus 5X Build/MMB29P) AppleWebKit/537.36 (KHTML, like Gecko) Chrome/145.0.7632.159 Mobile Safari/537.36 (compatible; Googlebot/2.1; +http://www.google.com/bot.html)" 
66.249.64.5 - - [22/Mar/2026:05:41:52 -0700] "GET /?detail%2F1140273159628 HTTP/1.1" 200 13231 "-" "Mozilla/5.0 (Linux; Android 6.0.1; Nexus 5X Build/MMB29P) AppleWebKit/537.36 (KHTML, like Gecko) Chrome/145.0.7632.159 Mobile Safari/537.36 (compatible; Googlebot/2.1; +http://www.google.com/bot.html)" 
66.249.64.5 - - [22/Mar/2026:05:41:52 -0700] "GET /?goods%2F013002790 HTTP/1.1" 200 13229 "-" "Mozilla/5.0 (Linux; Android 6.0.1; Nexus 5X Build/MMB29P) AppleWebKit/537.36 (KHTML, like Gecko) Chrome/145.0.7632.159 Mobile Safari/537.36 (compatible; Googlebot/2.1; +http://www.google.com/bot.html)" 
66.249.64.5 - - [22/Mar/2026:05:41:52 -0700] "GET /?detail%2F05000883350012 HTTP/1.1" 200 13230 "-" "Mozilla/5.0 (Linux; Android 6.0.1; Nexus 5X Build/MMB29P) AppleWebKit/537.36 (KHTML, like Gecko) Chrome/145.0.7632.159 Mobile Safari/537.36 (compatible; Googlebot/2.1; +http://www.google.com/bot.html)" 
66.249.64.7 - - [22/Mar/2026:05:42:04 -0700] "GET /?u=00205019b54b59 HTTP/1.1" 200 16579 "-" "Mozilla/5.0 (Linux; Android 6.0.1; Nexus 5X Build/MMB29P) AppleWebKit/537.36 (KHTML, like Gecko) Chrome/145.0.7632.159 Mobile Safari/537.36 (compatible; Googlebot/2.1; +http://www.google.com/bot.html)" 
