4.231.228.236 - - [20/Mar/2026:06:25:31 -0700] "GET /wp-admin/js/fi.php HTTP/1.1" 301 477 "-" "-" 
4.231.228.236 - - [20/Mar/2026:06:25:31 -0700] "GET /wp-admin/js/fi.php HTTP/1.1" 500 3134 "-" "-" 
4.231.228.236 - - [20/Mar/2026:06:25:31 -0700] "GET /fe5.php HTTP/1.1" 301 455 "-" "-" 
4.231.228.236 - - [20/Mar/2026:06:25:32 -0700] "GET /fe5.php HTTP/1.1" 500 3134 "-" "-" 
4.231.228.236 - - [20/Mar/2026:06:25:32 -0700] "GET /kj.php HTTP/1.1" 301 453 "-" "-" 
4.231.228.236 - - [20/Mar/2026:06:25:32 -0700] "GET /kj.php HTTP/1.1" 500 3134 "-" "-" 
4.231.228.236 - - [20/Mar/2026:06:25:32 -0700] "GET //wp-content/uploads/2021/02/index.php HTTP/1.1" 301 513 "-" "-" 
4.231.228.236 - - [20/Mar/2026:06:25:32 -0700] "GET /wp-content/uploads/2021/02/index.php HTTP/1.1" 301 409 "-" "-" 
4.231.228.236 - - [20/Mar/2026:06:25:32 -0700] "GET /wp-content/uploads/2021/02/ HTTP/1.1" 500 3112 "-" "-" 
4.231.228.236 - - [20/Mar/2026:06:25:33 -0700] "GET /av.php HTTP/1.1" 301 453 "-" "-" 
4.231.228.236 - - [20/Mar/2026:06:25:33 -0700] "GET /av.php HTTP/1.1" 500 3134 "-" "-" 
4.231.228.236 - - [20/Mar/2026:06:25:33 -0700] "GET /abcd.php HTTP/1.1" 301 457 "-" "-" 
4.231.228.236 - - [20/Mar/2026:06:25:33 -0700] "GET /abcd.php HTTP/1.1" 500 3134 "-" "-" 
4.231.228.236 - - [20/Mar/2026:06:25:33 -0700] "GET /init.php HTTP/1.1" 301 457 "-" "-" 
4.231.228.236 - - [20/Mar/2026:06:25:33 -0700] "GET /init.php HTTP/1.1" 500 3134 "-" "-" 
4.231.228.236 - - [20/Mar/2026:06:25:34 -0700] "GET /fi.php HTTP/1.1" 301 453 "-" "-" 
4.231.228.236 - - [20/Mar/2026:06:25:34 -0700] "GET /fi.php HTTP/1.1" 500 3134 "-" "-" 
4.231.228.236 - - [20/Mar/2026:06:25:34 -0700] "GET //a1.php HTTP/1.1" 301 453 "-" "-" 
4.231.228.236 - - [20/Mar/2026:06:25:34 -0700] "GET /a1.php HTTP/1.1" 500 3134 "-" "-" 
4.231.228.236 - - [20/Mar/2026:06:25:34 -0700] "GET /update/f35.php HTTP/1.1" 301 469 "-" "-" 
4.231.228.236 - - [20/Mar/2026:06:25:34 -0700] "GET /update/f35.php HTTP/1.1" 500 3134 "-" "-" 
4.231.228.236 - - [20/Mar/2026:06:25:35 -0700] "GET /wp-includes/Text/Diff/Engine/about.php HTTP/1.1" 301 517 "-" "-" 
4.231.228.236 - - [20/Mar/2026:06:25:35 -0700] "GET /wp-includes/Text/Diff/Engine/about.php HTTP/1.1" 500 3134 "-" "-" 
4.231.228.236 - - [20/Mar/2026:06:25:35 -0700] "GET /f35.php HTTP/1.1" 301 455 "-" "-" 
4.231.228.236 - - [20/Mar/2026:06:25:35 -0700] "GET /f35.php HTTP/1.1" 500 3134 "-" "-" 
4.231.228.236 - - [20/Mar/2026:06:25:35 -0700] "GET /hi.php HTTP/1.1" 301 453 "-" "-" 
4.231.228.236 - - [20/Mar/2026:06:25:36 -0700] "GET /hi.php HTTP/1.1" 500 3134 "-" "-" 
4.231.228.236 - - [20/Mar/2026:06:25:36 -0700] "GET /lb.php HTTP/1.1" 301 453 "-" "-" 
4.231.228.236 - - [20/Mar/2026:06:25:36 -0700] "GET /lb.php HTTP/1.1" 500 3134 "-" "-" 
4.231.228.236 - - [20/Mar/2026:06:25:36 -0700] "GET //wp-includes/css/index.php?p= HTTP/1.1" 301 497 "-" "-" 
4.231.228.236 - - [20/Mar/2026:06:25:36 -0700] "GET /wp-includes/css/index.php?p= HTTP/1.1" 301 398 "-" "-" 
4.231.228.236 - - [20/Mar/2026:06:25:36 -0700] "GET /wp-includes/css/ HTTP/1.1" 500 3112 "-" "-" 
4.231.228.236 - - [20/Mar/2026:06:25:37 -0700] "GET /wp-includes/SimplePie/ HTTP/1.1" 301 485 "-" "-" 
4.231.228.236 - - [20/Mar/2026:06:25:37 -0700] "GET /wp-includes/SimplePie/ HTTP/1.1" 500 3134 "-" "-" 
4.231.228.236 - - [20/Mar/2026:06:25:37 -0700] "GET /prv8.php HTTP/1.1" 301 457 "-" "-" 
4.231.228.236 - - [20/Mar/2026:06:25:37 -0700] "GET /prv8.php HTTP/1.1" 500 3134 "-" "-" 
4.231.228.236 - - [20/Mar/2026:06:25:37 -0700] "GET /k.php HTTP/1.1" 301 451 "-" "-" 
4.231.228.236 - - [20/Mar/2026:06:25:37 -0700] "GET /k.php HTTP/1.1" 500 3134 "-" "-" 
4.231.228.236 - - [20/Mar/2026:06:25:38 -0700] "GET /dev.php HTTP/1.1" 301 455 "-" "-" 
4.231.228.236 - - [20/Mar/2026:06:25:38 -0700] "GET /dev.php HTTP/1.1" 500 3134 "-" "-" 
4.231.228.236 - - [20/Mar/2026:06:25:38 -0700] "GET /bal.php HTTP/1.1" 301 455 "-" "-" 
4.231.228.236 - - [20/Mar/2026:06:25:38 -0700] "GET /bal.php HTTP/1.1" 500 3134 "-" "-" 
4.231.228.236 - - [20/Mar/2026:06:25:38 -0700] "GET /in.php HTTP/1.1" 301 453 "-" "-" 
4.231.228.236 - - [20/Mar/2026:06:25:38 -0700] "GET /in.php HTTP/1.1" 500 3134 "-" "-" 
4.231.228.236 - - [20/Mar/2026:06:25:39 -0700] "GET /gssdd.php HTTP/1.1" 301 459 "-" "-" 
173.236.217.44 - - [20/Mar/2026:06:25:39 -0700] "POST /wp-cron.php?doing_wp_cron=1774013139.3680770397186279296875 HTTP/1.1" 200 283 "-" "WordPress/6.8.5; https://www.drug-injury-lawyer.com" 
4.231.228.236 - - [20/Mar/2026:06:25:39 -0700] "GET /gssdd.php HTTP/1.1" 500 3134 "-" "-" 
4.231.228.236 - - [20/Mar/2026:06:25:39 -0700] "GET /motu.php HTTP/1.1" 301 457 "-" "-" 
4.231.228.236 - - [20/Mar/2026:06:25:39 -0700] "GET /motu.php HTTP/1.1" 500 3134 "-" "-" 
4.231.228.236 - - [20/Mar/2026:06:25:39 -0700] "GET /bs1.php HTTP/1.1" 301 455 "-" "-" 
4.231.228.236 - - [20/Mar/2026:06:25:40 -0700] "GET /bs1.php HTTP/1.1" 500 3134 "-" "-" 
4.231.228.236 - - [20/Mar/2026:06:25:40 -0700] "GET /bengi.php HTTP/1.1" 301 459 "-" "-" 
4.231.228.236 - - [20/Mar/2026:06:25:40 -0700] "GET /bengi.php HTTP/1.1" 500 3134 "-" "-" 
4.231.228.236 - - [20/Mar/2026:06:25:40 -0700] "GET //erty.php HTTP/1.1" 301 457 "-" "-" 
4.231.228.236 - - [20/Mar/2026:06:25:40 -0700] "GET /erty.php HTTP/1.1" 500 3134 "-" "-" 
4.231.228.236 - - [20/Mar/2026:06:25:40 -0700] "GET /wp-content/plugins/pwnd/as.php HTTP/1.1" 301 501 "-" "-" 
4.231.228.236 - - [20/Mar/2026:06:25:41 -0700] "GET /wp-content/plugins/pwnd/as.php HTTP/1.1" 500 3134 "-" "-" 
4.231.228.236 - - [20/Mar/2026:06:25:41 -0700] "GET /X57.php HTTP/1.1" 301 455 "-" "-" 
4.231.228.236 - - [20/Mar/2026:06:25:41 -0700] "GET /X57.php HTTP/1.1" 500 3134 "-" "-" 
4.231.228.236 - - [20/Mar/2026:06:25:41 -0700] "GET /axx.php HTTP/1.1" 301 455 "-" "-" 
4.231.228.236 - - [20/Mar/2026:06:25:41 -0700] "GET /axx.php HTTP/1.1" 500 3134 "-" "-" 
4.231.228.236 - - [20/Mar/2026:06:25:41 -0700] "GET /alfashell.php HTTP/1.1" 301 467 "-" "-" 
4.231.228.236 - - [20/Mar/2026:06:25:42 -0700] "GET /alfashell.php HTTP/1.1" 500 3134 "-" "-" 
4.231.228.236 - - [20/Mar/2026:06:25:42 -0700] "GET /re.php HTTP/1.1" 301 453 "-" "-" 
4.231.228.236 - - [20/Mar/2026:06:25:42 -0700] "GET /re.php HTTP/1.1" 500 3134 "-" "-" 
4.231.228.236 - - [20/Mar/2026:06:25:42 -0700] "GET /styll.php HTTP/1.1" 301 459 "-" "-" 
4.231.228.236 - - [20/Mar/2026:06:25:42 -0700] "GET /styll.php HTTP/1.1" 500 3134 "-" "-" 
4.231.228.236 - - [20/Mar/2026:06:25:42 -0700] "GET /flower.php HTTP/1.1" 301 461 "-" "-" 
4.231.228.236 - - [20/Mar/2026:06:25:43 -0700] "GET /flower.php HTTP/1.1" 500 3134 "-" "-" 
4.231.228.236 - - [20/Mar/2026:06:25:43 -0700] "GET /gettest.php HTTP/1.1" 301 463 "-" "-" 
4.231.228.236 - - [20/Mar/2026:06:25:43 -0700] "GET /gettest.php HTTP/1.1" 500 3134 "-" "-" 
4.231.228.236 - - [20/Mar/2026:06:25:43 -0700] "GET /acp.php HTTP/1.1" 301 455 "-" "-" 
4.231.228.236 - - [20/Mar/2026:06:25:43 -0700] "GET /acp.php HTTP/1.1" 500 3134 "-" "-" 
45.156.158.210 - - [20/Mar/2026:06:27:28 -0700] "GET /blog/page/3/ HTTP/1.0" 200 66894 "http://www.drug-injury-lawyer.com/blog/page/3/" "Mozilla/5.0 (Windows NT 6.1) AppleWebKit/537.36 (KHTML, like Gecko) Chrome/103.0.0.0 Safari/537.36" 
173.236.217.44 - - [20/Mar/2026:06:27:29 -0700] "POST /wp-cron.php?doing_wp_cron=1774013249.5211129188537597656250 HTTP/1.1" 200 283 "-" "WordPress/6.8.5; https://www.drug-injury-lawyer.com" 
45.156.158.210 - - [20/Mar/2026:06:27:28 -0700] "GET /blog/page/3/ HTTP/1.0" 200 66894 "http://www.drug-injury-lawyer.com/blog/page/3/" "Mozilla/5.0 (Windows NT 6.1; Win64; x64) AppleWebKit/537.36 (KHTML, like Gecko) Chrome/103.0.5060.66 Safari/537.36" 
107.20.105.74 - - [20/Mar/2026:06:27:54 -0700] "HEAD / HTTP/1.1" 301 197 "-" "DreamHost SiteMonitor 1.0" 
173.236.217.44 - - [20/Mar/2026:06:27:55 -0700] "POST /wp-cron.php?doing_wp_cron=1774013275.0158889293670654296875 HTTP/1.1" 200 283 "-" "WordPress/6.8.5; https://www.drug-injury-lawyer.com" 
107.20.105.74 - - [20/Mar/2026:06:27:54 -0700] "HEAD / HTTP/1.1" 301 385 "http://173.236.217.44" "DreamHost SiteMonitor 1.0" 
173.236.217.44 - - [20/Mar/2026:06:28:53 -0700] "POST /wp-cron.php?doing_wp_cron=1774013333.2077610492706298828125 HTTP/1.1" 200 283 "-" "WordPress/6.8.5; https://www.drug-injury-lawyer.com" 
91.211.90.206 - - [20/Mar/2026:06:28:53 -0700] "GET /blog/page/3/ HTTP/1.0" 200 66894 "http://www.drug-injury-lawyer.com/blog/page/3/" "Mozilla/5.0 (Windows NT 6.1; WOW64) AppleWebKit/537.36 (KHTML, like Gecko) Chrome/103.0.0.0 Safari/537.36" 
91.211.90.117 - - [20/Mar/2026:06:30:33 -0700] "GET /blog/page/3/ HTTP/1.0" 200 66894 "http://www.drug-injury-lawyer.com/blog/page/3/" "Mozilla/5.0 (Windows NT 6.1) AppleWebKit/537.36 (KHTML, like Gecko) Chrome/103.0.5060.114 Safari/537.36" 
173.236.217.44 - - [20/Mar/2026:06:30:35 -0700] "POST /wp-cron.php?doing_wp_cron=1774013434.9316790103912353515625 HTTP/1.1" 200 283 "-" "WordPress/6.8.5; https://www.drug-injury-lawyer.com" 
107.20.105.74 - - [20/Mar/2026:06:32:54 -0700] "HEAD / HTTP/1.1" 301 197 "-" "DreamHost SiteMonitor 1.0" 
185.255.126.19 - - [20/Mar/2026:06:32:56 -0700] "GET /blog/page/3/ HTTP/1.0" 301 484 "http://drug-injury-lawyer.com/blog/page/3/" "Mozilla/5.0 (Windows NT 10.0; Win64; x64) AppleWebKit/537.36 (KHTML, like Gecko) Chrome/131.0.0.0 Safari/537.36 Avast/131.0.0.0" 
107.20.105.74 - - [20/Mar/2026:06:32:54 -0700] "HEAD / HTTP/1.1" 301 385 "http://173.236.217.44" "DreamHost SiteMonitor 1.0" 
185.255.126.135 - - [20/Mar/2026:06:32:57 -0700] "GET /blog/page/3/ HTTP/1.0" 200 66894 "http://www.drug-injury-lawyer.com/blog/page/3/" "Mozilla/5.0 (Windows NT 10.0; Win64; x64) AppleWebKit/537.36 (KHTML, like Gecko) Chrome/131.0.0.0 Safari/537.36 Avast/131.0.0.0" 
173.236.217.44 - - [20/Mar/2026:06:32:56 -0700] "POST /wp-cron.php?doing_wp_cron=1774013576.0342190265655517578125 HTTP/1.1" 200 283 "-" "WordPress/6.8.5; https://www.drug-injury-lawyer.com" 
185.255.126.181 - - [20/Mar/2026:06:32:58 -0700] "POST /blog/page/3/ HTTP/1.0" 200 66980 "http://www.drug-injury-lawyer.com/blog/page/3/" "Mozilla/5.0 (Windows NT 10.0; Win64; x64) AppleWebKit/537.36 (KHTML, like Gecko) Chrome/131.0.0.0 Safari/537.36 Avast/131.0.0.0" 
91.211.90.244 - - [20/Mar/2026:06:34:30 -0700] "GET /blog/page/3/ HTTP/1.0" 200 66894 "http://www.drug-injury-lawyer.com/blog/page/3/" "Mozilla/5.0 (Windows NT 6.3; WOW64) AppleWebKit/537.36 (KHTML, like Gecko) Chrome/103.0.5060.114 Safari/537.36" 
91.211.90.244 - - [20/Mar/2026:06:34:31 -0700] "GET /blog/page/3/ HTTP/1.0" 200 66894 "http://www.drug-injury-lawyer.com/blog/page/3/" "Mozilla/5.0 (Windows NT 10.0; Win64; x64) AppleWebKit/537.36 (KHTML, like Gecko) Chrome/103.0.5060.53 Safari/537.36" 
173.236.217.44 - - [20/Mar/2026:06:34:31 -0700] "POST /wp-cron.php?doing_wp_cron=1774013671.8723149299621582031250 HTTP/1.1" 200 283 "-" "WordPress/6.8.5; https://www.drug-injury-lawyer.com" 
45.156.158.225 - - [20/Mar/2026:06:36:32 -0700] "GET /blog/page/3/ HTTP/1.0" 200 66894 "http://www.drug-injury-lawyer.com/blog/page/3/" "Mozilla/5.0 (Windows NT 10.0) AppleWebKit/537.36 (KHTML, like Gecko) Chrome/103.0.0.0 Safari/537.36" 
45.156.158.225 - - [20/Mar/2026:06:36:32 -0700] "GET /blog/page/3/ HTTP/1.0" 200 66894 "http://www.drug-injury-lawyer.com/blog/page/3/" "Mozilla/5.0 (Windows NT 6.1; Win64; x64) AppleWebKit/537.36 (KHTML, like Gecko) Chrome/103.0.5060.66 Safari/537.36" 
173.236.217.44 - - [20/Mar/2026:06:36:33 -0700] "POST /wp-cron.php?doing_wp_cron=1774013793.7284960746765136718750 HTTP/1.1" 200 283 "-" "WordPress/6.8.5; https://www.drug-injury-lawyer.com" 
217.147.172.240 - - [20/Mar/2026:06:36:50 -0700] "GET /blog/page/3/ HTTP/1.0" 200 66894 "http://www.drug-injury-lawyer.com/blog/page/3/" "Mozilla/5.0 (Windows NT 6.1; Win64; x64) AppleWebKit/537.36 (KHTML, like Gecko) Chrome/103.0.0.0 Safari/537.36" 
217.147.172.240 - - [20/Mar/2026:06:36:50 -0700] "GET /blog/page/3/ HTTP/1.0" 200 66894 "http://www.drug-injury-lawyer.com/blog/page/3/" "Mozilla/5.0 (Windows NT 10.0) AppleWebKit/537.36 (KHTML, like Gecko) Chrome/103.0.0.0 Safari/537.36" 
173.236.217.44 - - [20/Mar/2026:06:37:36 -0700] "POST /wp-cron.php?doing_wp_cron=1774013856.0938858985900878906250 HTTP/1.1" 200 283 "-" "WordPress/6.8.5; https://www.drug-injury-lawyer.com" 
91.211.90.228 - - [20/Mar/2026:06:37:35 -0700] "GET /blog/page/3/ HTTP/1.0" 200 66894 "http://www.drug-injury-lawyer.com/blog/page/3/" "Mozilla/5.0 (Windows NT 6.3) AppleWebKit/537.36 (KHTML, like Gecko) Chrome/103.0.0.0 Safari/537.36" 
91.211.90.228 - - [20/Mar/2026:06:37:36 -0700] "GET /blog/page/3/ HTTP/1.0" 200 66894 "http://www.drug-injury-lawyer.com/blog/page/3/" "Mozilla/5.0 (Windows NT 6.1) AppleWebKit/537.36 (KHTML, like Gecko) Chrome/103.0.5060.114 Safari/537.36" 
91.211.90.231 - - [20/Mar/2026:06:37:44 -0700] "GET /blog/page/3/ HTTP/1.0" 200 66894 "http://www.drug-injury-lawyer.com/blog/page/3/" "Mozilla/5.0 (Windows NT 6.1; WOW64) AppleWebKit/537.36 (KHTML, like Gecko) Chrome/103.0.0.0 Safari/537.36" 
107.20.105.74 - - [20/Mar/2026:06:37:54 -0700] "HEAD / HTTP/1.1" 301 197 "-" "DreamHost SiteMonitor 1.0" 
107.20.105.74 - - [20/Mar/2026:06:37:54 -0700] "HEAD / HTTP/1.1" 301 385 "http://173.236.217.44" "DreamHost SiteMonitor 1.0" 
91.211.90.168 - - [20/Mar/2026:06:38:45 -0700] "GET /blog/page/3/ HTTP/1.0" 200 66894 "http://www.drug-injury-lawyer.com/blog/page/3/" "Mozilla/5.0 (Windows NT 10.0; WOW64) AppleWebKit/537.36 (KHTML, like Gecko) Chrome/103.0.0.0 Safari/537.36" 
173.236.217.44 - - [20/Mar/2026:06:38:46 -0700] "POST /wp-cron.php?doing_wp_cron=1774013926.0289380550384521484375 HTTP/1.1" 200 283 "-" "WordPress/6.8.5; https://www.drug-injury-lawyer.com" 
91.211.90.168 - - [20/Mar/2026:06:38:45 -0700] "GET /blog/page/3/ HTTP/1.0" 200 66894 "http://www.drug-injury-lawyer.com/blog/page/3/" "Mozilla/5.0 (Windows NT 10.0; Win64; x64) AppleWebKit/537.36 (KHTML, like Gecko) Chrome/103.0.0.0 Safari/537.36 Herring/95.1.8810.11" 
3.82.15.0 - - [20/Mar/2026:06:39:27 -0700] "GET /robots.txt HTTP/1.1" 200 507 "-" "Mozilla/5.0 (Windows NT 10.0; Win64; x64) AppleWebKit/537.36 (KHTML, like Gecko) Chrome/86.0.4240.75 Safari/537.36" 
3.82.15.0 - - [20/Mar/2026:06:39:27 -0700] "GET / HTTP/1.1" 301 418 "-" "Mozilla/5.0 (Windows NT 10.0; Win64; x64) AppleWebKit/537.36 (KHTML, like Gecko) Chrome/86.0.4240.75 Safari/537.36" 
173.236.217.44 - - [20/Mar/2026:06:39:37 -0700] "POST /wp-cron.php?doing_wp_cron=1774013977.5734870433807373046875 HTTP/1.1" 200 283 "-" "WordPress/6.8.5; https://www.drug-injury-lawyer.com" 
91.211.90.179 - - [20/Mar/2026:06:39:37 -0700] "GET /blog/page/3/ HTTP/1.0" 200 66894 "http://www.drug-injury-lawyer.com/blog/page/3/" "Mozilla/5.0 (Windows NT 10.0; Win64; x64) AppleWebKit/537.36 (KHTML, like Gecko) Chrome/103.0.0.0 Safari/537.36 Herring/95.1.8810.11" 
91.211.90.179 - - [20/Mar/2026:06:39:37 -0700] "GET /blog/page/3/ HTTP/1.0" 200 66894 "http://www.drug-injury-lawyer.com/blog/page/3/" "Mozilla/5.0 (Windows NT 6.3) AppleWebKit/537.36 (KHTML, like Gecko) Chrome/103.0.0.0 Safari/537.36" 
91.211.90.164 - - [20/Mar/2026:06:39:43 -0700] "GET /blog/page/3/ HTTP/1.0" 200 66894 "http://www.drug-injury-lawyer.com/blog/page/3/" "Mozilla/5.0 (Windows NT 6.1) AppleWebKit/537.36 (KHTML, like Gecko) Chrome/103.0.5060.114 Safari/537.36" 
91.211.90.164 - - [20/Mar/2026:06:39:44 -0700] "GET /blog/page/3/ HTTP/1.0" 200 66894 "http://www.drug-injury-lawyer.com/blog/page/3/" "Mozilla/5.0 (Windows NT 6.1; Win64; x64) AppleWebKit/537.36 (KHTML, like Gecko) Chrome/103.0.0.0 Safari/537.36" 
91.211.90.99 - - [20/Mar/2026:06:40:18 -0700] "GET /blog/page/3/ HTTP/1.0" 200 66894 "http://www.drug-injury-lawyer.com/blog/page/3/" "Mozilla/5.0 (Windows NT 10.0; Win64; x64) AppleWebKit/537.36 (KHTML, like Gecko) Chrome/103.0.0.0 Safari/537.36 Herring/95.1.8810.11" 
91.211.90.99 - - [20/Mar/2026:06:40:18 -0700] "GET /blog/page/3/ HTTP/1.0" 200 66894 "http://www.drug-injury-lawyer.com/blog/page/3/" "Mozilla/5.0 (Windows NT 10.0) AppleWebKit/537.36 (KHTML, like Gecko) Chrome/103.0.0.0 Safari/537.36" 
91.211.90.69 - - [20/Mar/2026:06:40:20 -0700] "GET /blog/page/3/ HTTP/1.0" 200 66894 "http://www.drug-injury-lawyer.com/blog/page/3/" "Mozilla/5.0 (Windows NT 6.3; WOW64) AppleWebKit/537.36 (KHTML, like Gecko) Chrome/103.0.5060.114 Safari/537.36" 
173.236.217.44 - - [20/Mar/2026:06:40:40 -0700] "POST /wp-cron.php?doing_wp_cron=1774014040.5427610874176025390625 HTTP/1.1" 200 283 "-" "WordPress/6.8.5; https://www.drug-injury-lawyer.com" 
91.211.90.158 - - [20/Mar/2026:06:40:40 -0700] "GET /blog/page/3/ HTTP/1.0" 200 66894 "http://www.drug-injury-lawyer.com/blog/page/3/" "Mozilla/5.0 (Windows NT 6.1; WOW64) AppleWebKit/537.36 (KHTML, like Gecko) Chrome/103.0.0.0 Safari/537.36" 
45.156.158.223 - - [20/Mar/2026:06:41:00 -0700] "GET /blog/page/3/ HTTP/1.0" 200 66894 "http://www.drug-injury-lawyer.com/blog/page/3/" "Mozilla/5.0 (Windows NT 6.1; Win64; x64) AppleWebKit/537.36 (KHTML, like Gecko) Chrome/103.0.0.0 Safari/537.36" 
45.156.158.223 - - [20/Mar/2026:06:41:00 -0700] "GET /blog/page/3/ HTTP/1.0" 200 66894 "http://www.drug-injury-lawyer.com/blog/page/3/" "Mozilla/5.0 (Windows NT 6.3; Win64; x64) AppleWebKit/537.36 (KHTML, like Gecko) Chrome/103.0.0.0 Safari/537.36" 
107.20.105.74 - - [20/Mar/2026:06:42:54 -0700] "HEAD / HTTP/1.1" 301 197 "-" "DreamHost SiteMonitor 1.0" 
107.20.105.74 - - [20/Mar/2026:06:42:54 -0700] "HEAD / HTTP/1.1" 301 385 "http://173.236.217.44" "DreamHost SiteMonitor 1.0" 
14.231.11.6 - - [20/Mar/2026:06:43:15 -0700] "GET http://www.drug-injury-lawyer.com/defective-drugs-overview/zoloft/ HTTP/1.1" 500 3198 "-" "Mozilla/5.0 (Windows 98) AppleWebKit/533.1 (KHTML, like Gecko) Chrome/59.0.820.0 Safari/533.1" 
160.176.236.175 - - [20/Mar/2026:06:43:17 -0700] "GET /defective-drugs-overview/zoloft/ HTTP/1.1" 200 12386 "-" "Mozilla/5.0 (Windows NT 5.01; unm-US; rv:1.9.0.20) Gecko/2654-07-02 14:15:44.704651 Firefox/3.8" 
209.141.59.141 - - [20/Mar/2026:06:45:47 -0700] "GET /wp-login.php HTTP/1.1" 301 521 "-" "Mozilla/5.0 (Windows NT 6.1; Trident/7.0; rv:11.0) like Gecko" 
209.141.59.141 - - [20/Mar/2026:06:46:04 -0700] "GET /wp-login.php HTTP/1.1" 302 383 "-" "Mozilla/5.0 (Windows NT 6.1; Trident/7.0; rv:11.0) like Gecko" 
173.236.217.44 - - [20/Mar/2026:06:46:05 -0700] "POST /wp-cron.php?doing_wp_cron=1774014365.7336590290069580078125 HTTP/1.1" 200 283 "-" "WordPress/6.8.5; https://www.drug-injury-lawyer.com" 
209.141.59.141 - - [20/Mar/2026:06:46:35 -0700] "POST /wp-login.php HTTP/1.1" 301 521 "-" "Mozilla/5.0 (Windows NT 6.1; Trident/7.0; rv:11.0) like Gecko" 
209.141.59.141 - - [20/Mar/2026:06:46:51 -0700] "GET /wp-login.php HTTP/1.1" 302 383 "-" "Mozilla/5.0 (Windows NT 6.1; Trident/7.0; rv:11.0) like Gecko" 
173.236.217.44 - - [20/Mar/2026:06:46:51 -0700] "POST /wp-cron.php?doing_wp_cron=1774014411.5049090385437011718750 HTTP/1.1" 200 283 "-" "WordPress/6.8.5; https://www.drug-injury-lawyer.com" 
45.156.158.88 - - [20/Mar/2026:06:47:29 -0700] "GET /blog/page/3/ HTTP/1.0" 200 66894 "http://www.drug-injury-lawyer.com/blog/page/3/" "Mozilla/5.0 (Windows NT 6.1; Win64; x64) AppleWebKit/537.36 (KHTML, like Gecko) Chrome/103.0.5060.66 Safari/537.36" 
173.236.217.44 - - [20/Mar/2026:06:47:30 -0700] "POST /wp-cron.php?doing_wp_cron=1774014449.9874339103698730468750 HTTP/1.1" 200 283 "-" "WordPress/6.8.5; https://www.drug-injury-lawyer.com" 
209.141.59.141 - - [20/Mar/2026:06:47:31 -0700] "GET /wp-admin/themes.php HTTP/1.1" 301 535 "-" "python-requests/2.27.1" 
45.156.158.88 - - [20/Mar/2026:06:47:29 -0700] "GET /blog/page/3/ HTTP/1.0" 200 66894 "http://www.drug-injury-lawyer.com/blog/page/3/" "Mozilla/5.0 (Windows NT 10.0; Win64; x64) AppleWebKit/537.36 (KHTML, like Gecko) Chrome/103.0.0.0 Safari/537.36 OpenWave/97.4.2043.44" 
209.141.59.141 - - [20/Mar/2026:06:47:44 -0700] "GET /wp-admin/themes.php HTTP/1.1" 302 434 "-" "python-requests/2.27.1" 
107.20.105.74 - - [20/Mar/2026:06:47:54 -0700] "HEAD / HTTP/1.1" 301 197 "-" "DreamHost SiteMonitor 1.0" 
107.20.105.74 - - [20/Mar/2026:06:47:54 -0700] "HEAD / HTTP/1.1" 301 385 "http://173.236.217.44" "DreamHost SiteMonitor 1.0" 
195.40.30.83 - - [20/Mar/2026:06:47:55 -0700] "GET /what-you-should-know-about-lawsuits/ HTTP/1.1" 200 12742 "-" "Mozilla/5.0 (Macintosh; Intel Mac OS X 10_15_7) AppleWebKit/537.36 (KHTML, like Gecko) Chrome/142.0.0.0 Safari/537.36" 
209.141.59.141 - - [20/Mar/2026:06:48:22 -0700] "GET /wp-admin/plugin-install.php?tab=upload HTTP/1.1" 301 573 "-" "python-requests/2.27.1" 
91.211.90.169 - - [20/Mar/2026:06:48:29 -0700] "GET /blog/page/3/ HTTP/1.0" 200 66894 "http://www.drug-injury-lawyer.com/blog/page/3/" "Mozilla/5.0 (Windows NT 6.1; Win64; x64) AppleWebKit/537.36 (KHTML, like Gecko) Chrome/103.0.0.0 Safari/537.36" 
91.211.90.169 - - [20/Mar/2026:06:48:29 -0700] "GET /blog/page/3/ HTTP/1.0" 200 66894 "http://www.drug-injury-lawyer.com/blog/page/3/" "Mozilla/5.0 (Windows NT 6.1; Win64; x64) AppleWebKit/537.36 (KHTML, like Gecko) Chrome/103.0.0.0 Safari/537.36" 
173.236.217.44 - - [20/Mar/2026:06:48:29 -0700] "POST /wp-cron.php?doing_wp_cron=1774014509.1322638988494873046875 HTTP/1.1" 200 283 "-" "WordPress/6.8.5; https://www.drug-injury-lawyer.com" 
209.141.59.141 - - [20/Mar/2026:06:48:38 -0700] "GET /wp-admin/plugin-install.php?tab=upload HTTP/1.1" 302 453 "-" "python-requests/2.27.1" 
178.20.45.159 - - [20/Mar/2026:06:52:21 -0700] "GET /blog/page/3/ HTTP/1.0" 200 66894 "http://www.drug-injury-lawyer.com/blog/page/3/" "Mozilla/5.0 (Windows NT 10.0; Win64; x64) AppleWebKit/537.36 (KHTML, like Gecko) Chrome/130.0.0.0 Safari/537.36 CCleaner/130.0.0.0" 
178.20.45.159 - - [20/Mar/2026:06:52:22 -0700] "POST /blog/page/3/ HTTP/1.0" 200 66980 "http://www.drug-injury-lawyer.com/blog/page/3/" "Mozilla/5.0 (Windows NT 10.0; Win64; x64) AppleWebKit/537.36 (KHTML, like Gecko) Chrome/130.0.0.0 Safari/537.36 CCleaner/130.0.0.0" 
107.20.105.74 - - [20/Mar/2026:06:52:54 -0700] "HEAD / HTTP/1.1" 301 197 "-" "DreamHost SiteMonitor 1.0" 
107.20.105.74 - - [20/Mar/2026:06:52:54 -0700] "HEAD / HTTP/1.1" 301 385 "http://173.236.217.44" "DreamHost SiteMonitor 1.0" 
173.236.217.44 - - [20/Mar/2026:06:52:55 -0700] "POST /wp-cron.php?doing_wp_cron=1774014775.0297229290008544921875 HTTP/1.1" 200 283 "-" "WordPress/6.8.5; https://www.drug-injury-lawyer.com" 
217.147.172.96 - - [20/Mar/2026:06:52:56 -0700] "GET /blog/page/3/ HTTP/1.0" 200 66894 "http://www.drug-injury-lawyer.com/blog/page/3/" "Mozilla/5.0 (Windows NT 10.0; Win64; x64) AppleWebKit/537.36 (KHTML, like Gecko) Chrome/103.0.5060.53 Safari/537.36" 
217.147.172.96 - - [20/Mar/2026:06:52:56 -0700] "GET /blog/page/3/ HTTP/1.0" 200 66894 "http://www.drug-injury-lawyer.com/blog/page/3/" "Mozilla/5.0 (Windows NT 6.3; Win64; x64) AppleWebKit/537.36 (KHTML, like Gecko) Chrome/103.0.0.0 Safari/537.36" 
217.147.172.11 - - [20/Mar/2026:06:52:56 -0700] "GET /blog/page/3/ HTTP/1.0" 200 66894 "http://www.drug-injury-lawyer.com/blog/page/3/" "Mozilla/5.0 (Windows NT 6.3) AppleWebKit/537.36 (KHTML, like Gecko) Chrome/103.0.0.0 Safari/537.36" 
217.147.172.11 - - [20/Mar/2026:06:52:56 -0700] "GET /blog/page/3/ HTTP/1.0" 200 66894 "http://www.drug-injury-lawyer.com/blog/page/3/" "Mozilla/5.0 (Windows NT 10.0) AppleWebKit/537.36 (KHTML, like Gecko) Chrome/103.0.0.0 Safari/537.36" 
45.156.158.83 - - [20/Mar/2026:06:54:35 -0700] "GET /blog/page/3/ HTTP/1.0" 200 66894 "http://www.drug-injury-lawyer.com/blog/page/3/" "Mozilla/5.0 (Windows NT 6.3; Win64; x64) AppleWebKit/537.36 (KHTML, like Gecko) Chrome/103.0.5060.53 Safari/537.36" 
173.236.217.44 - - [20/Mar/2026:06:54:36 -0700] "POST /wp-cron.php?doing_wp_cron=1774014875.9891140460968017578125 HTTP/1.1" 200 283 "-" "WordPress/6.8.5; https://www.drug-injury-lawyer.com" 
45.156.158.83 - - [20/Mar/2026:06:54:35 -0700] "GET /blog/page/3/ HTTP/1.0" 200 66894 "http://www.drug-injury-lawyer.com/blog/page/3/" "Mozilla/5.0 (Windows NT 6.1; Win64; x64) AppleWebKit/537.36 (KHTML, like Gecko) Chrome/103.0.5060.114 Safari/537.36" 
2.59.221.46 - - [20/Mar/2026:06:54:46 -0700] "GET /blog/page/3/ HTTP/1.0" 200 66894 "http://www.drug-injury-lawyer.com/blog/page/3/" "Mozilla/5.0 (Windows NT 10.0; Win64; x64) AppleWebKit/537.36 (KHTML, like Gecko) Chrome/103.0.5060.114 Safari/537.36" 
2.59.221.46 - - [20/Mar/2026:06:54:46 -0700] "GET /blog/page/3/ HTTP/1.0" 200 66894 "http://www.drug-injury-lawyer.com/blog/page/3/" "Mozilla/5.0 (Windows NT 10.0; WOW64) AppleWebKit/537.36 (KHTML, like Gecko) Chrome/103.0.0.0 Safari/537.36" 
217.147.172.214 - - [20/Mar/2026:06:55:06 -0700] "GET /blog/page/3/ HTTP/1.0" 200 66894 "http://www.drug-injury-lawyer.com/blog/page/3/" "Mozilla/5.0 (Windows NT 10.0; Win64; x64) AppleWebKit/537.36 (KHTML, like Gecko) Chrome/103.0.5060.66 Safari/537.36" 
217.147.172.214 - - [20/Mar/2026:06:55:06 -0700] "GET /blog/page/3/ HTTP/1.0" 200 66894 "http://www.drug-injury-lawyer.com/blog/page/3/" "Mozilla/5.0 (Windows NT 6.3; WOW64) AppleWebKit/537.36 (KHTML, like Gecko) Chrome/103.0.5060.114 Safari/537.36" 
91.211.90.208 - - [20/Mar/2026:06:55:10 -0700] "GET /blog/page/3/ HTTP/1.0" 200 66894 "http://www.drug-injury-lawyer.com/blog/page/3/" "Mozilla/5.0 (Windows NT 6.1; Win64; x64) AppleWebKit/537.36 (KHTML, like Gecko) Chrome/103.0.5060.66 Safari/537.36" 
91.211.90.247 - - [20/Mar/2026:06:55:26 -0700] "GET /blog/page/3/ HTTP/1.0" 200 66894 "http://www.drug-injury-lawyer.com/blog/page/3/" "Mozilla/5.0 (Windows NT 10.0) AppleWebKit/537.36 (KHTML, like Gecko) Chrome/103.0.0.0 Safari/537.36" 
91.211.90.247 - - [20/Mar/2026:06:55:26 -0700] "GET /blog/page/3/ HTTP/1.0" 200 66894 "http://www.drug-injury-lawyer.com/blog/page/3/" "Mozilla/5.0 (Windows NT 6.1; WOW64) AppleWebKit/537.36 (KHTML, like Gecko) Chrome/103.0.0.0 Safari/537.36" 
185.237.106.243 - - [20/Mar/2026:06:56:17 -0700] "GET /blog/page/3/ HTTP/1.0" 200 66894 "http://www.drug-injury-lawyer.com/blog/page/3/" "Mozilla/5.0 (Windows NT 6.3) AppleWebKit/537.36 (KHTML, like Gecko) Chrome/103.0.0.0 Safari/537.36" 
173.236.217.44 - - [20/Mar/2026:06:56:17 -0700] "POST /wp-cron.php?doing_wp_cron=1774014977.7828669548034667968750 HTTP/1.1" 200 283 "-" "WordPress/6.8.5; https://www.drug-injury-lawyer.com" 
217.147.172.209 - - [20/Mar/2026:06:56:19 -0700] "GET /blog/page/3/ HTTP/1.0" 200 66894 "http://www.drug-injury-lawyer.com/blog/page/3/" "Mozilla/5.0 (Windows NT 6.3; Win64; x64) AppleWebKit/537.36 (KHTML, like Gecko) Chrome/103.0.5060.53 Safari/537.36" 
91.211.90.240 - - [20/Mar/2026:06:56:24 -0700] "GET /blog/page/3/ HTTP/1.0" 200 66894 "http://www.drug-injury-lawyer.com/blog/page/3/" "Mozilla/5.0 (Windows NT 10.0; Win64; x64) AppleWebKit/537.36 (KHTML, like Gecko) Chrome/103.0.0.0 Safari/537.36 Herring/95.1.8810.11" 
91.211.90.170 - - [20/Mar/2026:06:56:41 -0700] "GET /blog/page/3/ HTTP/1.0" 200 66894 "http://www.drug-injury-lawyer.com/blog/page/3/" "Mozilla/5.0 (Windows NT 6.1) AppleWebKit/537.36 (KHTML, like Gecko) Chrome/103.0.0.0 Safari/537.36" 
91.211.90.170 - - [20/Mar/2026:06:56:41 -0700] "GET /blog/page/3/ HTTP/1.0" 200 66894 "http://www.drug-injury-lawyer.com/blog/page/3/" "Mozilla/5.0 (Windows NT 6.3) AppleWebKit/537.36 (KHTML, like Gecko) Chrome/103.0.0.0 Safari/537.36" 
173.236.217.44 - - [20/Mar/2026:06:56:41 -0700] "POST /wp-cron.php?doing_wp_cron=1774015001.8002519607543945312500 HTTP/1.1" 200 283 "-" "WordPress/6.8.5; https://www.drug-injury-lawyer.com" 
91.211.90.186 - - [20/Mar/2026:06:56:51 -0700] "GET /blog/page/3/ HTTP/1.0" 200 66894 "http://www.drug-injury-lawyer.com/blog/page/3/" "Mozilla/5.0 (Windows NT 6.3; Win64; x64) AppleWebKit/537.36 (KHTML, like Gecko) Chrome/103.0.5060.53 Safari/537.36" 
107.20.105.74 - - [20/Mar/2026:06:57:54 -0700] "HEAD / HTTP/1.1" 301 197 "-" "DreamHost SiteMonitor 1.0" 
107.20.105.74 - - [20/Mar/2026:06:57:54 -0700] "HEAD / HTTP/1.1" 301 385 "http://173.236.217.44" "DreamHost SiteMonitor 1.0" 
173.236.217.44 - - [20/Mar/2026:06:57:55 -0700] "POST /wp-cron.php?doing_wp_cron=1774015075.1034829616546630859375 HTTP/1.1" 200 283 "-" "WordPress/6.8.5; https://www.drug-injury-lawyer.com" 
45.156.158.75 - - [20/Mar/2026:06:58:35 -0700] "GET /blog/page/3/ HTTP/1.0" 200 66894 "http://www.drug-injury-lawyer.com/blog/page/3/" "Mozilla/5.0 (Windows NT 10.0; Win64; x64) AppleWebKit/537.36 (KHTML, like Gecko) Chrome/103.0.0.0 Safari/537.36 Herring/95.1.8810.11" 
173.236.217.44 - - [20/Mar/2026:06:58:35 -0700] "POST /wp-cron.php?doing_wp_cron=1774015115.3194739818572998046875 HTTP/1.1" 200 283 "-" "WordPress/6.8.5; https://www.drug-injury-lawyer.com" 
45.156.158.216 - - [20/Mar/2026:06:58:35 -0700] "GET /blog/page/3/ HTTP/1.0" 200 66894 "http://www.drug-injury-lawyer.com/blog/page/3/" "Mozilla/5.0 (Windows NT 6.1; Win64; x64) AppleWebKit/537.36 (KHTML, like Gecko) Chrome/103.0.5060.114 Safari/537.36" 
91.211.90.69 - - [20/Mar/2026:06:59:04 -0700] "GET /blog/page/3/ HTTP/1.0" 200 66894 "http://www.drug-injury-lawyer.com/blog/page/3/" "Mozilla/5.0 (Windows NT 6.2; Win64; x64) AppleWebKit/537.36 (KHTML, like Gecko) Chrome/103.0.0.0 Safari/537.36" 
45.156.158.163 - - [20/Mar/2026:07:01:25 -0700] "GET /blog/page/3/ HTTP/1.0" 200 66894 "http://www.drug-injury-lawyer.com/blog/page/3/" "Mozilla/5.0 (Windows NT 10.0; Win64; x64) AppleWebKit/537.36 (KHTML, like Gecko) Chrome/103.0.0.0 Safari/537.36 OpenWave/97.4.2043.44" 
45.156.158.163 - - [20/Mar/2026:07:01:25 -0700] "GET /blog/page/3/ HTTP/1.0" 200 66894 "http://www.drug-injury-lawyer.com/blog/page/3/" "Mozilla/5.0 (Windows NT 10.0; Win64; x64) AppleWebKit/537.36 (KHTML, like Gecko) Chrome/103.0.0.0 Safari/537.36 OpenWave/97.4.2043.44" 
17.22.237.21 - - [20/Mar/2026:07:01:44 -0700] "GET /robots.txt HTTP/1.1" 200 463 "-" "Mozilla/5.0 (Macintosh; Intel Mac OS X 10_15_7) AppleWebKit/605.1.15 (KHTML, like Gecko) Version/17.4 Safari/605.1.15 (Applebot/0.1; +http://www.apple.com/go/applebot)" 
173.236.217.44 - - [20/Mar/2026:07:01:44 -0700] "POST /wp-cron.php?doing_wp_cron=1774015304.6913530826568603515625 HTTP/1.1" 200 283 "-" "WordPress/6.8.5; https://www.drug-injury-lawyer.com" 
17.22.237.21 - - [20/Mar/2026:07:01:44 -0700] "GET /how-to-choose-a-law-firm/ HTTP/1.1" 200 12429 "-" "Mozilla/5.0 (Macintosh; Intel Mac OS X 10_15_7) AppleWebKit/605.1.15 (KHTML, like Gecko) Version/17.4 Safari/605.1.15 (Applebot/0.1; +http://www.apple.com/go/applebot)" 
91.211.90.227 - - [20/Mar/2026:07:02:16 -0700] "GET /blog/page/3/ HTTP/1.0" 200 66894 "http://www.drug-injury-lawyer.com/blog/page/3/" "Mozilla/5.0 (Windows NT 10.0; Win64; x64) AppleWebKit/537.36 (KHTML, like Gecko) Chrome/103.0.0.0 Safari/537.36 Herring/95.1.8810.11" 
91.211.90.227 - - [20/Mar/2026:07:02:17 -0700] "GET /blog/page/3/ HTTP/1.0" 200 66894 "http://www.drug-injury-lawyer.com/blog/page/3/" "Mozilla/5.0 (Windows NT 10.0; Win64; x64) AppleWebKit/537.36 (KHTML, like Gecko) Chrome/103.0.5060.114 Safari/537.36" 
107.20.105.74 - - [20/Mar/2026:07:02:54 -0700] "HEAD / HTTP/1.1" 301 197 "-" "DreamHost SiteMonitor 1.0" 
173.236.217.44 - - [20/Mar/2026:07:02:55 -0700] "POST /wp-cron.php?doing_wp_cron=1774015375.0340960025787353515625 HTTP/1.1" 200 283 "-" "WordPress/6.8.5; https://www.drug-injury-lawyer.com" 
107.20.105.74 - - [20/Mar/2026:07:02:54 -0700] "HEAD / HTTP/1.1" 301 385 "http://173.236.217.44" "DreamHost SiteMonitor 1.0" 
17.22.245.113 - - [20/Mar/2026:07:06:31 -0700] "GET /wp-content/plugins/contact-form-7/includes/css/styles.css?ver=6.1.3 HTTP/1.1" 200 1459 "http://www.drug-injury-lawyer.com/how-to-choose-a-law-firm/" "Mozilla/5.0 (Macintosh; Intel Mac OS X 10_15_7) AppleWebKit/605.1.15 (KHTML, like Gecko) Version/17.4 Safari/605.1.15 (Applebot/0.1; +http://www.apple.com/go/applebot)" 
17.22.253.68 - - [20/Mar/2026:07:06:32 -0700] "GET /wp-includes/css/dist/block-library/style.min.css?ver=6.8.5 HTTP/1.1" 200 16307 "http://www.drug-injury-lawyer.com/how-to-choose-a-law-firm/" "Mozilla/5.0 (Macintosh; Intel Mac OS X 10_15_7) AppleWebKit/605.1.15 (KHTML, like Gecko) Version/17.4 Safari/605.1.15 (Applebot/0.1; +http://www.apple.com/go/applebot)" 
17.22.253.139 - - [20/Mar/2026:07:06:34 -0700] "GET /wp-content/plugins/all-in-one-seo-pack/dist/Lite/assets/css/table-of-contents/global.e90f6d47.css?ver=4.9.0 HTTP/1.1" 200 934 "http://www.drug-injury-lawyer.com/how-to-choose-a-law-firm/" "Mozilla/5.0 (Macintosh; Intel Mac OS X 10_15_7) AppleWebKit/605.1.15 (KHTML, like Gecko) Version/17.4 Safari/605.1.15 (Applebot/0.1; +http://www.apple.com/go/applebot)" 
17.22.237.219 - - [20/Mar/2026:07:06:35 -0700] "GET /wp-content/themes/master/slideshow.js HTTP/1.1" 200 1489 "http://www.drug-injury-lawyer.com/how-to-choose-a-law-firm/" "Mozilla/5.0 (Macintosh; Intel Mac OS X 10_15_7) AppleWebKit/605.1.15 (KHTML, like Gecko) Version/17.4 Safari/605.1.15 (Applebot/0.1; +http://www.apple.com/go/applebot)" 
17.22.253.82 - - [20/Mar/2026:07:06:36 -0700] "GET /wp-content/plugins/sitemap/css/page-list.css?ver=4.3 HTTP/1.1" 200 757 "http://www.drug-injury-lawyer.com/how-to-choose-a-law-firm/" "Mozilla/5.0 (Macintosh; Intel Mac OS X 10_15_7) AppleWebKit/605.1.15 (KHTML, like Gecko) Version/17.4 Safari/605.1.15 (Applebot/0.1; +http://www.apple.com/go/applebot)" 
17.22.253.20 - - [20/Mar/2026:07:06:38 -0700] "GET /wp-content/themes/master/style.css HTTP/1.1" 200 3811 "http://www.drug-injury-lawyer.com/how-to-choose-a-law-firm/" "Mozilla/5.0 (Macintosh; Intel Mac OS X 10_15_7) AppleWebKit/605.1.15 (KHTML, like Gecko) Version/17.4 Safari/605.1.15 (Applebot/0.1; +http://www.apple.com/go/applebot)" 
17.22.245.34 - - [20/Mar/2026:07:06:39 -0700] "GET /wp-includes/js/jquery/jquery.min.js?ver=3.7.1 HTTP/1.1" 200 31374 "http://www.drug-injury-lawyer.com/how-to-choose-a-law-firm/" "Mozilla/5.0 (Macintosh; Intel Mac OS X 10_15_7) AppleWebKit/605.1.15 (KHTML, like Gecko) Version/17.4 Safari/605.1.15 (Applebot/0.1; +http://www.apple.com/go/applebot)" 
17.22.245.122 - - [20/Mar/2026:07:06:41 -0700] "GET /wp-includes/js/jquery/jquery-migrate.min.js?ver=3.4.1 HTTP/1.1" 200 5341 "http://www.drug-injury-lawyer.com/how-to-choose-a-law-firm/" "Mozilla/5.0 (Macintosh; Intel Mac OS X 10_15_7) AppleWebKit/605.1.15 (KHTML, like Gecko) Version/17.4 Safari/605.1.15 (Applebot/0.1; +http://www.apple.com/go/applebot)" 
17.22.237.102 - - [20/Mar/2026:07:06:42 -0700] "GET /wp-content/plugins/all-in-one-seo-pack/dist/Lite/assets/table-of-contents.95d0dfce.js?ver=4.9.0 HTTP/1.1" 200 712 "http://www.drug-injury-lawyer.com/how-to-choose-a-law-firm/" "Mozilla/5.0 (Macintosh; Intel Mac OS X 10_15_7) AppleWebKit/605.1.15 (KHTML, like Gecko) Version/17.4 Safari/605.1.15 (Applebot/0.1; +http://www.apple.com/go/applebot)" 
17.22.237.143 - - [20/Mar/2026:07:06:44 -0700] "GET /wp-includes/js/dist/hooks.min.js?ver=4d63a3d491d11ffd8ac6 HTTP/1.1" 200 2083 "http://www.drug-injury-lawyer.com/how-to-choose-a-law-firm/" "Mozilla/5.0 (Macintosh; Intel Mac OS X 10_15_7) AppleWebKit/605.1.15 (KHTML, like Gecko) Version/17.4 Safari/605.1.15 (Applebot/0.1; +http://www.apple.com/go/applebot)" 
17.22.245.40 - - [20/Mar/2026:07:06:45 -0700] "GET /wp-includes/js/dist/i18n.min.js?ver=5e580eb46a90c2b997e6 HTTP/1.1" 200 4127 "http://www.drug-injury-lawyer.com/how-to-choose-a-law-firm/" "Mozilla/5.0 (Macintosh; Intel Mac OS X 10_15_7) AppleWebKit/605.1.15 (KHTML, like Gecko) Version/17.4 Safari/605.1.15 (Applebot/0.1; +http://www.apple.com/go/applebot)" 
17.22.245.197 - - [20/Mar/2026:07:06:47 -0700] "GET /wp-content/plugins/contact-form-7/includes/swv/js/index.js?ver=6.1.3 HTTP/1.1" 200 3971 "http://www.drug-injury-lawyer.com/how-to-choose-a-law-firm/" "Mozilla/5.0 (Macintosh; Intel Mac OS X 10_15_7) AppleWebKit/605.1.15 (KHTML, like Gecko) Version/17.4 Safari/605.1.15 (Applebot/0.1; +http://www.apple.com/go/applebot)" 
17.22.253.9 - - [20/Mar/2026:07:06:48 -0700] "GET /wp-content/plugins/contact-form-7/includes/js/index.js?ver=6.1.3 HTTP/1.1" 200 4722 "http://www.drug-injury-lawyer.com/how-to-choose-a-law-firm/" "Mozilla/5.0 (Macintosh; Intel Mac OS X 10_15_7) AppleWebKit/605.1.15 (KHTML, like Gecko) Version/17.4 Safari/605.1.15 (Applebot/0.1; +http://www.apple.com/go/applebot)" 
17.22.237.23 - - [20/Mar/2026:07:06:53 -0700] "GET /wp-content/plugins/quick-pagepost-redirect-plugin/js/qppr_frontend_script.min.js?ver=5.2.4 HTTP/1.1" 200 1096 "http://www.drug-injury-lawyer.com/how-to-choose-a-law-firm/" "Mozilla/5.0 (Macintosh; Intel Mac OS X 10_15_7) AppleWebKit/605.1.15 (KHTML, like Gecko) Version/17.4 Safari/605.1.15 (Applebot/0.1; +http://www.apple.com/go/applebot)" 
17.22.237.23 - - [20/Mar/2026:07:06:54 -0700] "GET /wp-includes/js/wp-emoji-release.min.js?ver=6.8.5 HTTP/1.1" 200 5644 "http://www.drug-injury-lawyer.com/how-to-choose-a-law-firm/" "Mozilla/5.0 (Macintosh; Intel Mac OS X 10_15_7) AppleWebKit/605.1.15 (KHTML, like Gecko) Version/17.4 Safari/605.1.15 (Applebot/0.1; +http://www.apple.com/go/applebot)" 
217.147.172.206 - - [20/Mar/2026:07:07:29 -0700] "GET /blog/page/3/ HTTP/1.0" 200 66894 "http://www.drug-injury-lawyer.com/blog/page/3/" "Mozilla/5.0 (Windows NT 6.3) AppleWebKit/537.36 (KHTML, like Gecko) Chrome/103.0.0.0 Safari/537.36" 
173.236.217.44 - - [20/Mar/2026:07:07:30 -0700] "POST /wp-cron.php?doing_wp_cron=1774015650.0009551048278808593750 HTTP/1.1" 200 283 "-" "WordPress/6.8.5; https://www.drug-injury-lawyer.com" 
107.20.105.74 - - [20/Mar/2026:07:07:54 -0700] "HEAD / HTTP/1.1" 301 197 "-" "DreamHost SiteMonitor 1.0" 
185.237.106.243 - - [20/Mar/2026:07:07:53 -0700] "GET /blog/page/3/ HTTP/1.0" 200 66894 "http://www.drug-injury-lawyer.com/blog/page/3/" "Mozilla/5.0 (Windows NT 10.0; WOW64) AppleWebKit/537.36 (KHTML, like Gecko) Chrome/103.0.0.0 Safari/537.36" 
173.236.217.44 - - [20/Mar/2026:07:07:54 -0700] "POST /wp-cron.php?doing_wp_cron=1774015674.0249960422515869140625 HTTP/1.1" 200 283 "-" "WordPress/6.8.5; https://www.drug-injury-lawyer.com" 
107.20.105.74 - - [20/Mar/2026:07:07:54 -0700] "HEAD / HTTP/1.1" 301 385 "http://173.236.217.44" "DreamHost SiteMonitor 1.0" 
91.211.90.186 - - [20/Mar/2026:07:07:54 -0700] "GET /blog/page/3/ HTTP/1.0" 200 66894 "http://www.drug-injury-lawyer.com/blog/page/3/" "Mozilla/5.0 (Windows NT 6.1) AppleWebKit/537.36 (KHTML, like Gecko) Chrome/103.0.5060.114 Safari/537.36" 
173.236.217.44 - - [20/Mar/2026:07:08:40 -0700] "POST /wp-cron.php?doing_wp_cron=1774015720.5824849605560302734375 HTTP/1.1" 200 283 "-" "WordPress/6.8.5; https://www.drug-injury-lawyer.com" 
91.211.90.158 - - [20/Mar/2026:07:08:40 -0700] "GET /blog/page/3/ HTTP/1.0" 200 66894 "http://www.drug-injury-lawyer.com/blog/page/3/" "Mozilla/5.0 (Windows NT 10.0; WOW64) AppleWebKit/537.36 (KHTML, like Gecko) Chrome/103.0.0.0 Safari/537.36" 
173.236.217.44 - - [20/Mar/2026:07:09:34 -0700] "POST /wp-cron.php?doing_wp_cron=1774015774.2556788921356201171875 HTTP/1.1" 200 283 "-" "WordPress/6.8.5; https://www.drug-injury-lawyer.com" 
217.147.172.209 - - [20/Mar/2026:07:09:34 -0700] "GET /blog/page/3/ HTTP/1.0" 200 66894 "http://www.drug-injury-lawyer.com/blog/page/3/" "Mozilla/5.0 (Windows NT 10.0; WOW64) AppleWebKit/537.36 (KHTML, like Gecko) Chrome/103.0.5060.114 Safari/537.36" 
91.211.90.70 - - [20/Mar/2026:07:09:36 -0700] "GET /blog/page/3/ HTTP/1.0" 200 66894 "http://www.drug-injury-lawyer.com/blog/page/3/" "Mozilla/5.0 (Windows NT 10.0; Win64; x64) AppleWebKit/537.36 (KHTML, like Gecko) Chrome/103.0.5060.66 Safari/537.36" 
107.20.105.74 - - [20/Mar/2026:07:12:54 -0700] "HEAD / HTTP/1.1" 301 197 "-" "DreamHost SiteMonitor 1.0" 
107.20.105.74 - - [20/Mar/2026:07:12:54 -0700] "HEAD / HTTP/1.1" 301 385 "http://173.236.217.44" "DreamHost SiteMonitor 1.0" 
59.183.40.225 - - [20/Mar/2026:07:14:57 -0700] "GET /defective-medical-devices/ HTTP/1.1" 200 12983 "-" "Mozilla/5.0 (X11; Linux x86_64; rv:1.9.7.20) Gecko/4273-10-28 03:05:56.840851 Firefox/3.8" 
173.236.217.44 - - [20/Mar/2026:07:14:58 -0700] "POST /wp-cron.php?doing_wp_cron=1774016098.0457060337066650390625 HTTP/1.1" 200 283 "-" "WordPress/6.8.5; https://www.drug-injury-lawyer.com" 
91.211.90.225 - - [20/Mar/2026:07:16:39 -0700] "GET /blog/page/3/ HTTP/1.0" 200 66894 "http://www.drug-injury-lawyer.com/blog/page/3/" "Mozilla/5.0 (Windows NT 6.2; Win64; x64) AppleWebKit/537.36 (KHTML, like Gecko) Chrome/103.0.0.0 Safari/537.36" 
173.236.217.44 - - [20/Mar/2026:07:16:40 -0700] "POST /wp-cron.php?doing_wp_cron=1774016200.1875240802764892578125 HTTP/1.1" 200 283 "-" "WordPress/6.8.5; https://www.drug-injury-lawyer.com" 
107.20.105.74 - - [20/Mar/2026:07:17:54 -0700] "HEAD / HTTP/1.1" 301 197 "-" "DreamHost SiteMonitor 1.0" 
107.20.105.74 - - [20/Mar/2026:07:17:54 -0700] "HEAD / HTTP/1.1" 301 385 "http://173.236.217.44" "DreamHost SiteMonitor 1.0" 
173.236.217.44 - - [20/Mar/2026:07:17:55 -0700] "POST /wp-cron.php?doing_wp_cron=1774016275.0425090789794921875000 HTTP/1.1" 200 283 "-" "WordPress/6.8.5; https://www.drug-injury-lawyer.com" 
91.211.90.206 - - [20/Mar/2026:07:21:09 -0700] "GET /blog/page/3/ HTTP/1.0" 200 66894 "http://www.drug-injury-lawyer.com/blog/page/3/" "Mozilla/5.0 (Windows NT 10.0; Win64; x64) AppleWebKit/537.36 (KHTML, like Gecko) Chrome/103.0.0.0 Safari/537.36 Herring/95.1.8810.11" 
107.20.105.74 - - [20/Mar/2026:07:22:54 -0700] "HEAD / HTTP/1.1" 301 197 "-" "DreamHost SiteMonitor 1.0" 
107.20.105.74 - - [20/Mar/2026:07:22:54 -0700] "HEAD / HTTP/1.1" 301 385 "http://173.236.217.44" "DreamHost SiteMonitor 1.0" 
173.236.217.44 - - [20/Mar/2026:07:22:55 -0700] "POST /wp-cron.php?doing_wp_cron=1774016575.8152360916137695312500 HTTP/1.1" 200 283 "-" "WordPress/6.8.5; https://www.drug-injury-lawyer.com" 
91.211.90.208 - - [20/Mar/2026:07:23:17 -0700] "GET /blog/page/3/ HTTP/1.0" 200 66894 "http://www.drug-injury-lawyer.com/blog/page/3/" "Mozilla/5.0 (Windows NT 6.3; Win64; x64) AppleWebKit/537.36 (KHTML, like Gecko) Chrome/103.0.5060.53 Safari/537.36" 
107.20.105.74 - - [20/Mar/2026:07:27:54 -0700] "HEAD / HTTP/1.1" 301 197 "-" "DreamHost SiteMonitor 1.0" 
107.20.105.74 - - [20/Mar/2026:07:27:54 -0700] "HEAD / HTTP/1.1" 301 385 "http://173.236.217.44" "DreamHost SiteMonitor 1.0" 
173.236.217.44 - - [20/Mar/2026:07:27:56 -0700] "POST /wp-cron.php?doing_wp_cron=1774016875.9631810188293457031250 HTTP/1.1" 200 283 "-" "WordPress/6.8.5; https://www.drug-injury-lawyer.com" 
217.147.172.82 - - [20/Mar/2026:07:31:55 -0700] "GET /blog/page/3/ HTTP/1.0" 200 66894 "http://www.drug-injury-lawyer.com/blog/page/3/" "Mozilla/5.0 (Windows NT 10.0) AppleWebKit/537.36 (KHTML, like Gecko) Chrome/103.0.0.0 Safari/537.36" 
217.147.172.82 - - [20/Mar/2026:07:31:55 -0700] "GET /blog/page/3/ HTTP/1.0" 200 66894 "http://www.drug-injury-lawyer.com/blog/page/3/" "Mozilla/5.0 (Windows NT 6.3; Win64; x64) AppleWebKit/537.36 (KHTML, like Gecko) Chrome/103.0.5060.53 Safari/537.36" 
173.236.217.44 - - [20/Mar/2026:07:31:56 -0700] "POST /wp-cron.php?doing_wp_cron=1774017116.4090499877929687500000 HTTP/1.1" 200 283 "-" "WordPress/6.8.5; https://www.drug-injury-lawyer.com" 
173.236.217.44 - - [20/Mar/2026:07:31:56 -0700] "POST /wp-cron.php?doing_wp_cron=1774017116.4089579582214355468750 HTTP/1.1" 200 283 "-" "WordPress/6.8.5; https://www.drug-injury-lawyer.com" 
217.147.172.235 - - [20/Mar/2026:07:32:05 -0700] "GET /blog/page/3/ HTTP/1.0" 200 66894 "http://www.drug-injury-lawyer.com/blog/page/3/" "Mozilla/5.0 (Windows NT 6.3; WOW64) AppleWebKit/537.36 (KHTML, like Gecko) Chrome/103.0.0.0 Safari/537.36" 
217.147.172.235 - - [20/Mar/2026:07:32:05 -0700] "GET /blog/page/3/ HTTP/1.0" 200 66894 "http://www.drug-injury-lawyer.com/blog/page/3/" "Mozilla/5.0 (Windows NT 10.0; Win64; x64) AppleWebKit/537.36 (KHTML, like Gecko) Chrome/103.0.5042.0 Safari/537.36" 
45.156.158.75 - - [20/Mar/2026:07:32:16 -0700] "GET /blog/page/3/ HTTP/1.0" 200 66894 "http://www.drug-injury-lawyer.com/blog/page/3/" "Mozilla/5.0 (Windows NT 6.2; Win64; x64) AppleWebKit/537.36 (KHTML, like Gecko) Chrome/103.0.0.0 Safari/537.36" 
45.156.158.216 - - [20/Mar/2026:07:32:16 -0700] "GET /blog/page/3/ HTTP/1.0" 200 66894 "http://www.drug-injury-lawyer.com/blog/page/3/" "Mozilla/5.0 (Windows NT 10.0; Win64; x64) AppleWebKit/537.36 (KHTML, like Gecko) Chrome/103.0.5060.66 Safari/537.36" 
91.211.90.207 - - [20/Mar/2026:07:32:17 -0700] "GET /blog/page/3/ HTTP/1.0" 200 66894 "http://www.drug-injury-lawyer.com/blog/page/3/" "Mozilla/5.0 (Windows NT 6.3) AppleWebKit/537.36 (KHTML, like Gecko) Chrome/103.0.0.0 Safari/537.36" 
91.211.90.207 - - [20/Mar/2026:07:32:18 -0700] "GET /blog/page/3/ HTTP/1.0" 200 66894 "http://www.drug-injury-lawyer.com/blog/page/3/" "Mozilla/5.0 (Windows NT 10.0) AppleWebKit/537.36 (KHTML, like Gecko) Chrome/103.0.0.0 Safari/537.36" 
91.211.90.231 - - [20/Mar/2026:07:32:20 -0700] "GET /blog/page/3/ HTTP/1.0" 200 66894 "http://www.drug-injury-lawyer.com/blog/page/3/" "Mozilla/5.0 (Windows NT 10.0; WOW64) AppleWebKit/537.36 (KHTML, like Gecko) Chrome/103.0.0.0 Safari/537.36" 
173.236.217.44 - - [20/Mar/2026:07:32:34 -0700] "POST /wp-cron.php?doing_wp_cron=1774017154.4498610496520996093750 HTTP/1.1" 200 283 "-" "WordPress/6.8.5; https://www.drug-injury-lawyer.com" 
91.211.90.88 - - [20/Mar/2026:07:32:34 -0700] "GET /blog/page/3/ HTTP/1.0" 200 66894 "http://www.drug-injury-lawyer.com/blog/page/3/" "Mozilla/5.0 (Windows NT 6.1; WOW64) AppleWebKit/537.36 (KHTML, like Gecko) Chrome/103.0.0.0 Safari/537.36" 
107.20.105.74 - - [20/Mar/2026:07:32:54 -0700] "HEAD / HTTP/1.1" 301 197 "-" "DreamHost SiteMonitor 1.0" 
107.20.105.74 - - [20/Mar/2026:07:32:54 -0700] "HEAD / HTTP/1.1" 301 385 "http://173.236.217.44" "DreamHost SiteMonitor 1.0" 
45.156.158.210 - - [20/Mar/2026:07:33:20 -0700] "GET /blog/page/3/ HTTP/1.0" 200 66894 "http://www.drug-injury-lawyer.com/blog/page/3/" "Mozilla/5.0 (Windows NT 10.0; Win64; x64) AppleWebKit/537.36 (KHTML, like Gecko) Chrome/103.0.5060.134 Safari/537.36" 
45.156.158.210 - - [20/Mar/2026:07:33:20 -0700] "GET /blog/page/3/ HTTP/1.0" 200 66894 "http://www.drug-injury-lawyer.com/blog/page/3/" "Mozilla/5.0 (Windows NT 6.3; Win64; x64) AppleWebKit/537.36 (KHTML, like Gecko) Chrome/103.0.5060.53 Safari/537.36" 
91.211.90.113 - - [20/Mar/2026:07:33:46 -0700] "GET /blog/page/3/ HTTP/1.0" 200 66894 "http://www.drug-injury-lawyer.com/blog/page/3/" "Mozilla/5.0 (Windows NT 6.1; WOW64) AppleWebKit/537.36 (KHTML, like Gecko) Chrome/103.0.0.0 Safari/537.36" 
173.236.217.44 - - [20/Mar/2026:07:33:47 -0700] "POST /wp-cron.php?doing_wp_cron=1774017226.9903740882873535156250 HTTP/1.1" 200 283 "-" "WordPress/6.8.5; https://www.drug-injury-lawyer.com" 
91.211.90.113 - - [20/Mar/2026:07:33:46 -0700] "GET /blog/page/3/ HTTP/1.0" 200 66894 "http://www.drug-injury-lawyer.com/blog/page/3/" "Mozilla/5.0 (Windows NT 10.0; WOW64) AppleWebKit/537.36 (KHTML, like Gecko) Chrome/103.0.5060.114 Safari/537.36" 
91.211.90.240 - - [20/Mar/2026:07:34:22 -0700] "GET /blog/page/3/ HTTP/1.0" 200 66894 "http://www.drug-injury-lawyer.com/blog/page/3/" "Mozilla/5.0 (Windows NT 10.0; Win64; x64) AppleWebKit/537.36 (KHTML, like Gecko) Chrome/103.0.0.0 Safari/537.36 Herring/95.1.8810.11" 
91.211.90.88 - - [20/Mar/2026:07:34:22 -0700] "GET /blog/page/3/ HTTP/1.0" 200 66894 "http://www.drug-injury-lawyer.com/blog/page/3/" "Mozilla/5.0 (Windows NT 10.0; Win64; x64) AppleWebKit/537.36 (KHTML, like Gecko) Chrome/103.0.5060.134 Safari/537.36" 
173.236.217.44 - - [20/Mar/2026:07:34:30 -0700] "POST /wp-cron.php?doing_wp_cron=1774017270.3600800037384033203125 HTTP/1.1" 200 283 "-" "WordPress/6.8.5; https://www.drug-injury-lawyer.com" 
217.147.172.67 - - [20/Mar/2026:07:34:30 -0700] "GET /blog/page/3/ HTTP/1.0" 200 66894 "http://www.drug-injury-lawyer.com/blog/page/3/" "Mozilla/5.0 (Windows NT 10.0; Win64; x64) AppleWebKit/537.36 (KHTML, like Gecko) Chrome/103.0.5060.134 Safari/537.36" 
217.147.172.67 - - [20/Mar/2026:07:34:30 -0700] "GET /blog/page/3/ HTTP/1.0" 200 66894 "http://www.drug-injury-lawyer.com/blog/page/3/" "Mozilla/5.0 (Windows NT 10.0; Win64; x64) AppleWebKit/537.36 (KHTML, like Gecko) Chrome/103.0.0.0 Safari/537.36 Herring/95.1.8810.11" 
45.156.158.249 - - [20/Mar/2026:07:34:32 -0700] "GET /blog/page/3/ HTTP/1.0" 200 66894 "http://www.drug-injury-lawyer.com/blog/page/3/" "Mozilla/5.0 (Windows NT 10.0; Win64; x64) AppleWebKit/537.36 (KHTML, like Gecko) Chrome/103.0.5060.114 Safari/537.36" 
45.156.158.249 - - [20/Mar/2026:07:34:32 -0700] "GET /blog/page/3/ HTTP/1.0" 200 66894 "http://www.drug-injury-lawyer.com/blog/page/3/" "Mozilla/5.0 (Windows NT 6.1; Win64; x64) AppleWebKit/537.36 (KHTML, like Gecko) Chrome/103.0.5060.66 Safari/537.36" 
91.211.90.70 - - [20/Mar/2026:07:34:41 -0700] "GET /blog/page/3/ HTTP/1.0" 200 66894 "http://www.drug-injury-lawyer.com/blog/page/3/" "Mozilla/5.0 (Windows NT 6.1; WOW64) AppleWebKit/537.36 (KHTML, like Gecko) Chrome/103.0.0.0 Safari/537.36" 
91.211.90.225 - - [20/Mar/2026:07:35:23 -0700] "GET /blog/page/3/ HTTP/1.0" 200 66894 "http://www.drug-injury-lawyer.com/blog/page/3/" "Mozilla/5.0 (Windows NT 6.3; Win64; x64) AppleWebKit/537.36 (KHTML, like Gecko) Chrome/103.0.0.0 Safari/537.36" 
107.20.105.74 - - [20/Mar/2026:07:37:54 -0700] "HEAD / HTTP/1.1" 301 197 "-" "DreamHost SiteMonitor 1.0" 
107.20.105.74 - - [20/Mar/2026:07:37:54 -0700] "HEAD / HTTP/1.1" 301 385 "http://173.236.217.44" "DreamHost SiteMonitor 1.0" 
173.236.217.44 - - [20/Mar/2026:07:37:55 -0700] "POST /wp-cron.php?doing_wp_cron=1774017475.7626199722290039062500 HTTP/1.1" 200 283 "-" "WordPress/6.8.5; https://www.drug-injury-lawyer.com" 
91.211.90.244 - - [20/Mar/2026:07:41:16 -0700] "GET /blog/page/3/ HTTP/1.0" 200 66894 "http://www.drug-injury-lawyer.com/blog/page/3/" "Mozilla/5.0 (Windows NT 6.3; WOW64) AppleWebKit/537.36 (KHTML, like Gecko) Chrome/103.0.5060.114 Safari/537.36" 
91.211.90.244 - - [20/Mar/2026:07:41:16 -0700] "GET /blog/page/3/ HTTP/1.0" 200 66894 "http://www.drug-injury-lawyer.com/blog/page/3/" "Mozilla/5.0 (Windows NT 6.3) AppleWebKit/537.36 (KHTML, like Gecko) Chrome/103.0.0.0 Safari/537.36" 
173.236.217.44 - - [20/Mar/2026:07:41:17 -0700] "POST /wp-cron.php?doing_wp_cron=1774017676.9585070610046386718750 HTTP/1.1" 200 283 "-" "WordPress/6.8.5; https://www.drug-injury-lawyer.com" 
107.20.105.74 - - [20/Mar/2026:07:42:54 -0700] "HEAD / HTTP/1.1" 301 197 "-" "DreamHost SiteMonitor 1.0" 
