217.147.172.240 - - [20/Mar/2026:07:42:53 -0700] "GET /blog/page/3/ HTTP/1.0" 200 66894 "http://www.drug-injury-lawyer.com/blog/page/3/" "Mozilla/5.0 (Windows NT 10.0; Win64; x64) AppleWebKit/537.36 (KHTML, like Gecko) Chrome/103.0.0.0 Safari/537.36 Herring/95.1.8810.11" 
107.20.105.74 - - [20/Mar/2026:07:42:54 -0700] "HEAD / HTTP/1.1" 301 385 "http://173.236.217.44" "DreamHost SiteMonitor 1.0" 
217.147.172.240 - - [20/Mar/2026:07:42:53 -0700] "GET /blog/page/3/ HTTP/1.0" 200 66894 "http://www.drug-injury-lawyer.com/blog/page/3/" "Mozilla/5.0 (Windows NT 6.1; Win64; x64) AppleWebKit/537.36 (KHTML, like Gecko) Chrome/103.0.5060.66 Safari/537.36" 
173.236.217.44 - - [20/Mar/2026:07:42:54 -0700] "POST /wp-cron.php?doing_wp_cron=1774017774.6005949974060058593750 HTTP/1.1" 200 283 "-" "WordPress/6.8.5; https://www.drug-injury-lawyer.com" 
45.156.158.225 - - [20/Mar/2026:07:42:54 -0700] "GET /blog/page/3/ HTTP/1.0" 200 66894 "http://www.drug-injury-lawyer.com/blog/page/3/" "Mozilla/5.0 (Windows NT 6.3; Win64; x64) AppleWebKit/537.36 (KHTML, like Gecko) Chrome/103.0.0.0 Safari/537.36" 
45.156.158.225 - - [20/Mar/2026:07:42:54 -0700] "GET /blog/page/3/ HTTP/1.0" 200 66894 "http://www.drug-injury-lawyer.com/blog/page/3/" "Mozilla/5.0 (Windows NT 6.3; WOW64) AppleWebKit/537.36 (KHTML, like Gecko) Chrome/103.0.5060.114 Safari/537.36" 
91.211.90.206 - - [20/Mar/2026:07:44:59 -0700] "GET /blog/page/3/ HTTP/1.0" 200 66894 "http://www.drug-injury-lawyer.com/blog/page/3/" "Mozilla/5.0 (Windows NT 6.3; WOW64) AppleWebKit/537.36 (KHTML, like Gecko) Chrome/103.0.5060.114 Safari/537.36" 
173.236.217.44 - - [20/Mar/2026:07:45:00 -0700] "POST /wp-cron.php?doing_wp_cron=1774017900.3900279998779296875000 HTTP/1.1" 200 283 "-" "WordPress/6.8.5; https://www.drug-injury-lawyer.com" 
45.156.158.223 - - [20/Mar/2026:07:46:14 -0700] "GET /blog/page/3/ HTTP/1.0" 200 66894 "http://www.drug-injury-lawyer.com/blog/page/3/" "Mozilla/5.0 (Windows NT 6.3; Win64; x64) AppleWebKit/537.36 (KHTML, like Gecko) Chrome/103.0.5060.53 Safari/537.36" 
45.156.158.223 - - [20/Mar/2026:07:46:14 -0700] "GET /blog/page/3/ HTTP/1.0" 200 66894 "http://www.drug-injury-lawyer.com/blog/page/3/" "Mozilla/5.0 (Windows NT 10.0; WOW64) AppleWebKit/537.36 (KHTML, like Gecko) Chrome/103.0.5060.114 Safari/537.36" 
173.236.217.44 - - [20/Mar/2026:07:46:14 -0700] "POST /wp-cron.php?doing_wp_cron=1774017974.9466800689697265625000 HTTP/1.1" 200 283 "-" "WordPress/6.8.5; https://www.drug-injury-lawyer.com" 
173.236.217.44 - - [20/Mar/2026:07:46:39 -0700] "POST /wp-cron.php?doing_wp_cron=1774017999.3536839485168457031250 HTTP/1.1" 200 283 "-" "WordPress/6.8.5; https://www.drug-injury-lawyer.com" 
91.211.90.168 - - [20/Mar/2026:07:46:39 -0700] "GET /blog/page/3/ HTTP/1.0" 200 66894 "http://www.drug-injury-lawyer.com/blog/page/3/" "Mozilla/5.0 (Windows NT 6.3) AppleWebKit/537.36 (KHTML, like Gecko) Chrome/103.0.0.0 Safari/537.36" 
91.211.90.168 - - [20/Mar/2026:07:46:39 -0700] "GET /blog/page/3/ HTTP/1.0" 200 66894 "http://www.drug-injury-lawyer.com/blog/page/3/" "Mozilla/5.0 (Windows NT 6.3; WOW64) AppleWebKit/537.36 (KHTML, like Gecko) Chrome/103.0.0.0 Safari/537.36" 
91.211.90.231 - - [20/Mar/2026:07:47:23 -0700] "GET /blog/page/3/ HTTP/1.0" 200 66894 "http://www.drug-injury-lawyer.com/blog/page/3/" "Mozilla/5.0 (Windows NT 10.0; Win64; x64) AppleWebKit/537.36 (KHTML, like Gecko) Chrome/103.0.0.0 Safari/537.36 OpenWave/97.4.2043.44" 
91.211.90.228 - - [20/Mar/2026:07:47:24 -0700] "GET /blog/page/3/ HTTP/1.0" 200 66894 "http://www.drug-injury-lawyer.com/blog/page/3/" "Mozilla/5.0 (Windows NT 10.0) AppleWebKit/537.36 (KHTML, like Gecko) Chrome/103.0.0.0 Safari/537.36" 
91.211.90.228 - - [20/Mar/2026:07:47:24 -0700] "GET /blog/page/3/ HTTP/1.0" 200 66894 "http://www.drug-injury-lawyer.com/blog/page/3/" "Mozilla/5.0 (Windows NT 10.0; Win64; x64) AppleWebKit/537.36 (KHTML, like Gecko) Chrome/103.0.5060.134 Safari/537.36" 
107.20.105.74 - - [20/Mar/2026:07:47:54 -0700] "HEAD / HTTP/1.1" 301 197 "-" "DreamHost SiteMonitor 1.0" 
173.236.217.44 - - [20/Mar/2026:07:47:55 -0700] "POST /wp-cron.php?doing_wp_cron=1774018075.0370171070098876953125 HTTP/1.1" 200 283 "-" "WordPress/6.8.5; https://www.drug-injury-lawyer.com" 
107.20.105.74 - - [20/Mar/2026:07:47:54 -0700] "HEAD / HTTP/1.1" 301 385 "http://173.236.217.44" "DreamHost SiteMonitor 1.0" 
91.211.90.117 - - [20/Mar/2026:07:48:16 -0700] "GET /blog/page/3/ HTTP/1.0" 200 66894 "http://www.drug-injury-lawyer.com/blog/page/3/" "Mozilla/5.0 (Windows NT 6.3) AppleWebKit/537.36 (KHTML, like Gecko) Chrome/103.0.0.0 Safari/537.36" 
91.211.90.164 - - [20/Mar/2026:07:50:24 -0700] "GET /blog/page/3/ HTTP/1.0" 200 66894 "http://www.drug-injury-lawyer.com/blog/page/3/" "Mozilla/5.0 (Windows NT 6.2; Win64; x64) AppleWebKit/537.36 (KHTML, like Gecko) Chrome/103.0.0.0 Safari/537.36" 
91.211.90.164 - - [20/Mar/2026:07:50:24 -0700] "GET /blog/page/3/ HTTP/1.0" 200 66894 "http://www.drug-injury-lawyer.com/blog/page/3/" "Mozilla/5.0 (Windows NT 6.3; WOW64) AppleWebKit/537.36 (KHTML, like Gecko) Chrome/103.0.5060.114 Safari/537.36" 
173.236.217.44 - - [20/Mar/2026:07:50:25 -0700] "POST /wp-cron.php?doing_wp_cron=1774018225.0890150070190429687500 HTTP/1.1" 200 283 "-" "WordPress/6.8.5; https://www.drug-injury-lawyer.com" 
66.249.64.1 - - [20/Mar/2026:07:50:24 -0700] "GET /item/u266/15834/ HTTP/1.1" 500 3198 "-" "Mozilla/5.0 (Linux; Android 6.0.1; Nexus 5X Build/MMB29P) AppleWebKit/537.36 (KHTML, like Gecko) Chrome/145.0.7632.159 Mobile Safari/537.36 (compatible; Googlebot/2.1; +http://www.google.com/bot.html)" 
91.211.90.99 - - [20/Mar/2026:07:50:32 -0700] "GET /blog/page/3/ HTTP/1.0" 200 66894 "http://www.drug-injury-lawyer.com/blog/page/3/" "Mozilla/5.0 (Windows NT 10.0; Win64; x64) AppleWebKit/537.36 (KHTML, like Gecko) Chrome/103.0.5060.134 Safari/537.36" 
91.211.90.99 - - [20/Mar/2026:07:50:33 -0700] "GET /blog/page/3/ HTTP/1.0" 200 66894 "http://www.drug-injury-lawyer.com/blog/page/3/" "Mozilla/5.0 (Windows NT 6.1; Win64; x64) AppleWebKit/537.36 (KHTML, like Gecko) Chrome/103.0.0.0 Safari/537.36" 
173.236.217.44 - - [20/Mar/2026:07:51:17 -0700] "POST /wp-cron.php?doing_wp_cron=1774018277.2278881072998046875000 HTTP/1.1" 200 283 "-" "WordPress/6.8.5; https://www.drug-injury-lawyer.com" 
91.211.90.69 - - [20/Mar/2026:07:51:17 -0700] "GET /blog/page/3/ HTTP/1.0" 200 66894 "http://www.drug-injury-lawyer.com/blog/page/3/" "Mozilla/5.0 (Windows NT 6.3) AppleWebKit/537.36 (KHTML, like Gecko) Chrome/103.0.0.0 Safari/537.36" 
91.211.90.179 - - [20/Mar/2026:07:51:41 -0700] "GET /blog/page/3/ HTTP/1.0" 200 66894 "http://www.drug-injury-lawyer.com/blog/page/3/" "Mozilla/5.0 (Windows NT 6.2; Win64; x64) AppleWebKit/537.36 (KHTML, like Gecko) Chrome/103.0.0.0 Safari/537.36" 
173.236.217.44 - - [20/Mar/2026:07:51:41 -0700] "POST /wp-cron.php?doing_wp_cron=1774018301.4967899322509765625000 HTTP/1.1" 200 283 "-" "WordPress/6.8.5; https://www.drug-injury-lawyer.com" 
91.211.90.179 - - [20/Mar/2026:07:51:41 -0700] "GET /blog/page/3/ HTTP/1.0" 200 66894 "http://www.drug-injury-lawyer.com/blog/page/3/" "Mozilla/5.0 (Windows NT 6.3; Win64; x64) AppleWebKit/537.36 (KHTML, like Gecko) Chrome/103.0.5060.53 Safari/537.36" 
91.211.90.158 - - [20/Mar/2026:07:52:04 -0700] "GET /blog/page/3/ HTTP/1.0" 200 66894 "http://www.drug-injury-lawyer.com/blog/page/3/" "Mozilla/5.0 (Windows NT 6.1; WOW64) AppleWebKit/537.36 (KHTML, like Gecko) Chrome/103.0.0.0 Safari/537.36" 
107.20.105.74 - - [20/Mar/2026:07:52:54 -0700] "HEAD / HTTP/1.1" 301 197 "-" "DreamHost SiteMonitor 1.0" 
107.20.105.74 - - [20/Mar/2026:07:52:54 -0700] "HEAD / HTTP/1.1" 301 385 "http://173.236.217.44" "DreamHost SiteMonitor 1.0" 
173.236.217.44 - - [20/Mar/2026:07:52:55 -0700] "POST /wp-cron.php?doing_wp_cron=1774018375.0415780544281005859375 HTTP/1.1" 200 283 "-" "WordPress/6.8.5; https://www.drug-injury-lawyer.com" 
45.156.158.88 - - [20/Mar/2026:07:55:17 -0700] "GET /blog/page/3/ HTTP/1.0" 200 66894 "http://www.drug-injury-lawyer.com/blog/page/3/" "Mozilla/5.0 (Windows NT 6.3; Win64; x64) AppleWebKit/537.36 (KHTML, like Gecko) Chrome/103.0.5060.53 Safari/537.36" 
173.236.217.44 - - [20/Mar/2026:07:55:18 -0700] "POST /wp-cron.php?doing_wp_cron=1774018517.9388630390167236328125 HTTP/1.1" 200 283 "-" "WordPress/6.8.5; https://www.drug-injury-lawyer.com" 
45.156.158.88 - - [20/Mar/2026:07:55:17 -0700] "GET /blog/page/3/ HTTP/1.0" 200 66894 "http://www.drug-injury-lawyer.com/blog/page/3/" "Mozilla/5.0 (Windows NT 10.0; Win64; x64) AppleWebKit/537.36 (KHTML, like Gecko) Chrome/103.0.5060.134 Safari/537.36" 
173.236.217.44 - - [20/Mar/2026:07:55:37 -0700] "POST /wp-cron.php?doing_wp_cron=1774018537.9250960350036621093750 HTTP/1.1" 200 283 "-" "WordPress/6.8.5; https://www.drug-injury-lawyer.com" 
103.196.0.253 - - [20/Mar/2026:07:55:37 -0700] "GET /defective-drugs-overview/granuflo-and-naturalyte-dialysis-products/ HTTP/1.1" 200 12258 "-" "Mozilla/5.0 (compatible; MSIE 9.0; Windows 98; Trident/3.0)" 
91.211.90.117 - - [20/Mar/2026:07:57:12 -0700] "GET /blog/page/3/ HTTP/1.0" 200 66894 "http://www.drug-injury-lawyer.com/blog/page/3/" "Mozilla/5.0 (Windows NT 6.3; Win64; x64) AppleWebKit/537.36 (KHTML, like Gecko) Chrome/103.0.5060.53 Safari/537.36" 
31.173.84.125 - - [20/Mar/2026:07:57:32 -0700] "GET /blog/page/3/ HTTP/1.0" 301 484 "http://drug-injury-lawyer.com/blog/page/3/" "Mozilla/5.0 (Windows NT 10.0; Win64; x64) AppleWebKit/537.36 (KHTML, like Gecko) Chrome/131.0.0.0 Safari/537.36 Avast/131.0.0.0" 
31.173.84.125 - - [20/Mar/2026:07:57:33 -0700] "GET /blog/page/3/ HTTP/1.0" 200 66894 "http://www.drug-injury-lawyer.com/blog/page/3/" "Mozilla/5.0 (Windows NT 10.0; Win64; x64) AppleWebKit/537.36 (KHTML, like Gecko) Chrome/131.0.0.0 Safari/537.36 Avast/131.0.0.0" 
173.236.217.44 - - [20/Mar/2026:07:57:33 -0700] "POST /wp-cron.php?doing_wp_cron=1774018653.4515910148620605468750 HTTP/1.1" 200 283 "-" "WordPress/6.8.5; https://www.drug-injury-lawyer.com" 
107.20.105.74 - - [20/Mar/2026:07:57:54 -0700] "HEAD / HTTP/1.1" 301 197 "-" "DreamHost SiteMonitor 1.0" 
107.20.105.74 - - [20/Mar/2026:07:57:54 -0700] "HEAD / HTTP/1.1" 301 385 "http://173.236.217.44" "DreamHost SiteMonitor 1.0" 
43.164.197.224 - - [20/Mar/2026:07:58:03 -0700] "GET / HTTP/1.1" 301 460 "-" "Mozilla/5.0 (iPhone; CPU iPhone OS 13_2_3 like Mac OS X) AppleWebKit/605.1.15 (KHTML, like Gecko) Version/13.0.3 Mobile/15E148 Safari/604.1" 
43.164.197.224 - - [20/Mar/2026:07:58:04 -0700] "GET / HTTP/1.1" 301 404 "http://drug-injury-lawyer.com" "Mozilla/5.0 (iPhone; CPU iPhone OS 13_2_3 like Mac OS X) AppleWebKit/605.1.15 (KHTML, like Gecko) Version/13.0.3 Mobile/15E148 Safari/604.1" 
114.119.128.44 - - [20/Mar/2026:08:00:12 -0700] "GET /goods.php?sitemap678.xml HTTP/1.1" 500 3198 "-" "Mozilla/5.0 (Linux; Android 7.0;) AppleWebKit/537.36 (KHTML, like Gecko) Mobile Safari/537.36 (compatible; PetalBot;+https://webmaster.petalsearch.com/site/petalbot)" 
91.211.90.169 - - [20/Mar/2026:08:00:26 -0700] "GET /blog/page/3/ HTTP/1.0" 200 66894 "http://www.drug-injury-lawyer.com/blog/page/3/" "Mozilla/5.0 (Windows NT 6.3; Win64; x64) AppleWebKit/537.36 (KHTML, like Gecko) Chrome/103.0.5060.114 Safari/537.36" 
91.211.90.169 - - [20/Mar/2026:08:00:26 -0700] "GET /blog/page/3/ HTTP/1.0" 200 66894 "http://www.drug-injury-lawyer.com/blog/page/3/" "Mozilla/5.0 (Windows NT 6.1) AppleWebKit/537.36 (KHTML, like Gecko) Chrome/103.0.5060.114 Safari/537.36" 
217.147.172.96 - - [20/Mar/2026:08:02:46 -0700] "GET /blog/page/3/ HTTP/1.0" 200 66894 "http://www.drug-injury-lawyer.com/blog/page/3/" "Mozilla/5.0 (Windows NT 10.0; Win64; x64) AppleWebKit/537.36 (KHTML, like Gecko) Chrome/103.0.5060.53 Safari/537.36" 
217.147.172.96 - - [20/Mar/2026:08:02:47 -0700] "GET /blog/page/3/ HTTP/1.0" 200 66894 "http://www.drug-injury-lawyer.com/blog/page/3/" "Mozilla/5.0 (Windows NT 10.0; Win64; x64) AppleWebKit/537.36 (KHTML, like Gecko) Chrome/103.0.5060.134 Safari/537.36" 
173.236.217.44 - - [20/Mar/2026:08:02:47 -0700] "POST /wp-cron.php?doing_wp_cron=1774018967.8054449558258056640625 HTTP/1.1" 200 283 "-" "WordPress/6.8.5; https://www.drug-injury-lawyer.com" 
217.147.172.11 - - [20/Mar/2026:08:02:49 -0700] "GET /blog/page/3/ HTTP/1.0" 200 66894 "http://www.drug-injury-lawyer.com/blog/page/3/" "Mozilla/5.0 (Windows NT 6.3; Win64; x64) AppleWebKit/537.36 (KHTML, like Gecko) Chrome/103.0.5060.66 Safari/537.36" 
217.147.172.11 - - [20/Mar/2026:08:02:49 -0700] "GET /blog/page/3/ HTTP/1.0" 200 66894 "http://www.drug-injury-lawyer.com/blog/page/3/" "Mozilla/5.0 (Windows NT 6.1; Win64; x64) AppleWebKit/537.36 (KHTML, like Gecko) Chrome/103.0.5060.66 Safari/537.36" 
107.20.105.74 - - [20/Mar/2026:08:02:54 -0700] "HEAD / HTTP/1.1" 301 197 "-" "DreamHost SiteMonitor 1.0" 
107.20.105.74 - - [20/Mar/2026:08:02:54 -0700] "HEAD / HTTP/1.1" 301 385 "http://173.236.217.44" "DreamHost SiteMonitor 1.0" 
173.236.217.44 - - [20/Mar/2026:08:03:48 -0700] "POST /wp-cron.php?doing_wp_cron=1774019028.4044361114501953125000 HTTP/1.1" 200 283 "-" "WordPress/6.8.5; https://www.drug-injury-lawyer.com" 
2.59.221.46 - - [20/Mar/2026:08:03:48 -0700] "GET /blog/page/3/ HTTP/1.0" 200 66894 "http://www.drug-injury-lawyer.com/blog/page/3/" "Mozilla/5.0 (Windows NT 10.0; Win64; x64) AppleWebKit/537.36 (KHTML, like Gecko) Chrome/103.0.5060.53 Safari/537.36" 
2.59.221.46 - - [20/Mar/2026:08:03:48 -0700] "GET /blog/page/3/ HTTP/1.0" 200 66894 "http://www.drug-injury-lawyer.com/blog/page/3/" "Mozilla/5.0 (Windows NT 6.1; Win64; x64) AppleWebKit/537.36 (KHTML, like Gecko) Chrome/103.0.5060.114 Safari/537.36" 
173.236.217.44 - - [20/Mar/2026:08:03:48 -0700] "POST /wp-cron.php?doing_wp_cron=1774019028.4043989181518554687500 HTTP/1.1" 200 283 "-" "WordPress/6.8.5; https://www.drug-injury-lawyer.com" 
165.22.83.66 - - [20/Mar/2026:08:05:10 -0700] "GET /feed/ HTTP/1.1" 200 13813 "-" "Mozilla/5.0 (Windows NT 10.0; Win64; x64; rv:131.0) Gecko/20100101 Firefox/131.0" 
173.236.217.44 - - [20/Mar/2026:08:05:11 -0700] "POST /wp-cron.php?doing_wp_cron=1774019111.0870060920715332031250 HTTP/1.1" 200 283 "-" "WordPress/6.8.5; https://www.drug-injury-lawyer.com" 
45.156.158.83 - - [20/Mar/2026:08:05:45 -0700] "GET /blog/page/3/ HTTP/1.0" 200 66894 "http://www.drug-injury-lawyer.com/blog/page/3/" "Mozilla/5.0 (Windows NT 10.0; Win64; x64) AppleWebKit/537.36 (KHTML, like Gecko) Chrome/103.0.5060.114 Safari/537.36" 
217.147.172.214 - - [20/Mar/2026:08:05:46 -0700] "GET /blog/page/3/ HTTP/1.0" 200 66894 "http://www.drug-injury-lawyer.com/blog/page/3/" "Mozilla/5.0 (Windows NT 6.1) AppleWebKit/537.36 (KHTML, like Gecko) Chrome/103.0.5060.114 Safari/537.36" 
217.147.172.214 - - [20/Mar/2026:08:05:45 -0700] "GET /blog/page/3/ HTTP/1.0" 200 66894 "http://www.drug-injury-lawyer.com/blog/page/3/" "Mozilla/5.0 (Windows NT 6.2; Win64; x64) AppleWebKit/537.36 (KHTML, like Gecko) Chrome/103.0.0.0 Safari/537.36" 
45.156.158.83 - - [20/Mar/2026:08:05:45 -0700] "GET /blog/page/3/ HTTP/1.0" 200 66894 "http://www.drug-injury-lawyer.com/blog/page/3/" "Mozilla/5.0 (Windows NT 6.2; Win64; x64) AppleWebKit/537.36 (KHTML, like Gecko) Chrome/103.0.0.0 Safari/537.36" 
173.236.217.44 - - [20/Mar/2026:08:05:45 -0700] "POST /wp-cron.php?doing_wp_cron=1774019145.3645889759063720703125 HTTP/1.1" 200 283 "-" "WordPress/6.8.5; https://www.drug-injury-lawyer.com" 
91.211.90.247 - - [20/Mar/2026:08:05:54 -0700] "GET /blog/page/3/ HTTP/1.0" 200 66894 "http://www.drug-injury-lawyer.com/blog/page/3/" "Mozilla/5.0 (Windows NT 10.0; WOW64) AppleWebKit/537.36 (KHTML, like Gecko) Chrome/103.0.5060.114 Safari/537.36" 
91.211.90.247 - - [20/Mar/2026:08:05:54 -0700] "GET /blog/page/3/ HTTP/1.0" 200 66894 "http://www.drug-injury-lawyer.com/blog/page/3/" "Mozilla/5.0 (Windows NT 6.3; Win64; x64) AppleWebKit/537.36 (KHTML, like Gecko) Chrome/103.0.0.0 Safari/537.36" 
91.211.90.170 - - [20/Mar/2026:08:06:10 -0700] "GET /blog/page/3/ HTTP/1.0" 200 66894 "http://www.drug-injury-lawyer.com/blog/page/3/" "Mozilla/5.0 (Windows NT 10.0; Win64; x64) AppleWebKit/537.36 (KHTML, like Gecko) Chrome/103.0.0.0 Safari/537.36" 
91.211.90.170 - - [20/Mar/2026:08:06:10 -0700] "GET /blog/page/3/ HTTP/1.0" 200 66894 "http://www.drug-injury-lawyer.com/blog/page/3/" "Mozilla/5.0 (Windows NT 10.0; WOW64) AppleWebKit/537.36 (KHTML, like Gecko) Chrome/103.0.5060.114 Safari/537.36" 
185.237.106.243 - - [20/Mar/2026:08:06:13 -0700] "GET /blog/page/3/ HTTP/1.0" 200 66894 "http://www.drug-injury-lawyer.com/blog/page/3/" "Mozilla/5.0 (Windows NT 10.0; Win64; x64) AppleWebKit/537.36 (KHTML, like Gecko) Chrome/103.0.5060.114 Safari/537.36" 
173.236.217.44 - - [20/Mar/2026:08:06:37 -0700] "POST /wp-cron.php?doing_wp_cron=1774019197.6260321140289306640625 HTTP/1.1" 200 283 "-" "WordPress/6.8.5; https://www.drug-injury-lawyer.com" 
91.211.90.240 - - [20/Mar/2026:08:06:37 -0700] "GET /blog/page/3/ HTTP/1.0" 200 66894 "http://www.drug-injury-lawyer.com/blog/page/3/" "Mozilla/5.0 (Windows NT 10.0; Win64; x64) AppleWebKit/537.36 (KHTML, like Gecko) Chrome/103.0.5042.0 Safari/537.36" 
91.211.90.186 - - [20/Mar/2026:08:06:38 -0700] "GET /blog/page/3/ HTTP/1.0" 200 66894 "http://www.drug-injury-lawyer.com/blog/page/3/" "Mozilla/5.0 (Windows NT 6.3; WOW64) AppleWebKit/537.36 (KHTML, like Gecko) Chrome/103.0.0.0 Safari/537.36" 
217.147.172.209 - - [20/Mar/2026:08:06:40 -0700] "GET /blog/page/3/ HTTP/1.0" 200 66894 "http://www.drug-injury-lawyer.com/blog/page/3/" "Mozilla/5.0 (Windows NT 6.1) AppleWebKit/537.36 (KHTML, like Gecko) Chrome/103.0.0.0 Safari/537.36" 
213.199.63.167 - - [20/Mar/2026:08:06:48 -0700] "GET /wp-admin/css/ HTTP/1.1" 301 523 "binance.com" "Mozilla/5.0 (Windows NT 10.0; Win64; x64) AppleWebKit/537.36 (KHTML, like Gecko) Chrome/90.0.4430.85 Safari/537.36" 
213.199.63.167 - - [20/Mar/2026:08:06:53 -0700] "GET /wp-admin/css/ HTTP/1.1" 200 1729 "binance.com" "Mozilla/5.0 (Windows NT 10.0; Win64; x64) AppleWebKit/537.36 (KHTML, like Gecko) Chrome/90.0.4430.85 Safari/537.36" 
45.156.158.163 - - [20/Mar/2026:08:06:57 -0700] "GET /blog/page/3/ HTTP/1.0" 200 66894 "http://www.drug-injury-lawyer.com/blog/page/3/" "Mozilla/5.0 (Windows NT 10.0; Win64; x64) AppleWebKit/537.36 (KHTML, like Gecko) Chrome/103.0.0.0 Safari/537.36" 
45.156.158.163 - - [20/Mar/2026:08:06:58 -0700] "GET /blog/page/3/ HTTP/1.0" 200 66894 "http://www.drug-injury-lawyer.com/blog/page/3/" "Mozilla/5.0 (Windows NT 10.0; Win64; x64) AppleWebKit/537.36 (KHTML, like Gecko) Chrome/103.0.5060.134 Safari/537.36" 
213.199.63.167 - - [20/Mar/2026:08:07:02 -0700] "GET /wp-content/uploads/2026/03/ HTTP/1.1" 301 551 "binance.com" "Mozilla/5.0 (Windows NT 10.0; Win64; x64) AppleWebKit/537.36 (KHTML, like Gecko) Chrome/90.0.4430.85 Safari/537.36" 
213.199.63.167 - - [20/Mar/2026:08:07:08 -0700] "GET /wp-content/uploads/2026/03/ HTTP/1.1" 500 3198 "binance.com" "Mozilla/5.0 (Windows NT 10.0; Win64; x64) AppleWebKit/537.36 (KHTML, like Gecko) Chrome/90.0.4430.85 Safari/537.36" 
213.199.63.167 - - [20/Mar/2026:08:07:20 -0700] "GET /wp-content/uploads/2026/02/ HTTP/1.1" 301 551 "binance.com" "Mozilla/5.0 (Windows NT 10.0; Win64; x64) AppleWebKit/537.36 (KHTML, like Gecko) Chrome/90.0.4430.85 Safari/537.36" 
213.199.63.167 - - [20/Mar/2026:08:07:27 -0700] "GET /wp-content/uploads/2026/02/ HTTP/1.1" 500 3198 "binance.com" "Mozilla/5.0 (Windows NT 10.0; Win64; x64) AppleWebKit/537.36 (KHTML, like Gecko) Chrome/90.0.4430.85 Safari/537.36" 
213.199.63.167 - - [20/Mar/2026:08:07:32 -0700] "GET /wp-content/uploads/ HTTP/1.1" 301 535 "binance.com" "Mozilla/5.0 (Windows NT 10.0; Win64; x64) AppleWebKit/537.36 (KHTML, like Gecko) Chrome/90.0.4430.85 Safari/537.36" 
173.236.217.44 - - [20/Mar/2026:08:07:40 -0700] "POST /wp-cron.php?doing_wp_cron=1774019260.3199999332427978515625 HTTP/1.1" 200 283 "-" "WordPress/6.8.5; https://www.drug-injury-lawyer.com" 
213.199.63.167 - - [20/Mar/2026:08:07:40 -0700] "GET /wp-content/uploads/ HTTP/1.1" 500 3198 "binance.com" "Mozilla/5.0 (Windows NT 10.0; Win64; x64) AppleWebKit/537.36 (KHTML, like Gecko) Chrome/90.0.4430.85 Safari/537.36" 
213.199.63.167 - - [20/Mar/2026:08:07:48 -0700] "GET /wp-content/upgrade/ HTTP/1.1" 301 535 "binance.com" "Mozilla/5.0 (Windows NT 10.0; Win64; x64) AppleWebKit/537.36 (KHTML, like Gecko) Chrome/90.0.4430.85 Safari/537.36" 
107.20.105.74 - - [20/Mar/2026:08:07:54 -0700] "HEAD / HTTP/1.1" 301 197 "-" "DreamHost SiteMonitor 1.0" 
107.20.105.74 - - [20/Mar/2026:08:07:54 -0700] "HEAD / HTTP/1.1" 301 385 "http://173.236.217.44" "DreamHost SiteMonitor 1.0" 
213.199.63.167 - - [20/Mar/2026:08:07:55 -0700] "GET /wp-content/upgrade/ HTTP/1.1" 500 3198 "binance.com" "Mozilla/5.0 (Windows NT 10.0; Win64; x64) AppleWebKit/537.36 (KHTML, like Gecko) Chrome/90.0.4430.85 Safari/537.36" 
213.199.63.167 - - [20/Mar/2026:08:08:05 -0700] "GET /wp-content/languages/ HTTP/1.1" 301 539 "binance.com" "Mozilla/5.0 (Windows NT 10.0; Win64; x64) AppleWebKit/537.36 (KHTML, like Gecko) Chrome/90.0.4430.85 Safari/537.36" 
213.199.63.167 - - [20/Mar/2026:08:08:11 -0700] "GET /wp-content/languages/ HTTP/1.1" 500 3198 "binance.com" "Mozilla/5.0 (Windows NT 10.0; Win64; x64) AppleWebKit/537.36 (KHTML, like Gecko) Chrome/90.0.4430.85 Safari/537.36" 
213.199.63.167 - - [20/Mar/2026:08:08:21 -0700] "GET /wp-admin/includes/ HTTP/1.1" 301 533 "binance.com" "Mozilla/5.0 (Windows NT 10.0; Win64; x64) AppleWebKit/537.36 (KHTML, like Gecko) Chrome/90.0.4430.85 Safari/537.36" 
213.199.63.167 - - [20/Mar/2026:08:08:28 -0700] "GET /wp-admin/includes/ HTTP/1.1" 200 2159 "binance.com" "Mozilla/5.0 (Windows NT 10.0; Win64; x64) AppleWebKit/537.36 (KHTML, like Gecko) Chrome/90.0.4430.85 Safari/537.36" 
213.199.63.167 - - [20/Mar/2026:08:08:38 -0700] "GET /wp-admin/includes/ HTTP/1.1" 301 533 "binance.com" "Mozilla/5.0 (Windows NT 10.0; Win64; x64) AppleWebKit/537.36 (KHTML, like Gecko) Chrome/90.0.4430.85 Safari/537.36" 
213.199.63.167 - - [20/Mar/2026:08:08:43 -0700] "GET /wp-admin/includes/ HTTP/1.1" 200 2159 "binance.com" "Mozilla/5.0 (Windows NT 10.0; Win64; x64) AppleWebKit/537.36 (KHTML, like Gecko) Chrome/90.0.4430.85 Safari/537.36" 
91.211.90.69 - - [20/Mar/2026:08:09:00 -0700] "GET /blog/page/3/ HTTP/1.0" 200 66894 "http://www.drug-injury-lawyer.com/blog/page/3/" "Mozilla/5.0 (Windows NT 10.0; Win64; x64) AppleWebKit/537.36 (KHTML, like Gecko) Chrome/103.0.5060.66 Safari/537.36" 
91.211.90.227 - - [20/Mar/2026:08:09:05 -0700] "GET /blog/page/3/ HTTP/1.0" 200 66894 "http://www.drug-injury-lawyer.com/blog/page/3/" "Mozilla/5.0 (Windows NT 6.1; WOW64) AppleWebKit/537.36 (KHTML, like Gecko) Chrome/103.0.0.0 Safari/537.36" 
91.211.90.227 - - [20/Mar/2026:08:09:05 -0700] "GET /blog/page/3/ HTTP/1.0" 200 66894 "http://www.drug-injury-lawyer.com/blog/page/3/" "Mozilla/5.0 (Windows NT 10.0; WOW64) AppleWebKit/537.36 (KHTML, like Gecko) Chrome/103.0.0.0 Safari/537.36" 
213.199.63.167 - - [20/Mar/2026:08:09:10 -0700] "GET /wp-admin/maint/ HTTP/1.1" 301 527 "binance.com" "Mozilla/5.0 (Windows NT 10.0; Win64; x64) AppleWebKit/537.36 (KHTML, like Gecko) Chrome/90.0.4430.85 Safari/537.36" 
213.199.63.167 - - [20/Mar/2026:08:09:19 -0700] "GET /wp-admin/maint/ HTTP/1.1" 200 633 "binance.com" "Mozilla/5.0 (Windows NT 10.0; Win64; x64) AppleWebKit/537.36 (KHTML, like Gecko) Chrome/90.0.4430.85 Safari/537.36" 
213.199.63.167 - - [20/Mar/2026:08:09:21 -0700] "GET /wp-admin/maint/ HTTP/1.1" 301 527 "binance.com" "Mozilla/5.0 (Windows NT 10.0; Win64; x64) AppleWebKit/537.36 (KHTML, like Gecko) Chrome/90.0.4430.85 Safari/537.36" 
213.199.63.167 - - [20/Mar/2026:08:09:24 -0700] "GET /wp-admin/maint/ HTTP/1.1" 200 633 "binance.com" "Mozilla/5.0 (Windows NT 10.0; Win64; x64) AppleWebKit/537.36 (KHTML, like Gecko) Chrome/90.0.4430.85 Safari/537.36" 
45.156.158.216 - - [20/Mar/2026:08:09:26 -0700] "GET /blog/page/3/ HTTP/1.0" 200 66894 "http://www.drug-injury-lawyer.com/blog/page/3/" "Mozilla/5.0 (Windows NT 6.2; Win64; x64) AppleWebKit/537.36 (KHTML, like Gecko) Chrome/103.0.0.0 Safari/537.36" 
45.156.158.75 - - [20/Mar/2026:08:09:27 -0700] "GET /blog/page/3/ HTTP/1.0" 200 66894 "http://www.drug-injury-lawyer.com/blog/page/3/" "Mozilla/5.0 (Windows NT 10.0; Win64; x64) AppleWebKit/537.36 (KHTML, like Gecko) Chrome/103.0.5060.66 Safari/537.36" 
213.199.63.167 - - [20/Mar/2026:08:09:27 -0700] "GET /wp-admin/network/ HTTP/1.1" 301 531 "binance.com" "Mozilla/5.0 (Windows NT 10.0; Win64; x64) AppleWebKit/537.36 (KHTML, like Gecko) Chrome/90.0.4430.85 Safari/537.36" 
213.199.63.167 - - [20/Mar/2026:08:09:31 -0700] "GET /wp-admin/network/ HTTP/1.1" 302 432 "binance.com" "Mozilla/5.0 (Windows NT 10.0; Win64; x64) AppleWebKit/537.36 (KHTML, like Gecko) Chrome/90.0.4430.85 Safari/537.36" 
213.199.63.167 - - [20/Mar/2026:08:09:57 -0700] "GET /wp-admin/user/ HTTP/1.1" 301 525 "binance.com" "Mozilla/5.0 (Windows NT 10.0; Win64; x64) AppleWebKit/537.36 (KHTML, like Gecko) Chrome/90.0.4430.85 Safari/537.36" 
213.199.63.167 - - [20/Mar/2026:08:09:59 -0700] "GET /wp-admin/user/ HTTP/1.1" 302 429 "binance.com" "Mozilla/5.0 (Windows NT 10.0; Win64; x64) AppleWebKit/537.36 (KHTML, like Gecko) Chrome/90.0.4430.85 Safari/537.36" 
213.199.63.167 - - [20/Mar/2026:08:10:22 -0700] "GET /wp-admin/css/ HTTP/1.1" 301 523 "binance.com" "Mozilla/5.0 (Windows NT 10.0; Win64; x64) AppleWebKit/537.36 (KHTML, like Gecko) Chrome/90.0.4430.85 Safari/537.36" 
213.199.63.167 - - [20/Mar/2026:08:10:28 -0700] "GET /wp-admin/css/ HTTP/1.1" 200 1729 "binance.com" "Mozilla/5.0 (Windows NT 10.0; Win64; x64) AppleWebKit/537.36 (KHTML, like Gecko) Chrome/90.0.4430.85 Safari/537.36" 
213.199.63.167 - - [20/Mar/2026:08:10:38 -0700] "GET /wp-admin/css/colors/ HTTP/1.1" 301 537 "binance.com" "Mozilla/5.0 (Windows NT 10.0; Win64; x64) AppleWebKit/537.36 (KHTML, like Gecko) Chrome/90.0.4430.85 Safari/537.36" 
91.211.90.208 - - [20/Mar/2026:08:10:40 -0700] "GET /blog/page/3/ HTTP/1.0" 200 66894 "http://www.drug-injury-lawyer.com/blog/page/3/" "Mozilla/5.0 (Windows NT 10.0; Win64; x64) AppleWebKit/537.36 (KHTML, like Gecko) Chrome/103.0.5060.66 Safari/537.36" 
173.236.217.44 - - [20/Mar/2026:08:10:40 -0700] "POST /wp-cron.php?doing_wp_cron=1774019440.5639810562133789062500 HTTP/1.1" 200 283 "-" "WordPress/6.8.5; https://www.drug-injury-lawyer.com" 
213.199.63.167 - - [20/Mar/2026:08:10:43 -0700] "GET /wp-admin/css/colors/ HTTP/1.1" 200 770 "binance.com" "Mozilla/5.0 (Windows NT 10.0; Win64; x64) AppleWebKit/537.36 (KHTML, like Gecko) Chrome/90.0.4430.85 Safari/537.36" 
213.199.63.167 - - [20/Mar/2026:08:10:55 -0700] "GET /wp-admin/css/colors/blue/ HTTP/1.1" 301 547 "binance.com" "Mozilla/5.0 (Windows NT 10.0; Win64; x64) AppleWebKit/537.36 (KHTML, like Gecko) Chrome/90.0.4430.85 Safari/537.36" 
213.199.63.167 - - [20/Mar/2026:08:11:01 -0700] "GET /wp-admin/css/colors/blue/ HTTP/1.1" 200 695 "binance.com" "Mozilla/5.0 (Windows NT 10.0; Win64; x64) AppleWebKit/537.36 (KHTML, like Gecko) Chrome/90.0.4430.85 Safari/537.36" 
213.199.63.167 - - [20/Mar/2026:08:11:12 -0700] "GET /wp-admin/css/colors/coffee/ HTTP/1.1" 301 551 "binance.com" "Mozilla/5.0 (Windows NT 10.0; Win64; x64) AppleWebKit/537.36 (KHTML, like Gecko) Chrome/90.0.4430.85 Safari/537.36" 
213.199.63.167 - - [20/Mar/2026:08:11:18 -0700] "GET /wp-admin/css/colors/coffee/ HTTP/1.1" 200 693 "binance.com" "Mozilla/5.0 (Windows NT 10.0; Win64; x64) AppleWebKit/537.36 (KHTML, like Gecko) Chrome/90.0.4430.85 Safari/537.36" 
213.199.63.167 - - [20/Mar/2026:08:11:26 -0700] "GET /wp-admin/css/colors/ectoplasm/ HTTP/1.1" 301 557 "binance.com" "Mozilla/5.0 (Windows NT 10.0; Win64; x64) AppleWebKit/537.36 (KHTML, like Gecko) Chrome/90.0.4430.85 Safari/537.36" 
213.199.63.167 - - [20/Mar/2026:08:11:33 -0700] "GET /wp-admin/css/colors/ectoplasm/ HTTP/1.1" 200 695 "binance.com" "Mozilla/5.0 (Windows NT 10.0; Win64; x64) AppleWebKit/537.36 (KHTML, like Gecko) Chrome/90.0.4430.85 Safari/537.36" 
213.199.63.167 - - [20/Mar/2026:08:11:41 -0700] "GET /wp-admin/css/colors/light/ HTTP/1.1" 301 549 "binance.com" "Mozilla/5.0 (Windows NT 10.0; Win64; x64) AppleWebKit/537.36 (KHTML, like Gecko) Chrome/90.0.4430.85 Safari/537.36" 
213.199.63.167 - - [20/Mar/2026:08:11:49 -0700] "GET /wp-admin/css/colors/light/ HTTP/1.1" 200 696 "binance.com" "Mozilla/5.0 (Windows NT 10.0; Win64; x64) AppleWebKit/537.36 (KHTML, like Gecko) Chrome/90.0.4430.85 Safari/537.36" 
213.199.63.167 - - [20/Mar/2026:08:12:01 -0700] "GET /wp-admin/css/colors/midnight/ HTTP/1.1" 301 555 "binance.com" "Mozilla/5.0 (Windows NT 10.0; Win64; x64) AppleWebKit/537.36 (KHTML, like Gecko) Chrome/90.0.4430.85 Safari/537.36" 
213.199.63.167 - - [20/Mar/2026:08:12:08 -0700] "GET /wp-admin/css/colors/midnight/ HTTP/1.1" 500 3198 "binance.com" "Mozilla/5.0 (Windows NT 10.0; Win64; x64) AppleWebKit/537.36 (KHTML, like Gecko) Chrome/90.0.4430.85 Safari/537.36" 
173.236.217.44 - - [20/Mar/2026:08:12:09 -0700] "POST /wp-cron.php?doing_wp_cron=1774019529.5545310974121093750000 HTTP/1.1" 200 283 "-" "WordPress/6.8.5; https://www.drug-injury-lawyer.com" 
213.199.63.167 - - [20/Mar/2026:08:12:20 -0700] "GET /wp-admin/css/colors/modern/ HTTP/1.1" 301 551 "binance.com" "Mozilla/5.0 (Windows NT 10.0; Win64; x64) AppleWebKit/537.36 (KHTML, like Gecko) Chrome/90.0.4430.85 Safari/537.36" 
213.199.63.167 - - [20/Mar/2026:08:12:26 -0700] "GET /wp-admin/css/colors/modern/ HTTP/1.1" 200 685 "binance.com" "Mozilla/5.0 (Windows NT 10.0; Win64; x64) AppleWebKit/537.36 (KHTML, like Gecko) Chrome/90.0.4430.85 Safari/537.36" 
213.199.63.167 - - [20/Mar/2026:08:12:34 -0700] "GET /wp-admin/css/colors/ocean/ HTTP/1.1" 301 549 "binance.com" "Mozilla/5.0 (Windows NT 10.0; Win64; x64) AppleWebKit/537.36 (KHTML, like Gecko) Chrome/90.0.4430.85 Safari/537.36" 
213.199.63.167 - - [20/Mar/2026:08:12:39 -0700] "GET /wp-admin/css/colors/ocean/ HTTP/1.1" 200 693 "binance.com" "Mozilla/5.0 (Windows NT 10.0; Win64; x64) AppleWebKit/537.36 (KHTML, like Gecko) Chrome/90.0.4430.85 Safari/537.36" 
213.199.63.167 - - [20/Mar/2026:08:12:50 -0700] "GET /wp-admin/css/colors/sunrise/%20 HTTP/1.1" 301 555 "binance.com" "Mozilla/5.0 (Windows NT 10.0; Win64; x64) AppleWebKit/537.36 (KHTML, like Gecko) Chrome/90.0.4430.85 Safari/537.36" 
107.20.105.74 - - [20/Mar/2026:08:12:54 -0700] "HEAD / HTTP/1.1" 301 197 "-" "DreamHost SiteMonitor 1.0" 
107.20.105.74 - - [20/Mar/2026:08:12:54 -0700] "HEAD / HTTP/1.1" 301 385 "http://173.236.217.44" "DreamHost SiteMonitor 1.0" 
173.236.217.44 - - [20/Mar/2026:08:12:55 -0700] "POST /wp-cron.php?doing_wp_cron=1774019575.0219678878784179687500 HTTP/1.1" 200 283 "-" "WordPress/6.8.5; https://www.drug-injury-lawyer.com" 
213.199.63.167 - - [20/Mar/2026:08:12:57 -0700] "GET /wp-admin/css/colors/sunrise/ HTTP/1.1" 200 695 "binance.com" "Mozilla/5.0 (Windows NT 10.0; Win64; x64) AppleWebKit/537.36 (KHTML, like Gecko) Chrome/90.0.4430.85 Safari/537.36" 
213.199.63.167 - - [20/Mar/2026:08:13:07 -0700] "GET /wp-admin/images/ HTTP/1.1" 301 529 "binance.com" "Mozilla/5.0 (Windows NT 10.0; Win64; x64) AppleWebKit/537.36 (KHTML, like Gecko) Chrome/90.0.4430.85 Safari/537.36" 
213.199.63.167 - - [20/Mar/2026:08:13:13 -0700] "GET /wp-admin/images/ HTTP/1.1" 200 1725 "binance.com" "Mozilla/5.0 (Windows NT 10.0; Win64; x64) AppleWebKit/537.36 (KHTML, like Gecko) Chrome/90.0.4430.85 Safari/537.36" 
213.199.63.167 - - [20/Mar/2026:08:13:23 -0700] "GET /wp-admin/js/ HTTP/1.1" 301 521 "binance.com" "Mozilla/5.0 (Windows NT 10.0; Win64; x64) AppleWebKit/537.36 (KHTML, like Gecko) Chrome/90.0.4430.85 Safari/537.36" 
213.199.63.167 - - [20/Mar/2026:08:13:29 -0700] "GET /wp-admin/js/ HTTP/1.1" 200 1965 "binance.com" "Mozilla/5.0 (Windows NT 10.0; Win64; x64) AppleWebKit/537.36 (KHTML, like Gecko) Chrome/90.0.4430.85 Safari/537.36" 
213.199.63.167 - - [20/Mar/2026:08:13:39 -0700] "GET /wp-admin/js/widgets/ HTTP/1.1" 301 537 "binance.com" "Mozilla/5.0 (Windows NT 10.0; Win64; x64) AppleWebKit/537.36 (KHTML, like Gecko) Chrome/90.0.4430.85 Safari/537.36" 
213.199.63.167 - - [20/Mar/2026:08:13:46 -0700] "GET /wp-admin/js/widgets/ HTTP/1.1" 200 830 "binance.com" "Mozilla/5.0 (Windows NT 10.0; Win64; x64) AppleWebKit/537.36 (KHTML, like Gecko) Chrome/90.0.4430.85 Safari/537.36" 
213.199.63.167 - - [20/Mar/2026:08:13:54 -0700] "GET /wp-includes/ HTTP/1.1" 301 521 "binance.com" "Mozilla/5.0 (Windows NT 10.0; Win64; x64) AppleWebKit/537.36 (KHTML, like Gecko) Chrome/90.0.4430.85 Safari/537.36" 
213.199.63.167 - - [20/Mar/2026:08:14:01 -0700] "GET /wp-includes/ HTTP/1.1" 500 3198 "binance.com" "Mozilla/5.0 (Windows NT 10.0; Win64; x64) AppleWebKit/537.36 (KHTML, like Gecko) Chrome/90.0.4430.85 Safari/537.36" 
213.199.63.167 - - [20/Mar/2026:08:14:10 -0700] "GET /wp-includes/ID3/ HTTP/1.1" 301 529 "binance.com" "Mozilla/5.0 (Windows NT 10.0; Win64; x64) AppleWebKit/537.36 (KHTML, like Gecko) Chrome/90.0.4430.85 Safari/537.36" 
213.199.63.167 - - [20/Mar/2026:08:14:17 -0700] "GET /wp-includes/ID3/ HTTP/1.1" 500 3198 "binance.com" "Mozilla/5.0 (Windows NT 10.0; Win64; x64) AppleWebKit/537.36 (KHTML, like Gecko) Chrome/90.0.4430.85 Safari/537.36" 
213.199.63.167 - - [20/Mar/2026:08:14:27 -0700] "GET /wp-includes/IXR/ HTTP/1.1" 301 529 "binance.com" "Mozilla/5.0 (Windows NT 10.0; Win64; x64) AppleWebKit/537.36 (KHTML, like Gecko) Chrome/90.0.4430.85 Safari/537.36" 
213.199.63.167 - - [20/Mar/2026:08:14:33 -0700] "GET /wp-includes/IXR/ HTTP/1.1" 500 3198 "binance.com" "Mozilla/5.0 (Windows NT 10.0; Win64; x64) AppleWebKit/537.36 (KHTML, like Gecko) Chrome/90.0.4430.85 Safari/537.36" 
173.236.217.44 - - [20/Mar/2026:08:14:33 -0700] "POST /wp-cron.php?doing_wp_cron=1774019673.3808820247650146484375 HTTP/1.1" 200 283 "-" "WordPress/6.8.5; https://www.drug-injury-lawyer.com" 
213.199.63.167 - - [20/Mar/2026:08:14:43 -0700] "GET /wp-includes/PHPMailer/ HTTP/1.1" 301 541 "binance.com" "Mozilla/5.0 (Windows NT 10.0; Win64; x64) AppleWebKit/537.36 (KHTML, like Gecko) Chrome/90.0.4430.85 Safari/537.36" 
213.199.63.167 - - [20/Mar/2026:08:14:50 -0700] "GET /wp-includes/PHPMailer/ HTTP/1.1" 500 3198 "binance.com" "Mozilla/5.0 (Windows NT 10.0; Win64; x64) AppleWebKit/537.36 (KHTML, like Gecko) Chrome/90.0.4430.85 Safari/537.36" 
173.236.217.44 - - [20/Mar/2026:08:14:50 -0700] "POST /wp-cron.php?doing_wp_cron=1774019690.2175331115722656250000 HTTP/1.1" 200 283 "-" "WordPress/6.8.5; https://www.drug-injury-lawyer.com" 
213.199.63.167 - - [20/Mar/2026:08:15:01 -0700] "GET /wp-includes/Text/ HTTP/1.1" 301 531 "binance.com" "Mozilla/5.0 (Windows NT 10.0; Win64; x64) AppleWebKit/537.36 (KHTML, like Gecko) Chrome/90.0.4430.85 Safari/537.36" 
213.199.63.167 - - [20/Mar/2026:08:15:08 -0700] "GET /wp-includes/Text/ HTTP/1.1" 500 3198 "binance.com" "Mozilla/5.0 (Windows NT 10.0; Win64; x64) AppleWebKit/537.36 (KHTML, like Gecko) Chrome/90.0.4430.85 Safari/537.36" 
213.199.63.167 - - [20/Mar/2026:08:15:19 -0700] "GET /wp-includes/Text/Diff/ HTTP/1.1" 301 541 "binance.com" "Mozilla/5.0 (Windows NT 10.0; Win64; x64) AppleWebKit/537.36 (KHTML, like Gecko) Chrome/90.0.4430.85 Safari/537.36" 
213.199.63.167 - - [20/Mar/2026:08:15:25 -0700] "GET /wp-includes/Text/Diff/ HTTP/1.1" 500 3198 "binance.com" "Mozilla/5.0 (Windows NT 10.0; Win64; x64) AppleWebKit/537.36 (KHTML, like Gecko) Chrome/90.0.4430.85 Safari/537.36" 
213.199.63.167 - - [20/Mar/2026:08:15:34 -0700] "GET /wp-includes/Text/Diff/Engine/ HTTP/1.1" 301 555 "binance.com" "Mozilla/5.0 (Windows NT 10.0; Win64; x64) AppleWebKit/537.36 (KHTML, like Gecko) Chrome/90.0.4430.85 Safari/537.36" 
213.199.63.167 - - [20/Mar/2026:08:15:43 -0700] "GET /wp-includes/Text/Diff/Engine/ HTTP/1.1" 500 3198 "binance.com" "Mozilla/5.0 (Windows NT 10.0; Win64; x64) AppleWebKit/537.36 (KHTML, like Gecko) Chrome/90.0.4430.85 Safari/537.36" 
173.236.217.44 - - [20/Mar/2026:08:15:43 -0700] "POST /wp-cron.php?doing_wp_cron=1774019743.7728989124298095703125 HTTP/1.1" 200 283 "-" "WordPress/6.8.5; https://www.drug-injury-lawyer.com" 
213.199.63.167 - - [20/Mar/2026:08:15:49 -0700] "GET /wp-includes/Text/Diff/Renderer/ HTTP/1.1" 301 559 "binance.com" "Mozilla/5.0 (Windows NT 10.0; Win64; x64) AppleWebKit/537.36 (KHTML, like Gecko) Chrome/90.0.4430.85 Safari/537.36" 
213.199.63.167 - - [20/Mar/2026:08:15:56 -0700] "GET /wp-includes/Text/Diff/Renderer/ HTTP/1.1" 500 3198 "binance.com" "Mozilla/5.0 (Windows NT 10.0; Win64; x64) AppleWebKit/537.36 (KHTML, like Gecko) Chrome/90.0.4430.85 Safari/537.36" 
213.199.63.167 - - [20/Mar/2026:08:16:06 -0700] "GET /wp-includes/blocks/ HTTP/1.1" 301 535 "binance.com" "Mozilla/5.0 (Windows NT 10.0; Win64; x64) AppleWebKit/537.36 (KHTML, like Gecko) Chrome/90.0.4430.85 Safari/537.36" 
213.199.63.167 - - [20/Mar/2026:08:16:12 -0700] "GET /wp-includes/blocks/ HTTP/1.1" 200 297 "binance.com" "Mozilla/5.0 (Windows NT 10.0; Win64; x64) AppleWebKit/537.36 (KHTML, like Gecko) Chrome/90.0.4430.85 Safari/537.36" 
213.199.63.167 - - [20/Mar/2026:08:16:22 -0700] "GET /wp-includes/pomo/ HTTP/1.1" 301 531 "binance.com" "Mozilla/5.0 (Windows NT 10.0; Win64; x64) AppleWebKit/537.36 (KHTML, like Gecko) Chrome/90.0.4430.85 Safari/537.36" 
213.199.63.167 - - [20/Mar/2026:08:16:31 -0700] "GET /wp-includes/pomo/ HTTP/1.1" 500 3198 "binance.com" "Mozilla/5.0 (Windows NT 10.0; Win64; x64) AppleWebKit/537.36 (KHTML, like Gecko) Chrome/90.0.4430.85 Safari/537.36" 
213.199.63.167 - - [20/Mar/2026:08:16:33 -0700] "GET /wp-includes/sitemaps/ HTTP/1.1" 301 539 "binance.com" "Mozilla/5.0 (Windows NT 10.0; Win64; x64) AppleWebKit/537.36 (KHTML, like Gecko) Chrome/90.0.4430.85 Safari/537.36" 
213.199.63.167 - - [20/Mar/2026:08:16:37 -0700] "GET /wp-includes/sitemaps/ HTTP/1.1" 500 3198 "binance.com" "Mozilla/5.0 (Windows NT 10.0; Win64; x64) AppleWebKit/537.36 (KHTML, like Gecko) Chrome/90.0.4430.85 Safari/537.36" 
213.199.63.167 - - [20/Mar/2026:08:16:48 -0700] "GET /wp-includes/sitemaps/providers/ HTTP/1.1" 301 559 "binance.com" "Mozilla/5.0 (Windows NT 10.0; Win64; x64) AppleWebKit/537.36 (KHTML, like Gecko) Chrome/90.0.4430.85 Safari/537.36" 
213.199.63.167 - - [20/Mar/2026:08:16:55 -0700] "GET /wp-includes/sitemaps/providers/ HTTP/1.1" 500 3198 "binance.com" "Mozilla/5.0 (Windows NT 10.0; Win64; x64) AppleWebKit/537.36 (KHTML, like Gecko) Chrome/90.0.4430.85 Safari/537.36" 
173.236.217.44 - - [20/Mar/2026:08:16:56 -0700] "POST /wp-cron.php?doing_wp_cron=1774019815.9283170700073242187500 HTTP/1.1" 200 283 "-" "WordPress/6.8.5; https://www.drug-injury-lawyer.com" 
213.199.63.167 - - [20/Mar/2026:08:17:08 -0700] "GET /wp-includes/widgets/ HTTP/1.1" 301 537 "binance.com" "Mozilla/5.0 (Windows NT 10.0; Win64; x64) AppleWebKit/537.36 (KHTML, like Gecko) Chrome/90.0.4430.85 Safari/537.36" 
213.199.63.167 - - [20/Mar/2026:08:17:15 -0700] "GET /wp-includes/widgets/ HTTP/1.1" 500 3198 "binance.com" "Mozilla/5.0 (Windows NT 10.0; Win64; x64) AppleWebKit/537.36 (KHTML, like Gecko) Chrome/90.0.4430.85 Safari/537.36" 
217.147.172.206 - - [20/Mar/2026:08:17:17 -0700] "GET /blog/page/3/ HTTP/1.0" 200 66894 "http://www.drug-injury-lawyer.com/blog/page/3/" "Mozilla/5.0 (Windows NT 6.3; Win64; x64) AppleWebKit/537.36 (KHTML, like Gecko) Chrome/103.0.5060.66 Safari/537.36" 
185.237.106.243 - - [20/Mar/2026:08:17:20 -0700] "GET /blog/page/3/ HTTP/1.0" 200 66894 "http://www.drug-injury-lawyer.com/blog/page/3/" "Mozilla/5.0 (Windows NT 10.0; Win64; x64) AppleWebKit/537.36 (KHTML, like Gecko) Chrome/103.0.0.0 Safari/537.36" 
213.199.63.167 - - [20/Mar/2026:08:17:24 -0700] "GET /wp-includes/css/ HTTP/1.1" 301 529 "binance.com" "Mozilla/5.0 (Windows NT 10.0; Win64; x64) AppleWebKit/537.36 (KHTML, like Gecko) Chrome/90.0.4430.85 Safari/537.36" 
213.199.63.167 - - [20/Mar/2026:08:17:30 -0700] "GET /wp-includes/css/ HTTP/1.1" 500 3198 "binance.com" "Mozilla/5.0 (Windows NT 10.0; Win64; x64) AppleWebKit/537.36 (KHTML, like Gecko) Chrome/90.0.4430.85 Safari/537.36" 
173.236.217.44 - - [20/Mar/2026:08:17:30 -0700] "POST /wp-cron.php?doing_wp_cron=1774019850.4076480865478515625000 HTTP/1.1" 200 283 "-" "WordPress/6.8.5; https://www.drug-injury-lawyer.com" 
213.199.63.167 - - [20/Mar/2026:08:17:39 -0700] "GET /wp-includes/css/dist/ HTTP/1.1" 301 539 "binance.com" "Mozilla/5.0 (Windows NT 10.0; Win64; x64) AppleWebKit/537.36 (KHTML, like Gecko) Chrome/90.0.4430.85 Safari/537.36" 
213.199.63.167 - - [20/Mar/2026:08:17:44 -0700] "GET /wp-includes/css/dist/ HTTP/1.1" 500 3198 "binance.com" "Mozilla/5.0 (Windows NT 10.0; Win64; x64) AppleWebKit/537.36 (KHTML, like Gecko) Chrome/90.0.4430.85 Safari/537.36" 
173.236.217.44 - - [20/Mar/2026:08:17:45 -0700] "POST /wp-cron.php?doing_wp_cron=1774019864.9889550209045410156250 HTTP/1.1" 200 283 "-" "WordPress/6.8.5; https://www.drug-injury-lawyer.com" 
91.211.90.186 - - [20/Mar/2026:08:17:45 -0700] "GET /blog/page/3/ HTTP/1.0" 200 66894 "http://www.drug-injury-lawyer.com/blog/page/3/" "Mozilla/5.0 (Windows NT 6.1; Win64; x64) AppleWebKit/537.36 (KHTML, like Gecko) Chrome/103.0.0.0 Safari/537.36" 
107.20.105.74 - - [20/Mar/2026:08:17:54 -0700] "HEAD / HTTP/1.1" 301 197 "-" "DreamHost SiteMonitor 1.0" 
107.20.105.74 - - [20/Mar/2026:08:17:54 -0700] "HEAD / HTTP/1.1" 301 385 "http://173.236.217.44" "DreamHost SiteMonitor 1.0" 
213.199.63.167 - - [20/Mar/2026:08:17:56 -0700] "GET /wp-includes/fonts/ HTTP/1.1" 301 533 "binance.com" "Mozilla/5.0 (Windows NT 10.0; Win64; x64) AppleWebKit/537.36 (KHTML, like Gecko) Chrome/90.0.4430.85 Safari/537.36" 
213.199.63.167 - - [20/Mar/2026:08:18:01 -0700] "GET /wp-includes/fonts/ HTTP/1.1" 500 3198 "binance.com" "Mozilla/5.0 (Windows NT 10.0; Win64; x64) AppleWebKit/537.36 (KHTML, like Gecko) Chrome/90.0.4430.85 Safari/537.36" 
213.199.63.167 - - [20/Mar/2026:08:18:13 -0700] "GET /wp-includes/images/ HTTP/1.1" 301 535 "binance.com" "Mozilla/5.0 (Windows NT 10.0; Win64; x64) AppleWebKit/537.36 (KHTML, like Gecko) Chrome/90.0.4430.85 Safari/537.36" 
213.199.63.167 - - [20/Mar/2026:08:18:20 -0700] "GET /wp-includes/images/ HTTP/1.1" 500 3198 "binance.com" "Mozilla/5.0 (Windows NT 10.0; Win64; x64) AppleWebKit/537.36 (KHTML, like Gecko) Chrome/90.0.4430.85 Safari/537.36" 
213.199.63.167 - - [20/Mar/2026:08:18:31 -0700] "GET /wp-includes/images/crystal/ HTTP/1.1" 301 551 "binance.com" "Mozilla/5.0 (Windows NT 10.0; Win64; x64) AppleWebKit/537.36 (KHTML, like Gecko) Chrome/90.0.4430.85 Safari/537.36" 
213.199.63.167 - - [20/Mar/2026:08:18:38 -0700] "GET /wp-includes/images/crystal/ HTTP/1.1" 500 3198 "binance.com" "Mozilla/5.0 (Windows NT 10.0; Win64; x64) AppleWebKit/537.36 (KHTML, like Gecko) Chrome/90.0.4430.85 Safari/537.36" 
173.236.217.44 - - [20/Mar/2026:08:18:38 -0700] "POST /wp-cron.php?doing_wp_cron=1774019918.5333099365234375000000 HTTP/1.1" 200 283 "-" "WordPress/6.8.5; https://www.drug-injury-lawyer.com" 
213.199.63.167 - - [20/Mar/2026:08:18:47 -0700] "GET /wp-includes/images/media/ HTTP/1.1" 301 547 "binance.com" "Mozilla/5.0 (Windows NT 10.0; Win64; x64) AppleWebKit/537.36 (KHTML, like Gecko) Chrome/90.0.4430.85 Safari/537.36" 
217.147.172.209 - - [20/Mar/2026:08:18:53 -0700] "GET /blog/page/3/ HTTP/1.0" 200 66894 "http://www.drug-injury-lawyer.com/blog/page/3/" "Mozilla/5.0 (Windows NT 10.0; Win64; x64) AppleWebKit/537.36 (KHTML, like Gecko) Chrome/103.0.5060.134 Safari/537.36" 
213.199.63.167 - - [20/Mar/2026:08:18:55 -0700] "GET /wp-includes/images/media/ HTTP/1.1" 500 3198 "binance.com" "Mozilla/5.0 (Windows NT 10.0; Win64; x64) AppleWebKit/537.36 (KHTML, like Gecko) Chrome/90.0.4430.85 Safari/537.36" 
91.211.90.70 - - [20/Mar/2026:08:19:02 -0700] "GET /blog/page/3/ HTTP/1.0" 200 66894 "http://www.drug-injury-lawyer.com/blog/page/3/" "Mozilla/5.0 (Windows NT 6.3; Win64; x64) AppleWebKit/537.36 (KHTML, like Gecko) Chrome/103.0.5060.114 Safari/537.36" 
213.199.63.167 - - [20/Mar/2026:08:19:06 -0700] "GET /wp-includes/images/smilies/ HTTP/1.1" 301 551 "binance.com" "Mozilla/5.0 (Windows NT 10.0; Win64; x64) AppleWebKit/537.36 (KHTML, like Gecko) Chrome/90.0.4430.85 Safari/537.36" 
213.199.63.167 - - [20/Mar/2026:08:19:12 -0700] "GET /wp-includes/images/smilies/ HTTP/1.1" 500 3198 "binance.com" "Mozilla/5.0 (Windows NT 10.0; Win64; x64) AppleWebKit/537.36 (KHTML, like Gecko) Chrome/90.0.4430.85 Safari/537.36" 
213.199.63.167 - - [20/Mar/2026:08:19:21 -0700] "GET /wp-includes/images/wlw/ HTTP/1.1" 301 543 "binance.com" "Mozilla/5.0 (Windows NT 10.0; Win64; x64) AppleWebKit/537.36 (KHTML, like Gecko) Chrome/90.0.4430.85 Safari/537.36" 
213.199.63.167 - - [20/Mar/2026:08:19:27 -0700] "GET /wp-includes/images/wlw/ HTTP/1.1" 500 3198 "binance.com" "Mozilla/5.0 (Windows NT 10.0; Win64; x64) AppleWebKit/537.36 (KHTML, like Gecko) Chrome/90.0.4430.85 Safari/537.36" 
213.199.63.167 - - [20/Mar/2026:08:19:36 -0700] "GET /wp-includes/js/%20 HTTP/1.1" 301 529 "binance.com" "Mozilla/5.0 (Windows NT 10.0; Win64; x64) AppleWebKit/537.36 (KHTML, like Gecko) Chrome/90.0.4430.85 Safari/537.36" 
213.199.63.167 - - [20/Mar/2026:08:19:42 -0700] "GET /wp-includes/js/ HTTP/1.1" 500 3198 "binance.com" "Mozilla/5.0 (Windows NT 10.0; Win64; x64) AppleWebKit/537.36 (KHTML, like Gecko) Chrome/90.0.4430.85 Safari/537.36" 
173.236.217.44 - - [20/Mar/2026:08:19:42 -0700] "POST /wp-cron.php?doing_wp_cron=1774019982.7485508918762207031250 HTTP/1.1" 200 283 "-" "WordPress/6.8.5; https://www.drug-injury-lawyer.com" 
213.199.63.167 - - [20/Mar/2026:08:19:53 -0700] "GET /wp-includes/js/codemirror/ HTTP/1.1" 301 549 "binance.com" "Mozilla/5.0 (Windows NT 10.0; Win64; x64) AppleWebKit/537.36 (KHTML, like Gecko) Chrome/90.0.4430.85 Safari/537.36" 
213.199.63.167 - - [20/Mar/2026:08:19:59 -0700] "GET /wp-includes/js/codemirror/ HTTP/1.1" 500 3198 "binance.com" "Mozilla/5.0 (Windows NT 10.0; Win64; x64) AppleWebKit/537.36 (KHTML, like Gecko) Chrome/90.0.4430.85 Safari/537.36" 
213.199.63.167 - - [20/Mar/2026:08:20:03 -0700] "GET /wp-includes/js/plupload/ HTTP/1.1" 301 545 "binance.com" "Mozilla/5.0 (Windows NT 10.0; Win64; x64) AppleWebKit/537.36 (KHTML, like Gecko) Chrome/90.0.4430.85 Safari/537.36" 
91.211.90.158 - - [20/Mar/2026:08:20:06 -0700] "GET /blog/page/3/ HTTP/1.0" 200 66894 "http://www.drug-injury-lawyer.com/blog/page/3/" "Mozilla/5.0 (Windows NT 6.1; WOW64) AppleWebKit/537.36 (KHTML, like Gecko) Chrome/103.0.0.0 Safari/537.36" 
213.199.63.167 - - [20/Mar/2026:08:20:09 -0700] "GET /wp-includes/js/plupload/ HTTP/1.1" 500 3198 "binance.com" "Mozilla/5.0 (Windows NT 10.0; Win64; x64) AppleWebKit/537.36 (KHTML, like Gecko) Chrome/90.0.4430.85 Safari/537.36" 
213.199.63.167 - - [20/Mar/2026:08:20:18 -0700] "GET /.well-known/ HTTP/1.1" 301 521 "binance.com" "Mozilla/5.0 (Windows NT 10.0; Win64; x64) AppleWebKit/537.36 (KHTML, like Gecko) Chrome/90.0.4430.85 Safari/537.36" 
213.199.63.167 - - [20/Mar/2026:08:20:24 -0700] "GET /.well-known/ HTTP/1.1" 500 3198 "binance.com" "Mozilla/5.0 (Windows NT 10.0; Win64; x64) AppleWebKit/537.36 (KHTML, like Gecko) Chrome/90.0.4430.85 Safari/537.36" 
107.20.105.74 - - [20/Mar/2026:08:22:54 -0700] "HEAD / HTTP/1.1" 301 197 "-" "DreamHost SiteMonitor 1.0" 
107.20.105.74 - - [20/Mar/2026:08:22:54 -0700] "HEAD / HTTP/1.1" 301 385 "http://173.236.217.44" "DreamHost SiteMonitor 1.0" 
173.236.217.44 - - [20/Mar/2026:08:22:56 -0700] "POST /wp-cron.php?doing_wp_cron=1774020175.9640181064605712890625 HTTP/1.1" 200 283 "-" "WordPress/6.8.5; https://www.drug-injury-lawyer.com" 
213.209.159.185 - - [20/Mar/2026:08:23:55 -0700] "GET /txets.php HTTP/1.1" 301 459 "-" "Mozilla/5.0 (Macintosh; Intel Mac OS X 10_15_7) AppleWebKit/605.1.15 (KHTML, like Gecko) Version/18.1 Safari/605.1.15" 
213.209.159.185 - - [20/Mar/2026:08:23:55 -0700] "GET /wp-content/txets.php HTTP/1.1" 301 481 "-" "Mozilla/5.0 (Windows NT 10.0; Win64; x64) AppleWebKit/537.36 (KHTML, like Gecko) Chrome/130.0.0.0 Safari/537.36 Edg/130.0.0.0" 
204.12.208.18 - - [20/Mar/2026:08:24:20 -0700] "GET /wp-content/pl4ec179/index.php HTTP/1.1" 301 446 "http://www.drug-injury-lawyer.com/wp-content/pl4ec179/index.php" "Mozilla/5.0 (Macintosh; U; Intel Mac OS X 10_5_6; ja-jp) AppleWebKit/525.27.1 (KHTML, like Gecko) Version/3.2.1 Safari/525.27.1" 
173.236.217.44 - - [20/Mar/2026:08:24:21 -0700] "POST /wp-cron.php?doing_wp_cron=1774020260.9717290401458740234375 HTTP/1.1" 200 283 "-" "WordPress/6.8.5; https://www.drug-injury-lawyer.com" 
204.12.208.18 - - [20/Mar/2026:08:24:22 -0700] "GET /wp-content/pl4ec179/ HTTP/1.1" 500 3176 "http://www.drug-injury-lawyer.com/wp-content/pl4ec179/index.php" "Mozilla/5.0 (Macintosh; U; Intel Mac OS X 10_5_6; ja-jp) AppleWebKit/525.27.1 (KHTML, like Gecko) Version/3.2.1 Safari/525.27.1" 
204.12.208.18 - - [20/Mar/2026:08:24:23 -0700] "GET /wp-content/pl4ec179/index.php HTTP/1.1" 301 402 "http://www.drug-injury-lawyer.com/wp-content/pl4ec179/index.php" "Mozilla/4.0 (compatible; MSIE 8.0; Windows NT 5.1; Trident/4.0; .NET CLR 2.0.50727; .NET CLR 3.0.04506.30; .NET CLR 3.0.04506.648)" 
204.12.208.18 - - [20/Mar/2026:08:24:23 -0700] "GET /wp-content/pl4ec179/ HTTP/1.1" 500 3176 "http://www.drug-injury-lawyer.com/wp-content/pl4ec179/index.php" "Mozilla/4.0 (compatible; MSIE 8.0; Windows NT 5.1; Trident/4.0; .NET CLR 2.0.50727; .NET CLR 3.0.04506.30; .NET CLR 3.0.04506.648)" 
204.12.208.18 - - [20/Mar/2026:08:24:25 -0700] "GET /wp-content/pl4ec179/index.php HTTP/1.1" 301 402 "http://www.drug-injury-lawyer.com/wp-content/pl4ec179/index.php" "Mozilla/5.0 (compatible; MSIE 10.0; Windows NT 6.1; Trident/6.0)" 
204.12.208.18 - - [20/Mar/2026:08:24:25 -0700] "GET /wp-content/pl4ec179/ HTTP/1.1" 500 3176 "http://www.drug-injury-lawyer.com/wp-content/pl4ec179/index.php" "Mozilla/5.0 (compatible; MSIE 10.0; Windows NT 6.1; Trident/6.0)" 
204.12.208.18 - - [20/Mar/2026:08:26:28 -0700] "GET /wp-content/pl4ec179/index.php HTTP/1.1" 301 446 "http://www.drug-injury-lawyer.com/wp-content/pl4ec179/index.php" "Mozilla/4.0 (compatible; MSIE 7.0; Windows NT 5.1; SV1; .NET CLR 1.1.4322; .NET CLR 2.0.50727; InfoPath.1)" 
204.12.208.18 - - [20/Mar/2026:08:26:30 -0700] "GET /wp-content/pl4ec179/ HTTP/1.1" 500 3176 "http://www.drug-injury-lawyer.com/wp-content/pl4ec179/index.php" "Mozilla/4.0 (compatible; MSIE 7.0; Windows NT 5.1; SV1; .NET CLR 1.1.4322; .NET CLR 2.0.50727; InfoPath.1)" 
