91.211.90.247 - - [20/Mar/2026:11:35:41 -0700] "GET /blog/page/3/ HTTP/1.0" 200 66894 "http://www.drug-injury-lawyer.com/blog/page/3/" "Mozilla/5.0 (Windows NT 6.3; WOW64) AppleWebKit/537.36 (KHTML, like Gecko) Chrome/103.0.5060.114 Safari/537.36" 
91.211.90.170 - - [20/Mar/2026:11:35:51 -0700] "GET /blog/page/3/ HTTP/1.0" 200 66894 "http://www.drug-injury-lawyer.com/blog/page/3/" "Mozilla/5.0 (Windows NT 10.0; Win64; x64) AppleWebKit/537.36 (KHTML, like Gecko) Chrome/103.0.0.0 Safari/537.36" 
91.211.90.170 - - [20/Mar/2026:11:35:52 -0700] "GET /blog/page/3/ HTTP/1.0" 200 66894 "http://www.drug-injury-lawyer.com/blog/page/3/" "Mozilla/5.0 (Windows NT 6.1; Win64; x64) AppleWebKit/537.36 (KHTML, like Gecko) Chrome/103.0.0.0 Safari/537.36" 
71.187.140.222 - - [20/Mar/2026:11:35:58 -0700] "GET /defective-medical-devices/hip-replacements-metal-on-metal/ HTTP/1.1" 200 12695 "-" "Opera/8.56.(X11; Linux x86_64; crh-UA) Presto/2.9.182 Version/11.00" 
185.237.106.243 - - [20/Mar/2026:11:36:16 -0700] "GET /blog/page/3/ HTTP/1.0" 200 66894 "http://www.drug-injury-lawyer.com/blog/page/3/" "Mozilla/5.0 (Windows NT 10.0; Win64; x64) AppleWebKit/537.36 (KHTML, like Gecko) Chrome/103.0.0.0 Safari/537.36" 
91.211.90.206 - - [20/Mar/2026:11:36:28 -0700] "GET /blog/page/3/ HTTP/1.0" 200 66894 "http://www.drug-injury-lawyer.com/blog/page/3/" "Mozilla/5.0 (Windows NT 10.0; Win64; x64) AppleWebKit/537.36 (KHTML, like Gecko) Chrome/103.0.5042.0 Safari/537.36" 
91.211.90.186 - - [20/Mar/2026:11:36:38 -0700] "GET /blog/page/3/ HTTP/1.0" 200 66894 "http://www.drug-injury-lawyer.com/blog/page/3/" "Mozilla/5.0 (Windows NT 6.3; Win64; x64) AppleWebKit/537.36 (KHTML, like Gecko) Chrome/103.0.5060.66 Safari/537.36" 
91.211.90.240 - - [20/Mar/2026:11:36:40 -0700] "GET /blog/page/3/ HTTP/1.0" 200 66894 "http://www.drug-injury-lawyer.com/blog/page/3/" "Mozilla/5.0 (Windows NT 6.3; Win64; x64) AppleWebKit/537.36 (KHTML, like Gecko) Chrome/103.0.5060.66 Safari/537.36" 
91.211.90.169 - - [20/Mar/2026:11:37:05 -0700] "GET /blog/page/3/ HTTP/1.0" 200 66894 "http://www.drug-injury-lawyer.com/blog/page/3/" "Mozilla/5.0 (Windows NT 6.1) AppleWebKit/537.36 (KHTML, like Gecko) Chrome/103.0.5060.114 Safari/537.36" 
91.211.90.169 - - [20/Mar/2026:11:37:05 -0700] "GET /blog/page/3/ HTTP/1.0" 200 66894 "http://www.drug-injury-lawyer.com/blog/page/3/" "Mozilla/5.0 (Windows NT 6.3; WOW64) AppleWebKit/537.36 (KHTML, like Gecko) Chrome/103.0.5060.114 Safari/537.36" 
217.147.172.209 - - [20/Mar/2026:11:37:07 -0700] "GET /blog/page/3/ HTTP/1.0" 200 66894 "http://www.drug-injury-lawyer.com/blog/page/3/" "Mozilla/5.0 (Windows NT 10.0; Win64; x64) AppleWebKit/537.36 (KHTML, like Gecko) Chrome/103.0.5060.66 Safari/537.36" 
107.20.105.74 - - [20/Mar/2026:11:37:54 -0700] "HEAD / HTTP/1.1" 301 197 "-" "DreamHost SiteMonitor 1.0" 
107.20.105.74 - - [20/Mar/2026:11:37:54 -0700] "HEAD / HTTP/1.1" 301 385 "http://173.236.217.44" "DreamHost SiteMonitor 1.0" 
173.236.217.44 - - [20/Mar/2026:11:37:55 -0700] "POST /wp-cron.php?doing_wp_cron=1774031875.0678970813751220703125 HTTP/1.1" 200 283 "-" "WordPress/6.8.5; https://www.drug-injury-lawyer.com" 
45.156.158.75 - - [20/Mar/2026:11:38:01 -0700] "GET /blog/page/3/ HTTP/1.0" 200 66894 "http://www.drug-injury-lawyer.com/blog/page/3/" "Mozilla/5.0 (Windows NT 6.1) AppleWebKit/537.36 (KHTML, like Gecko) Chrome/103.0.0.0 Safari/537.36" 
45.156.158.216 - - [20/Mar/2026:11:38:02 -0700] "GET /blog/page/3/ HTTP/1.0" 200 66894 "http://www.drug-injury-lawyer.com/blog/page/3/" "Mozilla/5.0 (Windows NT 10.0; Win64; x64) AppleWebKit/537.36 (KHTML, like Gecko) Chrome/103.0.5060.66 Safari/537.36" 
91.211.90.69 - - [20/Mar/2026:11:38:09 -0700] "GET /blog/page/3/ HTTP/1.0" 200 66894 "http://www.drug-injury-lawyer.com/blog/page/3/" "Mozilla/5.0 (Windows NT 6.3; Win64; x64) AppleWebKit/537.36 (KHTML, like Gecko) Chrome/103.0.5060.114 Safari/537.36" 
107.20.105.74 - - [20/Mar/2026:11:42:54 -0700] "HEAD / HTTP/1.1" 301 197 "-" "DreamHost SiteMonitor 1.0" 
107.20.105.74 - - [20/Mar/2026:11:42:54 -0700] "HEAD / HTTP/1.1" 301 385 "http://173.236.217.44" "DreamHost SiteMonitor 1.0" 
173.236.217.44 - - [20/Mar/2026:11:42:56 -0700] "POST /wp-cron.php?doing_wp_cron=1774032176.0841040611267089843750 HTTP/1.1" 200 283 "-" "WordPress/6.8.5; https://www.drug-injury-lawyer.com" 
217.147.172.206 - - [20/Mar/2026:11:43:23 -0700] "GET /blog/page/3/ HTTP/1.0" 200 66894 "http://www.drug-injury-lawyer.com/blog/page/3/" "Mozilla/5.0 (Windows NT 10.0; Win64; x64) AppleWebKit/537.36 (KHTML, like Gecko) Chrome/103.0.5060.134 Safari/537.36" 
185.237.106.243 - - [20/Mar/2026:11:43:31 -0700] "GET /blog/page/3/ HTTP/1.0" 200 66894 "http://www.drug-injury-lawyer.com/blog/page/3/" "Mozilla/5.0 (Windows NT 6.1; Win64; x64) AppleWebKit/537.36 (KHTML, like Gecko) Chrome/103.0.0.0 Safari/537.36" 
173.236.217.44 - - [20/Mar/2026:11:43:32 -0700] "POST /wp-cron.php?doing_wp_cron=1774032212.0367560386657714843750 HTTP/1.1" 200 283 "-" "WordPress/6.8.5; https://www.drug-injury-lawyer.com" 
173.236.217.44 - - [20/Mar/2026:11:43:47 -0700] "POST /wp-cron.php?doing_wp_cron=1774032226.9869289398193359375000 HTTP/1.1" 200 283 "-" "WordPress/6.8.5; https://www.drug-injury-lawyer.com" 
91.211.90.186 - - [20/Mar/2026:11:43:46 -0700] "GET /blog/page/3/ HTTP/1.0" 200 66894 "http://www.drug-injury-lawyer.com/blog/page/3/" "Mozilla/5.0 (Windows NT 6.2; Win64; x64) AppleWebKit/537.36 (KHTML, like Gecko) Chrome/103.0.0.0 Safari/537.36" 
217.147.172.209 - - [20/Mar/2026:11:44:15 -0700] "GET /blog/page/3/ HTTP/1.0" 200 66894 "http://www.drug-injury-lawyer.com/blog/page/3/" "Mozilla/5.0 (Windows NT 10.0; Win64; x64) AppleWebKit/537.36 (KHTML, like Gecko) Chrome/103.0.5060.66 Safari/537.36" 
91.211.90.70 - - [20/Mar/2026:11:44:51 -0700] "GET /blog/page/3/ HTTP/1.0" 200 66894 "http://www.drug-injury-lawyer.com/blog/page/3/" "Mozilla/5.0 (Windows NT 6.3; Win64; x64) AppleWebKit/537.36 (KHTML, like Gecko) Chrome/103.0.5060.53 Safari/537.36" 
173.236.217.44 - - [20/Mar/2026:11:44:51 -0700] "POST /wp-cron.php?doing_wp_cron=1774032291.7282180786132812500000 HTTP/1.1" 200 283 "-" "WordPress/6.8.5; https://www.drug-injury-lawyer.com" 
107.20.105.74 - - [20/Mar/2026:11:47:54 -0700] "HEAD / HTTP/1.1" 301 197 "-" "DreamHost SiteMonitor 1.0" 
107.20.105.74 - - [20/Mar/2026:11:47:54 -0700] "HEAD / HTTP/1.1" 301 385 "http://173.236.217.44" "DreamHost SiteMonitor 1.0" 
173.236.217.44 - - [20/Mar/2026:11:47:56 -0700] "POST /wp-cron.php?doing_wp_cron=1774032476.2245469093322753906250 HTTP/1.1" 200 283 "-" "WordPress/6.8.5; https://www.drug-injury-lawyer.com" 
107.20.105.74 - - [20/Mar/2026:11:52:54 -0700] "HEAD / HTTP/1.1" 301 197 "-" "DreamHost SiteMonitor 1.0" 
144.217.135.140 - - [20/Mar/2026:11:52:54 -0700] "GET / HTTP/1.1" 301 441 "-" "Mozilla/5.0 (compatible; Dataprovider.com)" 
173.236.217.44 - - [20/Mar/2026:11:52:55 -0700] "POST /wp-cron.php?doing_wp_cron=1774032775.3849720954895019531250 HTTP/1.1" 200 283 "-" "WordPress/6.8.5; https://www.drug-injury-lawyer.com" 
107.20.105.74 - - [20/Mar/2026:11:52:54 -0700] "HEAD / HTTP/1.1" 301 385 "http://173.236.217.44" "DreamHost SiteMonitor 1.0" 
149.56.160.236 - - [20/Mar/2026:11:53:14 -0700] "GET / HTTP/1.1" 301 441 "-" "Mozilla/5.0 (compatible; Dataprovider.com)" 
45.156.158.210 - - [20/Mar/2026:11:54:24 -0700] "GET /blog/page/3/ HTTP/1.0" 200 66894 "http://www.drug-injury-lawyer.com/blog/page/3/" "Mozilla/5.0 (Windows NT 6.3; WOW64) AppleWebKit/537.36 (KHTML, like Gecko) Chrome/103.0.5060.114 Safari/537.36" 
45.156.158.210 - - [20/Mar/2026:11:54:24 -0700] "GET /blog/page/3/ HTTP/1.0" 200 66894 "http://www.drug-injury-lawyer.com/blog/page/3/" "Mozilla/5.0 (Windows NT 6.3; Win64; x64) AppleWebKit/537.36 (KHTML, like Gecko) Chrome/103.0.5060.114 Safari/537.36" 
173.236.217.44 - - [20/Mar/2026:11:54:25 -0700] "POST /wp-cron.php?doing_wp_cron=1774032865.1840879917144775390625 HTTP/1.1" 200 283 "-" "WordPress/6.8.5; https://www.drug-injury-lawyer.com" 
173.236.217.44 - - [20/Mar/2026:11:55:04 -0700] "POST /wp-cron.php?doing_wp_cron=1774032903.9820020198822021484375 HTTP/1.1" 200 283 "-" "WordPress/6.8.5; https://www.drug-injury-lawyer.com" 
91.211.90.158 - - [20/Mar/2026:11:55:03 -0700] "GET /blog/page/3/ HTTP/1.0" 200 66894 "http://www.drug-injury-lawyer.com/blog/page/3/" "Mozilla/5.0 (Windows NT 6.1; WOW64) AppleWebKit/537.36 (KHTML, like Gecko) Chrome/103.0.0.0 Safari/537.36" 
107.20.105.74 - - [20/Mar/2026:11:57:54 -0700] "HEAD / HTTP/1.1" 301 197 "-" "DreamHost SiteMonitor 1.0" 
107.20.105.74 - - [20/Mar/2026:11:57:54 -0700] "HEAD / HTTP/1.1" 301 385 "http://173.236.217.44" "DreamHost SiteMonitor 1.0" 
173.236.217.44 - - [20/Mar/2026:11:57:55 -0700] "POST /wp-cron.php?doing_wp_cron=1774033075.8592829704284667968750 HTTP/1.1" 200 283 "-" "WordPress/6.8.5; https://www.drug-injury-lawyer.com" 
140.247.111.4 - - [20/Mar/2026:12:01:02 -0700] "GET /wp-content/uploads/2016/03/Invokana-300x250.jpg HTTP/1.1" 200 15910 "-" "python-requests/2.32.5" 
91.211.90.208 - - [20/Mar/2026:12:02:26 -0700] "GET /blog/page/3/ HTTP/1.0" 200 66894 "http://www.drug-injury-lawyer.com/blog/page/3/" "Mozilla/5.0 (Windows NT 6.1; Win64; x64) AppleWebKit/537.36 (KHTML, like Gecko) Chrome/103.0.0.0 Safari/537.36" 
107.20.105.74 - - [20/Mar/2026:12:02:54 -0700] "HEAD / HTTP/1.1" 301 197 "-" "DreamHost SiteMonitor 1.0" 
107.20.105.74 - - [20/Mar/2026:12:02:54 -0700] "HEAD / HTTP/1.1" 301 385 "http://173.236.217.44" "DreamHost SiteMonitor 1.0" 
173.236.217.44 - - [20/Mar/2026:12:02:55 -0700] "POST /wp-cron.php?doing_wp_cron=1774033375.0598869323730468750000 HTTP/1.1" 200 283 "-" "WordPress/6.8.5; https://www.drug-injury-lawyer.com" 
91.211.90.117 - - [20/Mar/2026:12:06:52 -0700] "GET /blog/page/3/ HTTP/1.0" 200 66894 "http://www.drug-injury-lawyer.com/blog/page/3/" "Mozilla/5.0 (Windows NT 10.0; Win64; x64) AppleWebKit/537.36 (KHTML, like Gecko) Chrome/103.0.5060.114 Safari/537.36" 
107.20.105.74 - - [20/Mar/2026:12:07:54 -0700] "HEAD / HTTP/1.1" 301 197 "-" "DreamHost SiteMonitor 1.0" 
107.20.105.74 - - [20/Mar/2026:12:07:54 -0700] "HEAD / HTTP/1.1" 301 385 "http://173.236.217.44" "DreamHost SiteMonitor 1.0" 
173.236.217.44 - - [20/Mar/2026:12:07:55 -0700] "POST /wp-cron.php?doing_wp_cron=1774033675.0388031005859375000000 HTTP/1.1" 200 283 "-" "WordPress/6.8.5; https://www.drug-injury-lawyer.com" 
66.249.64.1 - - [20/Mar/2026:12:11:24 -0700] "GET /item/u136/32416/ HTTP/1.1" 500 3198 "-" "Mozilla/5.0 (Linux; Android 6.0.1; Nexus 5X Build/MMB29P) AppleWebKit/537.36 (KHTML, like Gecko) Chrome/145.0.7632.159 Mobile Safari/537.36 (compatible; Googlebot/2.1; +http://www.google.com/bot.html)" 
173.236.217.44 - - [20/Mar/2026:12:11:25 -0700] "POST /wp-cron.php?doing_wp_cron=1774033885.1584351062774658203125 HTTP/1.1" 200 283 "-" "WordPress/6.8.5; https://www.drug-injury-lawyer.com" 
45.156.158.223 - - [20/Mar/2026:12:11:45 -0700] "GET /blog/page/3/ HTTP/1.0" 200 66894 "http://www.drug-injury-lawyer.com/blog/page/3/" "Mozilla/5.0 (Windows NT 10.0; Win64; x64) AppleWebKit/537.36 (KHTML, like Gecko) Chrome/103.0.5060.134 Safari/537.36" 
173.236.217.44 - - [20/Mar/2026:12:11:45 -0700] "POST /wp-cron.php?doing_wp_cron=1774033905.4725139141082763671875 HTTP/1.1" 200 283 "-" "WordPress/6.8.5; https://www.drug-injury-lawyer.com" 
45.156.158.223 - - [20/Mar/2026:12:11:45 -0700] "GET /blog/page/3/ HTTP/1.0" 200 66894 "http://www.drug-injury-lawyer.com/blog/page/3/" "Mozilla/5.0 (Windows NT 10.0; Win64; x64) AppleWebKit/537.36 (KHTML, like Gecko) Chrome/103.0.5060.66 Safari/537.36" 
91.224.92.99 - - [20/Mar/2026:12:12:11 -0700] "GET /wp-login.php HTTP/1.1" 302 383 "-" "Mozilla/5.0 (X11; Linux x86_64) AppleWebKit/537.36 (KHTML, like Gecko) Chrome/90.0.4430.212 Safari/537.36" 
91.224.92.99 - - [20/Mar/2026:12:12:12 -0700] "POST /wp-login.php HTTP/1.1" 302 360 "http://www.drug-injury-lawyer.com/wp-login.php" "Mozilla/5.0 (X11; Linux x86_64; rv:93.0) Gecko/20100101 Firefox/93.0" 
91.224.92.99 - - [20/Mar/2026:12:12:12 -0700] "GET /wp-admin/index.php HTTP/1.1" 302 410 "http://www.drug-injury-lawyer.com/wp-login.php" "Mozilla/5.0 (Windows NT 10.0; Win64; x64) AppleWebKit/605.1.15 (KHTML, like Gecko) Version/14.1.2 Safari/605.1.15" 
91.224.92.99 - - [20/Mar/2026:12:12:13 -0700] "GET /wp-admin/index.php HTTP/1.1" 302 410 "http://www.drug-injury-lawyer.com/wp-login.php" "Mozilla/5.0 (Windows NT 10.0; Win64; x64) AppleWebKit/605.1.15 (KHTML, like Gecko) Version/14.1.2 Safari/605.1.15" 
91.224.92.99 - - [20/Mar/2026:12:12:13 -0700] "POST /wp-login.php HTTP/1.1" 302 360 "http://www.drug-injury-lawyer.com/wp-login.php" "Mozilla/5.0 (Macintosh; Intel Mac OS X 10_15_7) AppleWebKit/537.36 (KHTML, like Gecko) Chrome/92.0.4515.131 Safari/537.36" 
91.224.92.99 - - [20/Mar/2026:12:12:14 -0700] "GET /wp-admin/index.php HTTP/1.1" 302 410 "http://www.drug-injury-lawyer.com/wp-login.php" "Mozilla/5.0 (X11; Linux x86_64) AppleWebKit/537.36 (KHTML, like Gecko) Chrome/90.0.4430.212 Safari/537.36" 
91.224.92.99 - - [20/Mar/2026:12:12:14 -0700] "GET /wp-admin/index.php HTTP/1.1" 302 410 "http://www.drug-injury-lawyer.com/wp-login.php" "Mozilla/5.0 (X11; Linux x86_64) AppleWebKit/537.36 (KHTML, like Gecko) Chrome/90.0.4430.212 Safari/537.36" 
91.224.92.99 - - [20/Mar/2026:12:12:15 -0700] "POST /wp-login.php HTTP/1.1" 302 360 "http://www.drug-injury-lawyer.com/wp-login.php" "Mozilla/5.0 (Macintosh; Intel Mac OS X 10_15_7) AppleWebKit/605.1.15 (KHTML, like Gecko) Version/14.1 Safari/605.1.15" 
91.224.92.99 - - [20/Mar/2026:12:12:15 -0700] "GET /wp-admin/index.php HTTP/1.1" 302 410 "http://www.drug-injury-lawyer.com/wp-login.php" "Mozilla/5.0 (Macintosh; Intel Mac OS X 10_15_7) AppleWebKit/605.1.15 (KHTML, like Gecko) Version/14.0.3 Safari/605.1.15" 
91.224.92.99 - - [20/Mar/2026:12:12:16 -0700] "GET /wp-admin/index.php HTTP/1.1" 302 410 "http://www.drug-injury-lawyer.com/wp-login.php" "Mozilla/5.0 (Macintosh; Intel Mac OS X 10_15_7) AppleWebKit/605.1.15 (KHTML, like Gecko) Version/14.0.3 Safari/605.1.15" 
91.224.92.99 - - [20/Mar/2026:12:12:17 -0700] "POST /wp-login.php HTTP/1.1" 302 360 "http://www.drug-injury-lawyer.com/wp-login.php" "Mozilla/5.0 (Macintosh; Intel Mac OS X 10_15_7) AppleWebKit/605.1.15 (KHTML, like Gecko) Version/14.1.1 Safari/605.1.15" 
91.224.92.99 - - [20/Mar/2026:12:12:17 -0700] "GET /wp-admin/index.php HTTP/1.1" 302 410 "http://www.drug-injury-lawyer.com/wp-login.php" "Mozilla/5.0 (Windows NT 10.0; Win64; x64; rv:91.0) Gecko/20100101 Firefox/91.0" 
91.224.92.99 - - [20/Mar/2026:12:12:18 -0700] "GET /wp-admin/index.php HTTP/1.1" 302 410 "http://www.drug-injury-lawyer.com/wp-login.php" "Mozilla/5.0 (Windows NT 10.0; Win64; x64; rv:91.0) Gecko/20100101 Firefox/91.0" 
91.224.92.99 - - [20/Mar/2026:12:12:18 -0700] "POST /wp-login.php HTTP/1.1" 302 360 "http://www.drug-injury-lawyer.com/wp-login.php" "Mozilla/5.0 (Windows NT 10.0; Win64; x64) AppleWebKit/605.1.15 (KHTML, like Gecko) Version/14.1.1 Safari/605.1.15" 
91.224.92.99 - - [20/Mar/2026:12:12:18 -0700] "GET /wp-admin/index.php HTTP/1.1" 302 410 "http://www.drug-injury-lawyer.com/wp-login.php" "Mozilla/5.0 (Windows NT 10.0; Win64; x64) AppleWebKit/605.1.15 (KHTML, like Gecko) Version/14.1.2 Safari/605.1.15" 
91.224.92.99 - - [20/Mar/2026:12:12:19 -0700] "GET /wp-admin/index.php HTTP/1.1" 302 410 "http://www.drug-injury-lawyer.com/wp-login.php" "Mozilla/5.0 (Windows NT 10.0; Win64; x64) AppleWebKit/605.1.15 (KHTML, like Gecko) Version/14.1.2 Safari/605.1.15" 
91.224.92.99 - - [20/Mar/2026:12:12:20 -0700] "POST /wp-login.php HTTP/1.1" 418 757 "http://www.drug-injury-lawyer.com/wp-login.php" "Mozilla/5.0 (Windows NT 10.0; Win64; x64) AppleWebKit/605.1.15 (KHTML, like Gecko) Version/15.0 Safari/605.1.15" 
91.224.92.99 - - [20/Mar/2026:12:12:20 -0700] "GET /wp-admin/index.php HTTP/1.1" 302 410 "http://www.drug-injury-lawyer.com/wp-login.php" "Mozilla/5.0 (Macintosh; Intel Mac OS X 10_15_7) AppleWebKit/537.36 (KHTML, like Gecko) Chrome/91.0.4472.124 Safari/537.36" 
91.224.92.99 - - [20/Mar/2026:12:12:20 -0700] "GET /wp-admin/index.php HTTP/1.1" 302 410 "http://www.drug-injury-lawyer.com/wp-login.php" "Mozilla/5.0 (Macintosh; Intel Mac OS X 10_15_7) AppleWebKit/537.36 (KHTML, like Gecko) Chrome/91.0.4472.124 Safari/537.36" 
91.224.92.99 - - [20/Mar/2026:12:12:21 -0700] "POST /wp-login.php HTTP/1.1" 302 360 "http://www.drug-injury-lawyer.com/wp-login.php" "Mozilla/5.0 (Windows NT 6.1; Win64; x64) AppleWebKit/537.36 (KHTML, like Gecko) Chrome/93.0.4577.63 Safari/537.36" 
91.224.92.99 - - [20/Mar/2026:12:12:21 -0700] "GET /wp-admin/index.php HTTP/1.1" 302 410 "http://www.drug-injury-lawyer.com/wp-login.php" "Mozilla/5.0 (Windows NT 6.1; Win64; x64) AppleWebKit/537.36 (KHTML, like Gecko) Chrome/94.0.4606.71 Safari/537.36" 
91.224.92.99 - - [20/Mar/2026:12:12:22 -0700] "GET /wp-admin/index.php HTTP/1.1" 302 410 "http://www.drug-injury-lawyer.com/wp-login.php" "Mozilla/5.0 (Windows NT 6.1; Win64; x64) AppleWebKit/537.36 (KHTML, like Gecko) Chrome/94.0.4606.71 Safari/537.36" 
91.224.92.99 - - [20/Mar/2026:12:12:22 -0700] "POST /wp-login.php HTTP/1.1" 302 360 "http://www.drug-injury-lawyer.com/wp-login.php" "Mozilla/5.0 (Macintosh; Intel Mac OS X 10_15_7) AppleWebKit/537.36 (KHTML, like Gecko) Chrome/91.0.4472.124 Safari/537.36" 
91.224.92.99 - - [20/Mar/2026:12:12:23 -0700] "GET /wp-admin/index.php HTTP/1.1" 302 410 "http://www.drug-injury-lawyer.com/wp-login.php" "Mozilla/5.0 (Windows NT 10.0; Win64; x64) AppleWebKit/605.1.15 (KHTML, like Gecko) Version/14.1 Safari/605.1.15" 
91.224.92.99 - - [20/Mar/2026:12:12:23 -0700] "GET /wp-admin/index.php HTTP/1.1" 302 410 "http://www.drug-injury-lawyer.com/wp-login.php" "Mozilla/5.0 (Windows NT 10.0; Win64; x64) AppleWebKit/605.1.15 (KHTML, like Gecko) Version/14.1 Safari/605.1.15" 
91.224.92.99 - - [20/Mar/2026:12:12:24 -0700] "POST /wp-login.php HTTP/1.1" 302 360 "http://www.drug-injury-lawyer.com/wp-login.php" "Mozilla/5.0 (Macintosh; Intel Mac OS X 10_15_7; rv:93.0) Gecko/20100101 Firefox/93.0" 
91.224.92.99 - - [20/Mar/2026:12:12:24 -0700] "GET /wp-admin/index.php HTTP/1.1" 302 410 "http://www.drug-injury-lawyer.com/wp-login.php" "Mozilla/5.0 (X11; Linux x86_64) AppleWebKit/537.36 (KHTML, like Gecko) Chrome/90.0.4430.212 Safari/537.36" 
91.224.92.99 - - [20/Mar/2026:12:12:25 -0700] "GET /wp-admin/index.php HTTP/1.1" 302 410 "http://www.drug-injury-lawyer.com/wp-login.php" "Mozilla/5.0 (X11; Linux x86_64) AppleWebKit/537.36 (KHTML, like Gecko) Chrome/90.0.4430.212 Safari/537.36" 
91.224.92.99 - - [20/Mar/2026:12:12:26 -0700] "POST /wp-login.php HTTP/1.1" 302 360 "http://www.drug-injury-lawyer.com/wp-login.php" "Mozilla/5.0 (Macintosh; Intel Mac OS X 10_15_7) AppleWebKit/605.1.15 (KHTML, like Gecko) Version/14.1 Safari/605.1.15" 
91.224.92.99 - - [20/Mar/2026:12:12:26 -0700] "GET /wp-admin/index.php HTTP/1.1" 302 410 "http://www.drug-injury-lawyer.com/wp-login.php" "Mozilla/5.0 (Macintosh; Intel Mac OS X 10_15_7) AppleWebKit/605.1.15 (KHTML, like Gecko) Version/14.1.1 Safari/605.1.15" 
91.224.92.99 - - [20/Mar/2026:12:12:26 -0700] "GET /wp-admin/index.php HTTP/1.1" 302 410 "http://www.drug-injury-lawyer.com/wp-login.php" "Mozilla/5.0 (Macintosh; Intel Mac OS X 10_15_7) AppleWebKit/605.1.15 (KHTML, like Gecko) Version/14.1.1 Safari/605.1.15" 
91.224.92.99 - - [20/Mar/2026:12:12:27 -0700] "POST /wp-login.php HTTP/1.1" 302 360 "http://www.drug-injury-lawyer.com/wp-login.php" "Mozilla/5.0 (X11; Linux x86_64; rv:90.0) Gecko/20100101 Firefox/90.0.1" 
91.211.90.244 - - [20/Mar/2026:12:12:27 -0700] "GET /blog/page/3/ HTTP/1.0" 200 66894 "http://www.drug-injury-lawyer.com/blog/page/3/" "Mozilla/5.0 (Windows NT 6.1) AppleWebKit/537.36 (KHTML, like Gecko) Chrome/103.0.0.0 Safari/537.36" 
91.224.92.99 - - [20/Mar/2026:12:12:27 -0700] "GET /wp-admin/index.php HTTP/1.1" 302 410 "http://www.drug-injury-lawyer.com/wp-login.php" "Mozilla/5.0 (Windows NT 6.1; Win64; x64) AppleWebKit/537.36 (KHTML, like Gecko) Chrome/92.0.4515.131 Safari/537.36" 
91.224.92.99 - - [20/Mar/2026:12:12:28 -0700] "GET /wp-admin/index.php HTTP/1.1" 302 410 "http://www.drug-injury-lawyer.com/wp-login.php" "Mozilla/5.0 (Windows NT 6.1; Win64; x64) AppleWebKit/537.36 (KHTML, like Gecko) Chrome/92.0.4515.131 Safari/537.36" 
173.236.217.44 - - [20/Mar/2026:12:12:29 -0700] "POST /wp-cron.php?doing_wp_cron=1774033949.0449910163879394531250 HTTP/1.1" 200 283 "-" "WordPress/6.8.5; https://www.drug-injury-lawyer.com" 
91.211.90.244 - - [20/Mar/2026:12:12:27 -0700] "GET /blog/page/3/ HTTP/1.0" 200 66894 "http://www.drug-injury-lawyer.com/blog/page/3/" "Mozilla/5.0 (Windows NT 6.1) AppleWebKit/537.36 (KHTML, like Gecko) Chrome/103.0.5060.114 Safari/537.36" 
91.224.92.99 - - [20/Mar/2026:12:12:29 -0700] "POST /wp-login.php HTTP/1.1" 418 757 "http://www.drug-injury-lawyer.com/wp-login.php" "Mozilla/5.0 (Macintosh; Intel Mac OS X 10_15_7) AppleWebKit/605.1.15 (KHTML, like Gecko) Version/14.0.3 Safari/605.1.15" 
91.224.92.99 - - [20/Mar/2026:12:12:29 -0700] "GET /wp-admin/index.php HTTP/1.1" 302 410 "http://www.drug-injury-lawyer.com/wp-login.php" "Mozilla/5.0 (Macintosh; Intel Mac OS X 10_15_7) AppleWebKit/537.36 (KHTML, like Gecko) Chrome/90.0.4430.212 Safari/537.36" 
91.224.92.99 - - [20/Mar/2026:12:12:30 -0700] "GET /wp-admin/index.php HTTP/1.1" 302 410 "http://www.drug-injury-lawyer.com/wp-login.php" "Mozilla/5.0 (Macintosh; Intel Mac OS X 10_15_7) AppleWebKit/537.36 (KHTML, like Gecko) Chrome/90.0.4430.212 Safari/537.36" 
91.224.92.99 - - [20/Mar/2026:12:12:31 -0700] "POST /wp-login.php HTTP/1.1" 302 360 "http://www.drug-injury-lawyer.com/wp-login.php" "Mozilla/5.0 (X11; Linux x86_64) AppleWebKit/537.36 (KHTML, like Gecko) Chrome/92.0.4515.131 Safari/537.36" 
91.224.92.99 - - [20/Mar/2026:12:12:31 -0700] "GET /wp-admin/index.php HTTP/1.1" 302 410 "http://www.drug-injury-lawyer.com/wp-login.php" "Mozilla/5.0 (X11; Linux x86_64) AppleWebKit/537.36 (KHTML, like Gecko) Chrome/90.0.4430.212 Safari/537.36" 
91.224.92.99 - - [20/Mar/2026:12:12:32 -0700] "GET /wp-admin/index.php HTTP/1.1" 302 410 "http://www.drug-injury-lawyer.com/wp-login.php" "Mozilla/5.0 (X11; Linux x86_64) AppleWebKit/537.36 (KHTML, like Gecko) Chrome/90.0.4430.212 Safari/537.36" 
91.224.92.99 - - [20/Mar/2026:12:12:33 -0700] "POST /wp-login.php HTTP/1.1" 302 360 "http://www.drug-injury-lawyer.com/wp-login.php" "Mozilla/5.0 (Windows NT 6.1; Win64; x64) AppleWebKit/537.36 (KHTML, like Gecko) Chrome/91.0.4472.124 Safari/537.36" 
91.224.92.99 - - [20/Mar/2026:12:12:33 -0700] "GET /wp-admin/index.php HTTP/1.1" 302 410 "http://www.drug-injury-lawyer.com/wp-login.php" "Mozilla/5.0 (Macintosh; Intel Mac OS X 10_15_7) AppleWebKit/537.36 (KHTML, like Gecko) Chrome/92.0.4515.131 Safari/537.36" 
91.224.92.99 - - [20/Mar/2026:12:12:34 -0700] "GET /wp-admin/index.php HTTP/1.1" 302 410 "http://www.drug-injury-lawyer.com/wp-login.php" "Mozilla/5.0 (Macintosh; Intel Mac OS X 10_15_7) AppleWebKit/537.36 (KHTML, like Gecko) Chrome/92.0.4515.131 Safari/537.36" 
91.224.92.99 - - [20/Mar/2026:12:12:34 -0700] "POST /wp-login.php HTTP/1.1" 302 360 "http://www.drug-injury-lawyer.com/wp-login.php" "Mozilla/5.0 (X11; Linux x86_64) AppleWebKit/537.36 (KHTML, like Gecko) Chrome/92.0.4515.131 Safari/537.36" 
91.224.92.99 - - [20/Mar/2026:12:12:34 -0700] "GET /wp-admin/index.php HTTP/1.1" 302 410 "http://www.drug-injury-lawyer.com/wp-login.php" "Mozilla/5.0 (Windows NT 10.0; Win64; x64) AppleWebKit/605.1.15 (KHTML, like Gecko) Version/14.1.2 Safari/605.1.15" 
91.224.92.99 - - [20/Mar/2026:12:12:35 -0700] "GET /wp-admin/index.php HTTP/1.1" 302 410 "http://www.drug-injury-lawyer.com/wp-login.php" "Mozilla/5.0 (Windows NT 10.0; Win64; x64) AppleWebKit/605.1.15 (KHTML, like Gecko) Version/14.1.2 Safari/605.1.15" 
91.224.92.99 - - [20/Mar/2026:12:12:36 -0700] "POST /wp-login.php HTTP/1.1" 302 360 "http://www.drug-injury-lawyer.com/wp-login.php" "Mozilla/5.0 (Macintosh; Intel Mac OS X 10_15_7; rv:89.0) Gecko/20100101 Firefox/89.0.2" 
91.224.92.99 - - [20/Mar/2026:12:12:36 -0700] "GET /wp-admin/index.php HTTP/1.1" 302 410 "http://www.drug-injury-lawyer.com/wp-login.php" "Mozilla/5.0 (Windows NT 6.1; Win64; x64) AppleWebKit/537.36 (KHTML, like Gecko) Chrome/91.0.4472.124 Safari/537.36" 
91.224.92.99 - - [20/Mar/2026:12:12:37 -0700] "GET /wp-admin/index.php HTTP/1.1" 302 410 "http://www.drug-injury-lawyer.com/wp-login.php" "Mozilla/5.0 (Windows NT 6.1; Win64; x64) AppleWebKit/537.36 (KHTML, like Gecko) Chrome/91.0.4472.124 Safari/537.36" 
91.224.92.99 - - [20/Mar/2026:12:12:37 -0700] "POST /wp-login.php HTTP/1.1" 302 360 "http://www.drug-injury-lawyer.com/wp-login.php" "Mozilla/5.0 (Windows NT 10.0; Win64; x64) AppleWebKit/537.36 (KHTML, like Gecko) Chrome/90.0.4430.212 Safari/537.36" 
91.224.92.99 - - [20/Mar/2026:12:12:37 -0700] "GET /wp-admin/index.php HTTP/1.1" 302 410 "http://www.drug-injury-lawyer.com/wp-login.php" "Mozilla/5.0 (Macintosh; Intel Mac OS X 10_15_7) AppleWebKit/605.1.15 (KHTML, like Gecko) Version/14.1 Safari/605.1.15" 
91.224.92.99 - - [20/Mar/2026:12:12:38 -0700] "GET /wp-admin/index.php HTTP/1.1" 302 410 "http://www.drug-injury-lawyer.com/wp-login.php" "Mozilla/5.0 (Macintosh; Intel Mac OS X 10_15_7) AppleWebKit/605.1.15 (KHTML, like Gecko) Version/14.1 Safari/605.1.15" 
91.224.92.99 - - [20/Mar/2026:12:12:39 -0700] "POST /wp-login.php HTTP/1.1" 418 757 "http://www.drug-injury-lawyer.com/wp-login.php" "Mozilla/5.0 (Macintosh; Intel Mac OS X 10_15_7) AppleWebKit/537.36 (KHTML, like Gecko) Chrome/93.0.4577.63 Safari/537.36" 
91.224.92.99 - - [20/Mar/2026:12:12:39 -0700] "GET /wp-admin/index.php HTTP/1.1" 302 410 "http://www.drug-injury-lawyer.com/wp-login.php" "Mozilla/5.0 (Macintosh; Intel Mac OS X 10_15_7) AppleWebKit/537.36 (KHTML, like Gecko) Chrome/93.0.4577.63 Safari/537.36" 
91.224.92.99 - - [20/Mar/2026:12:12:40 -0700] "GET /wp-admin/index.php HTTP/1.1" 302 410 "http://www.drug-injury-lawyer.com/wp-login.php" "Mozilla/5.0 (Macintosh; Intel Mac OS X 10_15_7) AppleWebKit/537.36 (KHTML, like Gecko) Chrome/93.0.4577.63 Safari/537.36" 
91.224.92.99 - - [20/Mar/2026:12:12:41 -0700] "POST /wp-login.php HTTP/1.1" 302 360 "http://www.drug-injury-lawyer.com/wp-login.php" "Mozilla/5.0 (X11; Linux x86_64) AppleWebKit/537.36 (KHTML, like Gecko) Chrome/90.0.4430.212 Safari/537.36" 
91.224.92.99 - - [20/Mar/2026:12:12:41 -0700] "GET /wp-admin/index.php HTTP/1.1" 302 410 "http://www.drug-injury-lawyer.com/wp-login.php" "Mozilla/5.0 (Macintosh; Intel Mac OS X 10_15_7) AppleWebKit/605.1.15 (KHTML, like Gecko) Version/14.1 Safari/605.1.15" 
91.224.92.99 - - [20/Mar/2026:12:12:42 -0700] "GET /wp-admin/index.php HTTP/1.1" 302 410 "http://www.drug-injury-lawyer.com/wp-login.php" "Mozilla/5.0 (Macintosh; Intel Mac OS X 10_15_7) AppleWebKit/605.1.15 (KHTML, like Gecko) Version/14.1 Safari/605.1.15" 
91.224.92.99 - - [20/Mar/2026:12:12:42 -0700] "POST /wp-login.php HTTP/1.1" 302 360 "http://www.drug-injury-lawyer.com/wp-login.php" "Mozilla/5.0 (Windows NT 10.0; Win64; x64) AppleWebKit/537.36 (KHTML, like Gecko) Chrome/91.0.4472.124 Safari/537.36" 
91.224.92.99 - - [20/Mar/2026:12:12:43 -0700] "GET /wp-admin/index.php HTTP/1.1" 302 410 "http://www.drug-injury-lawyer.com/wp-login.php" "Mozilla/5.0 (Windows NT 10.0; Win64; x64) AppleWebKit/537.36 (KHTML, like Gecko) Chrome/92.0.4515.131 Safari/537.36" 
91.224.92.99 - - [20/Mar/2026:12:12:43 -0700] "GET /wp-admin/index.php HTTP/1.1" 302 410 "http://www.drug-injury-lawyer.com/wp-login.php" "Mozilla/5.0 (Windows NT 10.0; Win64; x64) AppleWebKit/537.36 (KHTML, like Gecko) Chrome/92.0.4515.131 Safari/537.36" 
91.224.92.99 - - [20/Mar/2026:12:12:44 -0700] "POST /wp-login.php HTTP/1.1" 302 360 "http://www.drug-injury-lawyer.com/wp-login.php" "Mozilla/5.0 (Windows NT 6.1; Win64; x64) AppleWebKit/537.36 (KHTML, like Gecko) Chrome/94.0.4606.71 Safari/537.36" 
91.224.92.99 - - [20/Mar/2026:12:12:44 -0700] "GET /wp-admin/index.php HTTP/1.1" 302 410 "http://www.drug-injury-lawyer.com/wp-login.php" "Mozilla/5.0 (Macintosh; Intel Mac OS X 10_15_7) AppleWebKit/605.1.15 (KHTML, like Gecko) Version/15.0 Safari/605.1.15" 
91.224.92.99 - - [20/Mar/2026:12:12:45 -0700] "GET /wp-admin/index.php HTTP/1.1" 302 410 "http://www.drug-injury-lawyer.com/wp-login.php" "Mozilla/5.0 (Macintosh; Intel Mac OS X 10_15_7) AppleWebKit/605.1.15 (KHTML, like Gecko) Version/15.0 Safari/605.1.15" 
91.224.92.99 - - [20/Mar/2026:12:12:46 -0700] "POST /wp-login.php HTTP/1.1" 302 360 "http://www.drug-injury-lawyer.com/wp-login.php" "Mozilla/5.0 (Windows NT 6.1; Win64; x64) AppleWebKit/537.36 (KHTML, like Gecko) Chrome/90.0.4430.212 Safari/537.36" 
91.224.92.99 - - [20/Mar/2026:12:12:46 -0700] "GET /wp-admin/index.php HTTP/1.1" 302 410 "http://www.drug-injury-lawyer.com/wp-login.php" "Mozilla/5.0 (Windows NT 10.0; Win64; x64) AppleWebKit/605.1.15 (KHTML, like Gecko) Version/14.1.1 Safari/605.1.15" 
91.224.92.99 - - [20/Mar/2026:12:12:47 -0700] "GET /wp-admin/index.php HTTP/1.1" 302 410 "http://www.drug-injury-lawyer.com/wp-login.php" "Mozilla/5.0 (Windows NT 10.0; Win64; x64) AppleWebKit/605.1.15 (KHTML, like Gecko) Version/14.1.1 Safari/605.1.15" 
91.224.92.99 - - [20/Mar/2026:12:12:48 -0700] "POST /wp-login.php HTTP/1.1" 302 360 "http://www.drug-injury-lawyer.com/wp-login.php" "Mozilla/5.0 (Windows NT 6.1; Win64; x64; rv:91.0) Gecko/20100101 Firefox/91.0" 
91.224.92.99 - - [20/Mar/2026:12:12:48 -0700] "GET /wp-admin/index.php HTTP/1.1" 302 410 "http://www.drug-injury-lawyer.com/wp-login.php" "Mozilla/5.0 (Windows NT 10.0; Win64; x64) AppleWebKit/537.36 (KHTML, like Gecko) Chrome/91.0.4472.124 Safari/537.36" 
91.224.92.99 - - [20/Mar/2026:12:12:49 -0700] "GET /wp-admin/index.php HTTP/1.1" 302 410 "http://www.drug-injury-lawyer.com/wp-login.php" "Mozilla/5.0 (Windows NT 10.0; Win64; x64) AppleWebKit/537.36 (KHTML, like Gecko) Chrome/91.0.4472.124 Safari/537.36" 
91.224.92.99 - - [20/Mar/2026:12:12:50 -0700] "POST /wp-login.php HTTP/1.1" 418 757 "http://www.drug-injury-lawyer.com/wp-login.php" "Mozilla/5.0 (X11; Linux x86_64) AppleWebKit/537.36 (KHTML, like Gecko) Chrome/93.0.4577.63 Safari/537.36" 
91.224.92.99 - - [20/Mar/2026:12:12:50 -0700] "GET /wp-admin/index.php HTTP/1.1" 302 410 "http://www.drug-injury-lawyer.com/wp-login.php" "Mozilla/5.0 (Macintosh; Intel Mac OS X 10_15_7) AppleWebKit/605.1.15 (KHTML, like Gecko) Version/14.0.3 Safari/605.1.15" 
91.224.92.99 - - [20/Mar/2026:12:12:51 -0700] "GET /wp-admin/index.php HTTP/1.1" 302 410 "http://www.drug-injury-lawyer.com/wp-login.php" "Mozilla/5.0 (Macintosh; Intel Mac OS X 10_15_7) AppleWebKit/605.1.15 (KHTML, like Gecko) Version/14.0.3 Safari/605.1.15" 
91.224.92.99 - - [20/Mar/2026:12:12:51 -0700] "POST /wp-login.php HTTP/1.1" 302 360 "http://www.drug-injury-lawyer.com/wp-login.php" "Mozilla/5.0 (Windows NT 10.0; Win64; x64) AppleWebKit/537.36 (KHTML, like Gecko) Chrome/93.0.4577.63 Safari/537.36" 
91.224.92.99 - - [20/Mar/2026:12:12:52 -0700] "GET /wp-admin/index.php HTTP/1.1" 302 410 "http://www.drug-injury-lawyer.com/wp-login.php" "Mozilla/5.0 (Windows NT 10.0; Win64; x64) AppleWebKit/537.36 (KHTML, like Gecko) Chrome/90.0.4430.212 Safari/537.36" 
91.224.92.99 - - [20/Mar/2026:12:12:52 -0700] "GET /wp-admin/index.php HTTP/1.1" 302 410 "http://www.drug-injury-lawyer.com/wp-login.php" "Mozilla/5.0 (Windows NT 10.0; Win64; x64) AppleWebKit/537.36 (KHTML, like Gecko) Chrome/90.0.4430.212 Safari/537.36" 
91.224.92.99 - - [20/Mar/2026:12:12:54 -0700] "POST /wp-login.php HTTP/1.1" 302 360 "http://www.drug-injury-lawyer.com/wp-login.php" "Mozilla/5.0 (X11; Linux x86_64) AppleWebKit/537.36 (KHTML, like Gecko) Chrome/93.0.4577.63 Safari/537.36" 
107.20.105.74 - - [20/Mar/2026:12:12:54 -0700] "HEAD / HTTP/1.1" 301 197 "-" "DreamHost SiteMonitor 1.0" 
91.224.92.99 - - [20/Mar/2026:12:12:54 -0700] "GET /wp-admin/index.php HTTP/1.1" 302 410 "http://www.drug-injury-lawyer.com/wp-login.php" "Mozilla/5.0 (Macintosh; Intel Mac OS X 10_15_7) AppleWebKit/605.1.15 (KHTML, like Gecko) Version/15.0 Safari/605.1.15" 
107.20.105.74 - - [20/Mar/2026:12:12:54 -0700] "HEAD / HTTP/1.1" 301 385 "http://173.236.217.44" "DreamHost SiteMonitor 1.0" 
91.224.92.99 - - [20/Mar/2026:12:12:55 -0700] "GET /wp-admin/index.php HTTP/1.1" 302 410 "http://www.drug-injury-lawyer.com/wp-login.php" "Mozilla/5.0 (Macintosh; Intel Mac OS X 10_15_7) AppleWebKit/605.1.15 (KHTML, like Gecko) Version/15.0 Safari/605.1.15" 
91.224.92.99 - - [20/Mar/2026:12:12:56 -0700] "POST /wp-login.php HTTP/1.1" 302 360 "http://www.drug-injury-lawyer.com/wp-login.php" "Mozilla/5.0 (X11; Linux x86_64) AppleWebKit/537.36 (KHTML, like Gecko) Chrome/91.0.4472.124 Safari/537.36" 
91.224.92.99 - - [20/Mar/2026:12:12:56 -0700] "GET /wp-admin/index.php HTTP/1.1" 302 410 "http://www.drug-injury-lawyer.com/wp-login.php" "Mozilla/5.0 (Windows NT 6.1; Win64; x64) AppleWebKit/537.36 (KHTML, like Gecko) Chrome/94.0.4606.71 Safari/537.36" 
91.224.92.99 - - [20/Mar/2026:12:12:57 -0700] "GET /wp-admin/index.php HTTP/1.1" 302 410 "http://www.drug-injury-lawyer.com/wp-login.php" "Mozilla/5.0 (Windows NT 6.1; Win64; x64) AppleWebKit/537.36 (KHTML, like Gecko) Chrome/94.0.4606.71 Safari/537.36" 
91.224.92.99 - - [20/Mar/2026:12:12:57 -0700] "POST /wp-login.php HTTP/1.1" 302 360 "http://www.drug-injury-lawyer.com/wp-login.php" "Mozilla/5.0 (Windows NT 10.0; Win64; x64) AppleWebKit/605.1.15 (KHTML, like Gecko) Version/14.1 Safari/605.1.15" 
91.224.92.99 - - [20/Mar/2026:12:12:58 -0700] "GET /wp-admin/index.php HTTP/1.1" 302 410 "http://www.drug-injury-lawyer.com/wp-login.php" "Mozilla/5.0 (X11; Linux x86_64) AppleWebKit/537.36 (KHTML, like Gecko) Chrome/93.0.4577.63 Safari/537.36" 
91.224.92.99 - - [20/Mar/2026:12:12:58 -0700] "GET /wp-admin/index.php HTTP/1.1" 302 410 "http://www.drug-injury-lawyer.com/wp-login.php" "Mozilla/5.0 (X11; Linux x86_64) AppleWebKit/537.36 (KHTML, like Gecko) Chrome/93.0.4577.63 Safari/537.36" 
91.224.92.99 - - [20/Mar/2026:12:12:59 -0700] "POST /wp-login.php HTTP/1.1" 302 360 "http://www.drug-injury-lawyer.com/wp-login.php" "Mozilla/5.0 (Windows NT 6.1; Win64; x64; rv:90.0) Gecko/20100101 Firefox/90.0.1" 
91.224.92.99 - - [20/Mar/2026:12:12:59 -0700] "GET /wp-admin/index.php HTTP/1.1" 302 410 "http://www.drug-injury-lawyer.com/wp-login.php" "Mozilla/5.0 (Macintosh; Intel Mac OS X 10_15_7) AppleWebKit/537.36 (KHTML, like Gecko) Chrome/91.0.4472.124 Safari/537.36" 
91.224.92.99 - - [20/Mar/2026:12:13:00 -0700] "GET /wp-admin/index.php HTTP/1.1" 302 410 "http://www.drug-injury-lawyer.com/wp-login.php" "Mozilla/5.0 (Macintosh; Intel Mac OS X 10_15_7) AppleWebKit/537.36 (KHTML, like Gecko) Chrome/91.0.4472.124 Safari/537.36" 
91.224.92.99 - - [20/Mar/2026:12:13:00 -0700] "POST /wp-login.php HTTP/1.1" 418 757 "http://www.drug-injury-lawyer.com/wp-login.php" "Mozilla/5.0 (Macintosh; Intel Mac OS X 10_15_7) AppleWebKit/605.1.15 (KHTML, like Gecko) Version/14.1.1 Safari/605.1.15" 
91.224.92.99 - - [20/Mar/2026:12:13:00 -0700] "GET /wp-admin/index.php HTTP/1.1" 302 410 "http://www.drug-injury-lawyer.com/wp-login.php" "Mozilla/5.0 (Windows NT 10.0; Win64; x64) AppleWebKit/605.1.15 (KHTML, like Gecko) Version/15.0 Safari/605.1.15" 
91.224.92.99 - - [20/Mar/2026:12:13:01 -0700] "GET /wp-admin/index.php HTTP/1.1" 302 410 "http://www.drug-injury-lawyer.com/wp-login.php" "Mozilla/5.0 (Windows NT 10.0; Win64; x64) AppleWebKit/605.1.15 (KHTML, like Gecko) Version/15.0 Safari/605.1.15" 
91.224.92.99 - - [20/Mar/2026:12:13:02 -0700] "POST /wp-login.php HTTP/1.1" 302 359 "http://www.drug-injury-lawyer.com/wp-login.php" "Mozilla/5.0 (Windows NT 6.1; Win64; x64) AppleWebKit/537.36 (KHTML, like Gecko) Chrome/92.0.4515.131 Safari/537.36" 
91.224.92.99 - - [20/Mar/2026:12:13:02 -0700] "GET /wp-admin/index.php HTTP/1.1" 302 409 "http://www.drug-injury-lawyer.com/wp-login.php" "Mozilla/5.0 (Macintosh; Intel Mac OS X 10_15_7) AppleWebKit/537.36 (KHTML, like Gecko) Chrome/91.0.4472.124 Safari/537.36" 
91.224.92.99 - - [20/Mar/2026:12:13:03 -0700] "GET /wp-admin/index.php HTTP/1.1" 302 409 "http://www.drug-injury-lawyer.com/wp-login.php" "Mozilla/5.0 (Macintosh; Intel Mac OS X 10_15_7) AppleWebKit/537.36 (KHTML, like Gecko) Chrome/91.0.4472.124 Safari/537.36" 
91.224.92.99 - - [20/Mar/2026:12:13:04 -0700] "POST /wp-login.php HTTP/1.1" 302 359 "http://www.drug-injury-lawyer.com/wp-login.php" "Mozilla/5.0 (Windows NT 10.0; Win64; x64; rv:93.0) Gecko/20100101 Firefox/93.0" 
91.224.92.99 - - [20/Mar/2026:12:13:04 -0700] "GET /wp-admin/index.php HTTP/1.1" 302 409 "http://www.drug-injury-lawyer.com/wp-login.php" "Mozilla/5.0 (X11; Linux x86_64) AppleWebKit/537.36 (KHTML, like Gecko) Chrome/94.0.4606.71 Safari/537.36" 
91.224.92.99 - - [20/Mar/2026:12:13:05 -0700] "GET /wp-admin/index.php HTTP/1.1" 302 409 "http://www.drug-injury-lawyer.com/wp-login.php" "Mozilla/5.0 (X11; Linux x86_64) AppleWebKit/537.36 (KHTML, like Gecko) Chrome/94.0.4606.71 Safari/537.36" 
91.224.92.99 - - [20/Mar/2026:12:13:05 -0700] "POST /wp-login.php HTTP/1.1" 302 359 "http://www.drug-injury-lawyer.com/wp-login.php" "Mozilla/5.0 (X11; Linux x86_64) AppleWebKit/537.36 (KHTML, like Gecko) Chrome/94.0.4606.71 Safari/537.36" 
91.224.92.99 - - [20/Mar/2026:12:13:05 -0700] "GET /wp-admin/index.php HTTP/1.1" 302 409 "http://www.drug-injury-lawyer.com/wp-login.php" "Mozilla/5.0 (Macintosh; Intel Mac OS X 10_15_7) AppleWebKit/537.36 (KHTML, like Gecko) Chrome/92.0.4515.131 Safari/537.36" 
91.224.92.99 - - [20/Mar/2026:12:13:06 -0700] "GET /wp-admin/index.php HTTP/1.1" 302 409 "http://www.drug-injury-lawyer.com/wp-login.php" "Mozilla/5.0 (Macintosh; Intel Mac OS X 10_15_7) AppleWebKit/537.36 (KHTML, like Gecko) Chrome/92.0.4515.131 Safari/537.36" 
91.224.92.99 - - [20/Mar/2026:12:13:07 -0700] "POST /wp-login.php HTTP/1.1" 302 324 "http://www.drug-injury-lawyer.com/wp-login.php" "Mozilla/5.0 (Windows NT 10.0; Win64; x64) AppleWebKit/605.1.15 (KHTML, like Gecko) Version/14.1 Safari/605.1.15" 
91.224.92.99 - - [20/Mar/2026:12:13:10 -0700] "GET /wp-admin/index.php HTTP/1.1" 302 433 "http://www.drug-injury-lawyer.com/wp-login.php" "Mozilla/5.0 (Windows NT 10.0; Win64; x64) AppleWebKit/605.1.15 (KHTML, like Gecko) Version/14.1 Safari/605.1.15" 
91.224.92.99 - - [20/Mar/2026:12:13:11 -0700] "GET /wp-admin/index.php HTTP/1.1" 302 410 "http://www.drug-injury-lawyer.com/wp-login.php" "Mozilla/5.0 (Windows NT 10.0; Win64; x64) AppleWebKit/605.1.15 (KHTML, like Gecko) Version/14.1 Safari/605.1.15" 
91.224.92.99 - - [20/Mar/2026:12:13:11 -0700] "POST /wp-login.php HTTP/1.1" 302 360 "http://www.drug-injury-lawyer.com/wp-login.php" "Mozilla/5.0 (Windows NT 10.0; Win64; x64) AppleWebKit/605.1.15 (KHTML, like Gecko) Version/14.1.2 Safari/605.1.15" 
91.224.92.99 - - [20/Mar/2026:12:13:12 -0700] "GET /wp-admin/index.php HTTP/1.1" 302 410 "http://www.drug-injury-lawyer.com/wp-login.php" "Mozilla/5.0 (Windows NT 6.1; Win64; x64) AppleWebKit/537.36 (KHTML, like Gecko) Chrome/92.0.4515.131 Safari/537.36" 
91.224.92.99 - - [20/Mar/2026:12:13:12 -0700] "GET /wp-admin/index.php HTTP/1.1" 302 410 "http://www.drug-injury-lawyer.com/wp-login.php" "Mozilla/5.0 (Windows NT 6.1; Win64; x64) AppleWebKit/537.36 (KHTML, like Gecko) Chrome/92.0.4515.131 Safari/537.36" 
91.224.92.99 - - [20/Mar/2026:12:13:13 -0700] "POST /wp-login.php HTTP/1.1" 418 757 "http://www.drug-injury-lawyer.com/wp-login.php" "Mozilla/5.0 (Macintosh; Intel Mac OS X 10_15_7) AppleWebKit/605.1.15 (KHTML, like Gecko) Version/14.1.1 Safari/605.1.15" 
91.224.92.99 - - [20/Mar/2026:12:13:13 -0700] "GET /wp-admin/index.php HTTP/1.1" 302 410 "http://www.drug-injury-lawyer.com/wp-login.php" "Mozilla/5.0 (X11; Linux x86_64) AppleWebKit/537.36 (KHTML, like Gecko) Chrome/91.0.4472.124 Safari/537.36" 
91.224.92.99 - - [20/Mar/2026:12:13:14 -0700] "GET /wp-admin/index.php HTTP/1.1" 302 410 "http://www.drug-injury-lawyer.com/wp-login.php" "Mozilla/5.0 (X11; Linux x86_64) AppleWebKit/537.36 (KHTML, like Gecko) Chrome/91.0.4472.124 Safari/537.36" 
91.224.92.99 - - [20/Mar/2026:12:13:15 -0700] "POST /wp-login.php HTTP/1.1" 302 360 "http://www.drug-injury-lawyer.com/wp-login.php" "Mozilla/5.0 (Macintosh; Intel Mac OS X 10_15_7) AppleWebKit/537.36 (KHTML, like Gecko) Chrome/90.0.4430.212 Safari/537.36" 
91.224.92.99 - - [20/Mar/2026:12:13:16 -0700] "GET /wp-admin/index.php HTTP/1.1" 302 410 "http://www.drug-injury-lawyer.com/wp-login.php" "Mozilla/5.0 (Windows NT 10.0; Win64; x64) AppleWebKit/605.1.15 (KHTML, like Gecko) Version/14.1 Safari/605.1.15" 
91.224.92.99 - - [20/Mar/2026:12:13:16 -0700] "GET /wp-admin/index.php HTTP/1.1" 302 410 "http://www.drug-injury-lawyer.com/wp-login.php" "Mozilla/5.0 (Windows NT 10.0; Win64; x64) AppleWebKit/605.1.15 (KHTML, like Gecko) Version/14.1 Safari/605.1.15" 
91.224.92.99 - - [20/Mar/2026:12:13:17 -0700] "POST /wp-login.php HTTP/1.1" 302 360 "http://www.drug-injury-lawyer.com/wp-login.php" "Mozilla/5.0 (Macintosh; Intel Mac OS X 10_15_7) AppleWebKit/605.1.15 (KHTML, like Gecko) Version/14.1.1 Safari/605.1.15" 
91.224.92.99 - - [20/Mar/2026:12:13:17 -0700] "GET /wp-admin/index.php HTTP/1.1" 302 410 "http://www.drug-injury-lawyer.com/wp-login.php" "Mozilla/5.0 (Windows NT 6.1; Win64; x64; rv:92.0) Gecko/20100101 Firefox/92.0" 
91.224.92.99 - - [20/Mar/2026:12:13:18 -0700] "GET /wp-admin/index.php HTTP/1.1" 302 410 "http://www.drug-injury-lawyer.com/wp-login.php" "Mozilla/5.0 (Windows NT 6.1; Win64; x64; rv:92.0) Gecko/20100101 Firefox/92.0" 
91.224.92.99 - - [20/Mar/2026:12:13:19 -0700] "POST /wp-login.php HTTP/1.1" 302 360 "http://www.drug-injury-lawyer.com/wp-login.php" "Mozilla/5.0 (Macintosh; Intel Mac OS X 10_15_7) AppleWebKit/537.36 (KHTML, like Gecko) Chrome/90.0.4430.212 Safari/537.36" 
91.224.92.99 - - [20/Mar/2026:12:13:20 -0700] "GET /wp-admin/index.php HTTP/1.1" 302 410 "http://www.drug-injury-lawyer.com/wp-login.php" "Mozilla/5.0 (Windows NT 10.0; Win64; x64; rv:90.0) Gecko/20100101 Firefox/90.0.1" 
91.224.92.99 - - [20/Mar/2026:12:13:20 -0700] "GET /wp-admin/index.php HTTP/1.1" 302 410 "http://www.drug-injury-lawyer.com/wp-login.php" "Mozilla/5.0 (Windows NT 10.0; Win64; x64; rv:90.0) Gecko/20100101 Firefox/90.0.1" 
91.224.92.99 - - [20/Mar/2026:12:13:21 -0700] "POST /wp-login.php HTTP/1.1" 302 360 "http://www.drug-injury-lawyer.com/wp-login.php" "Mozilla/5.0 (X11; Linux x86_64) AppleWebKit/537.36 (KHTML, like Gecko) Chrome/90.0.4430.212 Safari/537.36" 
91.224.92.99 - - [20/Mar/2026:12:13:21 -0700] "GET /wp-admin/index.php HTTP/1.1" 302 410 "http://www.drug-injury-lawyer.com/wp-login.php" "Mozilla/5.0 (Windows NT 10.0; Win64; x64) AppleWebKit/605.1.15 (KHTML, like Gecko) Version/14.1 Safari/605.1.15" 
91.224.92.99 - - [20/Mar/2026:12:13:22 -0700] "GET /wp-admin/index.php HTTP/1.1" 302 410 "http://www.drug-injury-lawyer.com/wp-login.php" "Mozilla/5.0 (Windows NT 10.0; Win64; x64) AppleWebKit/605.1.15 (KHTML, like Gecko) Version/14.1 Safari/605.1.15" 
91.224.92.99 - - [20/Mar/2026:12:13:23 -0700] "POST /wp-login.php HTTP/1.1" 302 360 "http://www.drug-injury-lawyer.com/wp-login.php" "Mozilla/5.0 (X11; Linux x86_64) AppleWebKit/537.36 (KHTML, like Gecko) Chrome/93.0.4577.63 Safari/537.36" 
91.224.92.99 - - [20/Mar/2026:12:13:23 -0700] "GET /wp-admin/index.php HTTP/1.1" 302 410 "http://www.drug-injury-lawyer.com/wp-login.php" "Mozilla/5.0 (Windows NT 10.0; Win64; x64) AppleWebKit/537.36 (KHTML, like Gecko) Chrome/91.0.4472.124 Safari/537.36" 
91.224.92.99 - - [20/Mar/2026:12:13:24 -0700] "GET /wp-admin/index.php HTTP/1.1" 302 410 "http://www.drug-injury-lawyer.com/wp-login.php" "Mozilla/5.0 (Windows NT 10.0; Win64; x64) AppleWebKit/537.36 (KHTML, like Gecko) Chrome/91.0.4472.124 Safari/537.36" 
91.224.92.99 - - [20/Mar/2026:12:13:25 -0700] "POST /wp-login.php HTTP/1.1" 418 757 "http://www.drug-injury-lawyer.com/wp-login.php" "Mozilla/5.0 (Windows NT 6.1; Win64; x64) AppleWebKit/537.36 (KHTML, like Gecko) Chrome/92.0.4515.131 Safari/537.36" 
91.224.92.99 - - [20/Mar/2026:12:13:25 -0700] "GET /wp-admin/index.php HTTP/1.1" 302 410 "http://www.drug-injury-lawyer.com/wp-login.php" "Mozilla/5.0 (Macintosh; Intel Mac OS X 10_15_7) AppleWebKit/605.1.15 (KHTML, like Gecko) Version/14.1 Safari/605.1.15" 
91.224.92.99 - - [20/Mar/2026:12:13:26 -0700] "GET /wp-admin/index.php HTTP/1.1" 302 410 "http://www.drug-injury-lawyer.com/wp-login.php" "Mozilla/5.0 (Macintosh; Intel Mac OS X 10_15_7) AppleWebKit/605.1.15 (KHTML, like Gecko) Version/14.1 Safari/605.1.15" 
91.224.92.99 - - [20/Mar/2026:12:13:26 -0700] "POST /wp-login.php HTTP/1.1" 302 360 "http://www.drug-injury-lawyer.com/wp-login.php" "Mozilla/5.0 (Windows NT 10.0; Win64; x64) AppleWebKit/537.36 (KHTML, like Gecko) Chrome/93.0.4577.63 Safari/537.36" 
91.224.92.99 - - [20/Mar/2026:12:13:26 -0700] "GET /wp-admin/index.php HTTP/1.1" 302 410 "http://www.drug-injury-lawyer.com/wp-login.php" "Mozilla/5.0 (Windows NT 6.1; Win64; x64; rv:90.0) Gecko/20100101 Firefox/90.0.1" 
91.224.92.99 - - [20/Mar/2026:12:13:27 -0700] "GET /wp-admin/index.php HTTP/1.1" 302 410 "http://www.drug-injury-lawyer.com/wp-login.php" "Mozilla/5.0 (Windows NT 6.1; Win64; x64; rv:90.0) Gecko/20100101 Firefox/90.0.1" 
91.224.92.99 - - [20/Mar/2026:12:13:28 -0700] "POST /wp-login.php HTTP/1.1" 302 360 "http://www.drug-injury-lawyer.com/wp-login.php" "Mozilla/5.0 (Windows NT 10.0; Win64; x64) AppleWebKit/537.36 (KHTML, like Gecko) Chrome/91.0.4472.124 Safari/537.36" 
91.224.92.99 - - [20/Mar/2026:12:13:28 -0700] "GET /wp-admin/index.php HTTP/1.1" 302 410 "http://www.drug-injury-lawyer.com/wp-login.php" "Mozilla/5.0 (Windows NT 10.0; Win64; x64) AppleWebKit/537.36 (KHTML, like Gecko) Chrome/93.0.4577.63 Safari/537.36" 
173.236.217.44 - - [20/Mar/2026:12:13:29 -0700] "POST /wp-cron.php?doing_wp_cron=1774034009.6207489967346191406250 HTTP/1.1" 200 283 "-" "WordPress/6.8.5; https://www.drug-injury-lawyer.com" 
91.224.92.99 - - [20/Mar/2026:12:13:29 -0700] "GET /wp-admin/index.php HTTP/1.1" 302 410 "http://www.drug-injury-lawyer.com/wp-login.php" "Mozilla/5.0 (Windows NT 10.0; Win64; x64) AppleWebKit/537.36 (KHTML, like Gecko) Chrome/93.0.4577.63 Safari/537.36" 
91.224.92.99 - - [20/Mar/2026:12:13:30 -0700] "POST /wp-login.php HTTP/1.1" 302 360 "http://www.drug-injury-lawyer.com/wp-login.php" "Mozilla/5.0 (Macintosh; Intel Mac OS X 10_15_7) AppleWebKit/605.1.15 (KHTML, like Gecko) Version/14.1.2 Safari/605.1.15" 
91.224.92.99 - - [20/Mar/2026:12:13:30 -0700] "GET /wp-admin/index.php HTTP/1.1" 302 410 "http://www.drug-injury-lawyer.com/wp-login.php" "Mozilla/5.0 (Windows NT 10.0; Win64; x64) AppleWebKit/537.36 (KHTML, like Gecko) Chrome/91.0.4472.124 Safari/537.36" 
91.224.92.99 - - [20/Mar/2026:12:13:31 -0700] "GET /wp-admin/index.php HTTP/1.1" 302 410 "http://www.drug-injury-lawyer.com/wp-login.php" "Mozilla/5.0 (Windows NT 10.0; Win64; x64) AppleWebKit/537.36 (KHTML, like Gecko) Chrome/91.0.4472.124 Safari/537.36" 
91.224.92.99 - - [20/Mar/2026:12:13:31 -0700] "POST /wp-login.php HTTP/1.1" 302 360 "http://www.drug-injury-lawyer.com/wp-login.php" "Mozilla/5.0 (Macintosh; Intel Mac OS X 10_15_7) AppleWebKit/537.36 (KHTML, like Gecko) Chrome/93.0.4577.63 Safari/537.36" 
91.224.92.99 - - [20/Mar/2026:12:13:32 -0700] "GET /wp-admin/index.php HTTP/1.1" 302 410 "http://www.drug-injury-lawyer.com/wp-login.php" "Mozilla/5.0 (Macintosh; Intel Mac OS X 10_15_7) AppleWebKit/605.1.15 (KHTML, like Gecko) Version/14.0.3 Safari/605.1.15" 
91.224.92.99 - - [20/Mar/2026:12:13:32 -0700] "GET /wp-admin/index.php HTTP/1.1" 302 410 "http://www.drug-injury-lawyer.com/wp-login.php" "Mozilla/5.0 (Macintosh; Intel Mac OS X 10_15_7) AppleWebKit/605.1.15 (KHTML, like Gecko) Version/14.0.3 Safari/605.1.15" 
91.224.92.99 - - [20/Mar/2026:12:13:33 -0700] "POST /wp-login.php HTTP/1.1" 302 360 "http://www.drug-injury-lawyer.com/wp-login.php" "Mozilla/5.0 (X11; Linux x86_64) AppleWebKit/537.36 (KHTML, like Gecko) Chrome/92.0.4515.131 Safari/537.36" 
91.224.92.99 - - [20/Mar/2026:12:13:33 -0700] "GET /wp-admin/index.php HTTP/1.1" 302 410 "http://www.drug-injury-lawyer.com/wp-login.php" "Mozilla/5.0 (Windows NT 10.0; Win64; x64) AppleWebKit/537.36 (KHTML, like Gecko) Chrome/92.0.4515.131 Safari/537.36" 
91.224.92.99 - - [20/Mar/2026:12:13:35 -0700] "GET /wp-admin/index.php HTTP/1.1" 302 410 "http://www.drug-injury-lawyer.com/wp-login.php" "Mozilla/5.0 (Windows NT 10.0; Win64; x64) AppleWebKit/537.36 (KHTML, like Gecko) Chrome/92.0.4515.131 Safari/537.36" 
91.224.92.99 - - [20/Mar/2026:12:13:35 -0700] "POST /wp-login.php HTTP/1.1" 418 757 "http://www.drug-injury-lawyer.com/wp-login.php" "Mozilla/5.0 (Macintosh; Intel Mac OS X 10_15_7) AppleWebKit/605.1.15 (KHTML, like Gecko) Version/14.0.3 Safari/605.1.15" 
91.224.92.99 - - [20/Mar/2026:12:13:36 -0700] "GET /wp-admin/index.php HTTP/1.1" 302 410 "http://www.drug-injury-lawyer.com/wp-login.php" "Mozilla/5.0 (X11; Linux x86_64) AppleWebKit/537.36 (KHTML, like Gecko) Chrome/92.0.4515.131 Safari/537.36" 
91.224.92.99 - - [20/Mar/2026:12:13:36 -0700] "GET /wp-admin/index.php HTTP/1.1" 302 410 "http://www.drug-injury-lawyer.com/wp-login.php" "Mozilla/5.0 (X11; Linux x86_64) AppleWebKit/537.36 (KHTML, like Gecko) Chrome/92.0.4515.131 Safari/537.36" 
91.224.92.99 - - [20/Mar/2026:12:13:37 -0700] "POST /wp-login.php HTTP/1.1" 302 360 "http://www.drug-injury-lawyer.com/wp-login.php" "Mozilla/5.0 (Windows NT 10.0; Win64; x64) AppleWebKit/537.36 (KHTML, like Gecko) Chrome/93.0.4577.63 Safari/537.36" 
91.224.92.99 - - [20/Mar/2026:12:13:37 -0700] "GET /wp-admin/index.php HTTP/1.1" 302 410 "http://www.drug-injury-lawyer.com/wp-login.php" "Mozilla/5.0 (X11; Linux x86_64; rv:93.0) Gecko/20100101 Firefox/93.0" 
91.224.92.99 - - [20/Mar/2026:12:13:38 -0700] "GET /wp-admin/index.php HTTP/1.1" 302 410 "http://www.drug-injury-lawyer.com/wp-login.php" "Mozilla/5.0 (X11; Linux x86_64; rv:93.0) Gecko/20100101 Firefox/93.0" 
91.224.92.99 - - [20/Mar/2026:12:13:39 -0700] "POST /wp-login.php HTTP/1.1" 302 360 "http://www.drug-injury-lawyer.com/wp-login.php" "Mozilla/5.0 (Windows NT 10.0; Win64; x64) AppleWebKit/605.1.15 (KHTML, like Gecko) Version/14.1.2 Safari/605.1.15" 
91.224.92.99 - - [20/Mar/2026:12:13:39 -0700] "GET /wp-admin/index.php HTTP/1.1" 302 410 "http://www.drug-injury-lawyer.com/wp-login.php" "Mozilla/5.0 (Windows NT 10.0; Win64; x64; rv:90.0) Gecko/20100101 Firefox/90.0.1" 
