HEX
Server: Apache
System: Linux vps28526 6.8.0-79-generic #79~22.04.1-Ubuntu SMP PREEMPT_DYNAMIC Fri Aug 15 16:54:53 UTC 2 x86_64
User: heewonvps_17 (6705002)
PHP: 7.4.33
Disabled: NONE
Upload Files
File: /home/heewonvps_17/logs/drug-injury-lawyer.com/http/access.log.2026-03-20
107.20.105.74 - - [20/Mar/2026:00:02:54 -0700] "HEAD / HTTP/1.1" 301 197 "-" "DreamHost SiteMonitor 1.0" 
107.20.105.74 - - [20/Mar/2026:00:02:54 -0700] "HEAD / HTTP/1.1" 301 385 "http://173.236.217.44" "DreamHost SiteMonitor 1.0" 
65.109.81.157 - - [20/Mar/2026:00:05:50 -0700] "GET /blog/ HTTP/1.0" 200 76007 "http://www.drug-injury-lawyer.com/blog/" "Mozilla/5.0 (Windows NT 10.0; Win64; x64) AppleWebKit/537.36 (KHTML, like Gecko) Chrome/103.0.5060.53 Safari/537.36" 
65.109.81.157 - - [20/Mar/2026:00:05:51 -0700] "POST /blog/ HTTP/1.0" 200 76093 "http://www.drug-injury-lawyer.com/blog/" "Mozilla/5.0 (Windows NT 10.0; Win64; x64) AppleWebKit/537.36 (KHTML, like Gecko) Chrome/103.0.5060.53 Safari/537.36" 
45.156.158.223 - - [20/Mar/2026:00:07:18 -0700] "GET /blog/page/3/ HTTP/1.0" 200 66894 "http://www.drug-injury-lawyer.com/blog/page/3/" "Mozilla/5.0 (Windows NT 6.1; WOW64) AppleWebKit/537.36 (KHTML, like Gecko) Chrome/103.0.0.0 Safari/537.36" 
45.156.158.223 - - [20/Mar/2026:00:07:18 -0700] "GET /blog/page/3/ HTTP/1.0" 200 66894 "http://www.drug-injury-lawyer.com/blog/page/3/" "Mozilla/5.0 (Windows NT 6.3; Win64; x64) AppleWebKit/537.36 (KHTML, like Gecko) Chrome/103.0.5060.66 Safari/537.36" 
107.20.105.74 - - [20/Mar/2026:00:07:54 -0700] "HEAD / HTTP/1.1" 301 197 "-" "DreamHost SiteMonitor 1.0" 
107.20.105.74 - - [20/Mar/2026:00:07:54 -0700] "HEAD / HTTP/1.1" 301 385 "http://173.236.217.44" "DreamHost SiteMonitor 1.0" 
91.211.90.247 - - [20/Mar/2026:00:07:58 -0700] "GET /blog/page/3/ HTTP/1.0" 200 66894 "http://www.drug-injury-lawyer.com/blog/page/3/" "Mozilla/5.0 (Windows NT 10.0; Win64; x64) AppleWebKit/537.36 (KHTML, like Gecko) Chrome/103.0.0.0 Safari/537.36" 
91.211.90.247 - - [20/Mar/2026:00:07:58 -0700] "GET /blog/page/3/ HTTP/1.0" 200 66894 "http://www.drug-injury-lawyer.com/blog/page/3/" "Mozilla/5.0 (Windows NT 6.1; Win64; x64) AppleWebKit/537.36 (KHTML, like Gecko) Chrome/103.0.0.0 Safari/537.36" 
185.237.106.243 - - [20/Mar/2026:00:10:56 -0700] "GET /blog/page/3/ HTTP/1.0" 200 66894 "http://www.drug-injury-lawyer.com/blog/page/3/" "Mozilla/5.0 (Windows NT 6.1; WOW64) AppleWebKit/537.36 (KHTML, like Gecko) Chrome/103.0.0.0 Safari/537.36" 
91.211.90.70 - - [20/Mar/2026:00:11:03 -0700] "GET /blog/page/3/ HTTP/1.0" 200 66894 "http://www.drug-injury-lawyer.com/blog/page/3/" "Mozilla/5.0 (Windows NT 6.1) AppleWebKit/537.36 (KHTML, like Gecko) Chrome/103.0.5060.114 Safari/537.36" 
91.211.90.225 - - [20/Mar/2026:00:11:05 -0700] "GET /blog/page/3/ HTTP/1.0" 200 66894 "http://www.drug-injury-lawyer.com/blog/page/3/" "Mozilla/5.0 (Windows NT 6.3; WOW64) AppleWebKit/537.36 (KHTML, like Gecko) Chrome/103.0.5060.114 Safari/537.36" 
107.20.105.74 - - [20/Mar/2026:00:12:54 -0700] "HEAD / HTTP/1.1" 301 197 "-" "DreamHost SiteMonitor 1.0" 
107.20.105.74 - - [20/Mar/2026:00:12:54 -0700] "HEAD / HTTP/1.1" 301 385 "http://173.236.217.44" "DreamHost SiteMonitor 1.0" 
173.236.217.44 - - [20/Mar/2026:00:12:56 -0700] "POST /wp-cron.php?doing_wp_cron=1773990776.1573719978332519531250 HTTP/1.1" 200 283 "-" "WordPress/6.8.5; https://www.drug-injury-lawyer.com" 
91.211.90.186 - - [20/Mar/2026:00:13:36 -0700] "GET /blog/page/3/ HTTP/1.0" 200 66894 "http://www.drug-injury-lawyer.com/blog/page/3/" "Mozilla/5.0 (Windows NT 6.1; Win64; x64) AppleWebKit/537.36 (KHTML, like Gecko) Chrome/103.0.0.0 Safari/537.36" 
217.147.172.206 - - [20/Mar/2026:00:14:04 -0700] "GET /blog/page/3/ HTTP/1.0" 200 66894 "http://www.drug-injury-lawyer.com/blog/page/3/" "Mozilla/5.0 (Windows NT 6.3; Win64; x64) AppleWebKit/537.36 (KHTML, like Gecko) Chrome/103.0.5060.114 Safari/537.36" 
217.147.172.209 - - [20/Mar/2026:00:14:24 -0700] "GET /blog/page/3/ HTTP/1.0" 200 66894 "http://www.drug-injury-lawyer.com/blog/page/3/" "Mozilla/5.0 (Windows NT 6.1) AppleWebKit/537.36 (KHTML, like Gecko) Chrome/103.0.5060.114 Safari/537.36" 
66.249.64.14 - - [20/Mar/2026:00:15:49 -0700] "GET /ceremony/camera196/8aj92-36929/ HTTP/1.1" 500 3198 "-" "Mozilla/5.0 (Linux; Android 6.0.1; Nexus 5X Build/MMB29P) AppleWebKit/537.36 (KHTML, like Gecko) Chrome/145.0.7632.159 Mobile Safari/537.36 (compatible; Googlebot/2.1; +http://www.google.com/bot.html)" 
107.20.105.74 - - [20/Mar/2026:00:17:54 -0700] "HEAD / HTTP/1.1" 301 197 "-" "DreamHost SiteMonitor 1.0" 
107.20.105.74 - - [20/Mar/2026:00:17:54 -0700] "HEAD / HTTP/1.1" 301 385 "http://173.236.217.44" "DreamHost SiteMonitor 1.0" 
91.211.90.88 - - [20/Mar/2026:00:18:16 -0700] "GET /blog/page/3/ HTTP/1.0" 200 66894 "http://www.drug-injury-lawyer.com/blog/page/3/" "Mozilla/5.0 (Windows NT 6.1; WOW64) AppleWebKit/537.36 (KHTML, like Gecko) Chrome/103.0.0.0 Safari/537.36" 
91.211.90.231 - - [20/Mar/2026:00:18:16 -0700] "GET /blog/page/3/ HTTP/1.0" 200 66894 "http://www.drug-injury-lawyer.com/blog/page/3/" "Mozilla/5.0 (Windows NT 6.1; WOW64) AppleWebKit/537.36 (KHTML, like Gecko) Chrome/103.0.0.0 Safari/537.36" 
91.211.90.207 - - [20/Mar/2026:00:18:42 -0700] "GET /blog/page/3/ HTTP/1.0" 200 66894 "http://www.drug-injury-lawyer.com/blog/page/3/" "Mozilla/5.0 (Windows NT 6.1; Win64; x64) AppleWebKit/537.36 (KHTML, like Gecko) Chrome/103.0.5060.66 Safari/537.36" 
91.211.90.207 - - [20/Mar/2026:00:18:43 -0700] "GET /blog/page/3/ HTTP/1.0" 200 66894 "http://www.drug-injury-lawyer.com/blog/page/3/" "Mozilla/5.0 (Windows NT 6.1; Win64; x64) AppleWebKit/537.36 (KHTML, like Gecko) Chrome/103.0.5060.114 Safari/537.36" 
217.147.172.235 - - [20/Mar/2026:00:18:44 -0700] "GET /blog/page/3/ HTTP/1.0" 200 66894 "http://www.drug-injury-lawyer.com/blog/page/3/" "Mozilla/5.0 (Windows NT 10.0; Win64; x64) AppleWebKit/537.36 (KHTML, like Gecko) Chrome/103.0.5060.114 Safari/537.36" 
45.156.158.216 - - [20/Mar/2026:00:18:51 -0700] "GET /blog/page/3/ HTTP/1.0" 200 66894 "http://www.drug-injury-lawyer.com/blog/page/3/" "Mozilla/5.0 (Windows NT 6.3; Win64; x64) AppleWebKit/537.36 (KHTML, like Gecko) Chrome/103.0.5060.53 Safari/537.36" 
45.156.158.75 - - [20/Mar/2026:00:18:55 -0700] "GET /blog/page/3/ HTTP/1.0" 200 66894 "http://www.drug-injury-lawyer.com/blog/page/3/" "Mozilla/5.0 (Windows NT 10.0; Win64; x64) AppleWebKit/537.36 (KHTML, like Gecko) Chrome/103.0.5060.66 Safari/537.36" 
217.147.172.82 - - [20/Mar/2026:00:18:56 -0700] "GET /blog/page/3/ HTTP/1.0" 200 66894 "http://www.drug-injury-lawyer.com/blog/page/3/" "Mozilla/5.0 (Windows NT 6.1; Win64; x64) AppleWebKit/537.36 (KHTML, like Gecko) Chrome/103.0.0.0 Safari/537.36" 
91.211.90.206 - - [20/Mar/2026:00:20:01 -0700] "GET /blog/page/3/ HTTP/1.0" 200 66894 "http://www.drug-injury-lawyer.com/blog/page/3/" "Mozilla/5.0 (Windows NT 10.0; Win64; x64) AppleWebKit/537.36 (KHTML, like Gecko) Chrome/103.0.5060.114 Safari/537.36" 
217.147.172.82 - - [20/Mar/2026:00:21:11 -0700] "GET /blog/page/3/ HTTP/1.0" 200 66894 "http://www.drug-injury-lawyer.com/blog/page/3/" "Mozilla/5.0 (Windows NT 6.3; WOW64) AppleWebKit/537.36 (KHTML, like Gecko) Chrome/103.0.0.0 Safari/537.36" 
91.211.90.227 - - [20/Mar/2026:00:22:49 -0700] "GET /blog/page/3/ HTTP/1.0" 200 66894 "http://www.drug-injury-lawyer.com/blog/page/3/" "Mozilla/5.0 (Windows NT 10.0; Win64; x64) AppleWebKit/537.36 (KHTML, like Gecko) Chrome/103.0.5042.0 Safari/537.36" 
91.211.90.227 - - [20/Mar/2026:00:22:49 -0700] "GET /blog/page/3/ HTTP/1.0" 200 66894 "http://www.drug-injury-lawyer.com/blog/page/3/" "Mozilla/5.0 (Windows NT 6.3; WOW64) AppleWebKit/537.36 (KHTML, like Gecko) Chrome/103.0.0.0 Safari/537.36" 
173.236.217.44 - - [20/Mar/2026:00:22:50 -0700] "POST /wp-cron.php?doing_wp_cron=1773991370.3704199790954589843750 HTTP/1.1" 200 283 "-" "WordPress/6.8.5; https://www.drug-injury-lawyer.com" 
107.20.105.74 - - [20/Mar/2026:00:22:54 -0700] "HEAD / HTTP/1.1" 301 197 "-" "DreamHost SiteMonitor 1.0" 
107.20.105.74 - - [20/Mar/2026:00:22:54 -0700] "HEAD / HTTP/1.1" 301 385 "http://173.236.217.44" "DreamHost SiteMonitor 1.0" 
217.147.172.235 - - [20/Mar/2026:00:25:32 -0700] "GET /blog/page/3/ HTTP/1.0" 200 66894 "http://www.drug-injury-lawyer.com/blog/page/3/" "Mozilla/5.0 (Windows NT 10.0) AppleWebKit/537.36 (KHTML, like Gecko) Chrome/103.0.0.0 Safari/537.36" 
173.236.217.44 - - [20/Mar/2026:00:25:33 -0700] "POST /wp-cron.php?doing_wp_cron=1773991533.3438980579376220703125 HTTP/1.1" 200 283 "-" "WordPress/6.8.5; https://www.drug-injury-lawyer.com" 
195.2.79.165 - - [20/Mar/2026:00:25:36 -0700] "GET /blog/page/3/ HTTP/1.0" 200 66894 "http://www.drug-injury-lawyer.com/blog/page/3/" "Mozilla/5.0 (Windows NT 10.0; Win64; x64) AppleWebKit/537.36 (KHTML, like Gecko) Chrome/129.0.0.0 Safari/537.36" 
195.2.79.165 - - [20/Mar/2026:00:25:37 -0700] "POST /blog/page/3/ HTTP/1.0" 200 66980 "http://www.drug-injury-lawyer.com/blog/page/3/" "Mozilla/5.0 (Windows NT 10.0; Win64; x64) AppleWebKit/537.36 (KHTML, like Gecko) Chrome/129.0.0.0 Safari/537.36" 
107.20.105.74 - - [20/Mar/2026:00:27:54 -0700] "HEAD / HTTP/1.1" 301 197 "-" "DreamHost SiteMonitor 1.0" 
107.20.105.74 - - [20/Mar/2026:00:27:54 -0700] "HEAD / HTTP/1.1" 301 385 "http://173.236.217.44" "DreamHost SiteMonitor 1.0" 
185.255.126.39 - - [20/Mar/2026:00:28:49 -0700] "GET /blog/page/3/ HTTP/1.0" 301 484 "http://drug-injury-lawyer.com/blog/page/3/" "Mozilla/5.0 (Windows NT 10.0; Win64; x64) AppleWebKit/537.36 (KHTML, like Gecko) Chrome/131.0.0.0 Safari/537.36" 
185.255.126.226 - - [20/Mar/2026:00:28:49 -0700] "GET /blog/page/3/ HTTP/1.0" 200 66894 "http://www.drug-injury-lawyer.com/blog/page/3/" "Mozilla/5.0 (Windows NT 10.0; Win64; x64) AppleWebKit/537.36 (KHTML, like Gecko) Chrome/131.0.0.0 Safari/537.36" 
185.255.126.168 - - [20/Mar/2026:00:28:50 -0700] "POST /blog/page/3/ HTTP/1.0" 200 66980 "http://www.drug-injury-lawyer.com/blog/page/3/" "Mozilla/5.0 (Windows NT 10.0; Win64; x64) AppleWebKit/537.36 (KHTML, like Gecko) Chrome/131.0.0.0 Safari/537.36" 
45.156.158.249 - - [20/Mar/2026:00:30:36 -0700] "GET /blog/page/3/ HTTP/1.0" 200 66894 "http://www.drug-injury-lawyer.com/blog/page/3/" "Mozilla/5.0 (Windows NT 6.3; Win64; x64) AppleWebKit/537.36 (KHTML, like Gecko) Chrome/103.0.5060.53 Safari/537.36" 
45.156.158.249 - - [20/Mar/2026:00:30:36 -0700] "GET /blog/page/3/ HTTP/1.0" 200 66894 "http://www.drug-injury-lawyer.com/blog/page/3/" "Mozilla/5.0 (Windows NT 6.3; WOW64) AppleWebKit/537.36 (KHTML, like Gecko) Chrome/103.0.5060.114 Safari/537.36" 
91.211.90.113 - - [20/Mar/2026:00:30:53 -0700] "GET /blog/page/3/ HTTP/1.0" 200 66894 "http://www.drug-injury-lawyer.com/blog/page/3/" "Mozilla/5.0 (Windows NT 10.0; Win64; x64) AppleWebKit/537.36 (KHTML, like Gecko) Chrome/103.0.5060.134 Safari/537.36" 
91.211.90.113 - - [20/Mar/2026:00:30:53 -0700] "GET /blog/page/3/ HTTP/1.0" 200 66894 "http://www.drug-injury-lawyer.com/blog/page/3/" "Mozilla/5.0 (Windows NT 6.3; Win64; x64) AppleWebKit/537.36 (KHTML, like Gecko) Chrome/103.0.5060.66 Safari/537.36" 
91.211.90.70 - - [20/Mar/2026:00:30:53 -0700] "GET /blog/page/3/ HTTP/1.0" 200 66894 "http://www.drug-injury-lawyer.com/blog/page/3/" "Mozilla/5.0 (Windows NT 10.0; Win64; x64) AppleWebKit/537.36 (KHTML, like Gecko) Chrome/103.0.5060.66 Safari/537.36" 
130.94.58.156 - - [20/Mar/2026:00:31:01 -0700] "GET /wp-json/wp/v2/posts HTTP/1.1" 301 498 "-" "Mozilla/5.0 (Windows NT 10.0; Win64; x64) AppleWebKit/537.36 (KHTML, like Gecko) Chrome/120.0.0.0 Safari/537.36" 
91.211.90.225 - - [20/Mar/2026:00:31:04 -0700] "GET /blog/page/3/ HTTP/1.0" 200 66894 "http://www.drug-injury-lawyer.com/blog/page/3/" "Mozilla/5.0 (Windows NT 10.0; Win64; x64) AppleWebKit/537.36 (KHTML, like Gecko) Chrome/103.0.5042.0 Safari/537.36" 
45.156.158.163 - - [20/Mar/2026:00:31:18 -0700] "GET /blog/page/3/ HTTP/1.0" 200 66894 "http://www.drug-injury-lawyer.com/blog/page/3/" "Mozilla/5.0 (Windows NT 10.0; Win64; x64) AppleWebKit/537.36 (KHTML, like Gecko) Chrome/103.0.0.0 Safari/537.36 OpenWave/97.4.2043.44" 
45.156.158.163 - - [20/Mar/2026:00:31:18 -0700] "GET /blog/page/3/ HTTP/1.0" 200 66894 "http://www.drug-injury-lawyer.com/blog/page/3/" "Mozilla/5.0 (Windows NT 6.3; Win64; x64) AppleWebKit/537.36 (KHTML, like Gecko) Chrome/103.0.5060.114 Safari/537.36" 
217.147.172.67 - - [20/Mar/2026:00:31:21 -0700] "GET /blog/page/3/ HTTP/1.0" 200 66894 "http://www.drug-injury-lawyer.com/blog/page/3/" "Mozilla/5.0 (Windows NT 6.1; Win64; x64) AppleWebKit/537.36 (KHTML, like Gecko) Chrome/103.0.5060.114 Safari/537.36" 
91.211.90.88 - - [20/Mar/2026:00:31:31 -0700] "GET /blog/page/3/ HTTP/1.0" 200 66894 "http://www.drug-injury-lawyer.com/blog/page/3/" "Mozilla/5.0 (Windows NT 6.1; Win64; x64) AppleWebKit/537.36 (KHTML, like Gecko) Chrome/103.0.5060.114 Safari/537.36" 
107.20.105.74 - - [20/Mar/2026:00:32:54 -0700] "HEAD / HTTP/1.1" 301 197 "-" "DreamHost SiteMonitor 1.0" 
107.20.105.74 - - [20/Mar/2026:00:32:54 -0700] "HEAD / HTTP/1.1" 301 385 "http://173.236.217.44" "DreamHost SiteMonitor 1.0" 
91.211.90.179 - - [20/Mar/2026:00:34:43 -0700] "GET /blog/page/3/ HTTP/1.0" 200 66894 "http://www.drug-injury-lawyer.com/blog/page/3/" "Mozilla/5.0 (Windows NT 6.1; Win64; x64) AppleWebKit/537.36 (KHTML, like Gecko) Chrome/103.0.0.0 Safari/537.36" 
217.147.172.67 - - [20/Mar/2026:00:34:44 -0700] "GET /blog/page/3/ HTTP/1.0" 200 66894 "http://www.drug-injury-lawyer.com/blog/page/3/" "Mozilla/5.0 (Windows NT 6.3; Win64; x64) AppleWebKit/537.36 (KHTML, like Gecko) Chrome/103.0.0.0 Safari/537.36" 
91.211.90.240 - - [20/Mar/2026:00:34:44 -0700] "GET /blog/page/3/ HTTP/1.0" 200 66894 "http://www.drug-injury-lawyer.com/blog/page/3/" "Mozilla/5.0 (Windows NT 10.0; Win64; x64) AppleWebKit/537.36 (KHTML, like Gecko) Chrome/103.0.5042.0 Safari/537.36" 
91.211.90.164 - - [20/Mar/2026:00:35:48 -0700] "GET /blog/page/3/ HTTP/1.0" 200 66894 "http://www.drug-injury-lawyer.com/blog/page/3/" "Mozilla/5.0 (Windows NT 10.0; WOW64) AppleWebKit/537.36 (KHTML, like Gecko) Chrome/103.0.5060.114 Safari/537.36" 
91.211.90.99 - - [20/Mar/2026:00:35:49 -0700] "GET /blog/page/3/ HTTP/1.0" 200 66894 "http://www.drug-injury-lawyer.com/blog/page/3/" "Mozilla/5.0 (Windows NT 10.0; Win64; x64) AppleWebKit/537.36 (KHTML, like Gecko) Chrome/103.0.0.0 Safari/537.36 OpenWave/97.4.2043.44" 
91.211.90.164 - - [20/Mar/2026:00:35:49 -0700] "GET /blog/page/3/ HTTP/1.0" 200 66894 "http://www.drug-injury-lawyer.com/blog/page/3/" "Mozilla/5.0 (Windows NT 6.1) AppleWebKit/537.36 (KHTML, like Gecko) Chrome/103.0.0.0 Safari/537.36" 
91.211.90.99 - - [20/Mar/2026:00:35:49 -0700] "GET /blog/page/3/ HTTP/1.0" 200 66894 "http://www.drug-injury-lawyer.com/blog/page/3/" "Mozilla/5.0 (Windows NT 6.1; WOW64) AppleWebKit/537.36 (KHTML, like Gecko) Chrome/103.0.0.0 Safari/537.36" 
173.236.217.44 - - [20/Mar/2026:00:35:50 -0700] "POST /wp-cron.php?doing_wp_cron=1773992150.4457390308380126953125 HTTP/1.1" 200 283 "-" "WordPress/6.8.5; https://www.drug-injury-lawyer.com" 
91.211.90.179 - - [20/Mar/2026:00:35:50 -0700] "GET /blog/page/3/ HTTP/1.0" 200 66894 "http://www.drug-injury-lawyer.com/blog/page/3/" "Mozilla/5.0 (Windows NT 6.1; Win64; x64) AppleWebKit/537.36 (KHTML, like Gecko) Chrome/103.0.0.0 Safari/537.36" 
91.211.90.69 - - [20/Mar/2026:00:37:14 -0700] "GET /blog/page/3/ HTTP/1.0" 200 66894 "http://www.drug-injury-lawyer.com/blog/page/3/" "Mozilla/5.0 (Windows NT 6.1; Win64; x64) AppleWebKit/537.36 (KHTML, like Gecko) Chrome/103.0.5060.66 Safari/537.36" 
91.211.90.117 - - [20/Mar/2026:00:37:19 -0700] "GET /blog/page/3/ HTTP/1.0" 200 66894 "http://www.drug-injury-lawyer.com/blog/page/3/" "Mozilla/5.0 (Windows NT 6.3; WOW64) AppleWebKit/537.36 (KHTML, like Gecko) Chrome/103.0.0.0 Safari/537.36" 
91.211.90.228 - - [20/Mar/2026:00:37:32 -0700] "GET /blog/page/3/ HTTP/1.0" 200 66894 "http://www.drug-injury-lawyer.com/blog/page/3/" "Mozilla/5.0 (Windows NT 10.0; Win64; x64) AppleWebKit/537.36 (KHTML, like Gecko) Chrome/103.0.0.0 Safari/537.36 Herring/95.1.8810.11" 
173.236.217.44 - - [20/Mar/2026:00:37:32 -0700] "POST /wp-cron.php?doing_wp_cron=1773992252.2498691082000732421875 HTTP/1.1" 200 283 "-" "WordPress/6.8.5; https://www.drug-injury-lawyer.com" 
91.211.90.158 - - [20/Mar/2026:00:37:33 -0700] "GET /blog/page/3/ HTTP/1.0" 200 66894 "http://www.drug-injury-lawyer.com/blog/page/3/" "Mozilla/5.0 (Windows NT 10.0) AppleWebKit/537.36 (KHTML, like Gecko) Chrome/103.0.0.0 Safari/537.36" 
66.249.64.14 - - [20/Mar/2026:00:37:38 -0700] "GET /item/u107/39789/ HTTP/1.1" 500 3198 "-" "Mozilla/5.0 (Linux; Android 6.0.1; Nexus 5X Build/MMB29P) AppleWebKit/537.36 (KHTML, like Gecko) Chrome/145.0.7632.159 Mobile Safari/537.36 (compatible; Googlebot/2.1; +http://www.google.com/bot.html)" 
107.20.105.74 - - [20/Mar/2026:00:37:54 -0700] "HEAD / HTTP/1.1" 301 197 "-" "DreamHost SiteMonitor 1.0" 
107.20.105.74 - - [20/Mar/2026:00:37:54 -0700] "HEAD / HTTP/1.1" 301 385 "http://173.236.217.44" "DreamHost SiteMonitor 1.0" 
91.211.90.231 - - [20/Mar/2026:00:40:46 -0700] "GET /blog/page/3/ HTTP/1.0" 200 66894 "http://www.drug-injury-lawyer.com/blog/page/3/" "Mozilla/5.0 (Windows NT 6.3; Win64; x64) AppleWebKit/537.36 (KHTML, like Gecko) Chrome/103.0.5060.114 Safari/537.36" 
91.211.90.228 - - [20/Mar/2026:00:40:47 -0700] "GET /blog/page/3/ HTTP/1.0" 200 66894 "http://www.drug-injury-lawyer.com/blog/page/3/" "Mozilla/5.0 (Windows NT 6.3; Win64; x64) AppleWebKit/537.36 (KHTML, like Gecko) Chrome/103.0.5060.114 Safari/537.36" 
107.20.105.74 - - [20/Mar/2026:00:42:54 -0700] "HEAD / HTTP/1.1" 301 197 "-" "DreamHost SiteMonitor 1.0" 
107.20.105.74 - - [20/Mar/2026:00:42:54 -0700] "HEAD / HTTP/1.1" 301 385 "http://173.236.217.44" "DreamHost SiteMonitor 1.0" 
91.211.90.169 - - [20/Mar/2026:00:44:25 -0700] "GET /blog/page/3/ HTTP/1.0" 200 66894 "http://www.drug-injury-lawyer.com/blog/page/3/" "Mozilla/5.0 (Windows NT 6.1) AppleWebKit/537.36 (KHTML, like Gecko) Chrome/103.0.0.0 Safari/537.36" 
91.211.90.117 - - [20/Mar/2026:00:44:29 -0700] "GET /blog/page/3/ HTTP/1.0" 200 66894 "http://www.drug-injury-lawyer.com/blog/page/3/" "Mozilla/5.0 (Windows NT 6.1; WOW64) AppleWebKit/537.36 (KHTML, like Gecko) Chrome/103.0.0.0 Safari/537.36" 
91.211.90.208 - - [20/Mar/2026:00:47:22 -0700] "GET /blog/page/3/ HTTP/1.0" 200 66894 "http://www.drug-injury-lawyer.com/blog/page/3/" "Mozilla/5.0 (Windows NT 6.1; Win64; x64) AppleWebKit/537.36 (KHTML, like Gecko) Chrome/103.0.5060.66 Safari/537.36" 
91.211.90.169 - - [20/Mar/2026:00:47:22 -0700] "GET /blog/page/3/ HTTP/1.0" 200 66894 "http://www.drug-injury-lawyer.com/blog/page/3/" "Mozilla/5.0 (Windows NT 6.3; Win64; x64) AppleWebKit/537.36 (KHTML, like Gecko) Chrome/103.0.5060.114 Safari/537.36" 
107.20.105.74 - - [20/Mar/2026:00:47:54 -0700] "HEAD / HTTP/1.1" 301 197 "-" "DreamHost SiteMonitor 1.0" 
107.20.105.74 - - [20/Mar/2026:00:47:54 -0700] "HEAD / HTTP/1.1" 301 385 "http://173.236.217.44" "DreamHost SiteMonitor 1.0" 
87.121.84.97 - - [20/Mar/2026:00:52:50 -0700] "GET /assets/jQuery-File-Upload/server/php/index.php?file=tf2rghf.jpg HTTP/1.1" 301 623 "-" "ALittle Client" 
107.20.105.74 - - [20/Mar/2026:00:52:54 -0700] "HEAD / HTTP/1.1" 301 197 "-" "DreamHost SiteMonitor 1.0" 
107.20.105.74 - - [20/Mar/2026:00:52:54 -0700] "HEAD / HTTP/1.1" 301 385 "http://173.236.217.44" "DreamHost SiteMonitor 1.0" 
87.121.84.97 - - [20/Mar/2026:00:53:39 -0700] "GET /assets/jQuery-File-Upload/server/php/index.php?file=tf2rghf.jpg HTTP/1.1" 301 480 "-" "ALittle Client" 
173.236.217.44 - - [20/Mar/2026:00:53:39 -0700] "POST /wp-cron.php?doing_wp_cron=1773993219.9499289989471435546875 HTTP/1.1" 200 283 "-" "WordPress/6.8.5; https://www.drug-injury-lawyer.com" 
87.121.84.97 - - [20/Mar/2026:00:54:38 -0700] "GET /assets/jQuery-File-Upload/server/php/?file=tf2rghf.jpg HTTP/1.1" 500 1401 "-" "ALittle Client" 
107.20.105.74 - - [20/Mar/2026:00:57:54 -0700] "HEAD / HTTP/1.1" 301 197 "-" "DreamHost SiteMonitor 1.0" 
107.20.105.74 - - [20/Mar/2026:00:57:54 -0700] "HEAD / HTTP/1.1" 301 385 "http://173.236.217.44" "DreamHost SiteMonitor 1.0" 
45.156.158.210 - - [20/Mar/2026:00:59:06 -0700] "GET /blog/page/3/ HTTP/1.0" 200 66894 "http://www.drug-injury-lawyer.com/blog/page/3/" "Mozilla/5.0 (Windows NT 6.3; Win64; x64) AppleWebKit/537.36 (KHTML, like Gecko) Chrome/103.0.5060.66 Safari/537.36" 
45.156.158.210 - - [20/Mar/2026:00:59:06 -0700] "GET /blog/page/3/ HTTP/1.0" 200 66894 "http://www.drug-injury-lawyer.com/blog/page/3/" "Mozilla/5.0 (Windows NT 6.1; Win64; x64) AppleWebKit/537.36 (KHTML, like Gecko) Chrome/103.0.0.0 Safari/537.36" 
45.156.158.225 - - [20/Mar/2026:00:59:44 -0700] "GET /blog/page/3/ HTTP/1.0" 200 66894 "http://www.drug-injury-lawyer.com/blog/page/3/" "Mozilla/5.0 (Windows NT 6.1) AppleWebKit/537.36 (KHTML, like Gecko) Chrome/103.0.5060.114 Safari/537.36" 
45.156.158.225 - - [20/Mar/2026:00:59:44 -0700] "GET /blog/page/3/ HTTP/1.0" 200 66894 "http://www.drug-injury-lawyer.com/blog/page/3/" "Mozilla/5.0 (Windows NT 6.2; Win64; x64) AppleWebKit/537.36 (KHTML, like Gecko) Chrome/103.0.0.0 Safari/537.36" 
173.236.217.44 - - [20/Mar/2026:00:59:44 -0700] "POST /wp-cron.php?doing_wp_cron=1773993584.2253301143646240234375 HTTP/1.1" 200 283 "-" "WordPress/6.8.5; https://www.drug-injury-lawyer.com" 
91.211.90.244 - - [20/Mar/2026:00:59:53 -0700] "GET /blog/page/3/ HTTP/1.0" 200 66894 "http://www.drug-injury-lawyer.com/blog/page/3/" "Mozilla/5.0 (Windows NT 10.0; WOW64) AppleWebKit/537.36 (KHTML, like Gecko) Chrome/103.0.0.0 Safari/537.36" 
91.211.90.244 - - [20/Mar/2026:00:59:54 -0700] "GET /blog/page/3/ HTTP/1.0" 200 66894 "http://www.drug-injury-lawyer.com/blog/page/3/" "Mozilla/5.0 (Windows NT 6.1; WOW64) AppleWebKit/537.36 (KHTML, like Gecko) Chrome/103.0.0.0 Safari/537.36" 
91.211.90.168 - - [20/Mar/2026:01:00:32 -0700] "GET /blog/page/3/ HTTP/1.0" 200 66894 "http://www.drug-injury-lawyer.com/blog/page/3/" "Mozilla/5.0 (Windows NT 10.0) AppleWebKit/537.36 (KHTML, like Gecko) Chrome/103.0.0.0 Safari/537.36" 
91.211.90.168 - - [20/Mar/2026:01:00:32 -0700] "GET /blog/page/3/ HTTP/1.0" 200 66894 "http://www.drug-injury-lawyer.com/blog/page/3/" "Mozilla/5.0 (Windows NT 6.1; Win64; x64) AppleWebKit/537.36 (KHTML, like Gecko) Chrome/103.0.5060.66 Safari/537.36" 
173.236.217.44 - - [20/Mar/2026:01:00:32 -0700] "POST /wp-cron.php?doing_wp_cron=1773993632.3619339466094970703125 HTTP/1.1" 200 283 "-" "WordPress/6.8.5; https://www.drug-injury-lawyer.com" 
217.147.172.240 - - [20/Mar/2026:01:00:50 -0700] "GET /blog/page/3/ HTTP/1.0" 200 66894 "http://www.drug-injury-lawyer.com/blog/page/3/" "Mozilla/5.0 (Windows NT 10.0; Win64; x64) AppleWebKit/537.36 (KHTML, like Gecko) Chrome/103.0.0.0 Safari/537.36 OpenWave/97.4.2043.44" 
217.147.172.240 - - [20/Mar/2026:01:00:50 -0700] "GET /blog/page/3/ HTTP/1.0" 200 66894 "http://www.drug-injury-lawyer.com/blog/page/3/" "Mozilla/5.0 (Windows NT 6.3; Win64; x64) AppleWebKit/537.36 (KHTML, like Gecko) Chrome/103.0.5060.53 Safari/537.36" 
173.236.217.44 - - [20/Mar/2026:01:00:50 -0700] "POST /wp-cron.php?doing_wp_cron=1773993650.8296239376068115234375 HTTP/1.1" 200 283 "-" "WordPress/6.8.5; https://www.drug-injury-lawyer.com" 
173.236.217.44 - - [20/Mar/2026:01:00:50 -0700] "POST /wp-cron.php?doing_wp_cron=1773993650.8297400474548339843750 HTTP/1.1" 200 283 "-" "WordPress/6.8.5; https://www.drug-injury-lawyer.com" 
91.211.90.206 - - [20/Mar/2026:01:01:25 -0700] "GET /blog/page/3/ HTTP/1.0" 200 66894 "http://www.drug-injury-lawyer.com/blog/page/3/" "Mozilla/5.0 (Windows NT 6.1) AppleWebKit/537.36 (KHTML, like Gecko) Chrome/103.0.5060.114 Safari/537.36" 
107.20.105.74 - - [20/Mar/2026:01:02:54 -0700] "HEAD / HTTP/1.1" 301 197 "-" "DreamHost SiteMonitor 1.0" 
107.20.105.74 - - [20/Mar/2026:01:02:54 -0700] "HEAD / HTTP/1.1" 301 385 "http://173.236.217.44" "DreamHost SiteMonitor 1.0" 
217.147.172.96 - - [20/Mar/2026:01:04:31 -0700] "GET /blog/page/3/ HTTP/1.0" 200 66894 "http://www.drug-injury-lawyer.com/blog/page/3/" "Mozilla/5.0 (Windows NT 10.0; Win64; x64) AppleWebKit/537.36 (KHTML, like Gecko) Chrome/103.0.0.0 Safari/537.36" 
217.147.172.96 - - [20/Mar/2026:01:04:31 -0700] "GET /blog/page/3/ HTTP/1.0" 200 66894 "http://www.drug-injury-lawyer.com/blog/page/3/" "Mozilla/5.0 (Windows NT 6.3; Win64; x64) AppleWebKit/537.36 (KHTML, like Gecko) Chrome/103.0.5060.66 Safari/537.36" 
173.236.217.44 - - [20/Mar/2026:01:04:32 -0700] "POST /wp-cron.php?doing_wp_cron=1773993872.1912560462951660156250 HTTP/1.1" 200 283 "-" "WordPress/6.8.5; https://www.drug-injury-lawyer.com" 
217.147.172.11 - - [20/Mar/2026:01:04:35 -0700] "GET /blog/page/3/ HTTP/1.0" 200 66894 "http://www.drug-injury-lawyer.com/blog/page/3/" "Mozilla/5.0 (Windows NT 10.0) AppleWebKit/537.36 (KHTML, like Gecko) Chrome/103.0.0.0 Safari/537.36" 
45.156.158.88 - - [20/Mar/2026:01:04:36 -0700] "GET /blog/page/3/ HTTP/1.0" 200 66894 "http://www.drug-injury-lawyer.com/blog/page/3/" "Mozilla/5.0 (Windows NT 6.1; WOW64) AppleWebKit/537.36 (KHTML, like Gecko) Chrome/103.0.0.0 Safari/537.36" 
45.156.158.88 - - [20/Mar/2026:01:04:36 -0700] "GET /blog/page/3/ HTTP/1.0" 200 66894 "http://www.drug-injury-lawyer.com/blog/page/3/" "Mozilla/5.0 (Windows NT 6.2; Win64; x64) AppleWebKit/537.36 (KHTML, like Gecko) Chrome/103.0.0.0 Safari/537.36" 
217.147.172.11 - - [20/Mar/2026:01:04:36 -0700] "GET /blog/page/3/ HTTP/1.0" 200 66894 "http://www.drug-injury-lawyer.com/blog/page/3/" "Mozilla/5.0 (Windows NT 6.1; Win64; x64) AppleWebKit/537.36 (KHTML, like Gecko) Chrome/103.0.5060.66 Safari/537.36" 
2.59.221.46 - - [20/Mar/2026:01:04:51 -0700] "GET /blog/page/3/ HTTP/1.0" 200 66894 "http://www.drug-injury-lawyer.com/blog/page/3/" "Mozilla/5.0 (Windows NT 6.3; WOW64) AppleWebKit/537.36 (KHTML, like Gecko) Chrome/103.0.5060.114 Safari/537.36" 
2.59.221.46 - - [20/Mar/2026:01:04:51 -0700] "GET /blog/page/3/ HTTP/1.0" 200 66894 "http://www.drug-injury-lawyer.com/blog/page/3/" "Mozilla/5.0 (Windows NT 6.3; Win64; x64) AppleWebKit/537.36 (KHTML, like Gecko) Chrome/103.0.5060.53 Safari/537.36" 
173.236.217.44 - - [20/Mar/2026:01:05:32 -0700] "POST /wp-cron.php?doing_wp_cron=1773993932.6247169971466064453125 HTTP/1.1" 200 283 "-" "WordPress/6.8.5; https://www.drug-injury-lawyer.com" 
217.147.172.214 - - [20/Mar/2026:01:05:32 -0700] "GET /blog/page/3/ HTTP/1.0" 200 66894 "http://www.drug-injury-lawyer.com/blog/page/3/" "Mozilla/5.0 (Windows NT 6.3; WOW64) AppleWebKit/537.36 (KHTML, like Gecko) Chrome/103.0.0.0 Safari/537.36" 
217.147.172.214 - - [20/Mar/2026:01:05:32 -0700] "GET /blog/page/3/ HTTP/1.0" 200 66894 "http://www.drug-injury-lawyer.com/blog/page/3/" "Mozilla/5.0 (Windows NT 10.0; WOW64) AppleWebKit/537.36 (KHTML, like Gecko) Chrome/103.0.0.0 Safari/537.36" 
173.236.217.44 - - [20/Mar/2026:01:05:47 -0700] "POST /wp-cron.php?doing_wp_cron=1773993947.2470118999481201171875 HTTP/1.1" 200 283 "-" "WordPress/6.8.5; https://www.drug-injury-lawyer.com" 
185.237.106.243 - - [20/Mar/2026:01:05:47 -0700] "GET /blog/page/3/ HTTP/1.0" 200 66894 "http://www.drug-injury-lawyer.com/blog/page/3/" "Mozilla/5.0 (Windows NT 6.3; Win64; x64) AppleWebKit/537.36 (KHTML, like Gecko) Chrome/103.0.5060.53 Safari/537.36" 
45.156.158.83 - - [20/Mar/2026:01:06:04 -0700] "GET /blog/page/3/ HTTP/1.0" 200 66894 "http://www.drug-injury-lawyer.com/blog/page/3/" "Mozilla/5.0 (Windows NT 6.1) AppleWebKit/537.36 (KHTML, like Gecko) Chrome/103.0.0.0 Safari/537.36" 
45.156.158.83 - - [20/Mar/2026:01:06:04 -0700] "GET /blog/page/3/ HTTP/1.0" 200 66894 "http://www.drug-injury-lawyer.com/blog/page/3/" "Mozilla/5.0 (Windows NT 6.1) AppleWebKit/537.36 (KHTML, like Gecko) Chrome/103.0.0.0 Safari/537.36" 
91.211.90.170 - - [20/Mar/2026:01:06:21 -0700] "GET /blog/page/3/ HTTP/1.0" 200 66894 "http://www.drug-injury-lawyer.com/blog/page/3/" "Mozilla/5.0 (Windows NT 10.0; Win64; x64) AppleWebKit/537.36 (KHTML, like Gecko) Chrome/103.0.5060.134 Safari/537.36" 
91.211.90.170 - - [20/Mar/2026:01:06:21 -0700] "GET /blog/page/3/ HTTP/1.0" 200 66894 "http://www.drug-injury-lawyer.com/blog/page/3/" "Mozilla/5.0 (Windows NT 10.0; Win64; x64) AppleWebKit/537.36 (KHTML, like Gecko) Chrome/103.0.5060.53 Safari/537.36" 
217.147.172.209 - - [20/Mar/2026:01:06:30 -0700] "GET /blog/page/3/ HTTP/1.0" 200 66894 "http://www.drug-injury-lawyer.com/blog/page/3/" "Mozilla/5.0 (Windows NT 10.0) AppleWebKit/537.36 (KHTML, like Gecko) Chrome/103.0.0.0 Safari/537.36" 
45.156.158.75 - - [20/Mar/2026:01:06:42 -0700] "GET /blog/page/3/ HTTP/1.0" 200 66894 "http://www.drug-injury-lawyer.com/blog/page/3/" "Mozilla/5.0 (Windows NT 10.0; Win64; x64) AppleWebKit/537.36 (KHTML, like Gecko) Chrome/103.0.5060.66 Safari/537.36" 
173.236.217.44 - - [20/Mar/2026:01:06:42 -0700] "POST /wp-cron.php?doing_wp_cron=1773994002.0175681114196777343750 HTTP/1.1" 200 283 "-" "WordPress/6.8.5; https://www.drug-injury-lawyer.com" 
91.211.90.186 - - [20/Mar/2026:01:06:41 -0700] "GET /blog/page/3/ HTTP/1.0" 200 66894 "http://www.drug-injury-lawyer.com/blog/page/3/" "Mozilla/5.0 (Windows NT 6.1) AppleWebKit/537.36 (KHTML, like Gecko) Chrome/103.0.0.0 Safari/537.36" 
45.156.158.216 - - [20/Mar/2026:01:06:53 -0700] "GET /blog/page/3/ HTTP/1.0" 200 66894 "http://www.drug-injury-lawyer.com/blog/page/3/" "Mozilla/5.0 (Windows NT 10.0; Win64; x64) AppleWebKit/537.36 (KHTML, like Gecko) Chrome/103.0.5060.114 Safari/537.36" 
91.211.90.240 - - [20/Mar/2026:01:06:58 -0700] "GET /blog/page/3/ HTTP/1.0" 200 66894 "http://www.drug-injury-lawyer.com/blog/page/3/" "Mozilla/5.0 (Windows NT 6.1) AppleWebKit/537.36 (KHTML, like Gecko) Chrome/103.0.5060.114 Safari/537.36" 
173.236.217.44 - - [20/Mar/2026:01:07:46 -0700] "POST /wp-cron.php?doing_wp_cron=1773994066.4807438850402832031250 HTTP/1.1" 200 283 "-" "WordPress/6.8.5; https://www.drug-injury-lawyer.com" 
91.211.90.69 - - [20/Mar/2026:01:07:46 -0700] "GET /blog/page/3/ HTTP/1.0" 200 66894 "http://www.drug-injury-lawyer.com/blog/page/3/" "Mozilla/5.0 (Windows NT 10.0; Win64; x64) AppleWebKit/537.36 (KHTML, like Gecko) Chrome/103.0.0.0 Safari/537.36 Herring/95.1.8810.11" 
107.20.105.74 - - [20/Mar/2026:01:07:54 -0700] "HEAD / HTTP/1.1" 301 197 "-" "DreamHost SiteMonitor 1.0" 
107.20.105.74 - - [20/Mar/2026:01:07:54 -0700] "HEAD / HTTP/1.1" 301 385 "http://173.236.217.44" "DreamHost SiteMonitor 1.0" 
91.211.90.158 - - [20/Mar/2026:01:10:45 -0700] "GET /blog/page/3/ HTTP/1.0" 200 66894 "http://www.drug-injury-lawyer.com/blog/page/3/" "Mozilla/5.0 (Windows NT 6.1; Win64; x64) AppleWebKit/537.36 (KHTML, like Gecko) Chrome/103.0.0.0 Safari/537.36" 
173.236.217.44 - - [20/Mar/2026:01:10:46 -0700] "POST /wp-cron.php?doing_wp_cron=1773994246.6038260459899902343750 HTTP/1.1" 200 283 "-" "WordPress/6.8.5; https://www.drug-injury-lawyer.com" 
91.211.90.208 - - [20/Mar/2026:01:11:04 -0700] "GET /blog/page/3/ HTTP/1.0" 200 66894 "http://www.drug-injury-lawyer.com/blog/page/3/" "Mozilla/5.0 (Windows NT 6.3; Win64; x64) AppleWebKit/537.36 (KHTML, like Gecko) Chrome/103.0.5060.114 Safari/537.36" 
45.156.158.223 - - [20/Mar/2026:01:11:51 -0700] "GET /blog/page/3/ HTTP/1.0" 200 66894 "http://www.drug-injury-lawyer.com/blog/page/3/" "Mozilla/5.0 (Windows NT 10.0; Win64; x64) AppleWebKit/537.36 (KHTML, like Gecko) Chrome/103.0.5060.53 Safari/537.36" 
173.236.217.44 - - [20/Mar/2026:01:11:52 -0700] "POST /wp-cron.php?doing_wp_cron=1773994311.9132859706878662109375 HTTP/1.1" 200 283 "-" "WordPress/6.8.5; https://www.drug-injury-lawyer.com" 
45.156.158.223 - - [20/Mar/2026:01:11:52 -0700] "GET /blog/page/3/ HTTP/1.0" 200 66894 "http://www.drug-injury-lawyer.com/blog/page/3/" "Mozilla/5.0 (Windows NT 10.0; Win64; x64) AppleWebKit/537.36 (KHTML, like Gecko) Chrome/103.0.5060.114 Safari/537.36" 
107.20.105.74 - - [20/Mar/2026:01:12:54 -0700] "HEAD / HTTP/1.1" 301 197 "-" "DreamHost SiteMonitor 1.0" 
107.20.105.74 - - [20/Mar/2026:01:12:54 -0700] "HEAD / HTTP/1.1" 301 385 "http://173.236.217.44" "DreamHost SiteMonitor 1.0" 
173.236.217.44 - - [20/Mar/2026:01:12:55 -0700] "POST /wp-cron.php?doing_wp_cron=1773994375.0201590061187744140625 HTTP/1.1" 200 283 "-" "WordPress/6.8.5; https://www.drug-injury-lawyer.com" 
91.211.90.247 - - [20/Mar/2026:01:13:47 -0700] "GET /blog/page/3/ HTTP/1.0" 200 66894 "http://www.drug-injury-lawyer.com/blog/page/3/" "Mozilla/5.0 (Windows NT 10.0; Win64; x64) AppleWebKit/537.36 (KHTML, like Gecko) Chrome/103.0.5060.66 Safari/537.36" 
173.236.217.44 - - [20/Mar/2026:01:13:48 -0700] "POST /wp-cron.php?doing_wp_cron=1773994427.9129760265350341796875 HTTP/1.1" 200 283 "-" "WordPress/6.8.5; https://www.drug-injury-lawyer.com" 
91.211.90.247 - - [20/Mar/2026:01:13:48 -0700] "GET /blog/page/3/ HTTP/1.0" 200 66894 "http://www.drug-injury-lawyer.com/blog/page/3/" "Mozilla/5.0 (Windows NT 10.0) AppleWebKit/537.36 (KHTML, like Gecko) Chrome/103.0.0.0 Safari/537.36" 
107.20.105.74 - - [20/Mar/2026:01:17:54 -0700] "HEAD / HTTP/1.1" 301 197 "-" "DreamHost SiteMonitor 1.0" 
107.20.105.74 - - [20/Mar/2026:01:17:54 -0700] "HEAD / HTTP/1.1" 301 385 "http://173.236.217.44" "DreamHost SiteMonitor 1.0" 
173.236.217.44 - - [20/Mar/2026:01:17:55 -0700] "POST /wp-cron.php?doing_wp_cron=1773994675.7473289966583251953125 HTTP/1.1" 200 283 "-" "WordPress/6.8.5; https://www.drug-injury-lawyer.com" 
185.237.106.243 - - [20/Mar/2026:01:20:57 -0700] "GET /blog/page/3/ HTTP/1.0" 200 66894 "http://www.drug-injury-lawyer.com/blog/page/3/" "Mozilla/5.0 (Windows NT 10.0; Win64; x64) AppleWebKit/537.36 (KHTML, like Gecko) Chrome/103.0.5042.0 Safari/537.36" 
217.147.172.206 - - [20/Mar/2026:01:21:13 -0700] "GET /blog/page/3/ HTTP/1.0" 200 66894 "http://www.drug-injury-lawyer.com/blog/page/3/" "Mozilla/5.0 (Windows NT 6.1; WOW64) AppleWebKit/537.36 (KHTML, like Gecko) Chrome/103.0.0.0 Safari/537.36" 
91.211.90.70 - - [20/Mar/2026:01:21:13 -0700] "GET /blog/page/3/ HTTP/1.0" 200 66894 "http://www.drug-injury-lawyer.com/blog/page/3/" "Mozilla/5.0 (Windows NT 10.0; Win64; x64) AppleWebKit/537.36 (KHTML, like Gecko) Chrome/103.0.0.0 Safari/537.36 OpenWave/97.4.2043.44" 
91.211.90.225 - - [20/Mar/2026:01:21:20 -0700] "GET /blog/page/3/ HTTP/1.0" 200 66894 "http://www.drug-injury-lawyer.com/blog/page/3/" "Mozilla/5.0 (Windows NT 6.3; Win64; x64) AppleWebKit/537.36 (KHTML, like Gecko) Chrome/103.0.5060.114 Safari/537.36" 
217.147.172.209 - - [20/Mar/2026:01:21:40 -0700] "GET /blog/page/3/ HTTP/1.0" 200 66894 "http://www.drug-injury-lawyer.com/blog/page/3/" "Mozilla/5.0 (Windows NT 10.0; Win64; x64) AppleWebKit/537.36 (KHTML, like Gecko) Chrome/103.0.0.0 Safari/537.36 OpenWave/97.4.2043.44" 
173.236.217.44 - - [20/Mar/2026:01:21:40 -0700] "POST /wp-cron.php?doing_wp_cron=1773994900.1219189167022705078125 HTTP/1.1" 200 283 "-" "WordPress/6.8.5; https://www.drug-injury-lawyer.com" 
91.211.90.186 - - [20/Mar/2026:01:22:00 -0700] "GET /blog/page/3/ HTTP/1.0" 200 66894 "http://www.drug-injury-lawyer.com/blog/page/3/" "Mozilla/5.0 (Windows NT 10.0; Win64; x64) AppleWebKit/537.36 (KHTML, like Gecko) Chrome/103.0.5060.66 Safari/537.36" 
107.20.105.74 - - [20/Mar/2026:01:22:54 -0700] "HEAD / HTTP/1.1" 301 197 "-" "DreamHost SiteMonitor 1.0" 
173.236.217.44 - - [20/Mar/2026:01:22:55 -0700] "POST /wp-cron.php?doing_wp_cron=1773994975.0249509811401367187500 HTTP/1.1" 200 283 "-" "WordPress/6.8.5; https://www.drug-injury-lawyer.com" 
107.20.105.74 - - [20/Mar/2026:01:22:54 -0700] "HEAD / HTTP/1.1" 301 385 "http://173.236.217.44" "DreamHost SiteMonitor 1.0" 
107.20.105.74 - - [20/Mar/2026:01:27:54 -0700] "HEAD / HTTP/1.1" 301 197 "-" "DreamHost SiteMonitor 1.0" 
107.20.105.74 - - [20/Mar/2026:01:27:54 -0700] "HEAD / HTTP/1.1" 301 385 "http://173.236.217.44" "DreamHost SiteMonitor 1.0" 
66.249.64.14 - - [20/Mar/2026:01:27:58 -0700] "GET /item/u249/47521/ HTTP/1.1" 500 3198 "-" "Mozilla/5.0 (Linux; Android 6.0.1; Nexus 5X Build/MMB29P) AppleWebKit/537.36 (KHTML, like Gecko) Chrome/145.0.7632.159 Mobile Safari/537.36 (compatible; Googlebot/2.1; +http://www.google.com/bot.html)" 
91.211.90.227 - - [20/Mar/2026:01:29:48 -0700] "GET /blog/page/3/ HTTP/1.0" 200 66894 "http://www.drug-injury-lawyer.com/blog/page/3/" "Mozilla/5.0 (Windows NT 10.0; Win64; x64) AppleWebKit/537.36 (KHTML, like Gecko) Chrome/103.0.5060.66 Safari/537.36" 
91.211.90.227 - - [20/Mar/2026:01:29:49 -0700] "GET /blog/page/3/ HTTP/1.0" 200 66894 "http://www.drug-injury-lawyer.com/blog/page/3/" "Mozilla/5.0 (Windows NT 6.3) AppleWebKit/537.36 (KHTML, like Gecko) Chrome/103.0.0.0 Safari/537.36" 
45.156.158.75 - - [20/Mar/2026:01:30:06 -0700] "GET /blog/page/3/ HTTP/1.0" 200 66894 "http://www.drug-injury-lawyer.com/blog/page/3/" "Mozilla/5.0 (Windows NT 6.3; Win64; x64) AppleWebKit/537.36 (KHTML, like Gecko) Chrome/103.0.0.0 Safari/537.36" 
45.156.158.216 - - [20/Mar/2026:01:30:06 -0700] "GET /blog/page/3/ HTTP/1.0" 200 66894 "http://www.drug-injury-lawyer.com/blog/page/3/" "Mozilla/5.0 (Windows NT 10.0; Win64; x64) AppleWebKit/537.36 (KHTML, like Gecko) Chrome/103.0.0.0 Safari/537.36 Herring/95.1.8810.11" 
217.147.172.82 - - [20/Mar/2026:01:30:16 -0700] "GET /blog/page/3/ HTTP/1.0" 200 66894 "http://www.drug-injury-lawyer.com/blog/page/3/" "Mozilla/5.0 (Windows NT 10.0; Win64; x64) AppleWebKit/537.36 (KHTML, like Gecko) Chrome/103.0.5060.66 Safari/537.36" 
217.147.172.235 - - [20/Mar/2026:01:30:28 -0700] "GET /blog/page/3/ HTTP/1.0" 200 66894 "http://www.drug-injury-lawyer.com/blog/page/3/" "Mozilla/5.0 (Windows NT 6.3; Win64; x64) AppleWebKit/537.36 (KHTML, like Gecko) Chrome/103.0.5060.53 Safari/537.36" 
91.211.90.231 - - [20/Mar/2026:01:30:31 -0700] "GET /blog/page/3/ HTTP/1.0" 200 66894 "http://www.drug-injury-lawyer.com/blog/page/3/" "Mozilla/5.0 (Windows NT 6.1) AppleWebKit/537.36 (KHTML, like Gecko) Chrome/103.0.0.0 Safari/537.36" 
91.211.90.88 - - [20/Mar/2026:01:30:34 -0700] "GET /blog/page/3/ HTTP/1.0" 200 66894 "http://www.drug-injury-lawyer.com/blog/page/3/" "Mozilla/5.0 (Windows NT 6.1; Win64; x64) AppleWebKit/537.36 (KHTML, like Gecko) Chrome/103.0.5060.66 Safari/537.36" 
217.147.172.82 - - [20/Mar/2026:01:30:35 -0700] "GET /blog/page/3/ HTTP/1.0" 200 66894 "http://www.drug-injury-lawyer.com/blog/page/3/" "Mozilla/5.0 (Windows NT 6.1; Win64; x64) AppleWebKit/537.36 (KHTML, like Gecko) Chrome/103.0.0.0 Safari/537.36" 
91.211.90.207 - - [20/Mar/2026:01:30:35 -0700] "GET /blog/page/3/ HTTP/1.0" 200 66894 "http://www.drug-injury-lawyer.com/blog/page/3/" "Mozilla/5.0 (Windows NT 6.3; Win64; x64) AppleWebKit/537.36 (KHTML, like Gecko) Chrome/103.0.5060.53 Safari/537.36" 
91.211.90.207 - - [20/Mar/2026:01:30:35 -0700] "GET /blog/page/3/ HTTP/1.0" 200 66894 "http://www.drug-injury-lawyer.com/blog/page/3/" "Mozilla/5.0 (Windows NT 6.3; Win64; x64) AppleWebKit/537.36 (KHTML, like Gecko) Chrome/103.0.0.0 Safari/537.36" 
91.211.90.206 - - [20/Mar/2026:01:31:59 -0700] "GET /blog/page/3/ HTTP/1.0" 200 66894 "http://www.drug-injury-lawyer.com/blog/page/3/" "Mozilla/5.0 (Windows NT 6.3; Win64; x64) AppleWebKit/537.36 (KHTML, like Gecko) Chrome/103.0.5060.114 Safari/537.36" 
107.20.105.74 - - [20/Mar/2026:01:32:54 -0700] "HEAD / HTTP/1.1" 301 197 "-" "DreamHost SiteMonitor 1.0" 
107.20.105.74 - - [20/Mar/2026:01:32:54 -0700] "HEAD / HTTP/1.1" 301 385 "http://173.236.217.44" "DreamHost SiteMonitor 1.0" 
217.147.172.235 - - [20/Mar/2026:01:34:30 -0700] "GET /blog/page/3/ HTTP/1.0" 200 66894 "http://www.drug-injury-lawyer.com/blog/page/3/" "Mozilla/5.0 (Windows NT 6.3; Win64; x64) AppleWebKit/537.36 (KHTML, like Gecko) Chrome/103.0.5060.114 Safari/537.36" 
173.236.217.44 - - [20/Mar/2026:01:34:31 -0700] "POST /wp-cron.php?doing_wp_cron=1773995671.4403259754180908203125 HTTP/1.1" 200 283 "-" "WordPress/6.8.5; https://www.drug-injury-lawyer.com" 
45.156.158.163 - - [20/Mar/2026:01:35:22 -0700] "GET /blog/page/3/ HTTP/1.0" 200 66894 "http://www.drug-injury-lawyer.com/blog/page/3/" "Mozilla/5.0 (Windows NT 10.0; Win64; x64) AppleWebKit/537.36 (KHTML, like Gecko) Chrome/103.0.0.0 Safari/537.36 OpenWave/97.4.2043.44" 
45.156.158.163 - - [20/Mar/2026:01:35:22 -0700] "GET /blog/page/3/ HTTP/1.0" 200 66894 "http://www.drug-injury-lawyer.com/blog/page/3/" "Mozilla/5.0 (Windows NT 6.1; Win64; x64) AppleWebKit/537.36 (KHTML, like Gecko) Chrome/103.0.5060.114 Safari/537.36" 
107.20.105.74 - - [20/Mar/2026:01:37:54 -0700] "HEAD / HTTP/1.1" 301 197 "-" "DreamHost SiteMonitor 1.0" 
107.20.105.74 - - [20/Mar/2026:01:37:54 -0700] "HEAD / HTTP/1.1" 301 385 "http://173.236.217.44" "DreamHost SiteMonitor 1.0" 
91.211.90.70 - - [20/Mar/2026:01:39:59 -0700] "GET /blog/page/3/ HTTP/1.0" 200 66894 "http://www.drug-injury-lawyer.com/blog/page/3/" "Mozilla/5.0 (Windows NT 10.0; Win64; x64) AppleWebKit/537.36 (KHTML, like Gecko) Chrome/103.0.5060.114 Safari/537.36" 
45.156.158.249 - - [20/Mar/2026:01:40:24 -0700] "GET /blog/page/3/ HTTP/1.0" 200 66894 "http://www.drug-injury-lawyer.com/blog/page/3/" "Mozilla/5.0 (Windows NT 6.3; Win64; x64) AppleWebKit/537.36 (KHTML, like Gecko) Chrome/103.0.5060.114 Safari/537.36" 
45.156.158.249 - - [20/Mar/2026:01:40:24 -0700] "GET /blog/page/3/ HTTP/1.0" 200 66894 "http://www.drug-injury-lawyer.com/blog/page/3/" "Mozilla/5.0 (Windows NT 10.0; Win64; x64) AppleWebKit/537.36 (KHTML, like Gecko) Chrome/103.0.0.0 Safari/537.36 Herring/95.1.8810.11" 
217.147.172.67 - - [20/Mar/2026:01:40:36 -0700] "GET /blog/page/3/ HTTP/1.0" 200 66894 "http://www.drug-injury-lawyer.com/blog/page/3/" "Mozilla/5.0 (Windows NT 10.0; Win64; x64) AppleWebKit/537.36 (KHTML, like Gecko) Chrome/103.0.5060.114 Safari/537.36" 
91.211.90.113 - - [20/Mar/2026:01:40:46 -0700] "GET /blog/page/3/ HTTP/1.0" 200 66894 "http://www.drug-injury-lawyer.com/blog/page/3/" "Mozilla/5.0 (Windows NT 6.1; Win64; x64) AppleWebKit/537.36 (KHTML, like Gecko) Chrome/103.0.5060.114 Safari/537.36" 
91.211.90.113 - - [20/Mar/2026:01:40:46 -0700] "GET /blog/page/3/ HTTP/1.0" 200 66894 "http://www.drug-injury-lawyer.com/blog/page/3/" "Mozilla/5.0 (Windows NT 10.0) AppleWebKit/537.36 (KHTML, like Gecko) Chrome/103.0.0.0 Safari/537.36" 
91.211.90.225 - - [20/Mar/2026:01:40:49 -0700] "GET /blog/page/3/ HTTP/1.0" 200 66894 "http://www.drug-injury-lawyer.com/blog/page/3/" "Mozilla/5.0 (Windows NT 10.0; Win64; x64) AppleWebKit/537.36 (KHTML, like Gecko) Chrome/103.0.5060.134 Safari/537.36" 
91.211.90.88 - - [20/Mar/2026:01:41:15 -0700] "GET /blog/page/3/ HTTP/1.0" 200 66894 "http://www.drug-injury-lawyer.com/blog/page/3/" "Mozilla/5.0 (Windows NT 6.3; Win64; x64) AppleWebKit/537.36 (KHTML, like Gecko) Chrome/103.0.0.0 Safari/537.36" 
107.20.105.74 - - [20/Mar/2026:01:42:54 -0700] "HEAD / HTTP/1.1" 301 197 "-" "DreamHost SiteMonitor 1.0" 
107.20.105.74 - - [20/Mar/2026:01:42:54 -0700] "HEAD / HTTP/1.1" 301 385 "http://173.236.217.44" "DreamHost SiteMonitor 1.0" 
217.147.172.67 - - [20/Mar/2026:01:43:26 -0700] "GET /blog/page/3/ HTTP/1.0" 200 66894 "http://www.drug-injury-lawyer.com/blog/page/3/" "Mozilla/5.0 (Windows NT 6.1; Win64; x64) AppleWebKit/537.36 (KHTML, like Gecko) Chrome/103.0.0.0 Safari/537.36" 
91.211.90.240 - - [20/Mar/2026:01:43:32 -0700] "GET /blog/page/3/ HTTP/1.0" 200 66894 "http://www.drug-injury-lawyer.com/blog/page/3/" "Mozilla/5.0 (Windows NT 6.3; WOW64) AppleWebKit/537.36 (KHTML, like Gecko) Chrome/103.0.0.0 Safari/537.36" 
173.236.217.44 - - [20/Mar/2026:01:43:32 -0700] "POST /wp-cron.php?doing_wp_cron=1773996212.0962650775909423828125 HTTP/1.1" 200 283 "-" "WordPress/6.8.5; https://www.drug-injury-lawyer.com" 
107.20.105.74 - - [20/Mar/2026:01:47:54 -0700] "HEAD / HTTP/1.1" 301 197 "-" "DreamHost SiteMonitor 1.0" 
107.20.105.74 - - [20/Mar/2026:01:47:54 -0700] "HEAD / HTTP/1.1" 301 385 "http://173.236.217.44" "DreamHost SiteMonitor 1.0" 
91.211.90.179 - - [20/Mar/2026:01:48:10 -0700] "GET /blog/page/3/ HTTP/1.0" 200 66894 "http://www.drug-injury-lawyer.com/blog/page/3/" "Mozilla/5.0 (Windows NT 6.1) AppleWebKit/537.36 (KHTML, like Gecko) Chrome/103.0.0.0 Safari/537.36" 
91.211.90.99 - - [20/Mar/2026:01:48:11 -0700] "GET /blog/page/3/ HTTP/1.0" 200 66894 "http://www.drug-injury-lawyer.com/blog/page/3/" "Mozilla/5.0 (Windows NT 10.0; Win64; x64) AppleWebKit/537.36 (KHTML, like Gecko) Chrome/103.0.5060.66 Safari/537.36" 
91.211.90.99 - - [20/Mar/2026:01:48:11 -0700] "GET /blog/page/3/ HTTP/1.0" 200 66894 "http://www.drug-injury-lawyer.com/blog/page/3/" "Mozilla/5.0 (Windows NT 10.0; Win64; x64) AppleWebKit/537.36 (KHTML, like Gecko) Chrome/103.0.0.0 Safari/537.36" 
91.211.90.179 - - [20/Mar/2026:01:48:15 -0700] "GET /blog/page/3/ HTTP/1.0" 200 66894 "http://www.drug-injury-lawyer.com/blog/page/3/" "Mozilla/5.0 (Windows NT 6.2; Win64; x64) AppleWebKit/537.36 (KHTML, like Gecko) Chrome/103.0.0.0 Safari/537.36" 
91.211.90.164 - - [20/Mar/2026:01:48:20 -0700] "GET /blog/page/3/ HTTP/1.0" 200 66894 "http://www.drug-injury-lawyer.com/blog/page/3/" "Mozilla/5.0 (Windows NT 10.0; Win64; x64) AppleWebKit/537.36 (KHTML, like Gecko) Chrome/103.0.0.0 Safari/537.36" 
91.211.90.164 - - [20/Mar/2026:01:48:21 -0700] "GET /blog/page/3/ HTTP/1.0" 200 66894 "http://www.drug-injury-lawyer.com/blog/page/3/" "Mozilla/5.0 (Windows NT 10.0; Win64; x64) AppleWebKit/537.36 (KHTML, like Gecko) Chrome/103.0.5060.66 Safari/537.36" 
91.211.90.69 - - [20/Mar/2026:01:48:28 -0700] "GET /blog/page/3/ HTTP/1.0" 200 66894 "http://www.drug-injury-lawyer.com/blog/page/3/" "Mozilla/5.0 (Windows NT 6.3; WOW64) AppleWebKit/537.36 (KHTML, like Gecko) Chrome/103.0.5060.114 Safari/537.36" 
91.211.90.228 - - [20/Mar/2026:01:48:36 -0700] "GET /blog/page/3/ HTTP/1.0" 200 66894 "http://www.drug-injury-lawyer.com/blog/page/3/" "Mozilla/5.0 (Windows NT 6.3; Win64; x64) AppleWebKit/537.36 (KHTML, like Gecko) Chrome/103.0.5060.53 Safari/537.36" 
91.211.90.158 - - [20/Mar/2026:01:48:37 -0700] "GET /blog/page/3/ HTTP/1.0" 200 66894 "http://www.drug-injury-lawyer.com/blog/page/3/" "Mozilla/5.0 (Windows NT 10.0; Win64; x64) AppleWebKit/537.36 (KHTML, like Gecko) Chrome/103.0.5060.114 Safari/537.36" 
91.211.90.231 - - [20/Mar/2026:01:49:45 -0700] "GET /blog/page/3/ HTTP/1.0" 200 66894 "http://www.drug-injury-lawyer.com/blog/page/3/" "Mozilla/5.0 (Windows NT 6.3; Win64; x64) AppleWebKit/537.36 (KHTML, like Gecko) Chrome/103.0.0.0 Safari/537.36" 
91.211.90.228 - - [20/Mar/2026:01:49:46 -0700] "GET /blog/page/3/ HTTP/1.0" 200 66894 "http://www.drug-injury-lawyer.com/blog/page/3/" "Mozilla/5.0 (Windows NT 10.0; Win64; x64) AppleWebKit/537.36 (KHTML, like Gecko) Chrome/103.0.5060.66 Safari/537.36" 
107.20.105.74 - - [20/Mar/2026:01:52:54 -0700] "HEAD / HTTP/1.1" 301 197 "-" "DreamHost SiteMonitor 1.0" 
107.20.105.74 - - [20/Mar/2026:01:52:54 -0700] "HEAD / HTTP/1.1" 301 385 "http://173.236.217.44" "DreamHost SiteMonitor 1.0" 
91.211.90.169 - - [20/Mar/2026:01:56:05 -0700] "GET /blog/page/3/ HTTP/1.0" 200 66894 "http://www.drug-injury-lawyer.com/blog/page/3/" "Mozilla/5.0 (Windows NT 6.3; Win64; x64) AppleWebKit/537.36 (KHTML, like Gecko) Chrome/103.0.5060.66 Safari/537.36" 
107.20.105.74 - - [20/Mar/2026:01:57:54 -0700] "HEAD / HTTP/1.1" 301 197 "-" "DreamHost SiteMonitor 1.0" 
107.20.105.74 - - [20/Mar/2026:01:57:54 -0700] "HEAD / HTTP/1.1" 301 385 "http://173.236.217.44" "DreamHost SiteMonitor 1.0" 
91.211.90.208 - - [20/Mar/2026:01:59:10 -0700] "GET /blog/page/3/ HTTP/1.0" 200 66894 "http://www.drug-injury-lawyer.com/blog/page/3/" "Mozilla/5.0 (Windows NT 10.0; Win64; x64) AppleWebKit/537.36 (KHTML, like Gecko) Chrome/103.0.5060.53 Safari/537.36" 
91.211.90.169 - - [20/Mar/2026:01:59:11 -0700] "GET /blog/page/3/ HTTP/1.0" 200 66894 "http://www.drug-injury-lawyer.com/blog/page/3/" "Mozilla/5.0 (Windows NT 10.0; WOW64) AppleWebKit/537.36 (KHTML, like Gecko) Chrome/103.0.5060.114 Safari/537.36" 
91.211.90.117 - - [20/Mar/2026:02:02:52 -0700] "GET /blog/page/3/ HTTP/1.0" 200 66894 "http://www.drug-injury-lawyer.com/blog/page/3/" "Mozilla/5.0 (Windows NT 6.3; Win64; x64) AppleWebKit/537.36 (KHTML, like Gecko) Chrome/103.0.5060.66 Safari/537.36" 
107.20.105.74 - - [20/Mar/2026:02:02:54 -0700] "HEAD / HTTP/1.1" 301 197 "-" "DreamHost SiteMonitor 1.0" 
107.20.105.74 - - [20/Mar/2026:02:02:54 -0700] "HEAD / HTTP/1.1" 301 385 "http://173.236.217.44" "DreamHost SiteMonitor 1.0" 
45.156.158.210 - - [20/Mar/2026:02:06:13 -0700] "GET /blog/page/3/ HTTP/1.0" 200 66894 "http://www.drug-injury-lawyer.com/blog/page/3/" "Mozilla/5.0 (Windows NT 6.1; WOW64) AppleWebKit/537.36 (KHTML, like Gecko) Chrome/103.0.0.0 Safari/537.36" 
45.156.158.210 - - [20/Mar/2026:02:06:13 -0700] "GET /blog/page/3/ HTTP/1.0" 200 66894 "http://www.drug-injury-lawyer.com/blog/page/3/" "Mozilla/5.0 (Windows NT 6.3) AppleWebKit/537.36 (KHTML, like Gecko) Chrome/103.0.0.0 Safari/537.36" 
173.236.217.44 - - [20/Mar/2026:02:06:30 -0700] "POST /wp-cron.php?doing_wp_cron=1773997590.9036250114440917968750 HTTP/1.1" 200 283 "-" "WordPress/6.8.5; https://www.drug-injury-lawyer.com" 
91.211.90.244 - - [20/Mar/2026:02:06:30 -0700] "GET /blog/page/3/ HTTP/1.0" 200 66894 "http://www.drug-injury-lawyer.com/blog/page/3/" "Mozilla/5.0 (Windows NT 10.0; Win64; x64) AppleWebKit/537.36 (KHTML, like Gecko) Chrome/103.0.5060.66 Safari/537.36" 
91.211.90.244 - - [20/Mar/2026:02:06:31 -0700] "GET /blog/page/3/ HTTP/1.0" 200 66894 "http://www.drug-injury-lawyer.com/blog/page/3/" "Mozilla/5.0 (Windows NT 10.0; Win64; x64) AppleWebKit/537.36 (KHTML, like Gecko) Chrome/103.0.0.0 Safari/537.36" 
45.156.158.225 - - [20/Mar/2026:02:07:17 -0700] "GET /blog/page/3/ HTTP/1.0" 200 66894 "http://www.drug-injury-lawyer.com/blog/page/3/" "Mozilla/5.0 (Windows NT 6.3; Win64; x64) AppleWebKit/537.36 (KHTML, like Gecko) Chrome/103.0.5060.66 Safari/537.36" 
45.156.158.225 - - [20/Mar/2026:02:07:17 -0700] "GET /blog/page/3/ HTTP/1.0" 200 66894 "http://www.drug-injury-lawyer.com/blog/page/3/" "Mozilla/5.0 (Windows NT 6.1; Win64; x64) AppleWebKit/537.36 (KHTML, like Gecko) Chrome/103.0.0.0 Safari/537.36" 
217.147.172.240 - - [20/Mar/2026:02:07:19 -0700] "GET /blog/page/3/ HTTP/1.0" 200 66894 "http://www.drug-injury-lawyer.com/blog/page/3/" "Mozilla/5.0 (Windows NT 6.1; Win64; x64) AppleWebKit/537.36 (KHTML, like Gecko) Chrome/103.0.0.0 Safari/537.36" 
