45.156.158.225 - - [20/Mar/2026:09:58:38 -0700] "GET /blog/page/3/ HTTP/1.0" 200 66894 "http://www.drug-injury-lawyer.com/blog/page/3/" "Mozilla/5.0 (Windows NT 10.0; Win64; x64) AppleWebKit/537.36 (KHTML, like Gecko) Chrome/103.0.5060.66 Safari/537.36" 
217.147.172.240 - - [20/Mar/2026:09:58:38 -0700] "GET /blog/page/3/ HTTP/1.0" 200 66894 "http://www.drug-injury-lawyer.com/blog/page/3/" "Mozilla/5.0 (Windows NT 10.0; Win64; x64) AppleWebKit/537.36 (KHTML, like Gecko) Chrome/103.0.5060.53 Safari/537.36" 
217.147.172.240 - - [20/Mar/2026:09:58:38 -0700] "GET /blog/page/3/ HTTP/1.0" 200 66894 "http://www.drug-injury-lawyer.com/blog/page/3/" "Mozilla/5.0 (Windows NT 6.1; WOW64) AppleWebKit/537.36 (KHTML, like Gecko) Chrome/103.0.0.0 Safari/537.36" 
91.211.90.208 - - [20/Mar/2026:09:59:25 -0700] "GET /blog/page/3/ HTTP/1.0" 200 66894 "http://www.drug-injury-lawyer.com/blog/page/3/" "Mozilla/5.0 (Windows NT 10.0; Win64; x64) AppleWebKit/537.36 (KHTML, like Gecko) Chrome/103.0.5060.53 Safari/537.36" 
91.211.90.206 - - [20/Mar/2026:09:59:28 -0700] "GET /blog/page/3/ HTTP/1.0" 200 66894 "http://www.drug-injury-lawyer.com/blog/page/3/" "Mozilla/5.0 (Windows NT 6.1; WOW64) AppleWebKit/537.36 (KHTML, like Gecko) Chrome/103.0.0.0 Safari/537.36" 
173.236.217.44 - - [20/Mar/2026:10:00:00 -0700] "POST /wp-cron.php?doing_wp_cron=1774026000.2255189418792724609375 HTTP/1.1" 200 283 "-" "WordPress/6.8.5; https://www.drug-injury-lawyer.com" 
91.211.90.225 - - [20/Mar/2026:10:00:00 -0700] "GET /blog/page/3/ HTTP/1.0" 200 66894 "http://www.drug-injury-lawyer.com/blog/page/3/" "Mozilla/5.0 (Windows NT 10.0; Win64; x64) AppleWebKit/537.36 (KHTML, like Gecko) Chrome/103.0.0.0 Safari/537.36" 
91.211.90.168 - - [20/Mar/2026:10:01:23 -0700] "GET /blog/page/3/ HTTP/1.0" 200 66894 "http://www.drug-injury-lawyer.com/blog/page/3/" "Mozilla/5.0 (Windows NT 10.0; Win64; x64) AppleWebKit/537.36 (KHTML, like Gecko) Chrome/103.0.0.0 Safari/537.36" 
91.211.90.168 - - [20/Mar/2026:10:01:23 -0700] "GET /blog/page/3/ HTTP/1.0" 200 66894 "http://www.drug-injury-lawyer.com/blog/page/3/" "Mozilla/5.0 (Windows NT 6.1; Win64; x64) AppleWebKit/537.36 (KHTML, like Gecko) Chrome/103.0.0.0 Safari/537.36" 
107.20.105.74 - - [20/Mar/2026:10:02:54 -0700] "HEAD / HTTP/1.1" 301 197 "-" "DreamHost SiteMonitor 1.0" 
107.20.105.74 - - [20/Mar/2026:10:02:54 -0700] "HEAD / HTTP/1.1" 301 385 "http://173.236.217.44" "DreamHost SiteMonitor 1.0" 
173.236.217.44 - - [20/Mar/2026:10:02:55 -0700] "POST /wp-cron.php?doing_wp_cron=1774026175.7738840579986572265625 HTTP/1.1" 200 283 "-" "WordPress/6.8.5; https://www.drug-injury-lawyer.com" 
107.20.105.74 - - [20/Mar/2026:10:07:54 -0700] "HEAD / HTTP/1.1" 301 197 "-" "DreamHost SiteMonitor 1.0" 
107.20.105.74 - - [20/Mar/2026:10:07:54 -0700] "HEAD / HTTP/1.1" 301 385 "http://173.236.217.44" "DreamHost SiteMonitor 1.0" 
173.236.217.44 - - [20/Mar/2026:10:07:56 -0700] "POST /wp-cron.php?doing_wp_cron=1774026475.9858651161193847656250 HTTP/1.1" 200 283 "-" "WordPress/6.8.5; https://www.drug-injury-lawyer.com" 
91.211.90.228 - - [20/Mar/2026:10:10:03 -0700] "GET /blog/page/3/ HTTP/1.0" 200 66894 "http://www.drug-injury-lawyer.com/blog/page/3/" "Mozilla/5.0 (Windows NT 10.0; Win64; x64) AppleWebKit/537.36 (KHTML, like Gecko) Chrome/103.0.5060.66 Safari/537.36" 
91.211.90.228 - - [20/Mar/2026:10:10:03 -0700] "GET /blog/page/3/ HTTP/1.0" 200 66894 "http://www.drug-injury-lawyer.com/blog/page/3/" "Mozilla/5.0 (Windows NT 10.0; Win64; x64) AppleWebKit/537.36 (KHTML, like Gecko) Chrome/103.0.5060.134 Safari/537.36" 
173.236.217.44 - - [20/Mar/2026:10:10:04 -0700] "POST /wp-cron.php?doing_wp_cron=1774026603.9897880554199218750000 HTTP/1.1" 200 283 "-" "WordPress/6.8.5; https://www.drug-injury-lawyer.com" 
91.211.90.231 - - [20/Mar/2026:10:10:06 -0700] "GET /blog/page/3/ HTTP/1.0" 200 66894 "http://www.drug-injury-lawyer.com/blog/page/3/" "Mozilla/5.0 (Windows NT 10.0; Win64; x64) AppleWebKit/537.36 (KHTML, like Gecko) Chrome/103.0.0.0 Safari/537.36" 
45.156.158.88 - - [20/Mar/2026:10:10:16 -0700] "GET /blog/page/3/ HTTP/1.0" 200 66894 "http://www.drug-injury-lawyer.com/blog/page/3/" "Mozilla/5.0 (Windows NT 6.1) AppleWebKit/537.36 (KHTML, like Gecko) Chrome/103.0.5060.114 Safari/537.36" 
45.156.158.88 - - [20/Mar/2026:10:10:17 -0700] "GET /blog/page/3/ HTTP/1.0" 200 66894 "http://www.drug-injury-lawyer.com/blog/page/3/" "Mozilla/5.0 (Windows NT 6.1; Win64; x64) AppleWebKit/537.36 (KHTML, like Gecko) Chrome/103.0.5060.66 Safari/537.36" 
173.236.217.44 - - [20/Mar/2026:10:10:58 -0700] "POST /wp-cron.php?doing_wp_cron=1774026658.0727210044860839843750 HTTP/1.1" 200 283 "-" "WordPress/6.8.5; https://www.drug-injury-lawyer.com" 
66.249.64.1 - - [20/Mar/2026:10:10:57 -0700] "GET /immediate/jet76/l27wu-44033/ HTTP/1.1" 500 3198 "-" "Mozilla/5.0 (Linux; Android 6.0.1; Nexus 5X Build/MMB29P) AppleWebKit/537.36 (KHTML, like Gecko) Chrome/145.0.7632.159 Mobile Safari/537.36 (compatible; Googlebot/2.1; +http://www.google.com/bot.html)" 
107.20.105.74 - - [20/Mar/2026:10:12:54 -0700] "HEAD / HTTP/1.1" 301 197 "-" "DreamHost SiteMonitor 1.0" 
107.20.105.74 - - [20/Mar/2026:10:12:54 -0700] "HEAD / HTTP/1.1" 301 385 "http://173.236.217.44" "DreamHost SiteMonitor 1.0" 
173.236.217.44 - - [20/Mar/2026:10:12:56 -0700] "POST /wp-cron.php?doing_wp_cron=1774026776.0126891136169433593750 HTTP/1.1" 200 283 "-" "WordPress/6.8.5; https://www.drug-injury-lawyer.com" 
91.211.90.179 - - [20/Mar/2026:10:17:36 -0700] "GET /blog/page/3/ HTTP/1.0" 200 66894 "http://www.drug-injury-lawyer.com/blog/page/3/" "Mozilla/5.0 (Windows NT 10.0; Win64; x64) AppleWebKit/537.36 (KHTML, like Gecko) Chrome/103.0.0.0 Safari/537.36 OpenWave/97.4.2043.44" 
91.211.90.179 - - [20/Mar/2026:10:17:36 -0700] "GET /blog/page/3/ HTTP/1.0" 200 66894 "http://www.drug-injury-lawyer.com/blog/page/3/" "Mozilla/5.0 (Windows NT 6.2; Win64; x64) AppleWebKit/537.36 (KHTML, like Gecko) Chrome/103.0.0.0 Safari/537.36" 
173.236.217.44 - - [20/Mar/2026:10:17:37 -0700] "POST /wp-cron.php?doing_wp_cron=1774027057.3671529293060302734375 HTTP/1.1" 200 283 "-" "WordPress/6.8.5; https://www.drug-injury-lawyer.com" 
91.211.90.164 - - [20/Mar/2026:10:17:47 -0700] "GET /blog/page/3/ HTTP/1.0" 200 66894 "http://www.drug-injury-lawyer.com/blog/page/3/" "Mozilla/5.0 (Windows NT 6.2; Win64; x64) AppleWebKit/537.36 (KHTML, like Gecko) Chrome/103.0.0.0 Safari/537.36" 
91.211.90.164 - - [20/Mar/2026:10:17:47 -0700] "GET /blog/page/3/ HTTP/1.0" 200 66894 "http://www.drug-injury-lawyer.com/blog/page/3/" "Mozilla/5.0 (Windows NT 6.1; Win64; x64) AppleWebKit/537.36 (KHTML, like Gecko) Chrome/103.0.5060.66 Safari/537.36" 
91.211.90.99 - - [20/Mar/2026:10:17:51 -0700] "GET /blog/page/3/ HTTP/1.0" 200 66894 "http://www.drug-injury-lawyer.com/blog/page/3/" "Mozilla/5.0 (Windows NT 6.2; Win64; x64) AppleWebKit/537.36 (KHTML, like Gecko) Chrome/103.0.0.0 Safari/537.36" 
91.211.90.99 - - [20/Mar/2026:10:17:52 -0700] "GET /blog/page/3/ HTTP/1.0" 200 66894 "http://www.drug-injury-lawyer.com/blog/page/3/" "Mozilla/5.0 (Windows NT 6.3; Win64; x64) AppleWebKit/537.36 (KHTML, like Gecko) Chrome/103.0.5060.53 Safari/537.36" 
107.20.105.74 - - [20/Mar/2026:10:17:54 -0700] "HEAD / HTTP/1.1" 301 197 "-" "DreamHost SiteMonitor 1.0" 
107.20.105.74 - - [20/Mar/2026:10:17:54 -0700] "HEAD / HTTP/1.1" 301 385 "http://173.236.217.44" "DreamHost SiteMonitor 1.0" 
91.211.90.69 - - [20/Mar/2026:10:18:08 -0700] "GET /blog/page/3/ HTTP/1.0" 200 66894 "http://www.drug-injury-lawyer.com/blog/page/3/" "Mozilla/5.0 (Windows NT 10.0; WOW64) AppleWebKit/537.36 (KHTML, like Gecko) Chrome/103.0.5060.114 Safari/537.36" 
91.211.90.158 - - [20/Mar/2026:10:18:10 -0700] "GET /blog/page/3/ HTTP/1.0" 200 66894 "http://www.drug-injury-lawyer.com/blog/page/3/" "Mozilla/5.0 (Windows NT 10.0; Win64; x64) AppleWebKit/537.36 (KHTML, like Gecko) Chrome/103.0.5060.66 Safari/537.36" 
91.211.90.206 - - [20/Mar/2026:10:19:21 -0700] "GET /blog/page/3/ HTTP/1.0" 200 66894 "http://www.drug-injury-lawyer.com/blog/page/3/" "Mozilla/5.0 (Windows NT 6.3; Win64; x64) AppleWebKit/537.36 (KHTML, like Gecko) Chrome/103.0.5060.53 Safari/537.36" 
173.236.217.44 - - [20/Mar/2026:10:19:22 -0700] "POST /wp-cron.php?doing_wp_cron=1774027162.5110449790954589843750 HTTP/1.1" 200 283 "-" "WordPress/6.8.5; https://www.drug-injury-lawyer.com" 
173.236.217.44 - - [20/Mar/2026:10:19:50 -0700] "POST /wp-cron.php?doing_wp_cron=1774027190.5972149372100830078125 HTTP/1.1" 200 283 "-" "WordPress/6.8.5; https://www.drug-injury-lawyer.com" 
187.4.15.237 - - [20/Mar/2026:10:19:50 -0700] "GET /attorney-profiles/ HTTP/1.1" 200 14072 "-" "Mozilla/5.0 (Macintosh; U; Intel Mac OS X 10_6_6 rv:4.0; tk-TM) AppleWebKit/534.41.4 (KHTML, like Gecko) Version/5.1 Safari/534.41.4" 
173.236.217.44 - - [20/Mar/2026:10:20:43 -0700] "POST /wp-cron.php?doing_wp_cron=1774027243.5784599781036376953125 HTTP/1.1" 200 283 "-" "WordPress/6.8.5; https://www.drug-injury-lawyer.com" 
45.156.158.163 - - [20/Mar/2026:10:20:43 -0700] "GET /blog/page/3/ HTTP/1.0" 200 66894 "http://www.drug-injury-lawyer.com/blog/page/3/" "Mozilla/5.0 (Windows NT 10.0; WOW64) AppleWebKit/537.36 (KHTML, like Gecko) Chrome/103.0.0.0 Safari/537.36" 
45.156.158.163 - - [20/Mar/2026:10:20:43 -0700] "GET /blog/page/3/ HTTP/1.0" 200 66894 "http://www.drug-injury-lawyer.com/blog/page/3/" "Mozilla/5.0 (Windows NT 10.0; Win64; x64) AppleWebKit/537.36 (KHTML, like Gecko) Chrome/103.0.5060.66 Safari/537.36" 
217.147.172.96 - - [20/Mar/2026:10:22:20 -0700] "GET /blog/page/3/ HTTP/1.0" 200 66894 "http://www.drug-injury-lawyer.com/blog/page/3/" "Mozilla/5.0 (Windows NT 10.0; Win64; x64) AppleWebKit/537.36 (KHTML, like Gecko) Chrome/103.0.5060.66 Safari/537.36" 
217.147.172.96 - - [20/Mar/2026:10:22:20 -0700] "GET /blog/page/3/ HTTP/1.0" 200 66894 "http://www.drug-injury-lawyer.com/blog/page/3/" "Mozilla/5.0 (Windows NT 6.1) AppleWebKit/537.36 (KHTML, like Gecko) Chrome/103.0.5060.114 Safari/537.36" 
173.236.217.44 - - [20/Mar/2026:10:22:21 -0700] "POST /wp-cron.php?doing_wp_cron=1774027341.1832890510559082031250 HTTP/1.1" 200 283 "-" "WordPress/6.8.5; https://www.drug-injury-lawyer.com" 
217.147.172.11 - - [20/Mar/2026:10:22:25 -0700] "GET /blog/page/3/ HTTP/1.0" 200 66894 "http://www.drug-injury-lawyer.com/blog/page/3/" "Mozilla/5.0 (Windows NT 6.1; WOW64) AppleWebKit/537.36 (KHTML, like Gecko) Chrome/103.0.0.0 Safari/537.36" 
217.147.172.11 - - [20/Mar/2026:10:22:25 -0700] "GET /blog/page/3/ HTTP/1.0" 200 66894 "http://www.drug-injury-lawyer.com/blog/page/3/" "Mozilla/5.0 (Windows NT 6.2; Win64; x64) AppleWebKit/537.36 (KHTML, like Gecko) Chrome/103.0.0.0 Safari/537.36" 
107.20.105.74 - - [20/Mar/2026:10:22:54 -0700] "HEAD / HTTP/1.1" 301 197 "-" "DreamHost SiteMonitor 1.0" 
173.236.217.44 - - [20/Mar/2026:10:22:55 -0700] "POST /wp-cron.php?doing_wp_cron=1774027375.0314049720764160156250 HTTP/1.1" 200 283 "-" "WordPress/6.8.5; https://www.drug-injury-lawyer.com" 
107.20.105.74 - - [20/Mar/2026:10:22:54 -0700] "HEAD / HTTP/1.1" 301 385 "http://173.236.217.44" "DreamHost SiteMonitor 1.0" 
2.59.221.46 - - [20/Mar/2026:10:23:29 -0700] "GET /blog/page/3/ HTTP/1.0" 200 66894 "http://www.drug-injury-lawyer.com/blog/page/3/" "Mozilla/5.0 (Windows NT 6.3; WOW64) AppleWebKit/537.36 (KHTML, like Gecko) Chrome/103.0.5060.114 Safari/537.36" 
2.59.221.46 - - [20/Mar/2026:10:23:29 -0700] "GET /blog/page/3/ HTTP/1.0" 200 66894 "http://www.drug-injury-lawyer.com/blog/page/3/" "Mozilla/5.0 (Windows NT 10.0; Win64; x64) AppleWebKit/537.36 (KHTML, like Gecko) Chrome/103.0.5042.0 Safari/537.36" 
173.236.217.44 - - [20/Mar/2026:10:23:29 -0700] "POST /wp-cron.php?doing_wp_cron=1774027409.3045361042022705078125 HTTP/1.1" 200 283 "-" "WordPress/6.8.5; https://www.drug-injury-lawyer.com" 
91.211.90.169 - - [20/Mar/2026:10:24:41 -0700] "GET /blog/page/3/ HTTP/1.0" 200 66894 "http://www.drug-injury-lawyer.com/blog/page/3/" "Mozilla/5.0 (Windows NT 6.1; WOW64) AppleWebKit/537.36 (KHTML, like Gecko) Chrome/103.0.0.0 Safari/537.36" 
91.211.90.169 - - [20/Mar/2026:10:24:41 -0700] "GET /blog/page/3/ HTTP/1.0" 200 66894 "http://www.drug-injury-lawyer.com/blog/page/3/" "Mozilla/5.0 (Windows NT 6.3; WOW64) AppleWebKit/537.36 (KHTML, like Gecko) Chrome/103.0.0.0 Safari/537.36" 
173.236.217.44 - - [20/Mar/2026:10:24:42 -0700] "POST /wp-cron.php?doing_wp_cron=1774027482.6251571178436279296875 HTTP/1.1" 200 283 "-" "WordPress/6.8.5; https://www.drug-injury-lawyer.com" 
91.211.90.227 - - [20/Mar/2026:10:25:07 -0700] "GET /blog/page/3/ HTTP/1.0" 200 66894 "http://www.drug-injury-lawyer.com/blog/page/3/" "Mozilla/5.0 (Windows NT 10.0; Win64; x64) AppleWebKit/537.36 (KHTML, like Gecko) Chrome/103.0.0.0 Safari/537.36" 
91.211.90.227 - - [20/Mar/2026:10:25:07 -0700] "GET /blog/page/3/ HTTP/1.0" 200 66894 "http://www.drug-injury-lawyer.com/blog/page/3/" "Mozilla/5.0 (Windows NT 10.0; Win64; x64) AppleWebKit/537.36 (KHTML, like Gecko) Chrome/103.0.5060.134 Safari/537.36" 
217.147.172.214 - - [20/Mar/2026:10:25:48 -0700] "GET /blog/page/3/ HTTP/1.0" 200 66894 "http://www.drug-injury-lawyer.com/blog/page/3/" "Mozilla/5.0 (Windows NT 6.1; Win64; x64) AppleWebKit/537.36 (KHTML, like Gecko) Chrome/103.0.5060.66 Safari/537.36" 
217.147.172.214 - - [20/Mar/2026:10:25:48 -0700] "GET /blog/page/3/ HTTP/1.0" 200 66894 "http://www.drug-injury-lawyer.com/blog/page/3/" "Mozilla/5.0 (Windows NT 10.0; Win64; x64) AppleWebKit/537.36 (KHTML, like Gecko) Chrome/103.0.5060.114 Safari/537.36" 
173.236.217.44 - - [20/Mar/2026:10:25:48 -0700] "POST /wp-cron.php?doing_wp_cron=1774027548.8972280025482177734375 HTTP/1.1" 200 283 "-" "WordPress/6.8.5; https://www.drug-injury-lawyer.com" 
45.156.158.83 - - [20/Mar/2026:10:25:55 -0700] "GET /blog/page/3/ HTTP/1.0" 200 66894 "http://www.drug-injury-lawyer.com/blog/page/3/" "Mozilla/5.0 (Windows NT 10.0; Win64; x64) AppleWebKit/537.36 (KHTML, like Gecko) Chrome/103.0.5060.134 Safari/537.36" 
45.156.158.83 - - [20/Mar/2026:10:25:55 -0700] "GET /blog/page/3/ HTTP/1.0" 200 66894 "http://www.drug-injury-lawyer.com/blog/page/3/" "Mozilla/5.0 (Windows NT 10.0; Win64; x64) AppleWebKit/537.36 (KHTML, like Gecko) Chrome/103.0.5060.134 Safari/537.36" 
173.236.217.44 - - [20/Mar/2026:10:26:44 -0700] "POST /wp-cron.php?doing_wp_cron=1774027604.2380070686340332031250 HTTP/1.1" 200 283 "-" "WordPress/6.8.5; https://www.drug-injury-lawyer.com" 
91.211.90.170 - - [20/Mar/2026:10:26:44 -0700] "GET /blog/page/3/ HTTP/1.0" 200 66894 "http://www.drug-injury-lawyer.com/blog/page/3/" "Mozilla/5.0 (Windows NT 6.3; Win64; x64) AppleWebKit/537.36 (KHTML, like Gecko) Chrome/103.0.5060.66 Safari/537.36" 
91.211.90.170 - - [20/Mar/2026:10:26:45 -0700] "GET /blog/page/3/ HTTP/1.0" 200 66894 "http://www.drug-injury-lawyer.com/blog/page/3/" "Mozilla/5.0 (Windows NT 6.1; WOW64) AppleWebKit/537.36 (KHTML, like Gecko) Chrome/103.0.0.0 Safari/537.36" 
91.211.90.247 - - [20/Mar/2026:10:26:45 -0700] "GET /blog/page/3/ HTTP/1.0" 200 66894 "http://www.drug-injury-lawyer.com/blog/page/3/" "Mozilla/5.0 (Windows NT 6.1; WOW64) AppleWebKit/537.36 (KHTML, like Gecko) Chrome/103.0.0.0 Safari/537.36" 
91.211.90.247 - - [20/Mar/2026:10:26:45 -0700] "GET /blog/page/3/ HTTP/1.0" 200 66894 "http://www.drug-injury-lawyer.com/blog/page/3/" "Mozilla/5.0 (Windows NT 10.0; Win64; x64) AppleWebKit/537.36 (KHTML, like Gecko) Chrome/103.0.5060.134 Safari/537.36" 
185.237.106.243 - - [20/Mar/2026:10:27:02 -0700] "GET /blog/page/3/ HTTP/1.0" 200 66894 "http://www.drug-injury-lawyer.com/blog/page/3/" "Mozilla/5.0 (Windows NT 10.0; Win64; x64) AppleWebKit/537.36 (KHTML, like Gecko) Chrome/103.0.5060.66 Safari/537.36" 
91.211.90.240 - - [20/Mar/2026:10:27:12 -0700] "GET /blog/page/3/ HTTP/1.0" 200 66894 "http://www.drug-injury-lawyer.com/blog/page/3/" "Mozilla/5.0 (Windows NT 6.2; Win64; x64) AppleWebKit/537.36 (KHTML, like Gecko) Chrome/103.0.0.0 Safari/537.36" 
91.211.90.186 - - [20/Mar/2026:10:27:14 -0700] "GET /blog/page/3/ HTTP/1.0" 200 66894 "http://www.drug-injury-lawyer.com/blog/page/3/" "Mozilla/5.0 (Windows NT 10.0; Win64; x64) AppleWebKit/537.36 (KHTML, like Gecko) Chrome/103.0.5060.134 Safari/537.36" 
107.20.105.74 - - [20/Mar/2026:10:27:54 -0700] "HEAD / HTTP/1.1" 301 197 "-" "DreamHost SiteMonitor 1.0" 
173.236.217.44 - - [20/Mar/2026:10:27:55 -0700] "POST /wp-cron.php?doing_wp_cron=1774027675.0521190166473388671875 HTTP/1.1" 200 283 "-" "WordPress/6.8.5; https://www.drug-injury-lawyer.com" 
107.20.105.74 - - [20/Mar/2026:10:27:54 -0700] "HEAD / HTTP/1.1" 301 385 "http://173.236.217.44" "DreamHost SiteMonitor 1.0" 
173.236.217.44 - - [20/Mar/2026:10:28:35 -0700] "POST /wp-cron.php?doing_wp_cron=1774027715.7625091075897216796875 HTTP/1.1" 200 283 "-" "WordPress/6.8.5; https://www.drug-injury-lawyer.com" 
217.147.172.209 - - [20/Mar/2026:10:28:35 -0700] "GET /blog/page/3/ HTTP/1.0" 200 66894 "http://www.drug-injury-lawyer.com/blog/page/3/" "Mozilla/5.0 (Windows NT 6.3; Win64; x64) AppleWebKit/537.36 (KHTML, like Gecko) Chrome/103.0.5060.114 Safari/537.36" 
45.156.158.75 - - [20/Mar/2026:10:28:47 -0700] "GET /blog/page/3/ HTTP/1.0" 200 66894 "http://www.drug-injury-lawyer.com/blog/page/3/" "Mozilla/5.0 (Windows NT 6.3; WOW64) AppleWebKit/537.36 (KHTML, like Gecko) Chrome/103.0.5060.114 Safari/537.36" 
45.156.158.216 - - [20/Mar/2026:10:28:48 -0700] "GET /blog/page/3/ HTTP/1.0" 200 66894 "http://www.drug-injury-lawyer.com/blog/page/3/" "Mozilla/5.0 (Windows NT 6.1) AppleWebKit/537.36 (KHTML, like Gecko) Chrome/103.0.0.0 Safari/537.36" 
91.211.90.69 - - [20/Mar/2026:10:29:03 -0700] "GET /blog/page/3/ HTTP/1.0" 200 66894 "http://www.drug-injury-lawyer.com/blog/page/3/" "Mozilla/5.0 (Windows NT 10.0; Win64; x64) AppleWebKit/537.36 (KHTML, like Gecko) Chrome/103.0.5060.53 Safari/537.36" 
195.2.71.225 - - [20/Mar/2026:10:30:34 -0700] "GET /defective-medical-devices/ HTTP/1.0" 200 54094 "http://www.drug-injury-lawyer.com/defective-medical-devices/" "Mozilla/5.0 (Windows NT 10.0; Win64; x64) AppleWebKit/537.36 (KHTML, like Gecko) Chrome/131.0.0.0 Safari/537.36 Avast/131.0.0.0" 
195.2.71.225 - - [20/Mar/2026:10:30:37 -0700] "POST /defective-medical-devices/ HTTP/1.0" 200 56690 "http://www.drug-injury-lawyer.com/defective-medical-devices/" "Mozilla/5.0 (Windows NT 10.0; Win64; x64) AppleWebKit/537.36 (KHTML, like Gecko) Chrome/131.0.0.0 Safari/537.36 Avast/131.0.0.0" 
173.236.217.44 - - [20/Mar/2026:10:30:36 -0700] "POST /wp-cron.php?doing_wp_cron=1774027836.0322020053863525390625 HTTP/1.1" 200 283 "-" "WordPress/6.8.5; https://www.drug-injury-lawyer.com" 
107.20.105.74 - - [20/Mar/2026:10:32:54 -0700] "HEAD / HTTP/1.1" 301 197 "-" "DreamHost SiteMonitor 1.0" 
107.20.105.74 - - [20/Mar/2026:10:32:54 -0700] "HEAD / HTTP/1.1" 301 385 "http://173.236.217.44" "DreamHost SiteMonitor 1.0" 
173.236.217.44 - - [20/Mar/2026:10:32:56 -0700] "POST /wp-cron.php?doing_wp_cron=1774027975.9591031074523925781250 HTTP/1.1" 200 283 "-" "WordPress/6.8.5; https://www.drug-injury-lawyer.com" 
217.147.172.206 - - [20/Mar/2026:10:34:57 -0700] "GET /blog/page/3/ HTTP/1.0" 200 66894 "http://www.drug-injury-lawyer.com/blog/page/3/" "Mozilla/5.0 (Windows NT 6.3; Win64; x64) AppleWebKit/537.36 (KHTML, like Gecko) Chrome/103.0.5060.66 Safari/537.36" 
185.237.106.243 - - [20/Mar/2026:10:34:58 -0700] "GET /blog/page/3/ HTTP/1.0" 200 66894 "http://www.drug-injury-lawyer.com/blog/page/3/" "Mozilla/5.0 (Windows NT 10.0) AppleWebKit/537.36 (KHTML, like Gecko) Chrome/103.0.0.0 Safari/537.36" 
173.236.217.44 - - [20/Mar/2026:10:34:58 -0700] "POST /wp-cron.php?doing_wp_cron=1774028098.0525488853454589843750 HTTP/1.1" 200 283 "-" "WordPress/6.8.5; https://www.drug-injury-lawyer.com" 
91.211.90.186 - - [20/Mar/2026:10:35:06 -0700] "GET /blog/page/3/ HTTP/1.0" 200 66894 "http://www.drug-injury-lawyer.com/blog/page/3/" "Mozilla/5.0 (Windows NT 6.1) AppleWebKit/537.36 (KHTML, like Gecko) Chrome/103.0.0.0 Safari/537.36" 
173.236.217.44 - - [20/Mar/2026:10:36:12 -0700] "POST /wp-cron.php?doing_wp_cron=1774028172.3890430927276611328125 HTTP/1.1" 200 283 "-" "WordPress/6.8.5; https://www.drug-injury-lawyer.com" 
217.147.172.209 - - [20/Mar/2026:10:36:12 -0700] "GET /blog/page/3/ HTTP/1.0" 200 66894 "http://www.drug-injury-lawyer.com/blog/page/3/" "Mozilla/5.0 (Windows NT 6.1; Win64; x64) AppleWebKit/537.36 (KHTML, like Gecko) Chrome/103.0.0.0 Safari/537.36" 
173.236.217.44 - - [20/Mar/2026:10:36:39 -0700] "POST /wp-cron.php?doing_wp_cron=1774028199.0456550121307373046875 HTTP/1.1" 200 283 "-" "WordPress/6.8.5; https://www.drug-injury-lawyer.com" 
91.211.90.70 - - [20/Mar/2026:10:36:38 -0700] "GET /blog/page/3/ HTTP/1.0" 200 66894 "http://www.drug-injury-lawyer.com/blog/page/3/" "Mozilla/5.0 (Windows NT 6.2; Win64; x64) AppleWebKit/537.36 (KHTML, like Gecko) Chrome/103.0.0.0 Safari/537.36" 
107.20.105.74 - - [20/Mar/2026:10:37:54 -0700] "HEAD / HTTP/1.1" 301 197 "-" "DreamHost SiteMonitor 1.0" 
107.20.105.74 - - [20/Mar/2026:10:37:54 -0700] "HEAD / HTTP/1.1" 301 385 "http://173.236.217.44" "DreamHost SiteMonitor 1.0" 
173.236.217.44 - - [20/Mar/2026:10:37:55 -0700] "POST /wp-cron.php?doing_wp_cron=1774028275.7834560871124267578125 HTTP/1.1" 200 283 "-" "WordPress/6.8.5; https://www.drug-injury-lawyer.com" 
91.211.90.117 - - [20/Mar/2026:10:41:42 -0700] "GET /blog/page/3/ HTTP/1.0" 200 66894 "http://www.drug-injury-lawyer.com/blog/page/3/" "Mozilla/5.0 (Windows NT 10.0; Win64; x64) AppleWebKit/537.36 (KHTML, like Gecko) Chrome/103.0.5042.0 Safari/537.36" 
173.236.217.44 - - [20/Mar/2026:10:41:43 -0700] "POST /wp-cron.php?doing_wp_cron=1774028503.5439789295196533203125 HTTP/1.1" 200 283 "-" "WordPress/6.8.5; https://www.drug-injury-lawyer.com" 
107.20.105.74 - - [20/Mar/2026:10:42:54 -0700] "HEAD / HTTP/1.1" 301 197 "-" "DreamHost SiteMonitor 1.0" 
107.20.105.74 - - [20/Mar/2026:10:42:54 -0700] "HEAD / HTTP/1.1" 301 385 "http://173.236.217.44" "DreamHost SiteMonitor 1.0" 
173.236.217.44 - - [20/Mar/2026:10:42:55 -0700] "POST /wp-cron.php?doing_wp_cron=1774028575.0426750183105468750000 HTTP/1.1" 200 283 "-" "WordPress/6.8.5; https://www.drug-injury-lawyer.com" 
91.211.90.158 - - [20/Mar/2026:10:43:07 -0700] "GET /blog/page/3/ HTTP/1.0" 200 66894 "http://www.drug-injury-lawyer.com/blog/page/3/" "Mozilla/5.0 (Windows NT 6.1; Win64; x64) AppleWebKit/537.36 (KHTML, like Gecko) Chrome/103.0.0.0 Safari/537.36" 
91.211.90.208 - - [20/Mar/2026:10:44:30 -0700] "GET /blog/page/3/ HTTP/1.0" 200 66894 "http://www.drug-injury-lawyer.com/blog/page/3/" "Mozilla/5.0 (Windows NT 6.3; Win64; x64) AppleWebKit/537.36 (KHTML, like Gecko) Chrome/103.0.5060.66 Safari/537.36" 
173.236.217.44 - - [20/Mar/2026:10:44:31 -0700] "POST /wp-cron.php?doing_wp_cron=1774028671.2772860527038574218750 HTTP/1.1" 200 283 "-" "WordPress/6.8.5; https://www.drug-injury-lawyer.com" 
107.20.105.74 - - [20/Mar/2026:10:47:54 -0700] "HEAD / HTTP/1.1" 301 197 "-" "DreamHost SiteMonitor 1.0" 
107.20.105.74 - - [20/Mar/2026:10:47:54 -0700] "HEAD / HTTP/1.1" 301 385 "http://173.236.217.44" "DreamHost SiteMonitor 1.0" 
173.236.217.44 - - [20/Mar/2026:10:47:55 -0700] "POST /wp-cron.php?doing_wp_cron=1774028875.8995680809020996093750 HTTP/1.1" 200 283 "-" "WordPress/6.8.5; https://www.drug-injury-lawyer.com" 
45.156.158.210 - - [20/Mar/2026:10:50:34 -0700] "GET /blog/page/3/ HTTP/1.0" 200 66894 "http://www.drug-injury-lawyer.com/blog/page/3/" "Mozilla/5.0 (Windows NT 6.3; Win64; x64) AppleWebKit/537.36 (KHTML, like Gecko) Chrome/103.0.0.0 Safari/537.36" 
45.156.158.210 - - [20/Mar/2026:10:50:34 -0700] "GET /blog/page/3/ HTTP/1.0" 200 66894 "http://www.drug-injury-lawyer.com/blog/page/3/" "Mozilla/5.0 (Windows NT 6.3; Win64; x64) AppleWebKit/537.36 (KHTML, like Gecko) Chrome/103.0.0.0 Safari/537.36" 
173.236.217.44 - - [20/Mar/2026:10:50:35 -0700] "POST /wp-cron.php?doing_wp_cron=1774029035.0610070228576660156250 HTTP/1.1" 200 283 "-" "WordPress/6.8.5; https://www.drug-injury-lawyer.com" 
91.211.90.117 - - [20/Mar/2026:10:51:21 -0700] "GET /blog/page/3/ HTTP/1.0" 200 66894 "http://www.drug-injury-lawyer.com/blog/page/3/" "Mozilla/5.0 (Windows NT 10.0; Win64; x64) AppleWebKit/537.36 (KHTML, like Gecko) Chrome/103.0.5042.0 Safari/537.36" 
107.20.105.74 - - [20/Mar/2026:10:52:54 -0700] "HEAD / HTTP/1.1" 301 197 "-" "DreamHost SiteMonitor 1.0" 
107.20.105.74 - - [20/Mar/2026:10:52:54 -0700] "HEAD / HTTP/1.1" 301 385 "http://173.236.217.44" "DreamHost SiteMonitor 1.0" 
173.236.217.44 - - [20/Mar/2026:10:52:56 -0700] "POST /wp-cron.php?doing_wp_cron=1774029175.9950220584869384765625 HTTP/1.1" 200 283 "-" "WordPress/6.8.5; https://www.drug-injury-lawyer.com" 
83.142.209.157 - - [20/Mar/2026:10:55:50 -0700] "GET / HTTP/1.1" 301 441 "-" "-" 
83.142.209.157 - - [20/Mar/2026:10:55:51 -0700] "GET / HTTP/1.1" 301 397 "-" "-" 
173.236.217.44 - - [20/Mar/2026:10:55:59 -0700] "POST /wp-cron.php?doing_wp_cron=1774029359.1758201122283935546875 HTTP/1.1" 200 283 "-" "WordPress/6.8.5; https://www.drug-injury-lawyer.com" 
83.142.209.157 - - [20/Mar/2026:10:55:59 -0700] "GET / HTTP/1.1" 301 397 "-" "-" 
13.78.113.135 - - [20/Mar/2026:10:56:26 -0700] "GET / HTTP/1.1" 301 441 "-" "python-httpx/0.28.1" 
13.78.113.212 - - [20/Mar/2026:10:56:51 -0700] "GET /wp-json/wp/v2/users HTTP/1.1" 200 2953 "-" "Mozilla/5.0 (Windows NT 10.0; Win64; x64) AppleWebKit/537.36 (KHTML, like Gecko) Chrome/90.0.4430.212 Safari/537.36" 
13.78.113.212 - - [20/Mar/2026:10:57:13 -0700] "POST /xmlrpc.php HTTP/1.1" 200 520 "-" "python-httpx/0.28.1" 
13.78.113.212 - - [20/Mar/2026:10:57:26 -0700] "POST /wp-login.php HTTP/1.1" 302 383 "-" "python-httpx/0.28.1" 
13.78.113.212 - - [20/Mar/2026:10:57:50 -0700] "POST /xmlrpc.php HTTP/1.1" 200 520 "-" "python-httpx/0.28.1" 
107.20.105.74 - - [20/Mar/2026:10:57:54 -0700] "HEAD / HTTP/1.1" 301 197 "-" "DreamHost SiteMonitor 1.0" 
107.20.105.74 - - [20/Mar/2026:10:57:54 -0700] "HEAD / HTTP/1.1" 301 385 "http://173.236.217.44" "DreamHost SiteMonitor 1.0" 
13.78.113.212 - - [20/Mar/2026:10:58:01 -0700] "POST /wp-login.php HTTP/1.1" 302 383 "-" "python-httpx/0.28.1" 
13.78.113.212 - - [20/Mar/2026:10:58:25 -0700] "POST /xmlrpc.php HTTP/1.1" 200 520 "-" "python-httpx/0.28.1" 
13.78.113.212 - - [20/Mar/2026:10:58:37 -0700] "POST /wp-login.php HTTP/1.1" 302 383 "-" "python-httpx/0.28.1" 
173.236.217.44 - - [20/Mar/2026:10:58:39 -0700] "POST /wp-cron.php?doing_wp_cron=1774029518.7262110710144042968750 HTTP/1.1" 200 283 "-" "WordPress/6.8.5; https://www.drug-injury-lawyer.com" 
13.78.113.135 - - [20/Mar/2026:10:59:04 -0700] "POST /xmlrpc.php HTTP/1.1" 200 520 "-" "python-httpx/0.28.1" 
13.78.113.135 - - [20/Mar/2026:10:59:13 -0700] "POST /wp-login.php HTTP/1.1" 302 383 "-" "python-httpx/0.28.1" 
13.78.113.135 - - [20/Mar/2026:10:59:29 -0700] "POST /xmlrpc.php HTTP/1.1" 200 520 "-" "python-httpx/0.28.1" 
173.236.217.44 - - [20/Mar/2026:10:59:29 -0700] "POST /wp-cron.php?doing_wp_cron=1774029569.3113110065460205078125 HTTP/1.1" 200 283 "-" "WordPress/6.8.5; https://www.drug-injury-lawyer.com" 
13.78.113.135 - - [20/Mar/2026:10:59:34 -0700] "POST /wp-login.php HTTP/1.1" 302 383 "-" "python-httpx/0.28.1" 
13.78.113.135 - - [20/Mar/2026:10:59:38 -0700] "POST /xmlrpc.php HTTP/1.1" 200 486 "-" "python-httpx/0.28.1" 
216.24.210.35 - - [20/Mar/2026:11:00:45 -0700] "GET /wp-includes/css/buttons.css HTTP/1.1" 301 495 "-" "Go-http-client/1.1" 
216.24.210.42 - - [20/Mar/2026:11:00:45 -0700] "GET /wp-includes/css/buttons.css HTTP/1.1" 200 2901 "http://drug-injury-lawyer.com/wp-includes/css/buttons.css" "Go-http-client/1.1" 
169.224.30.239 - - [20/Mar/2026:11:00:53 -0700] "GET / HTTP/1.1" 301 404 "-" "Mozilla/5.0 (X11; Linux x86_64) AppleWebKit/532.2 (KHTML, like Gecko) Chrome/57.0.897.0 Safari/532.2" 
173.236.217.44 - - [20/Mar/2026:11:00:53 -0700] "POST /wp-cron.php?doing_wp_cron=1774029653.6002309322357177734375 HTTP/1.1" 200 283 "-" "WordPress/6.8.5; https://www.drug-injury-lawyer.com" 
91.211.90.225 - - [20/Mar/2026:11:01:59 -0700] "GET /blog/page/3/ HTTP/1.0" 200 66894 "http://www.drug-injury-lawyer.com/blog/page/3/" "Mozilla/5.0 (Windows NT 10.0; Win64; x64) AppleWebKit/537.36 (KHTML, like Gecko) Chrome/103.0.5060.53 Safari/537.36" 
173.236.217.44 - - [20/Mar/2026:11:01:59 -0700] "POST /wp-cron.php?doing_wp_cron=1774029719.7649700641632080078125 HTTP/1.1" 200 283 "-" "WordPress/6.8.5; https://www.drug-injury-lawyer.com" 
107.20.105.74 - - [20/Mar/2026:11:02:54 -0700] "HEAD / HTTP/1.1" 301 197 "-" "DreamHost SiteMonitor 1.0" 
107.20.105.74 - - [20/Mar/2026:11:02:54 -0700] "HEAD / HTTP/1.1" 301 385 "http://173.236.217.44" "DreamHost SiteMonitor 1.0" 
173.236.217.44 - - [20/Mar/2026:11:02:55 -0700] "POST /wp-cron.php?doing_wp_cron=1774029775.0206830501556396484375 HTTP/1.1" 200 283 "-" "WordPress/6.8.5; https://www.drug-injury-lawyer.com" 
91.211.90.244 - - [20/Mar/2026:11:06:19 -0700] "GET /blog/page/3/ HTTP/1.0" 200 66894 "http://www.drug-injury-lawyer.com/blog/page/3/" "Mozilla/5.0 (Windows NT 6.1; Win64; x64) AppleWebKit/537.36 (KHTML, like Gecko) Chrome/103.0.5060.66 Safari/537.36" 
91.211.90.244 - - [20/Mar/2026:11:06:19 -0700] "GET /blog/page/3/ HTTP/1.0" 200 66894 "http://www.drug-injury-lawyer.com/blog/page/3/" "Mozilla/5.0 (Windows NT 6.1; Win64; x64) AppleWebKit/537.36 (KHTML, like Gecko) Chrome/103.0.5060.66 Safari/537.36" 
206.189.129.53 - - [20/Mar/2026:11:06:20 -0700] "GET /feed/ HTTP/1.1" 200 13813 "-" "Mozilla/5.0 (Windows NT 11.0; Win64; x64) AppleWebKit/537.36 (KHTML, like Gecko) Chrome/120.0.0.0 Safari/537.36" 
45.156.158.223 - - [20/Mar/2026:11:06:24 -0700] "GET /blog/page/3/ HTTP/1.0" 200 66894 "http://www.drug-injury-lawyer.com/blog/page/3/" "Mozilla/5.0 (Windows NT 6.1; WOW64) AppleWebKit/537.36 (KHTML, like Gecko) Chrome/103.0.0.0 Safari/537.36" 
45.156.158.223 - - [20/Mar/2026:11:06:24 -0700] "GET /blog/page/3/ HTTP/1.0" 200 66894 "http://www.drug-injury-lawyer.com/blog/page/3/" "Mozilla/5.0 (Windows NT 10.0; Win64; x64) AppleWebKit/537.36 (KHTML, like Gecko) Chrome/103.0.5060.134 Safari/537.36" 
107.20.105.74 - - [20/Mar/2026:11:07:54 -0700] "HEAD / HTTP/1.1" 301 197 "-" "DreamHost SiteMonitor 1.0" 
107.20.105.74 - - [20/Mar/2026:11:07:54 -0700] "HEAD / HTTP/1.1" 301 385 "http://173.236.217.44" "DreamHost SiteMonitor 1.0" 
173.236.217.44 - - [20/Mar/2026:11:07:55 -0700] "POST /wp-cron.php?doing_wp_cron=1774030075.8062739372253417968750 HTTP/1.1" 200 283 "-" "WordPress/6.8.5; https://www.drug-injury-lawyer.com" 
45.156.158.225 - - [20/Mar/2026:11:08:19 -0700] "GET /blog/page/3/ HTTP/1.0" 200 66894 "http://www.drug-injury-lawyer.com/blog/page/3/" "Mozilla/5.0 (Windows NT 6.1) AppleWebKit/537.36 (KHTML, like Gecko) Chrome/103.0.0.0 Safari/537.36" 
45.156.158.225 - - [20/Mar/2026:11:08:19 -0700] "GET /blog/page/3/ HTTP/1.0" 200 66894 "http://www.drug-injury-lawyer.com/blog/page/3/" "Mozilla/5.0 (Windows NT 10.0) AppleWebKit/537.36 (KHTML, like Gecko) Chrome/103.0.0.0 Safari/537.36" 
217.147.172.82 - - [20/Mar/2026:11:08:20 -0700] "GET /blog/page/3/ HTTP/1.0" 200 66894 "http://www.drug-injury-lawyer.com/blog/page/3/" "Mozilla/5.0 (Windows NT 6.3; Win64; x64) AppleWebKit/537.36 (KHTML, like Gecko) Chrome/103.0.0.0 Safari/537.36" 
217.147.172.82 - - [20/Mar/2026:11:08:20 -0700] "GET /blog/page/3/ HTTP/1.0" 200 66894 "http://www.drug-injury-lawyer.com/blog/page/3/" "Mozilla/5.0 (Windows NT 10.0; WOW64) AppleWebKit/537.36 (KHTML, like Gecko) Chrome/103.0.0.0 Safari/537.36" 
217.147.172.240 - - [20/Mar/2026:11:08:28 -0700] "GET /blog/page/3/ HTTP/1.0" 200 66894 "http://www.drug-injury-lawyer.com/blog/page/3/" "Mozilla/5.0 (Windows NT 6.1; Win64; x64) AppleWebKit/537.36 (KHTML, like Gecko) Chrome/103.0.5060.66 Safari/537.36" 
217.147.172.240 - - [20/Mar/2026:11:08:29 -0700] "GET /blog/page/3/ HTTP/1.0" 200 66894 "http://www.drug-injury-lawyer.com/blog/page/3/" "Mozilla/5.0 (Windows NT 6.1; WOW64) AppleWebKit/537.36 (KHTML, like Gecko) Chrome/103.0.0.0 Safari/537.36" 
173.236.217.44 - - [20/Mar/2026:11:08:29 -0700] "POST /wp-cron.php?doing_wp_cron=1774030109.3306069374084472656250 HTTP/1.1" 200 283 "-" "WordPress/6.8.5; https://www.drug-injury-lawyer.com" 
91.211.90.113 - - [20/Mar/2026:11:08:57 -0700] "GET /blog/page/3/ HTTP/1.0" 200 66894 "http://www.drug-injury-lawyer.com/blog/page/3/" "Mozilla/5.0 (Windows NT 10.0; WOW64) AppleWebKit/537.36 (KHTML, like Gecko) Chrome/103.0.5060.114 Safari/537.36" 
173.236.217.44 - - [20/Mar/2026:11:08:57 -0700] "POST /wp-cron.php?doing_wp_cron=1774030137.7798900604248046875000 HTTP/1.1" 200 283 "-" "WordPress/6.8.5; https://www.drug-injury-lawyer.com" 
91.211.90.113 - - [20/Mar/2026:11:08:57 -0700] "GET /blog/page/3/ HTTP/1.0" 200 66894 "http://www.drug-injury-lawyer.com/blog/page/3/" "Mozilla/5.0 (Windows NT 10.0; Win64; x64) AppleWebKit/537.36 (KHTML, like Gecko) Chrome/103.0.5060.134 Safari/537.36" 
173.236.217.44 - - [20/Mar/2026:11:09:59 -0700] "POST /wp-cron.php?doing_wp_cron=1774030199.6641709804534912109375 HTTP/1.1" 200 283 "-" "WordPress/6.8.5; https://www.drug-injury-lawyer.com" 
45.156.158.249 - - [20/Mar/2026:11:09:59 -0700] "GET /blog/page/3/ HTTP/1.0" 200 66894 "http://www.drug-injury-lawyer.com/blog/page/3/" "Mozilla/5.0 (Windows NT 6.1; Win64; x64) AppleWebKit/537.36 (KHTML, like Gecko) Chrome/103.0.0.0 Safari/537.36" 
45.156.158.249 - - [20/Mar/2026:11:10:00 -0700] "GET /blog/page/3/ HTTP/1.0" 200 66894 "http://www.drug-injury-lawyer.com/blog/page/3/" "Mozilla/5.0 (Windows NT 10.0; Win64; x64) AppleWebKit/537.36 (KHTML, like Gecko) Chrome/103.0.0.0 Safari/537.36 Herring/95.1.8810.11" 
91.211.90.168 - - [20/Mar/2026:11:10:17 -0700] "GET /blog/page/3/ HTTP/1.0" 200 66894 "http://www.drug-injury-lawyer.com/blog/page/3/" "Mozilla/5.0 (Windows NT 10.0; Win64; x64) AppleWebKit/537.36 (KHTML, like Gecko) Chrome/103.0.5060.66 Safari/537.36" 
91.211.90.168 - - [20/Mar/2026:11:10:17 -0700] "GET /blog/page/3/ HTTP/1.0" 200 66894 "http://www.drug-injury-lawyer.com/blog/page/3/" "Mozilla/5.0 (Windows NT 10.0; Win64; x64) AppleWebKit/537.36 (KHTML, like Gecko) Chrome/103.0.5042.0 Safari/537.36" 
91.211.90.88 - - [20/Mar/2026:11:10:24 -0700] "GET /blog/page/3/ HTTP/1.0" 200 66894 "http://www.drug-injury-lawyer.com/blog/page/3/" "Mozilla/5.0 (Windows NT 10.0; Win64; x64) AppleWebKit/537.36 (KHTML, like Gecko) Chrome/103.0.5042.0 Safari/537.36" 
91.211.90.88 - - [20/Mar/2026:11:10:25 -0700] "GET /blog/page/3/ HTTP/1.0" 200 66894 "http://www.drug-injury-lawyer.com/blog/page/3/" "Mozilla/5.0 (Windows NT 6.3; Win64; x64) AppleWebKit/537.36 (KHTML, like Gecko) Chrome/103.0.5060.53 Safari/537.36" 
217.147.172.67 - - [20/Mar/2026:11:10:26 -0700] "GET /blog/page/3/ HTTP/1.0" 200 66894 "http://www.drug-injury-lawyer.com/blog/page/3/" "Mozilla/5.0 (Windows NT 6.3; Win64; x64) AppleWebKit/537.36 (KHTML, like Gecko) Chrome/103.0.5060.114 Safari/537.36" 
217.147.172.67 - - [20/Mar/2026:11:10:27 -0700] "GET /blog/page/3/ HTTP/1.0" 200 66894 "http://www.drug-injury-lawyer.com/blog/page/3/" "Mozilla/5.0 (Windows NT 6.1) AppleWebKit/537.36 (KHTML, like Gecko) Chrome/103.0.5060.114 Safari/537.36" 
173.236.217.44 - - [20/Mar/2026:11:10:59 -0700] "POST /wp-cron.php?doing_wp_cron=1774030258.9369349479675292968750 HTTP/1.1" 200 283 "-" "WordPress/6.8.5; https://www.drug-injury-lawyer.com" 
217.147.172.235 - - [20/Mar/2026:11:10:58 -0700] "GET /blog/page/3/ HTTP/1.0" 200 66894 "http://www.drug-injury-lawyer.com/blog/page/3/" "Mozilla/5.0 (Windows NT 6.3; Win64; x64) AppleWebKit/537.36 (KHTML, like Gecko) Chrome/103.0.5060.53 Safari/537.36" 
217.147.172.235 - - [20/Mar/2026:11:10:59 -0700] "GET /blog/page/3/ HTTP/1.0" 200 66894 "http://www.drug-injury-lawyer.com/blog/page/3/" "Mozilla/5.0 (Windows NT 6.3; Win64; x64) AppleWebKit/537.36 (KHTML, like Gecko) Chrome/103.0.5060.53 Safari/537.36" 
91.211.90.207 - - [20/Mar/2026:11:11:04 -0700] "GET /blog/page/3/ HTTP/1.0" 200 66894 "http://www.drug-injury-lawyer.com/blog/page/3/" "Mozilla/5.0 (Windows NT 10.0; Win64; x64) AppleWebKit/537.36 (KHTML, like Gecko) Chrome/103.0.5060.134 Safari/537.36" 
91.211.90.207 - - [20/Mar/2026:11:11:04 -0700] "GET /blog/page/3/ HTTP/1.0" 200 66894 "http://www.drug-injury-lawyer.com/blog/page/3/" "Mozilla/5.0 (Windows NT 6.1; Win64; x64) AppleWebKit/537.36 (KHTML, like Gecko) Chrome/103.0.0.0 Safari/537.36" 
45.156.158.75 - - [20/Mar/2026:11:11:10 -0700] "GET /blog/page/3/ HTTP/1.0" 200 66894 "http://www.drug-injury-lawyer.com/blog/page/3/" "Mozilla/5.0 (Windows NT 10.0) AppleWebKit/537.36 (KHTML, like Gecko) Chrome/103.0.0.0 Safari/537.36" 
45.156.158.216 - - [20/Mar/2026:11:11:16 -0700] "GET /blog/page/3/ HTTP/1.0" 200 66894 "http://www.drug-injury-lawyer.com/blog/page/3/" "Mozilla/5.0 (Windows NT 6.1; Win64; x64) AppleWebKit/537.36 (KHTML, like Gecko) Chrome/103.0.5060.66 Safari/537.36" 
91.211.90.70 - - [20/Mar/2026:11:11:25 -0700] "GET /blog/page/3/ HTTP/1.0" 200 66894 "http://www.drug-injury-lawyer.com/blog/page/3/" "Mozilla/5.0 (Windows NT 10.0; Win64; x64) AppleWebKit/537.36 (KHTML, like Gecko) Chrome/103.0.0.0 Safari/537.36 Herring/95.1.8810.11" 
91.211.90.231 - - [20/Mar/2026:11:11:32 -0700] "GET /blog/page/3/ HTTP/1.0" 200 66894 "http://www.drug-injury-lawyer.com/blog/page/3/" "Mozilla/5.0 (Windows NT 10.0; Win64; x64) AppleWebKit/537.36 (KHTML, like Gecko) Chrome/103.0.0.0 Safari/537.36" 
91.211.90.240 - - [20/Mar/2026:11:11:38 -0700] "GET /blog/page/3/ HTTP/1.0" 200 66894 "http://www.drug-injury-lawyer.com/blog/page/3/" "Mozilla/5.0 (Windows NT 10.0; Win64; x64) AppleWebKit/537.36 (KHTML, like Gecko) Chrome/103.0.5060.66 Safari/537.36" 
173.236.217.44 - - [20/Mar/2026:11:12:36 -0700] "POST /wp-cron.php?doing_wp_cron=1774030356.8563089370727539062500 HTTP/1.1" 200 283 "-" "WordPress/6.8.5; https://www.drug-injury-lawyer.com" 
91.211.90.225 - - [20/Mar/2026:11:12:36 -0700] "GET /blog/page/3/ HTTP/1.0" 200 66894 "http://www.drug-injury-lawyer.com/blog/page/3/" "Mozilla/5.0 (Windows NT 6.3; Win64; x64) AppleWebKit/537.36 (KHTML, like Gecko) Chrome/103.0.5060.66 Safari/537.36" 
196.189.24.209 - - [20/Mar/2026:11:12:43 -0700] "GET /defective-medical-devices/stryker-hip-implants/ HTTP/1.1" 200 12667 "-" "Mozilla/5.0 (iPad; CPU iPad OS 12_5_7 like Mac OS X) AppleWebKit/533.1 (KHTML, like Gecko) CriOS/43.0.862.0 Mobile/29T881 Safari/533.1" 
107.20.105.74 - - [20/Mar/2026:11:12:54 -0700] "HEAD / HTTP/1.1" 301 197 "-" "DreamHost SiteMonitor 1.0" 
173.236.217.44 - - [20/Mar/2026:11:12:55 -0700] "POST /wp-cron.php?doing_wp_cron=1774030375.0555319786071777343750 HTTP/1.1" 200 283 "-" "WordPress/6.8.5; https://www.drug-injury-lawyer.com" 
107.20.105.74 - - [20/Mar/2026:11:12:54 -0700] "HEAD / HTTP/1.1" 301 385 "http://173.236.217.44" "DreamHost SiteMonitor 1.0" 
190.115.218.191 - - [20/Mar/2026:11:13:25 -0700] "GET /defective-drugs-overview/defective-prozac/ HTTP/1.1" 200 12744 "-" "Mozilla/5.0 (iPod; U; CPU iPhone OS 4_3 like Mac OS X; el-CY) AppleWebKit/532.20.6 (KHTML, like Gecko) Version/4.0.5 Mobile/8B116 Safari/6532.20.6" 
107.20.105.74 - - [20/Mar/2026:11:17:54 -0700] "HEAD / HTTP/1.1" 301 197 "-" "DreamHost SiteMonitor 1.0" 
107.20.105.74 - - [20/Mar/2026:11:17:54 -0700] "HEAD / HTTP/1.1" 301 385 "http://173.236.217.44" "DreamHost SiteMonitor 1.0" 
173.236.217.44 - - [20/Mar/2026:11:17:56 -0700] "POST /wp-cron.php?doing_wp_cron=1774030676.4104430675506591796875 HTTP/1.1" 200 283 "-" "WordPress/6.8.5; https://www.drug-injury-lawyer.com" 
91.211.90.208 - - [20/Mar/2026:11:18:00 -0700] "GET /blog/page/3/ HTTP/1.0" 200 66894 "http://www.drug-injury-lawyer.com/blog/page/3/" "Mozilla/5.0 (Windows NT 10.0) AppleWebKit/537.36 (KHTML, like Gecko) Chrome/103.0.0.0 Safari/537.36" 
91.211.90.206 - - [20/Mar/2026:11:18:01 -0700] "GET /blog/page/3/ HTTP/1.0" 200 66894 "http://www.drug-injury-lawyer.com/blog/page/3/" "Mozilla/5.0 (Windows NT 10.0; Win64; x64) AppleWebKit/537.36 (KHTML, like Gecko) Chrome/103.0.5060.66 Safari/537.36" 
66.249.64.1 - - [20/Mar/2026:11:18:02 -0700] "GET /?sitemapindex.xml HTTP/1.1" 301 458 "-" "Mozilla/5.0 (compatible; Googlebot/2.1; +http://www.google.com/bot.html)" 
45.156.158.88 - - [20/Mar/2026:11:18:58 -0700] "GET /blog/page/3/ HTTP/1.0" 200 66894 "http://www.drug-injury-lawyer.com/blog/page/3/" "Mozilla/5.0 (Windows NT 6.3; Win64; x64) AppleWebKit/537.36 (KHTML, like Gecko) Chrome/103.0.5060.114 Safari/537.36" 
173.236.217.44 - - [20/Mar/2026:11:18:58 -0700] "POST /wp-cron.php?doing_wp_cron=1774030738.7590379714965820312500 HTTP/1.1" 200 283 "-" "WordPress/6.8.5; https://www.drug-injury-lawyer.com" 
45.156.158.88 - - [20/Mar/2026:11:18:59 -0700] "GET /blog/page/3/ HTTP/1.0" 200 66894 "http://www.drug-injury-lawyer.com/blog/page/3/" "Mozilla/5.0 (Windows NT 6.1; WOW64) AppleWebKit/537.36 (KHTML, like Gecko) Chrome/103.0.0.0 Safari/537.36" 
195.2.79.165 - - [20/Mar/2026:11:19:09 -0700] "GET /blog/page/3/ HTTP/1.0" 200 66894 "http://www.drug-injury-lawyer.com/blog/page/3/" "Mozilla/5.0 (Windows NT 10.0; Win64; x64) AppleWebKit/537.36 (KHTML, like Gecko) Chrome/131.0.0.0 Safari/537.36 Avast/131.0.0.0" 
195.2.79.165 - - [20/Mar/2026:11:19:10 -0700] "POST /blog/page/3/ HTTP/1.0" 200 66980 "http://www.drug-injury-lawyer.com/blog/page/3/" "Mozilla/5.0 (Windows NT 10.0; Win64; x64) AppleWebKit/537.36 (KHTML, like Gecko) Chrome/131.0.0.0 Safari/537.36 Avast/131.0.0.0" 
91.211.90.228 - - [20/Mar/2026:11:20:17 -0700] "GET /blog/page/3/ HTTP/1.0" 200 66894 "http://www.drug-injury-lawyer.com/blog/page/3/" "Mozilla/5.0 (Windows NT 10.0) AppleWebKit/537.36 (KHTML, like Gecko) Chrome/103.0.0.0 Safari/537.36" 
91.211.90.228 - - [20/Mar/2026:11:20:17 -0700] "GET /blog/page/3/ HTTP/1.0" 200 66894 "http://www.drug-injury-lawyer.com/blog/page/3/" "Mozilla/5.0 (Windows NT 6.1; Win64; x64) AppleWebKit/537.36 (KHTML, like Gecko) Chrome/103.0.0.0 Safari/537.36" 
91.211.90.231 - - [20/Mar/2026:11:20:17 -0700] "GET /blog/page/3/ HTTP/1.0" 200 66894 "http://www.drug-injury-lawyer.com/blog/page/3/" "Mozilla/5.0 (Windows NT 6.1; WOW64) AppleWebKit/537.36 (KHTML, like Gecko) Chrome/103.0.0.0 Safari/537.36" 
107.20.105.74 - - [20/Mar/2026:11:22:54 -0700] "HEAD / HTTP/1.1" 301 197 "-" "DreamHost SiteMonitor 1.0" 
107.20.105.74 - - [20/Mar/2026:11:22:54 -0700] "HEAD / HTTP/1.1" 301 385 "http://173.236.217.44" "DreamHost SiteMonitor 1.0" 
173.236.217.44 - - [20/Mar/2026:11:22:56 -0700] "POST /wp-cron.php?doing_wp_cron=1774030976.1604990959167480468750 HTTP/1.1" 200 283 "-" "WordPress/6.8.5; https://www.drug-injury-lawyer.com" 
45.156.158.163 - - [20/Mar/2026:11:25:35 -0700] "GET /blog/page/3/ HTTP/1.0" 200 66894 "http://www.drug-injury-lawyer.com/blog/page/3/" "Mozilla/5.0 (Windows NT 10.0; Win64; x64) AppleWebKit/537.36 (KHTML, like Gecko) Chrome/103.0.5060.114 Safari/537.36" 
45.156.158.163 - - [20/Mar/2026:11:25:35 -0700] "GET /blog/page/3/ HTTP/1.0" 200 66894 "http://www.drug-injury-lawyer.com/blog/page/3/" "Mozilla/5.0 (Windows NT 6.1; WOW64) AppleWebKit/537.36 (KHTML, like Gecko) Chrome/103.0.0.0 Safari/537.36" 
173.236.217.44 - - [20/Mar/2026:11:25:36 -0700] "POST /wp-cron.php?doing_wp_cron=1774031136.5687921047210693359375 HTTP/1.1" 200 283 "-" "WordPress/6.8.5; https://www.drug-injury-lawyer.com" 
107.20.105.74 - - [20/Mar/2026:11:27:54 -0700] "HEAD / HTTP/1.1" 301 197 "-" "DreamHost SiteMonitor 1.0" 
107.20.105.74 - - [20/Mar/2026:11:27:54 -0700] "HEAD / HTTP/1.1" 301 385 "http://173.236.217.44" "DreamHost SiteMonitor 1.0" 
120.71.59.24 - - [20/Mar/2026:11:28:04 -0700] "GET / HTTP/1.1" 301 404 "-" "Mozilla/5.0 (iPhone; CPU iPhone OS 13_2_3 like Mac OS X) AppleWebKit/605.1.15 (KHTML, like Gecko) Version/13.0.3 Mobile/15E148 Safari/604.1" 
91.211.90.99 - - [20/Mar/2026:11:29:14 -0700] "GET /blog/page/3/ HTTP/1.0" 200 66894 "http://www.drug-injury-lawyer.com/blog/page/3/" "Mozilla/5.0 (Windows NT 6.1; Win64; x64) AppleWebKit/537.36 (KHTML, like Gecko) Chrome/103.0.5060.114 Safari/537.36" 
173.236.217.44 - - [20/Mar/2026:11:29:14 -0700] "POST /wp-cron.php?doing_wp_cron=1774031354.1172120571136474609375 HTTP/1.1" 200 283 "-" "WordPress/6.8.5; https://www.drug-injury-lawyer.com" 
91.211.90.99 - - [20/Mar/2026:11:29:15 -0700] "GET /blog/page/3/ HTTP/1.0" 200 66894 "http://www.drug-injury-lawyer.com/blog/page/3/" "Mozilla/5.0 (Windows NT 6.3; Win64; x64) AppleWebKit/537.36 (KHTML, like Gecko) Chrome/103.0.0.0 Safari/537.36" 
91.211.90.69 - - [20/Mar/2026:11:29:18 -0700] "GET /blog/page/3/ HTTP/1.0" 200 66894 "http://www.drug-injury-lawyer.com/blog/page/3/" "Mozilla/5.0 (Windows NT 6.3; Win64; x64) AppleWebKit/537.36 (KHTML, like Gecko) Chrome/103.0.5060.53 Safari/537.36" 
91.211.90.179 - - [20/Mar/2026:11:29:20 -0700] "GET /blog/page/3/ HTTP/1.0" 200 66894 "http://www.drug-injury-lawyer.com/blog/page/3/" "Mozilla/5.0 (Windows NT 10.0; Win64; x64) AppleWebKit/537.36 (KHTML, like Gecko) Chrome/103.0.0.0 Safari/537.36 Herring/95.1.8810.11" 
91.211.90.179 - - [20/Mar/2026:11:29:21 -0700] "GET /blog/page/3/ HTTP/1.0" 200 66894 "http://www.drug-injury-lawyer.com/blog/page/3/" "Mozilla/5.0 (Windows NT 10.0; WOW64) AppleWebKit/537.36 (KHTML, like Gecko) Chrome/103.0.5060.114 Safari/537.36" 
217.147.172.96 - - [20/Mar/2026:11:29:45 -0700] "GET /blog/page/3/ HTTP/1.0" 200 66894 "http://www.drug-injury-lawyer.com/blog/page/3/" "Mozilla/5.0 (Windows NT 6.1; WOW64) AppleWebKit/537.36 (KHTML, like Gecko) Chrome/103.0.0.0 Safari/537.36" 
173.236.217.44 - - [20/Mar/2026:11:29:46 -0700] "POST /wp-cron.php?doing_wp_cron=1774031385.8425641059875488281250 HTTP/1.1" 200 283 "-" "WordPress/6.8.5; https://www.drug-injury-lawyer.com" 
217.147.172.96 - - [20/Mar/2026:11:29:45 -0700] "GET /blog/page/3/ HTTP/1.0" 200 66894 "http://www.drug-injury-lawyer.com/blog/page/3/" "Mozilla/5.0 (Windows NT 10.0; Win64; x64) AppleWebKit/537.36 (KHTML, like Gecko) Chrome/103.0.5042.0 Safari/537.36" 
91.211.90.164 - - [20/Mar/2026:11:29:49 -0700] "GET /blog/page/3/ HTTP/1.0" 200 66894 "http://www.drug-injury-lawyer.com/blog/page/3/" "Mozilla/5.0 (Windows NT 6.1; WOW64) AppleWebKit/537.36 (KHTML, like Gecko) Chrome/103.0.0.0 Safari/537.36" 
91.211.90.164 - - [20/Mar/2026:11:29:49 -0700] "GET /blog/page/3/ HTTP/1.0" 200 66894 "http://www.drug-injury-lawyer.com/blog/page/3/" "Mozilla/5.0 (Windows NT 10.0; Win64; x64) AppleWebKit/537.36 (KHTML, like Gecko) Chrome/103.0.0.0 Safari/537.36 OpenWave/97.4.2043.44" 
217.147.172.11 - - [20/Mar/2026:11:29:51 -0700] "GET /blog/page/3/ HTTP/1.0" 200 66894 "http://www.drug-injury-lawyer.com/blog/page/3/" "Mozilla/5.0 (Windows NT 10.0; Win64; x64) AppleWebKit/537.36 (KHTML, like Gecko) Chrome/103.0.0.0 Safari/537.36" 
217.147.172.11 - - [20/Mar/2026:11:29:51 -0700] "GET /blog/page/3/ HTTP/1.0" 200 66894 "http://www.drug-injury-lawyer.com/blog/page/3/" "Mozilla/5.0 (Windows NT 6.1; Win64; x64) AppleWebKit/537.36 (KHTML, like Gecko) Chrome/103.0.5060.66 Safari/537.36" 
173.236.217.44 - - [20/Mar/2026:11:30:37 -0700] "POST /wp-cron.php?doing_wp_cron=1774031437.6014180183410644531250 HTTP/1.1" 200 283 "-" "WordPress/6.8.5; https://www.drug-injury-lawyer.com" 
91.211.90.158 - - [20/Mar/2026:11:30:37 -0700] "GET /blog/page/3/ HTTP/1.0" 200 66894 "http://www.drug-injury-lawyer.com/blog/page/3/" "Mozilla/5.0 (Windows NT 10.0; Win64; x64) AppleWebKit/537.36 (KHTML, like Gecko) Chrome/103.0.0.0 Safari/537.36 Herring/95.1.8810.11" 
91.211.90.227 - - [20/Mar/2026:11:31:58 -0700] "GET /blog/page/3/ HTTP/1.0" 200 66894 "http://www.drug-injury-lawyer.com/blog/page/3/" "Mozilla/5.0 (Windows NT 10.0; Win64; x64) AppleWebKit/537.36 (KHTML, like Gecko) Chrome/103.0.0.0 Safari/537.36" 
91.211.90.227 - - [20/Mar/2026:11:31:58 -0700] "GET /blog/page/3/ HTTP/1.0" 200 66894 "http://www.drug-injury-lawyer.com/blog/page/3/" "Mozilla/5.0 (Windows NT 6.1; Win64; x64) AppleWebKit/537.36 (KHTML, like Gecko) Chrome/103.0.0.0 Safari/537.36" 
2.59.221.46 - - [20/Mar/2026:11:32:01 -0700] "GET /blog/page/3/ HTTP/1.0" 200 66894 "http://www.drug-injury-lawyer.com/blog/page/3/" "Mozilla/5.0 (Windows NT 10.0; Win64; x64) AppleWebKit/537.36 (KHTML, like Gecko) Chrome/103.0.5060.66 Safari/537.36" 
2.59.221.46 - - [20/Mar/2026:11:32:02 -0700] "GET /blog/page/3/ HTTP/1.0" 200 66894 "http://www.drug-injury-lawyer.com/blog/page/3/" "Mozilla/5.0 (Windows NT 10.0; Win64; x64) AppleWebKit/537.36 (KHTML, like Gecko) Chrome/103.0.5060.134 Safari/537.36" 
107.20.105.74 - - [20/Mar/2026:11:32:54 -0700] "HEAD / HTTP/1.1" 301 197 "-" "DreamHost SiteMonitor 1.0" 
107.20.105.74 - - [20/Mar/2026:11:32:54 -0700] "HEAD / HTTP/1.1" 301 385 "http://173.236.217.44" "DreamHost SiteMonitor 1.0" 
173.236.217.44 - - [20/Mar/2026:11:32:55 -0700] "POST /wp-cron.php?doing_wp_cron=1774031575.0323240756988525390625 HTTP/1.1" 200 283 "-" "WordPress/6.8.5; https://www.drug-injury-lawyer.com" 
45.156.158.83 - - [20/Mar/2026:11:34:20 -0700] "GET /blog/page/3/ HTTP/1.0" 200 66894 "http://www.drug-injury-lawyer.com/blog/page/3/" "Mozilla/5.0 (Windows NT 10.0; Win64; x64) AppleWebKit/537.36 (KHTML, like Gecko) Chrome/103.0.0.0 Safari/537.36 OpenWave/97.4.2043.44" 
217.147.172.214 - - [20/Mar/2026:11:34:20 -0700] "GET /blog/page/3/ HTTP/1.0" 200 66894 "http://www.drug-injury-lawyer.com/blog/page/3/" "Mozilla/5.0 (Windows NT 6.1; WOW64) AppleWebKit/537.36 (KHTML, like Gecko) Chrome/103.0.0.0 Safari/537.36" 
217.147.172.214 - - [20/Mar/2026:11:34:20 -0700] "GET /blog/page/3/ HTTP/1.0" 200 66894 "http://www.drug-injury-lawyer.com/blog/page/3/" "Mozilla/5.0 (Windows NT 6.1; Win64; x64) AppleWebKit/537.36 (KHTML, like Gecko) Chrome/103.0.5060.66 Safari/537.36" 
45.156.158.83 - - [20/Mar/2026:11:34:20 -0700] "GET /blog/page/3/ HTTP/1.0" 200 66894 "http://www.drug-injury-lawyer.com/blog/page/3/" "Mozilla/5.0 (Windows NT 6.3; WOW64) AppleWebKit/537.36 (KHTML, like Gecko) Chrome/103.0.5060.114 Safari/537.36" 
173.236.217.44 - - [20/Mar/2026:11:35:41 -0700] "POST /wp-cron.php?doing_wp_cron=1774031741.8463900089263916015625 HTTP/1.1" 200 283 "-" "WordPress/6.8.5; https://www.drug-injury-lawyer.com" 
91.211.90.247 - - [20/Mar/2026:11:35:41 -0700] "GET /blog/page/3/ HTTP/1.0" 200 66894 "http://www.drug-injury-lawyer.com/blog/page/3/" "Mozilla/5.0 (Windows NT 6.3) AppleWebKit/537.36 (KHTML, like Gecko) Chrome/103.0.0.0 Safari/537.36" 
