173.236.217.44 - - [20/Mar/2026:05:43:52 -0700] "POST /wp-cron.php?doing_wp_cron=1774010632.6512320041656494140625 HTTP/1.1" 200 283 "-" "WordPress/6.8.5; https://www.drug-injury-lawyer.com" 
217.147.172.96 - - [20/Mar/2026:05:43:53 -0700] "GET /blog/page/3/ HTTP/1.0" 200 66894 "http://www.drug-injury-lawyer.com/blog/page/3/" "Mozilla/5.0 (Windows NT 6.3; Win64; x64) AppleWebKit/537.36 (KHTML, like Gecko) Chrome/103.0.5060.66 Safari/537.36" 
217.147.172.11 - - [20/Mar/2026:05:43:54 -0700] "GET /blog/page/3/ HTTP/1.0" 200 66894 "http://www.drug-injury-lawyer.com/blog/page/3/" "Mozilla/5.0 (Windows NT 10.0; Win64; x64) AppleWebKit/537.36 (KHTML, like Gecko) Chrome/103.0.5060.66 Safari/537.36" 
45.156.158.83 - - [20/Mar/2026:05:43:54 -0700] "GET /blog/page/3/ HTTP/1.0" 200 66894 "http://www.drug-injury-lawyer.com/blog/page/3/" "Mozilla/5.0 (Windows NT 10.0; Win64; x64) AppleWebKit/537.36 (KHTML, like Gecko) Chrome/103.0.5060.53 Safari/537.36" 
45.156.158.83 - - [20/Mar/2026:05:43:55 -0700] "GET /blog/page/3/ HTTP/1.0" 200 66894 "http://www.drug-injury-lawyer.com/blog/page/3/" "Mozilla/5.0 (Windows NT 6.2; Win64; x64) AppleWebKit/537.36 (KHTML, like Gecko) Chrome/103.0.0.0 Safari/537.36" 
217.147.172.11 - - [20/Mar/2026:05:43:54 -0700] "GET /blog/page/3/ HTTP/1.0" 200 66894 "http://www.drug-injury-lawyer.com/blog/page/3/" "Mozilla/5.0 (Windows NT 10.0; WOW64) AppleWebKit/537.36 (KHTML, like Gecko) Chrome/103.0.5060.114 Safari/537.36" 
2.59.221.46 - - [20/Mar/2026:05:44:09 -0700] "GET /blog/page/3/ HTTP/1.0" 200 66894 "http://www.drug-injury-lawyer.com/blog/page/3/" "Mozilla/5.0 (Windows NT 6.3) AppleWebKit/537.36 (KHTML, like Gecko) Chrome/103.0.0.0 Safari/537.36" 
2.59.221.46 - - [20/Mar/2026:05:44:09 -0700] "GET /blog/page/3/ HTTP/1.0" 200 66894 "http://www.drug-injury-lawyer.com/blog/page/3/" "Mozilla/5.0 (Windows NT 10.0; Win64; x64) AppleWebKit/537.36 (KHTML, like Gecko) Chrome/103.0.0.0 Safari/537.36 Herring/95.1.8810.11" 
217.147.172.214 - - [20/Mar/2026:05:44:30 -0700] "GET /blog/page/3/ HTTP/1.0" 200 66894 "http://www.drug-injury-lawyer.com/blog/page/3/" "Mozilla/5.0 (Windows NT 6.3; Win64; x64) AppleWebKit/537.36 (KHTML, like Gecko) Chrome/103.0.5060.66 Safari/537.36" 
217.147.172.214 - - [20/Mar/2026:05:44:30 -0700] "GET /blog/page/3/ HTTP/1.0" 200 66894 "http://www.drug-injury-lawyer.com/blog/page/3/" "Mozilla/5.0 (Windows NT 6.1; Win64; x64) AppleWebKit/537.36 (KHTML, like Gecko) Chrome/103.0.0.0 Safari/537.36" 
173.236.217.44 - - [20/Mar/2026:05:44:30 -0700] "POST /wp-cron.php?doing_wp_cron=1774010670.5072650909423828125000 HTTP/1.1" 200 283 "-" "WordPress/6.8.5; https://www.drug-injury-lawyer.com" 
91.211.90.247 - - [20/Mar/2026:05:44:59 -0700] "GET /blog/page/3/ HTTP/1.0" 200 66894 "http://www.drug-injury-lawyer.com/blog/page/3/" "Mozilla/5.0 (Windows NT 6.1; Win64; x64) AppleWebKit/537.36 (KHTML, like Gecko) Chrome/103.0.5060.114 Safari/537.36" 
91.211.90.247 - - [20/Mar/2026:05:45:00 -0700] "GET /blog/page/3/ HTTP/1.0" 200 66894 "http://www.drug-injury-lawyer.com/blog/page/3/" "Mozilla/5.0 (Windows NT 6.1; WOW64) AppleWebKit/537.36 (KHTML, like Gecko) Chrome/103.0.0.0 Safari/537.36" 
91.211.90.170 - - [20/Mar/2026:05:45:00 -0700] "GET /blog/page/3/ HTTP/1.0" 200 66894 "http://www.drug-injury-lawyer.com/blog/page/3/" "Mozilla/5.0 (Windows NT 10.0; Win64; x64) AppleWebKit/537.36 (KHTML, like Gecko) Chrome/103.0.5060.134 Safari/537.36" 
91.211.90.170 - - [20/Mar/2026:05:45:00 -0700] "GET /blog/page/3/ HTTP/1.0" 200 66894 "http://www.drug-injury-lawyer.com/blog/page/3/" "Mozilla/5.0 (Windows NT 6.1; WOW64) AppleWebKit/537.36 (KHTML, like Gecko) Chrome/103.0.0.0 Safari/537.36" 
217.147.172.209 - - [20/Mar/2026:05:45:07 -0700] "GET /blog/page/3/ HTTP/1.0" 200 66894 "http://www.drug-injury-lawyer.com/blog/page/3/" "Mozilla/5.0 (Windows NT 6.3; WOW64) AppleWebKit/537.36 (KHTML, like Gecko) Chrome/103.0.0.0 Safari/537.36" 
185.237.106.243 - - [20/Mar/2026:05:45:21 -0700] "GET /blog/page/3/ HTTP/1.0" 200 66894 "http://www.drug-injury-lawyer.com/blog/page/3/" "Mozilla/5.0 (Windows NT 10.0; Win64; x64) AppleWebKit/537.36 (KHTML, like Gecko) Chrome/103.0.5060.134 Safari/537.36" 
173.236.217.44 - - [20/Mar/2026:05:45:58 -0700] "POST /wp-cron.php?doing_wp_cron=1774010758.4135169982910156250000 HTTP/1.1" 200 283 "-" "WordPress/6.8.5; https://www.drug-injury-lawyer.com" 
91.211.90.186 - - [20/Mar/2026:05:45:58 -0700] "GET /blog/page/3/ HTTP/1.0" 200 66894 "http://www.drug-injury-lawyer.com/blog/page/3/" "Mozilla/5.0 (Windows NT 10.0) AppleWebKit/537.36 (KHTML, like Gecko) Chrome/103.0.0.0 Safari/537.36" 
91.211.90.240 - - [20/Mar/2026:05:46:00 -0700] "GET /blog/page/3/ HTTP/1.0" 200 66894 "http://www.drug-injury-lawyer.com/blog/page/3/" "Mozilla/5.0 (Windows NT 6.1) AppleWebKit/537.36 (KHTML, like Gecko) Chrome/103.0.0.0 Safari/537.36" 
173.236.217.44 - - [20/Mar/2026:05:46:36 -0700] "POST /wp-cron.php?doing_wp_cron=1774010796.5194420814514160156250 HTTP/1.1" 200 283 "-" "WordPress/6.8.5; https://www.drug-injury-lawyer.com" 
138.197.37.115 - - [20/Mar/2026:05:46:36 -0700] "GET /feed/ HTTP/1.1" 200 13813 "-" "Mozilla/5.0 (Macintosh; Intel Mac OS X 10.15; rv:135.0) Gecko/20100101 Firefox/135.0" 
107.20.105.74 - - [20/Mar/2026:05:47:54 -0700] "HEAD / HTTP/1.1" 301 197 "-" "DreamHost SiteMonitor 1.0" 
107.20.105.74 - - [20/Mar/2026:05:47:54 -0700] "HEAD / HTTP/1.1" 301 385 "http://173.236.217.44" "DreamHost SiteMonitor 1.0" 
173.236.217.44 - - [20/Mar/2026:05:47:55 -0700] "POST /wp-cron.php?doing_wp_cron=1774010875.0247550010681152343750 HTTP/1.1" 200 283 "-" "WordPress/6.8.5; https://www.drug-injury-lawyer.com" 
45.156.158.216 - - [20/Mar/2026:05:48:37 -0700] "GET /blog/page/3/ HTTP/1.0" 200 66894 "http://www.drug-injury-lawyer.com/blog/page/3/" "Mozilla/5.0 (Windows NT 10.0; Win64; x64) AppleWebKit/537.36 (KHTML, like Gecko) Chrome/103.0.5060.66 Safari/537.36" 
45.156.158.75 - - [20/Mar/2026:05:48:38 -0700] "GET /blog/page/3/ HTTP/1.0" 200 66894 "http://www.drug-injury-lawyer.com/blog/page/3/" "Mozilla/5.0 (Windows NT 10.0; Win64; x64) AppleWebKit/537.36 (KHTML, like Gecko) Chrome/103.0.0.0 Safari/537.36 OpenWave/97.4.2043.44" 
173.236.217.44 - - [20/Mar/2026:05:48:37 -0700] "POST /wp-cron.php?doing_wp_cron=1774010917.5255300998687744140625 HTTP/1.1" 200 283 "-" "WordPress/6.8.5; https://www.drug-injury-lawyer.com" 
91.211.90.69 - - [20/Mar/2026:05:49:00 -0700] "GET /blog/page/3/ HTTP/1.0" 200 66894 "http://www.drug-injury-lawyer.com/blog/page/3/" "Mozilla/5.0 (Windows NT 6.1) AppleWebKit/537.36 (KHTML, like Gecko) Chrome/103.0.0.0 Safari/537.36" 
107.20.105.74 - - [20/Mar/2026:05:52:54 -0700] "HEAD / HTTP/1.1" 301 197 "-" "DreamHost SiteMonitor 1.0" 
107.20.105.74 - - [20/Mar/2026:05:52:54 -0700] "HEAD / HTTP/1.1" 301 385 "http://173.236.217.44" "DreamHost SiteMonitor 1.0" 
173.236.217.44 - - [20/Mar/2026:05:52:55 -0700] "POST /wp-cron.php?doing_wp_cron=1774011175.8000040054321289062500 HTTP/1.1" 200 283 "-" "WordPress/6.8.5; https://www.drug-injury-lawyer.com" 
45.156.158.163 - - [20/Mar/2026:05:54:53 -0700] "GET /blog/page/3/ HTTP/1.0" 200 66894 "http://www.drug-injury-lawyer.com/blog/page/3/" "Mozilla/5.0 (Windows NT 6.3; Win64; x64) AppleWebKit/537.36 (KHTML, like Gecko) Chrome/103.0.5060.114 Safari/537.36" 
45.156.158.163 - - [20/Mar/2026:05:54:53 -0700] "GET /blog/page/3/ HTTP/1.0" 200 66894 "http://www.drug-injury-lawyer.com/blog/page/3/" "Mozilla/5.0 (Windows NT 10.0; Win64; x64) AppleWebKit/537.36 (KHTML, like Gecko) Chrome/103.0.0.0 Safari/537.36" 
173.236.217.44 - - [20/Mar/2026:05:54:54 -0700] "POST /wp-cron.php?doing_wp_cron=1774011294.9000051021575927734375 HTTP/1.1" 200 283 "-" "WordPress/6.8.5; https://www.drug-injury-lawyer.com" 
91.211.90.227 - - [20/Mar/2026:05:55:34 -0700] "GET /blog/page/3/ HTTP/1.0" 200 66894 "http://www.drug-injury-lawyer.com/blog/page/3/" "Mozilla/5.0 (Windows NT 10.0; Win64; x64) AppleWebKit/537.36 (KHTML, like Gecko) Chrome/103.0.5060.53 Safari/537.36" 
91.211.90.227 - - [20/Mar/2026:05:55:34 -0700] "GET /blog/page/3/ HTTP/1.0" 200 66894 "http://www.drug-injury-lawyer.com/blog/page/3/" "Mozilla/5.0 (Windows NT 6.1; WOW64) AppleWebKit/537.36 (KHTML, like Gecko) Chrome/103.0.0.0 Safari/537.36" 
173.236.217.44 - - [20/Mar/2026:05:55:34 -0700] "POST /wp-cron.php?doing_wp_cron=1774011334.8555040359497070312500 HTTP/1.1" 200 283 "-" "WordPress/6.8.5; https://www.drug-injury-lawyer.com" 
173.236.217.44 - - [20/Mar/2026:05:56:32 -0700] "POST /wp-cron.php?doing_wp_cron=1774011392.5814430713653564453125 HTTP/1.1" 200 283 "-" "WordPress/6.8.5; https://www.drug-injury-lawyer.com" 
91.211.90.158 - - [20/Mar/2026:05:56:32 -0700] "GET /blog/page/3/ HTTP/1.0" 200 66894 "http://www.drug-injury-lawyer.com/blog/page/3/" "Mozilla/5.0 (Windows NT 6.2; Win64; x64) AppleWebKit/537.36 (KHTML, like Gecko) Chrome/103.0.0.0 Safari/537.36" 
107.20.105.74 - - [20/Mar/2026:05:57:54 -0700] "HEAD / HTTP/1.1" 301 197 "-" "DreamHost SiteMonitor 1.0" 
107.20.105.74 - - [20/Mar/2026:05:57:54 -0700] "HEAD / HTTP/1.1" 301 385 "http://173.236.217.44" "DreamHost SiteMonitor 1.0" 
43.166.255.102 - - [20/Mar/2026:05:58:07 -0700] "GET / HTTP/1.1" 301 404 "-" "Mozilla/5.0 (iPhone; CPU iPhone OS 13_2_3 like Mac OS X) AppleWebKit/605.1.15 (KHTML, like Gecko) Version/13.0.3 Mobile/15E148 Safari/604.1" 
217.147.172.206 - - [20/Mar/2026:05:58:45 -0700] "GET /blog/page/3/ HTTP/1.0" 200 66894 "http://www.drug-injury-lawyer.com/blog/page/3/" "Mozilla/5.0 (Windows NT 10.0; Win64; x64) AppleWebKit/537.36 (KHTML, like Gecko) Chrome/103.0.5060.53 Safari/537.36" 
173.236.217.44 - - [20/Mar/2026:05:58:45 -0700] "POST /wp-cron.php?doing_wp_cron=1774011525.1522049903869628906250 HTTP/1.1" 200 283 "-" "WordPress/6.8.5; https://www.drug-injury-lawyer.com" 
185.237.106.243 - - [20/Mar/2026:05:58:54 -0700] "GET /blog/page/3/ HTTP/1.0" 200 66894 "http://www.drug-injury-lawyer.com/blog/page/3/" "Mozilla/5.0 (Windows NT 10.0; WOW64) AppleWebKit/537.36 (KHTML, like Gecko) Chrome/103.0.5060.114 Safari/537.36" 
91.211.90.186 - - [20/Mar/2026:05:59:08 -0700] "GET /blog/page/3/ HTTP/1.0" 200 66894 "http://www.drug-injury-lawyer.com/blog/page/3/" "Mozilla/5.0 (Windows NT 6.1; Win64; x64) AppleWebKit/537.36 (KHTML, like Gecko) Chrome/103.0.5060.114 Safari/537.36" 
173.236.217.44 - - [20/Mar/2026:06:00:04 -0700] "POST /wp-cron.php?doing_wp_cron=1774011604.0681440830230712890625 HTTP/1.1" 200 283 "-" "WordPress/6.8.5; https://www.drug-injury-lawyer.com" 
217.147.172.209 - - [20/Mar/2026:06:00:03 -0700] "GET /blog/page/3/ HTTP/1.0" 200 66894 "http://www.drug-injury-lawyer.com/blog/page/3/" "Mozilla/5.0 (Windows NT 10.0; Win64; x64) AppleWebKit/537.36 (KHTML, like Gecko) Chrome/103.0.5060.53 Safari/537.36" 
91.211.90.70 - - [20/Mar/2026:06:00:09 -0700] "GET /blog/page/3/ HTTP/1.0" 200 66894 "http://www.drug-injury-lawyer.com/blog/page/3/" "Mozilla/5.0 (Windows NT 6.2; Win64; x64) AppleWebKit/537.36 (KHTML, like Gecko) Chrome/103.0.0.0 Safari/537.36" 
107.20.105.74 - - [20/Mar/2026:06:02:54 -0700] "HEAD / HTTP/1.1" 301 197 "-" "DreamHost SiteMonitor 1.0" 
107.20.105.74 - - [20/Mar/2026:06:02:54 -0700] "HEAD / HTTP/1.1" 301 385 "http://173.236.217.44" "DreamHost SiteMonitor 1.0" 
173.236.217.44 - - [20/Mar/2026:06:02:55 -0700] "POST /wp-cron.php?doing_wp_cron=1774011775.8241920471191406250000 HTTP/1.1" 200 283 "-" "WordPress/6.8.5; https://www.drug-injury-lawyer.com" 
91.211.90.206 - - [20/Mar/2026:06:04:24 -0700] "GET /blog/page/3/ HTTP/1.0" 200 66894 "http://www.drug-injury-lawyer.com/blog/page/3/" "Mozilla/5.0 (Windows NT 10.0; Win64; x64) AppleWebKit/537.36 (KHTML, like Gecko) Chrome/103.0.0.0 Safari/537.36" 
209.141.45.17 - - [20/Mar/2026:06:04:30 -0700] "GET /wp-login.php HTTP/1.1" 301 521 "-" "Mozilla/5.0 (Macintosh; Intel Mac OS X 10_10) AppleWebKit/538.46 (KHTML, like Gecko) Version/8.0 Safari/538.46" 
91.211.90.225 - - [20/Mar/2026:06:04:49 -0700] "GET /blog/page/3/ HTTP/1.0" 200 66894 "http://www.drug-injury-lawyer.com/blog/page/3/" "Mozilla/5.0 (Windows NT 6.1; WOW64) AppleWebKit/537.36 (KHTML, like Gecko) Chrome/103.0.0.0 Safari/537.36" 
91.211.90.208 - - [20/Mar/2026:06:06:58 -0700] "GET /blog/page/3/ HTTP/1.0" 200 66894 "http://www.drug-injury-lawyer.com/blog/page/3/" "Mozilla/5.0 (Windows NT 10.0; WOW64) AppleWebKit/537.36 (KHTML, like Gecko) Chrome/103.0.0.0 Safari/537.36" 
173.236.217.44 - - [20/Mar/2026:06:06:59 -0700] "POST /wp-cron.php?doing_wp_cron=1774012019.0844109058380126953125 HTTP/1.1" 200 283 "-" "WordPress/6.8.5; https://www.drug-injury-lawyer.com" 
173.236.217.44 - - [20/Mar/2026:06:07:29 -0700] "POST /wp-cron.php?doing_wp_cron=1774012049.6631739139556884765625 HTTP/1.1" 200 283 "-" "WordPress/6.8.5; https://www.drug-injury-lawyer.com" 
209.141.45.17 - - [20/Mar/2026:06:07:29 -0700] "GET /wp-login.php HTTP/1.1" 302 383 "-" "Mozilla/5.0 (Macintosh; Intel Mac OS X 10_10) AppleWebKit/538.46 (KHTML, like Gecko) Version/8.0 Safari/538.46" 
107.20.105.74 - - [20/Mar/2026:06:07:54 -0700] "HEAD / HTTP/1.1" 301 197 "-" "DreamHost SiteMonitor 1.0" 
173.236.217.44 - - [20/Mar/2026:06:07:55 -0700] "POST /wp-cron.php?doing_wp_cron=1774012075.0560319423675537109375 HTTP/1.1" 200 283 "-" "WordPress/6.8.5; https://www.drug-injury-lawyer.com" 
107.20.105.74 - - [20/Mar/2026:06:07:54 -0700] "HEAD / HTTP/1.1" 301 385 "http://173.236.217.44" "DreamHost SiteMonitor 1.0" 
209.141.45.17 - - [20/Mar/2026:06:10:17 -0700] "POST /wp-login.php HTTP/1.1" 301 521 "-" "Mozilla/5.0 (Macintosh; Intel Mac OS X 10_10) AppleWebKit/538.46 (KHTML, like Gecko) Version/8.0 Safari/538.46" 
209.141.45.17 - - [20/Mar/2026:06:11:34 -0700] "GET /wp-login.php HTTP/1.1" 302 383 "-" "Mozilla/5.0 (Macintosh; Intel Mac OS X 10_10) AppleWebKit/538.46 (KHTML, like Gecko) Version/8.0 Safari/538.46" 
173.236.217.44 - - [20/Mar/2026:06:11:35 -0700] "POST /wp-cron.php?doing_wp_cron=1774012295.1737968921661376953125 HTTP/1.1" 200 283 "-" "WordPress/6.8.5; https://www.drug-injury-lawyer.com" 
107.20.105.74 - - [20/Mar/2026:06:12:54 -0700] "HEAD / HTTP/1.1" 301 197 "-" "DreamHost SiteMonitor 1.0" 
107.20.105.74 - - [20/Mar/2026:06:12:54 -0700] "HEAD / HTTP/1.1" 301 385 "http://173.236.217.44" "DreamHost SiteMonitor 1.0" 
173.236.217.44 - - [20/Mar/2026:06:12:56 -0700] "POST /wp-cron.php?doing_wp_cron=1774012375.9765789508819580078125 HTTP/1.1" 200 283 "-" "WordPress/6.8.5; https://www.drug-injury-lawyer.com" 
209.141.45.17 - - [20/Mar/2026:06:14:09 -0700] "GET /wp-admin/themes.php HTTP/1.1" 301 535 "-" "python-requests/2.27.1" 
209.141.45.17 - - [20/Mar/2026:06:15:39 -0700] "GET /wp-admin/themes.php HTTP/1.1" 302 434 "-" "python-requests/2.27.1" 
173.236.217.44 - - [20/Mar/2026:06:15:40 -0700] "POST /wp-cron.php?doing_wp_cron=1774012540.5035660266876220703125 HTTP/1.1" 200 283 "-" "WordPress/6.8.5; https://www.drug-injury-lawyer.com" 
217.147.172.82 - - [20/Mar/2026:06:17:09 -0700] "GET /blog/page/3/ HTTP/1.0" 200 66894 "http://www.drug-injury-lawyer.com/blog/page/3/" "Mozilla/5.0 (Windows NT 10.0; Win64; x64) AppleWebKit/537.36 (KHTML, like Gecko) Chrome/103.0.0.0 Safari/537.36 Herring/95.1.8810.11" 
217.147.172.235 - - [20/Mar/2026:06:17:09 -0700] "GET /blog/page/3/ HTTP/1.0" 200 66894 "http://www.drug-injury-lawyer.com/blog/page/3/" "Mozilla/5.0 (Windows NT 6.3) AppleWebKit/537.36 (KHTML, like Gecko) Chrome/103.0.0.0 Safari/537.36" 
217.147.172.235 - - [20/Mar/2026:06:17:09 -0700] "GET /blog/page/3/ HTTP/1.0" 200 66894 "http://www.drug-injury-lawyer.com/blog/page/3/" "Mozilla/5.0 (Windows NT 10.0) AppleWebKit/537.36 (KHTML, like Gecko) Chrome/103.0.0.0 Safari/537.36" 
217.147.172.82 - - [20/Mar/2026:06:17:09 -0700] "GET /blog/page/3/ HTTP/1.0" 200 66894 "http://www.drug-injury-lawyer.com/blog/page/3/" "Mozilla/5.0 (Windows NT 10.0; Win64; x64) AppleWebKit/537.36 (KHTML, like Gecko) Chrome/103.0.5060.66 Safari/537.36" 
45.156.158.216 - - [20/Mar/2026:06:17:28 -0700] "GET /blog/page/3/ HTTP/1.0" 200 66894 "http://www.drug-injury-lawyer.com/blog/page/3/" "Mozilla/5.0 (Windows NT 6.1; WOW64) AppleWebKit/537.36 (KHTML, like Gecko) Chrome/103.0.0.0 Safari/537.36" 
45.156.158.75 - - [20/Mar/2026:06:17:28 -0700] "GET /blog/page/3/ HTTP/1.0" 200 66894 "http://www.drug-injury-lawyer.com/blog/page/3/" "Mozilla/5.0 (Windows NT 6.3; Win64; x64) AppleWebKit/537.36 (KHTML, like Gecko) Chrome/103.0.5060.66 Safari/537.36" 
91.211.90.88 - - [20/Mar/2026:06:17:31 -0700] "GET /blog/page/3/ HTTP/1.0" 200 66894 "http://www.drug-injury-lawyer.com/blog/page/3/" "Mozilla/5.0 (Windows NT 6.1; Win64; x64) AppleWebKit/537.36 (KHTML, like Gecko) Chrome/103.0.5060.114 Safari/537.36" 
91.211.90.207 - - [20/Mar/2026:06:17:33 -0700] "GET /blog/page/3/ HTTP/1.0" 200 66894 "http://www.drug-injury-lawyer.com/blog/page/3/" "Mozilla/5.0 (Windows NT 10.0; Win64; x64) AppleWebKit/537.36 (KHTML, like Gecko) Chrome/103.0.5042.0 Safari/537.36" 
91.211.90.207 - - [20/Mar/2026:06:17:33 -0700] "GET /blog/page/3/ HTTP/1.0" 200 66894 "http://www.drug-injury-lawyer.com/blog/page/3/" "Mozilla/5.0 (Windows NT 10.0; Win64; x64) AppleWebKit/537.36 (KHTML, like Gecko) Chrome/103.0.5060.53 Safari/537.36" 
91.211.90.231 - - [20/Mar/2026:06:17:39 -0700] "GET /blog/page/3/ HTTP/1.0" 200 66894 "http://www.drug-injury-lawyer.com/blog/page/3/" "Mozilla/5.0 (Windows NT 10.0; Win64; x64) AppleWebKit/537.36 (KHTML, like Gecko) Chrome/103.0.5060.66 Safari/537.36" 
107.20.105.74 - - [20/Mar/2026:06:17:54 -0700] "HEAD / HTTP/1.1" 301 197 "-" "DreamHost SiteMonitor 1.0" 
107.20.105.74 - - [20/Mar/2026:06:17:54 -0700] "HEAD / HTTP/1.1" 301 385 "http://173.236.217.44" "DreamHost SiteMonitor 1.0" 
209.141.45.17 - - [20/Mar/2026:06:18:36 -0700] "GET /wp-admin/plugin-install.php?tab=upload HTTP/1.1" 301 573 "-" "python-requests/2.27.1" 
209.141.45.17 - - [20/Mar/2026:06:20:17 -0700] "GET /wp-admin/plugin-install.php?tab=upload HTTP/1.1" 302 453 "-" "python-requests/2.27.1" 
173.236.217.44 - - [20/Mar/2026:06:20:18 -0700] "POST /wp-cron.php?doing_wp_cron=1774012818.6023879051208496093750 HTTP/1.1" 200 283 "-" "WordPress/6.8.5; https://www.drug-injury-lawyer.com" 
91.211.90.117 - - [20/Mar/2026:06:22:37 -0700] "GET /blog/page/3/ HTTP/1.0" 200 66894 "http://www.drug-injury-lawyer.com/blog/page/3/" "Mozilla/5.0 (Windows NT 10.0; Win64; x64) AppleWebKit/537.36 (KHTML, like Gecko) Chrome/103.0.5060.53 Safari/537.36" 
173.236.217.44 - - [20/Mar/2026:06:22:38 -0700] "POST /wp-cron.php?doing_wp_cron=1774012958.1581718921661376953125 HTTP/1.1" 200 283 "-" "WordPress/6.8.5; https://www.drug-injury-lawyer.com" 
217.147.172.67 - - [20/Mar/2026:06:22:49 -0700] "GET /blog/page/3/ HTTP/1.0" 200 66894 "http://www.drug-injury-lawyer.com/blog/page/3/" "Mozilla/5.0 (Windows NT 10.0) AppleWebKit/537.36 (KHTML, like Gecko) Chrome/103.0.0.0 Safari/537.36" 
45.156.158.249 - - [20/Mar/2026:06:22:49 -0700] "GET /blog/page/3/ HTTP/1.0" 200 66894 "http://www.drug-injury-lawyer.com/blog/page/3/" "Mozilla/5.0 (Windows NT 6.1; WOW64) AppleWebKit/537.36 (KHTML, like Gecko) Chrome/103.0.0.0 Safari/537.36" 
45.156.158.249 - - [20/Mar/2026:06:22:50 -0700] "GET /blog/page/3/ HTTP/1.0" 200 66894 "http://www.drug-injury-lawyer.com/blog/page/3/" "Mozilla/5.0 (Windows NT 10.0) AppleWebKit/537.36 (KHTML, like Gecko) Chrome/103.0.0.0 Safari/537.36" 
217.147.172.67 - - [20/Mar/2026:06:22:50 -0700] "GET /blog/page/3/ HTTP/1.0" 200 66894 "http://www.drug-injury-lawyer.com/blog/page/3/" "Mozilla/5.0 (Windows NT 6.2; Win64; x64) AppleWebKit/537.36 (KHTML, like Gecko) Chrome/103.0.0.0 Safari/537.36" 
107.20.105.74 - - [20/Mar/2026:06:22:54 -0700] "HEAD / HTTP/1.1" 301 197 "-" "DreamHost SiteMonitor 1.0" 
107.20.105.74 - - [20/Mar/2026:06:22:54 -0700] "HEAD / HTTP/1.1" 301 385 "http://173.236.217.44" "DreamHost SiteMonitor 1.0" 
91.211.90.113 - - [20/Mar/2026:06:23:02 -0700] "GET /blog/page/3/ HTTP/1.0" 200 66894 "http://www.drug-injury-lawyer.com/blog/page/3/" "Mozilla/5.0 (Windows NT 6.1; WOW64) AppleWebKit/537.36 (KHTML, like Gecko) Chrome/103.0.0.0 Safari/537.36" 
91.211.90.113 - - [20/Mar/2026:06:23:02 -0700] "GET /blog/page/3/ HTTP/1.0" 200 66894 "http://www.drug-injury-lawyer.com/blog/page/3/" "Mozilla/5.0 (Windows NT 6.1; Win64; x64) AppleWebKit/537.36 (KHTML, like Gecko) Chrome/103.0.5060.66 Safari/537.36" 
91.211.90.70 - - [20/Mar/2026:06:23:31 -0700] "GET /blog/page/3/ HTTP/1.0" 200 66894 "http://www.drug-injury-lawyer.com/blog/page/3/" "Mozilla/5.0 (Windows NT 6.1) AppleWebKit/537.36 (KHTML, like Gecko) Chrome/103.0.0.0 Safari/537.36" 
173.236.217.44 - - [20/Mar/2026:06:23:31 -0700] "POST /wp-cron.php?doing_wp_cron=1774013011.1630721092224121093750 HTTP/1.1" 200 283 "-" "WordPress/6.8.5; https://www.drug-injury-lawyer.com" 
91.211.90.225 - - [20/Mar/2026:06:23:41 -0700] "GET /blog/page/3/ HTTP/1.0" 200 66894 "http://www.drug-injury-lawyer.com/blog/page/3/" "Mozilla/5.0 (Windows NT 6.3; Win64; x64) AppleWebKit/537.36 (KHTML, like Gecko) Chrome/103.0.5060.53 Safari/537.36" 
173.236.217.44 - - [20/Mar/2026:06:23:41 -0700] "POST /wp-cron.php?doing_wp_cron=1774013021.8078269958496093750000 HTTP/1.1" 200 283 "-" "WordPress/6.8.5; https://www.drug-injury-lawyer.com" 
91.211.90.240 - - [20/Mar/2026:06:23:43 -0700] "GET /blog/page/3/ HTTP/1.0" 200 66894 "http://www.drug-injury-lawyer.com/blog/page/3/" "Mozilla/5.0 (Windows NT 10.0; Win64; x64) AppleWebKit/537.36 (KHTML, like Gecko) Chrome/103.0.0.0 Safari/537.36 Herring/95.1.8810.11" 
91.211.90.88 - - [20/Mar/2026:06:23:50 -0700] "GET /blog/page/3/ HTTP/1.0" 200 66894 "http://www.drug-injury-lawyer.com/blog/page/3/" "Mozilla/5.0 (Windows NT 10.0; Win64; x64) AppleWebKit/537.36 (KHTML, like Gecko) Chrome/103.0.0.0 Safari/537.36 Herring/95.1.8810.11" 
4.231.228.236 - - [20/Mar/2026:06:24:37 -0700] "GET /wp-content/plugins/hellopress/wp_filemanager.php HTTP/1.1" 301 537 "-" "-" 
173.236.217.44 - - [20/Mar/2026:06:24:38 -0700] "POST /wp-cron.php?doing_wp_cron=1774013078.4453229904174804687500 HTTP/1.1" 200 283 "-" "WordPress/6.8.5; https://www.drug-injury-lawyer.com" 
4.231.228.236 - - [20/Mar/2026:06:24:38 -0700] "GET /wp-content/plugins/hellopress/wp_filemanager.php HTTP/1.1" 500 3198 "-" "-" 
4.231.228.236 - - [20/Mar/2026:06:24:38 -0700] "GET /gptsh.php HTTP/1.1" 301 459 "-" "-" 
173.236.217.44 - - [20/Mar/2026:06:24:39 -0700] "POST /wp-cron.php?doing_wp_cron=1774013079.0103540420532226562500 HTTP/1.1" 200 283 "-" "WordPress/6.8.5; https://www.drug-injury-lawyer.com" 
4.231.228.236 - - [20/Mar/2026:06:24:38 -0700] "GET /gptsh.php HTTP/1.1" 500 3198 "-" "-" 
4.231.228.236 - - [20/Mar/2026:06:24:39 -0700] "GET /xocx.php HTTP/1.1" 301 457 "-" "-" 
4.231.228.236 - - [20/Mar/2026:06:24:39 -0700] "GET /xocx.php HTTP/1.1" 500 3134 "-" "-" 
4.231.228.236 - - [20/Mar/2026:06:24:39 -0700] "GET /zample.php HTTP/1.1" 301 461 "-" "-" 
4.231.228.236 - - [20/Mar/2026:06:24:39 -0700] "GET /zample.php HTTP/1.1" 500 3134 "-" "-" 
4.231.228.236 - - [20/Mar/2026:06:24:39 -0700] "GET /mxxx.php HTTP/1.1" 301 457 "-" "-" 
4.231.228.236 - - [20/Mar/2026:06:24:40 -0700] "GET /mxxx.php HTTP/1.1" 500 3134 "-" "-" 
4.231.228.236 - - [20/Mar/2026:06:24:40 -0700] "GET /gkk.php HTTP/1.1" 301 455 "-" "-" 
4.231.228.236 - - [20/Mar/2026:06:24:40 -0700] "GET /gkk.php HTTP/1.1" 500 3134 "-" "-" 
4.231.228.236 - - [20/Mar/2026:06:24:40 -0700] "GET /csc.php HTTP/1.1" 301 455 "-" "-" 
4.231.228.236 - - [20/Mar/2026:06:24:40 -0700] "GET /csc.php HTTP/1.1" 500 3134 "-" "-" 
4.231.228.236 - - [20/Mar/2026:06:24:40 -0700] "GET /ps.php HTTP/1.1" 301 453 "-" "-" 
4.231.228.236 - - [20/Mar/2026:06:24:41 -0700] "GET /ps.php HTTP/1.1" 500 3134 "-" "-" 
4.231.228.236 - - [20/Mar/2026:06:24:41 -0700] "GET /2P.php HTTP/1.1" 301 453 "-" "-" 
4.231.228.236 - - [20/Mar/2026:06:24:41 -0700] "GET /2P.php HTTP/1.1" 500 3134 "-" "-" 
4.231.228.236 - - [20/Mar/2026:06:24:41 -0700] "GET /read.php HTTP/1.1" 301 457 "-" "-" 
4.231.228.236 - - [20/Mar/2026:06:24:41 -0700] "GET /read.php HTTP/1.1" 500 3134 "-" "-" 
4.231.228.236 - - [20/Mar/2026:06:24:41 -0700] "GET /adminblue.php HTTP/1.1" 301 467 "-" "-" 
4.231.228.236 - - [20/Mar/2026:06:24:42 -0700] "GET /adminblue.php HTTP/1.1" 500 3134 "-" "-" 
4.231.228.236 - - [20/Mar/2026:06:24:42 -0700] "GET /lock.php HTTP/1.1" 301 457 "-" "-" 
4.231.228.236 - - [20/Mar/2026:06:24:42 -0700] "GET /lock.php HTTP/1.1" 500 3134 "-" "-" 
4.231.228.236 - - [20/Mar/2026:06:24:42 -0700] "GET /ox.php HTTP/1.1" 301 453 "-" "-" 
4.231.228.236 - - [20/Mar/2026:06:24:42 -0700] "GET /ox.php HTTP/1.1" 500 3134 "-" "-" 
4.231.228.236 - - [20/Mar/2026:06:24:42 -0700] "GET /1754569357_be.php HTTP/1.1" 301 475 "-" "-" 
4.231.228.236 - - [20/Mar/2026:06:24:43 -0700] "GET /1754569357_be.php HTTP/1.1" 500 3134 "-" "-" 
4.231.228.236 - - [20/Mar/2026:06:24:43 -0700] "GET /wp-kd4xalrg7m.php HTTP/1.1" 301 475 "-" "-" 
4.231.228.236 - - [20/Mar/2026:06:24:43 -0700] "GET /wp-kd4xalrg7m.php HTTP/1.1" 500 3134 "-" "-" 
4.231.228.236 - - [20/Mar/2026:06:24:43 -0700] "GET /hplfuns.php HTTP/1.1" 301 463 "-" "-" 
4.231.228.236 - - [20/Mar/2026:06:24:43 -0700] "GET /hplfuns.php HTTP/1.1" 500 3134 "-" "-" 
4.231.228.236 - - [20/Mar/2026:06:24:44 -0700] "GET /test2.php HTTP/1.1" 301 459 "-" "-" 
4.231.228.236 - - [20/Mar/2026:06:24:44 -0700] "GET /test2.php HTTP/1.1" 500 3134 "-" "-" 
4.231.228.236 - - [20/Mar/2026:06:24:44 -0700] "GET /100.php HTTP/1.1" 301 455 "-" "-" 
4.231.228.236 - - [20/Mar/2026:06:24:44 -0700] "GET /100.php HTTP/1.1" 500 3134 "-" "-" 
4.231.228.236 - - [20/Mar/2026:06:24:44 -0700] "GET /1998.php HTTP/1.1" 301 457 "-" "-" 
4.231.228.236 - - [20/Mar/2026:06:24:44 -0700] "GET /1998.php HTTP/1.1" 500 3134 "-" "-" 
4.231.228.236 - - [20/Mar/2026:06:24:45 -0700] "GET /wtiiy.php HTTP/1.1" 301 459 "-" "-" 
4.231.228.236 - - [20/Mar/2026:06:24:45 -0700] "GET /wtiiy.php HTTP/1.1" 500 3134 "-" "-" 
4.231.228.236 - - [20/Mar/2026:06:24:45 -0700] "GET /sxb.php HTTP/1.1" 301 455 "-" "-" 
4.231.228.236 - - [20/Mar/2026:06:24:45 -0700] "GET /sxb.php HTTP/1.1" 500 3134 "-" "-" 
4.231.228.236 - - [20/Mar/2026:06:24:45 -0700] "GET //wp-mter.php HTTP/1.1" 301 463 "-" "-" 
4.231.228.236 - - [20/Mar/2026:06:24:45 -0700] "GET /wp-mter.php HTTP/1.1" 500 3134 "-" "-" 
4.231.228.236 - - [20/Mar/2026:06:24:46 -0700] "GET /inege.php HTTP/1.1" 301 459 "-" "-" 
4.231.228.236 - - [20/Mar/2026:06:24:46 -0700] "GET /inege.php HTTP/1.1" 500 3134 "-" "-" 
4.231.228.236 - - [20/Mar/2026:06:24:46 -0700] "GET /hc.php HTTP/1.1" 301 453 "-" "-" 
4.231.228.236 - - [20/Mar/2026:06:24:46 -0700] "GET /hc.php HTTP/1.1" 500 3134 "-" "-" 
4.231.228.236 - - [20/Mar/2026:06:24:46 -0700] "GET /aifa.php HTTP/1.1" 301 457 "-" "-" 
4.231.228.236 - - [20/Mar/2026:06:24:47 -0700] "GET /aifa.php HTTP/1.1" 500 3134 "-" "-" 
4.231.228.236 - - [20/Mar/2026:06:24:47 -0700] "GET /awh.php HTTP/1.1" 301 455 "-" "-" 
4.231.228.236 - - [20/Mar/2026:06:24:47 -0700] "GET /awh.php HTTP/1.1" 500 3134 "-" "-" 
4.231.228.236 - - [20/Mar/2026:06:24:47 -0700] "GET /yussef.php HTTP/1.1" 301 461 "-" "-" 
4.231.228.236 - - [20/Mar/2026:06:24:47 -0700] "GET /yussef.php HTTP/1.1" 500 3134 "-" "-" 
4.231.228.236 - - [20/Mar/2026:06:24:47 -0700] "GET /0771dccd2958b85d48125d146d77e038akc.php HTTP/1.1" 301 519 "-" "-" 
4.231.228.236 - - [20/Mar/2026:06:24:48 -0700] "GET /0771dccd2958b85d48125d146d77e038akc.php HTTP/1.1" 500 3134 "-" "-" 
4.231.228.236 - - [20/Mar/2026:06:24:48 -0700] "GET /19.php HTTP/1.1" 301 453 "-" "-" 
4.231.228.236 - - [20/Mar/2026:06:24:48 -0700] "GET /19.php HTTP/1.1" 500 3134 "-" "-" 
4.231.228.236 - - [20/Mar/2026:06:24:48 -0700] "GET /fe5.php HTTP/1.1" 301 455 "-" "-" 
4.231.228.236 - - [20/Mar/2026:06:24:48 -0700] "GET /fe5.php HTTP/1.1" 500 3134 "-" "-" 
4.231.228.236 - - [20/Mar/2026:06:24:49 -0700] "GET /wp11.php HTTP/1.1" 301 457 "-" "-" 
4.231.228.236 - - [20/Mar/2026:06:24:49 -0700] "GET /wp11.php HTTP/1.1" 500 3134 "-" "-" 
4.231.228.236 - - [20/Mar/2026:06:24:49 -0700] "GET /file61.php HTTP/1.1" 301 461 "-" "-" 
4.231.228.236 - - [20/Mar/2026:06:24:49 -0700] "GET /file61.php HTTP/1.1" 500 3134 "-" "-" 
4.231.228.236 - - [20/Mar/2026:06:24:49 -0700] "GET /16.php HTTP/1.1" 301 453 "-" "-" 
4.231.228.236 - - [20/Mar/2026:06:24:49 -0700] "GET /16.php HTTP/1.1" 500 3134 "-" "-" 
4.231.228.236 - - [20/Mar/2026:06:24:50 -0700] "GET /bb.php HTTP/1.1" 301 453 "-" "-" 
4.231.228.236 - - [20/Mar/2026:06:24:50 -0700] "GET /bb.php HTTP/1.1" 500 3134 "-" "-" 
4.231.228.236 - - [20/Mar/2026:06:24:50 -0700] "GET /ss.php HTTP/1.1" 301 453 "-" "-" 
4.231.228.236 - - [20/Mar/2026:06:24:50 -0700] "GET /ss.php HTTP/1.1" 500 3134 "-" "-" 
4.231.228.236 - - [20/Mar/2026:06:24:50 -0700] "GET /wp-p2r3q9c8k4.php HTTP/1.1" 301 475 "-" "-" 
4.231.228.236 - - [20/Mar/2026:06:24:50 -0700] "GET /wp-p2r3q9c8k4.php HTTP/1.1" 500 3134 "-" "-" 
4.231.228.236 - - [20/Mar/2026:06:24:51 -0700] "GET /ty.php HTTP/1.1" 301 453 "-" "-" 
4.231.228.236 - - [20/Mar/2026:06:24:51 -0700] "GET /ty.php HTTP/1.1" 500 3134 "-" "-" 
4.231.228.236 - - [20/Mar/2026:06:24:51 -0700] "GET /albin.php HTTP/1.1" 301 459 "-" "-" 
4.231.228.236 - - [20/Mar/2026:06:24:51 -0700] "GET /albin.php HTTP/1.1" 500 3134 "-" "-" 
4.231.228.236 - - [20/Mar/2026:06:24:51 -0700] "GET /utky.php HTTP/1.1" 301 457 "-" "-" 
4.231.228.236 - - [20/Mar/2026:06:24:52 -0700] "GET /utky.php HTTP/1.1" 500 3134 "-" "-" 
4.231.228.236 - - [20/Mar/2026:06:24:52 -0700] "GET /settings.php HTTP/1.1" 301 465 "-" "-" 
4.231.228.236 - - [20/Mar/2026:06:24:52 -0700] "GET /settings.php HTTP/1.1" 500 3134 "-" "-" 
4.231.228.236 - - [20/Mar/2026:06:24:52 -0700] "GET /uuu.php HTTP/1.1" 301 455 "-" "-" 
4.231.228.236 - - [20/Mar/2026:06:24:52 -0700] "GET /uuu.php HTTP/1.1" 500 3134 "-" "-" 
4.231.228.236 - - [20/Mar/2026:06:24:52 -0700] "GET /by.php HTTP/1.1" 301 453 "-" "-" 
4.231.228.236 - - [20/Mar/2026:06:24:53 -0700] "GET /by.php HTTP/1.1" 500 3134 "-" "-" 
4.231.228.236 - - [20/Mar/2026:06:24:53 -0700] "GET /sf.php HTTP/1.1" 301 453 "-" "-" 
4.231.228.236 - - [20/Mar/2026:06:24:53 -0700] "GET /sf.php HTTP/1.1" 500 3134 "-" "-" 
4.231.228.236 - - [20/Mar/2026:06:24:53 -0700] "GET /asw.php HTTP/1.1" 301 455 "-" "-" 
4.231.228.236 - - [20/Mar/2026:06:24:53 -0700] "GET /asw.php HTTP/1.1" 500 3134 "-" "-" 
4.231.228.236 - - [20/Mar/2026:06:24:54 -0700] "GET /eee.php HTTP/1.1" 301 455 "-" "-" 
4.231.228.236 - - [20/Mar/2026:06:24:54 -0700] "GET /eee.php HTTP/1.1" 500 3134 "-" "-" 
4.231.228.236 - - [20/Mar/2026:06:24:54 -0700] "GET /lp6.php HTTP/1.1" 301 455 "-" "-" 
4.231.228.236 - - [20/Mar/2026:06:24:54 -0700] "GET /lp6.php HTTP/1.1" 500 3134 "-" "-" 
4.231.228.236 - - [20/Mar/2026:06:24:54 -0700] "GET /akses.php HTTP/1.1" 301 459 "-" "-" 
4.231.228.236 - - [20/Mar/2026:06:24:54 -0700] "GET /akses.php HTTP/1.1" 500 3134 "-" "-" 
4.231.228.236 - - [20/Mar/2026:06:24:55 -0700] "GET /no1.php HTTP/1.1" 301 455 "-" "-" 
4.231.228.236 - - [20/Mar/2026:06:24:55 -0700] "GET /no1.php HTTP/1.1" 500 3134 "-" "-" 
4.231.228.236 - - [20/Mar/2026:06:24:55 -0700] "GET /teee.php HTTP/1.1" 301 457 "-" "-" 
4.231.228.236 - - [20/Mar/2026:06:24:55 -0700] "GET /teee.php HTTP/1.1" 500 3134 "-" "-" 
4.231.228.236 - - [20/Mar/2026:06:24:55 -0700] "GET /wo.php HTTP/1.1" 301 453 "-" "-" 
4.231.228.236 - - [20/Mar/2026:06:24:56 -0700] "GET /wo.php HTTP/1.1" 500 3134 "-" "-" 
4.231.228.236 - - [20/Mar/2026:06:24:56 -0700] "GET /rithin.php HTTP/1.1" 301 461 "-" "-" 
4.231.228.236 - - [20/Mar/2026:06:24:56 -0700] "GET /rithin.php HTTP/1.1" 500 3134 "-" "-" 
4.231.228.236 - - [20/Mar/2026:06:24:56 -0700] "GET /kk.php HTTP/1.1" 301 453 "-" "-" 
4.231.228.236 - - [20/Mar/2026:06:24:56 -0700] "GET /kk.php HTTP/1.1" 500 3134 "-" "-" 
4.231.228.236 - - [20/Mar/2026:06:24:56 -0700] "GET /path.php HTTP/1.1" 301 457 "-" "-" 
4.231.228.236 - - [20/Mar/2026:06:24:57 -0700] "GET /path.php HTTP/1.1" 500 3134 "-" "-" 
4.231.228.236 - - [20/Mar/2026:06:24:57 -0700] "GET /cs.php HTTP/1.1" 301 453 "-" "-" 
4.231.228.236 - - [20/Mar/2026:06:24:57 -0700] "GET /cs.php HTTP/1.1" 500 3134 "-" "-" 
4.231.228.236 - - [20/Mar/2026:06:24:57 -0700] "GET /w2025.php HTTP/1.1" 301 459 "-" "-" 
4.231.228.236 - - [20/Mar/2026:06:24:57 -0700] "GET /w2025.php HTTP/1.1" 500 3134 "-" "-" 
4.231.228.236 - - [20/Mar/2026:06:24:58 -0700] "GET /swallowable.php HTTP/1.1" 301 471 "-" "-" 
4.231.228.236 - - [20/Mar/2026:06:24:58 -0700] "GET /swallowable.php HTTP/1.1" 500 3134 "-" "-" 
4.231.228.236 - - [20/Mar/2026:06:24:58 -0700] "GET /fvvff.php HTTP/1.1" 301 459 "-" "-" 
4.231.228.236 - - [20/Mar/2026:06:24:58 -0700] "GET /fvvff.php HTTP/1.1" 500 3134 "-" "-" 
4.231.228.236 - - [20/Mar/2026:06:24:58 -0700] "GET /a2.php HTTP/1.1" 301 453 "-" "-" 
4.231.228.236 - - [20/Mar/2026:06:24:58 -0700] "GET /a2.php HTTP/1.1" 500 3134 "-" "-" 
4.231.228.236 - - [20/Mar/2026:06:24:59 -0700] "GET /sty.php HTTP/1.1" 301 455 "-" "-" 
4.231.228.236 - - [20/Mar/2026:06:24:59 -0700] "GET /sty.php HTTP/1.1" 500 3134 "-" "-" 
4.231.228.236 - - [20/Mar/2026:06:24:59 -0700] "GET /g.php HTTP/1.1" 301 451 "-" "-" 
4.231.228.236 - - [20/Mar/2026:06:24:59 -0700] "GET /g.php HTTP/1.1" 500 3134 "-" "-" 
4.231.228.236 - - [20/Mar/2026:06:24:59 -0700] "GET /pp.php HTTP/1.1" 301 453 "-" "-" 
4.231.228.236 - - [20/Mar/2026:06:24:59 -0700] "GET /pp.php HTTP/1.1" 500 3134 "-" "-" 
4.231.228.236 - - [20/Mar/2026:06:25:00 -0700] "GET //sys.php HTTP/1.1" 301 455 "-" "-" 
4.231.228.236 - - [20/Mar/2026:06:25:00 -0700] "GET /sys.php HTTP/1.1" 500 3134 "-" "-" 
4.231.228.236 - - [20/Mar/2026:06:25:00 -0700] "GET /txets.php HTTP/1.1" 301 459 "-" "-" 
4.231.228.236 - - [20/Mar/2026:06:25:00 -0700] "GET /txets.php HTTP/1.1" 500 3134 "-" "-" 
4.231.228.236 - - [20/Mar/2026:06:25:00 -0700] "GET /wp9.php HTTP/1.1" 301 455 "-" "-" 
4.231.228.236 - - [20/Mar/2026:06:25:01 -0700] "GET /wp9.php HTTP/1.1" 500 3134 "-" "-" 
4.231.228.236 - - [20/Mar/2026:06:25:01 -0700] "GET /path.php HTTP/1.1" 301 457 "-" "-" 
4.231.228.236 - - [20/Mar/2026:06:25:01 -0700] "GET /path.php HTTP/1.1" 500 3134 "-" "-" 
4.231.228.236 - - [20/Mar/2026:06:25:01 -0700] "GET /wdf.php HTTP/1.1" 301 455 "-" "-" 
4.231.228.236 - - [20/Mar/2026:06:25:01 -0700] "GET /wdf.php HTTP/1.1" 500 3134 "-" "-" 
4.231.228.236 - - [20/Mar/2026:06:25:01 -0700] "GET //2.php HTTP/1.1" 301 451 "-" "-" 
4.231.228.236 - - [20/Mar/2026:06:25:02 -0700] "GET /2.php HTTP/1.1" 500 3134 "-" "-" 
4.231.228.236 - - [20/Mar/2026:06:25:02 -0700] "GET /wsvvs.php HTTP/1.1" 301 459 "-" "-" 
4.231.228.236 - - [20/Mar/2026:06:25:02 -0700] "GET /wsvvs.php HTTP/1.1" 500 3134 "-" "-" 
4.231.228.236 - - [20/Mar/2026:06:25:02 -0700] "GET //3.php HTTP/1.1" 301 451 "-" "-" 
4.231.228.236 - - [20/Mar/2026:06:25:02 -0700] "GET /3.php HTTP/1.1" 500 3134 "-" "-" 
4.231.228.236 - - [20/Mar/2026:06:25:02 -0700] "GET //edit.php HTTP/1.1" 301 457 "-" "-" 
4.231.228.236 - - [20/Mar/2026:06:25:03 -0700] "GET /edit.php HTTP/1.1" 500 3134 "-" "-" 
4.231.228.236 - - [20/Mar/2026:06:25:03 -0700] "GET /ioxi-o.php HTTP/1.1" 301 461 "-" "-" 
4.231.228.236 - - [20/Mar/2026:06:25:03 -0700] "GET /ioxi-o.php HTTP/1.1" 500 3134 "-" "-" 
4.231.228.236 - - [20/Mar/2026:06:25:03 -0700] "GET /wp-content/admin.php HTTP/1.1" 301 481 "-" "-" 
4.231.228.236 - - [20/Mar/2026:06:25:03 -0700] "GET /wp-content/admin.php HTTP/1.1" 500 3134 "-" "-" 
4.231.228.236 - - [20/Mar/2026:06:25:03 -0700] "GET /66.php HTTP/1.1" 301 453 "-" "-" 
4.231.228.236 - - [20/Mar/2026:06:25:04 -0700] "GET /66.php HTTP/1.1" 500 3134 "-" "-" 
4.231.228.236 - - [20/Mar/2026:06:25:04 -0700] "GET //wp-includes/js/tinymce/themes/inlite/ HTTP/1.1" 301 515 "-" "-" 
4.231.228.236 - - [20/Mar/2026:06:25:04 -0700] "GET /wp-includes/js/tinymce/themes/inlite/ HTTP/1.1" 500 3134 "-" "-" 
4.231.228.236 - - [20/Mar/2026:06:25:04 -0700] "GET /gifclass.php HTTP/1.1" 301 465 "-" "-" 
4.231.228.236 - - [20/Mar/2026:06:25:04 -0700] "GET /gifclass.php HTTP/1.1" 500 3134 "-" "-" 
4.231.228.236 - - [20/Mar/2026:06:25:05 -0700] "GET /wp-includes/assets/index.php HTTP/1.1" 301 497 "-" "-" 
4.231.228.236 - - [20/Mar/2026:06:25:05 -0700] "GET /wp-includes/assets/index.php HTTP/1.1" 301 401 "-" "-" 
4.231.228.236 - - [20/Mar/2026:06:25:05 -0700] "GET /wp-includes/assets/ HTTP/1.1" 500 3112 "-" "-" 
4.231.228.236 - - [20/Mar/2026:06:25:05 -0700] "GET //wp-admin/images/wp-conflg.php?p= HTTP/1.1" 301 505 "-" "-" 
4.231.228.236 - - [20/Mar/2026:06:25:05 -0700] "GET /wp-admin/images/wp-conflg.php?p= HTTP/1.1" 301 411 "-" "-" 
4.231.228.236 - - [20/Mar/2026:06:25:05 -0700] "GET /wp-admin/images/wp-conflg.php HTTP/1.1" 500 3112 "-" "-" 
4.231.228.236 - - [20/Mar/2026:06:25:06 -0700] "GET /wp-content/plugins/index.php?p= HTTP/1.1" 301 503 "-" "-" 
4.231.228.236 - - [20/Mar/2026:06:25:06 -0700] "GET /wp-content/plugins/index.php?p= HTTP/1.1" 301 401 "-" "-" 
4.231.228.236 - - [20/Mar/2026:06:25:06 -0700] "GET /wp-content/plugins/ HTTP/1.1" 500 3112 "-" "-" 
4.231.228.236 - - [20/Mar/2026:06:25:06 -0700] "GET //assets/css/index.php HTTP/1.1" 301 481 "-" "-" 
4.231.228.236 - - [20/Mar/2026:06:25:06 -0700] "GET /assets/css/index.php HTTP/1.1" 301 393 "-" "-" 
4.231.228.236 - - [20/Mar/2026:06:25:07 -0700] "GET /assets/css/ HTTP/1.1" 500 3112 "-" "-" 
4.231.228.236 - - [20/Mar/2026:06:25:07 -0700] "GET /a5.php HTTP/1.1" 301 453 "-" "-" 
4.231.228.236 - - [20/Mar/2026:06:25:07 -0700] "GET /a5.php HTTP/1.1" 500 3134 "-" "-" 
4.231.228.236 - - [20/Mar/2026:06:25:07 -0700] "GET /xmlrpc.php HTTP/1.1" 301 461 "-" "-" 
4.231.228.236 - - [20/Mar/2026:06:25:07 -0700] "GET /xmlrpc.php HTTP/1.1" 405 255 "-" "-" 
4.231.228.236 - - [20/Mar/2026:06:25:07 -0700] "GET /ol.php HTTP/1.1" 301 453 "-" "-" 
4.231.228.236 - - [20/Mar/2026:06:25:08 -0700] "GET /ol.php HTTP/1.1" 500 3112 "-" "-" 
4.231.228.236 - - [20/Mar/2026:06:25:08 -0700] "GET //f6.php HTTP/1.1" 301 453 "-" "-" 
4.231.228.236 - - [20/Mar/2026:06:25:08 -0700] "GET /f6.php HTTP/1.1" 500 3134 "-" "-" 
4.231.228.236 - - [20/Mar/2026:06:25:08 -0700] "GET //inputs.php HTTP/1.1" 301 461 "-" "-" 
4.231.228.236 - - [20/Mar/2026:06:25:08 -0700] "GET /inputs.php HTTP/1.1" 500 3134 "-" "-" 
4.231.228.236 - - [20/Mar/2026:06:25:08 -0700] "GET /style.php HTTP/1.1" 301 459 "-" "-" 
4.231.228.236 - - [20/Mar/2026:06:25:09 -0700] "GET /style.php HTTP/1.1" 500 3134 "-" "-" 
4.231.228.236 - - [20/Mar/2026:06:25:09 -0700] "GET /bgymj.php HTTP/1.1" 301 459 "-" "-" 
4.231.228.236 - - [20/Mar/2026:06:25:09 -0700] "GET /bgymj.php HTTP/1.1" 500 3134 "-" "-" 
4.231.228.236 - - [20/Mar/2026:06:25:09 -0700] "GET //aa.php HTTP/1.1" 301 453 "-" "-" 
4.231.228.236 - - [20/Mar/2026:06:25:09 -0700] "GET /aa.php HTTP/1.1" 500 3134 "-" "-" 
4.231.228.236 - - [20/Mar/2026:06:25:09 -0700] "GET //1.php HTTP/1.1" 301 451 "-" "-" 
4.231.228.236 - - [20/Mar/2026:06:25:10 -0700] "GET /1.php HTTP/1.1" 500 3134 "-" "-" 
4.231.228.236 - - [20/Mar/2026:06:25:10 -0700] "GET //av.php HTTP/1.1" 301 453 "-" "-" 
4.231.228.236 - - [20/Mar/2026:06:25:10 -0700] "GET /av.php HTTP/1.1" 500 3134 "-" "-" 
4.231.228.236 - - [20/Mar/2026:06:25:10 -0700] "GET /file.php? HTTP/1.1" 301 459 "-" "-" 
4.231.228.236 - - [20/Mar/2026:06:25:10 -0700] "GET /file.php? HTTP/1.1" 500 3134 "-" "-" 
4.231.228.236 - - [20/Mar/2026:06:25:11 -0700] "GET /file59.php HTTP/1.1" 301 461 "-" "-" 
4.231.228.236 - - [20/Mar/2026:06:25:11 -0700] "GET /file59.php HTTP/1.1" 500 3134 "-" "-" 
4.231.228.236 - - [20/Mar/2026:06:25:11 -0700] "GET /bless.php HTTP/1.1" 301 459 "-" "-" 
4.231.228.236 - - [20/Mar/2026:06:25:11 -0700] "GET /bless.php HTTP/1.1" 500 3134 "-" "-" 
4.231.228.236 - - [20/Mar/2026:06:25:11 -0700] "GET /wp9.php HTTP/1.1" 301 455 "-" "-" 
4.231.228.236 - - [20/Mar/2026:06:25:11 -0700] "GET /wp9.php HTTP/1.1" 500 3134 "-" "-" 
4.231.228.236 - - [20/Mar/2026:06:25:12 -0700] "GET /wp-act.php HTTP/1.1" 301 461 "-" "-" 
4.231.228.236 - - [20/Mar/2026:06:25:12 -0700] "GET /wp-act.php HTTP/1.1" 500 3134 "-" "-" 
4.231.228.236 - - [20/Mar/2026:06:25:12 -0700] "GET /class-t.api.php HTTP/1.1" 301 471 "-" "-" 
4.231.228.236 - - [20/Mar/2026:06:25:12 -0700] "GET /class-t.api.php HTTP/1.1" 500 3134 "-" "-" 
4.231.228.236 - - [20/Mar/2026:06:25:12 -0700] "GET /xqq.php HTTP/1.1" 301 455 "-" "-" 
4.231.228.236 - - [20/Mar/2026:06:25:13 -0700] "GET /xqq.php HTTP/1.1" 500 3134 "-" "-" 
4.231.228.236 - - [20/Mar/2026:06:25:13 -0700] "GET /wp-admin/css/bolt.php HTTP/1.1" 301 483 "-" "-" 
4.231.228.236 - - [20/Mar/2026:06:25:13 -0700] "GET /wp-admin/css/bolt.php HTTP/1.1" 500 3134 "-" "-" 
4.231.228.236 - - [20/Mar/2026:06:25:13 -0700] "GET /a.php?p= HTTP/1.1" 301 457 "-" "-" 
4.231.228.236 - - [20/Mar/2026:06:25:13 -0700] "GET /a.php?p= HTTP/1.1" 301 387 "-" "-" 
4.231.228.236 - - [20/Mar/2026:06:25:13 -0700] "GET /a.php HTTP/1.1" 500 3112 "-" "-" 
4.231.228.236 - - [20/Mar/2026:06:25:14 -0700] "GET /06.php HTTP/1.1" 301 453 "-" "-" 
4.231.228.236 - - [20/Mar/2026:06:25:14 -0700] "GET /06.php HTTP/1.1" 500 3134 "-" "-" 
4.231.228.236 - - [20/Mar/2026:06:25:14 -0700] "GET /plss3.php HTTP/1.1" 301 459 "-" "-" 
4.231.228.236 - - [20/Mar/2026:06:25:14 -0700] "GET /plss3.php HTTP/1.1" 500 3134 "-" "-" 
4.231.228.236 - - [20/Mar/2026:06:25:14 -0700] "GET /aaa.php?p= HTTP/1.1" 301 480 "-" "-" 
4.231.228.236 - - [20/Mar/2026:06:25:14 -0700] "GET /aaa.php?p= HTTP/1.1" 301 389 "-" "-" 
4.231.228.236 - - [20/Mar/2026:06:25:15 -0700] "GET /aaa.php HTTP/1.1" 500 3112 "-" "-" 
4.231.228.236 - - [20/Mar/2026:06:25:15 -0700] "GET /classwithtostring.php?p= HTTP/1.1" 301 489 "-" "-" 
4.231.228.236 - - [20/Mar/2026:06:25:15 -0700] "GET /classwithtostring.php?p= HTTP/1.1" 301 403 "-" "-" 
4.231.228.236 - - [20/Mar/2026:06:25:15 -0700] "GET /classwithtostring.php HTTP/1.1" 500 3112 "-" "-" 
4.231.228.236 - - [20/Mar/2026:06:25:15 -0700] "GET /wp-content/themes/index.php HTTP/1.1" 301 495 "-" "-" 
4.231.228.236 - - [20/Mar/2026:06:25:16 -0700] "GET /wp-content/themes/index.php HTTP/1.1" 301 400 "-" "-" 
4.231.228.236 - - [20/Mar/2026:06:25:16 -0700] "GET /wp-content/themes/ HTTP/1.1" 500 3112 "-" "-" 
4.231.228.236 - - [20/Mar/2026:06:25:16 -0700] "GET /tinyfilemanager.php?p= HTTP/1.1" 301 485 "-" "-" 
4.231.228.236 - - [20/Mar/2026:06:25:16 -0700] "GET /tinyfilemanager.php?p= HTTP/1.1" 301 401 "-" "-" 
4.231.228.236 - - [20/Mar/2026:06:25:16 -0700] "GET /tinyfilemanager.php HTTP/1.1" 500 3112 "-" "-" 
4.231.228.236 - - [20/Mar/2026:06:25:16 -0700] "GET //x.php HTTP/1.1" 301 451 "-" "-" 
4.231.228.236 - - [20/Mar/2026:06:25:17 -0700] "GET /x.php HTTP/1.1" 500 3134 "-" "-" 
4.231.228.236 - - [20/Mar/2026:06:25:17 -0700] "GET /ms.php HTTP/1.1" 301 453 "-" "-" 
4.231.228.236 - - [20/Mar/2026:06:25:17 -0700] "GET /ms.php HTTP/1.1" 500 3134 "-" "-" 
4.231.228.236 - - [20/Mar/2026:06:25:17 -0700] "GET //wp-content/plugins/erinyani/ HTTP/1.1" 301 497 "-" "-" 
4.231.228.236 - - [20/Mar/2026:06:25:17 -0700] "GET /wp-content/plugins/erinyani/ HTTP/1.1" 500 3134 "-" "-" 
4.231.228.236 - - [20/Mar/2026:06:25:17 -0700] "GET /wp-update.php HTTP/1.1" 301 467 "-" "-" 
4.231.228.236 - - [20/Mar/2026:06:25:18 -0700] "GET /wp-update.php HTTP/1.1" 500 3134 "-" "-" 
4.231.228.236 - - [20/Mar/2026:06:25:18 -0700] "GET /sbhu.php HTTP/1.1" 301 457 "-" "-" 
4.231.228.236 - - [20/Mar/2026:06:25:18 -0700] "GET /sbhu.php HTTP/1.1" 500 3134 "-" "-" 
4.231.228.236 - - [20/Mar/2026:06:25:18 -0700] "GET /x/ HTTP/1.1" 301 445 "-" "-" 
4.231.228.236 - - [20/Mar/2026:06:25:18 -0700] "GET /x/ HTTP/1.1" 301 416 "-" "-" 
4.231.228.236 - - [20/Mar/2026:06:25:19 -0700] "GET /wp-blog.php HTTP/1.1" 301 463 "-" "-" 
4.231.228.236 - - [20/Mar/2026:06:25:19 -0700] "GET /wp-blog.php HTTP/1.1" 500 3112 "-" "-" 
4.231.228.236 - - [20/Mar/2026:06:25:19 -0700] "GET /test1.php HTTP/1.1" 301 459 "-" "-" 
4.231.228.236 - - [20/Mar/2026:06:25:20 -0700] "GET /test1.php HTTP/1.1" 500 3134 "-" "-" 
4.231.228.236 - - [20/Mar/2026:06:25:20 -0700] "GET //wp-includes/js/jquery/ HTTP/1.1" 301 485 "-" "-" 
4.231.228.236 - - [20/Mar/2026:06:25:20 -0700] "GET /wp-includes/js/jquery/ HTTP/1.1" 500 3134 "-" "-" 
4.231.228.236 - - [20/Mar/2026:06:25:20 -0700] "GET /166.php HTTP/1.1" 301 455 "-" "-" 
4.231.228.236 - - [20/Mar/2026:06:25:20 -0700] "GET /166.php HTTP/1.1" 500 3134 "-" "-" 
4.231.228.236 - - [20/Mar/2026:06:25:20 -0700] "GET //wp-content/admin.php HTTP/1.1" 301 481 "-" "-" 
4.231.228.236 - - [20/Mar/2026:06:25:21 -0700] "GET /wp-content/admin.php HTTP/1.1" 500 3134 "-" "-" 
4.231.228.236 - - [20/Mar/2026:06:25:21 -0700] "GET /ms-edit.php HTTP/1.1" 301 463 "-" "-" 
4.231.228.236 - - [20/Mar/2026:06:25:21 -0700] "GET /ms-edit.php HTTP/1.1" 500 3134 "-" "-" 
4.231.228.236 - - [20/Mar/2026:06:25:21 -0700] "GET //adminfuns.php HTTP/1.1" 301 467 "-" "-" 
4.231.228.236 - - [20/Mar/2026:06:25:21 -0700] "GET /adminfuns.php HTTP/1.1" 500 3134 "-" "-" 
4.231.228.236 - - [20/Mar/2026:06:25:21 -0700] "GET /goods.php HTTP/1.1" 301 459 "-" "-" 
4.231.228.236 - - [20/Mar/2026:06:25:22 -0700] "GET /goods.php HTTP/1.1" 500 3134 "-" "-" 
4.231.228.236 - - [20/Mar/2026:06:25:22 -0700] "GET /ms-edit.php HTTP/1.1" 301 463 "-" "-" 
4.231.228.236 - - [20/Mar/2026:06:25:22 -0700] "GET /ms-edit.php HTTP/1.1" 500 3134 "-" "-" 
4.231.228.236 - - [20/Mar/2026:06:25:22 -0700] "GET /222.php HTTP/1.1" 301 455 "-" "-" 
4.231.228.236 - - [20/Mar/2026:06:25:22 -0700] "GET /222.php HTTP/1.1" 500 3134 "-" "-" 
4.231.228.236 - - [20/Mar/2026:06:25:22 -0700] "GET /plugins.php?p= HTTP/1.1" 301 469 "-" "-" 
4.231.228.236 - - [20/Mar/2026:06:25:23 -0700] "GET /plugins.php?p= HTTP/1.1" 301 393 "-" "-" 
4.231.228.236 - - [20/Mar/2026:06:25:23 -0700] "GET /plugins.php HTTP/1.1" 500 3112 "-" "-" 
4.231.228.236 - - [20/Mar/2026:06:25:23 -0700] "GET //cgi-bin/index.php HTTP/1.1" 301 475 "-" "-" 
4.231.228.236 - - [20/Mar/2026:06:25:23 -0700] "GET /cgi-bin/index.php HTTP/1.1" 301 390 "-" "-" 
4.231.228.236 - - [20/Mar/2026:06:25:23 -0700] "GET /cgi-bin/ HTTP/1.1" 500 3112 "-" "-" 
4.231.228.236 - - [20/Mar/2026:06:25:23 -0700] "GET //wp-includes/js/dist/ HTTP/1.1" 301 481 "-" "-" 
4.231.228.236 - - [20/Mar/2026:06:25:24 -0700] "GET /wp-includes/js/dist/ HTTP/1.1" 500 3134 "-" "-" 
4.231.228.236 - - [20/Mar/2026:06:25:24 -0700] "GET /ff1.php HTTP/1.1" 301 455 "-" "-" 
4.231.228.236 - - [20/Mar/2026:06:25:24 -0700] "GET /ff1.php HTTP/1.1" 500 3134 "-" "-" 
4.231.228.236 - - [20/Mar/2026:06:25:24 -0700] "GET /fff.php HTTP/1.1" 301 455 "-" "-" 
4.231.228.236 - - [20/Mar/2026:06:25:24 -0700] "GET /fff.php HTTP/1.1" 500 3134 "-" "-" 
4.231.228.236 - - [20/Mar/2026:06:25:24 -0700] "GET /wp-content/ HTTP/1.1" 301 463 "-" "-" 
4.231.228.236 - - [20/Mar/2026:06:25:25 -0700] "GET /wp-content/ HTTP/1.1" 500 3134 "-" "-" 
4.231.228.236 - - [20/Mar/2026:06:25:25 -0700] "GET /goat.php HTTP/1.1" 301 457 "-" "-" 
4.231.228.236 - - [20/Mar/2026:06:25:25 -0700] "GET /goat.php HTTP/1.1" 500 3134 "-" "-" 
4.231.228.236 - - [20/Mar/2026:06:25:25 -0700] "GET /155.php HTTP/1.1" 301 455 "-" "-" 
4.231.228.236 - - [20/Mar/2026:06:25:25 -0700] "GET /155.php HTTP/1.1" 500 3134 "-" "-" 
4.231.228.236 - - [20/Mar/2026:06:25:25 -0700] "GET /we.php HTTP/1.1" 301 453 "-" "-" 
4.231.228.236 - - [20/Mar/2026:06:25:26 -0700] "GET /we.php HTTP/1.1" 500 3134 "-" "-" 
4.231.228.236 - - [20/Mar/2026:06:25:26 -0700] "GET /alpha.php HTTP/1.1" 301 459 "-" "-" 
4.231.228.236 - - [20/Mar/2026:06:25:26 -0700] "GET /alpha.php HTTP/1.1" 500 3134 "-" "-" 
4.231.228.236 - - [20/Mar/2026:06:25:26 -0700] "GET /makeasmtp.php?p= HTTP/1.1" 301 473 "-" "-" 
4.231.228.236 - - [20/Mar/2026:06:25:26 -0700] "GET /makeasmtp.php?p= HTTP/1.1" 301 395 "-" "-" 
4.231.228.236 - - [20/Mar/2026:06:25:26 -0700] "GET /makeasmtp.php HTTP/1.1" 500 3112 "-" "-" 
4.231.228.236 - - [20/Mar/2026:06:25:27 -0700] "GET /wp-michan.php HTTP/1.1" 301 467 "-" "-" 
4.231.228.236 - - [20/Mar/2026:06:25:27 -0700] "GET /wp-michan.php HTTP/1.1" 500 3134 "-" "-" 
4.231.228.236 - - [20/Mar/2026:06:25:27 -0700] "GET //wp-content/cong.php HTTP/1.1" 301 479 "-" "-" 
4.231.228.236 - - [20/Mar/2026:06:25:27 -0700] "GET /wp-content/cong.php HTTP/1.1" 500 3134 "-" "-" 
4.231.228.236 - - [20/Mar/2026:06:25:27 -0700] "GET /wp-the.php HTTP/1.1" 301 461 "-" "-" 
4.231.228.236 - - [20/Mar/2026:06:25:27 -0700] "GET /wp-the.php HTTP/1.1" 500 3134 "-" "-" 
4.231.228.236 - - [20/Mar/2026:06:25:28 -0700] "GET //wp-includes/css/dist/ HTTP/1.1" 301 483 "-" "-" 
4.231.228.236 - - [20/Mar/2026:06:25:28 -0700] "GET /wp-includes/css/dist/ HTTP/1.1" 500 3134 "-" "-" 
4.231.228.236 - - [20/Mar/2026:06:25:28 -0700] "GET /BDKR28WP.php HTTP/1.1" 301 465 "-" "-" 
4.231.228.236 - - [20/Mar/2026:06:25:28 -0700] "GET /BDKR28WP.php HTTP/1.1" 500 3134 "-" "-" 
4.231.228.236 - - [20/Mar/2026:06:25:28 -0700] "GET //wp-includes/l10n/ HTTP/1.1" 301 475 "-" "-" 
173.236.217.44 - - [20/Mar/2026:06:25:29 -0700] "POST /wp-cron.php?doing_wp_cron=1774013129.0179181098937988281250 HTTP/1.1" 200 283 "-" "WordPress/6.8.5; https://www.drug-injury-lawyer.com" 
4.231.228.236 - - [20/Mar/2026:06:25:28 -0700] "GET /wp-includes/l10n/ HTTP/1.1" 500 3134 "-" "-" 
4.231.228.236 - - [20/Mar/2026:06:25:29 -0700] "GET /wp.php HTTP/1.1" 301 453 "-" "-" 
4.231.228.236 - - [20/Mar/2026:06:25:29 -0700] "GET /wp.php HTTP/1.1" 500 3134 "-" "-" 
4.231.228.236 - - [20/Mar/2026:06:25:29 -0700] "GET //assets/css/index.php?p= HTTP/1.1" 301 487 "-" "-" 
4.231.228.236 - - [20/Mar/2026:06:25:29 -0700] "GET /assets/css/index.php?p= HTTP/1.1" 301 393 "-" "-" 
4.231.228.236 - - [20/Mar/2026:06:25:30 -0700] "GET /assets/css/ HTTP/1.1" 500 3112 "-" "-" 
4.231.228.236 - - [20/Mar/2026:06:25:30 -0700] "GET /wp-good.php HTTP/1.1" 301 463 "-" "-" 
4.231.228.236 - - [20/Mar/2026:06:25:30 -0700] "GET /wp-good.php HTTP/1.1" 500 3134 "-" "-" 
4.231.228.236 - - [20/Mar/2026:06:25:30 -0700] "GET //wp-admin/js/widgets/index.php HTTP/1.1" 301 499 "-" "-" 
4.231.228.236 - - [20/Mar/2026:06:25:30 -0700] "GET /wp-admin/js/widgets/index.php HTTP/1.1" 301 402 "-" "-" 
4.231.228.236 - - [20/Mar/2026:06:25:30 -0700] "GET /wp-admin/js/widgets/ HTTP/1.1" 200 1992 "-" "-" 
4.231.228.236 - - [20/Mar/2026:06:25:30 -0700] "GET /ok.php HTTP/1.1" 301 453 "-" "-" 
4.231.228.236 - - [20/Mar/2026:06:25:31 -0700] "GET /ok.php HTTP/1.1" 500 3112 "-" "-" 
4.231.228.236 - - [20/Mar/2026:06:25:31 -0700] "GET //about.php HTTP/1.1" 301 459 "-" "-" 
4.231.228.236 - - [20/Mar/2026:06:25:31 -0700] "GET /about.php HTTP/1.1" 500 3134 "-" "-" 
