91.211.90.117 - - [21/Mar/2026:02:01:18 -0700] "GET /blog/page/3/ HTTP/1.0" 200 66894 "http://www.drug-injury-lawyer.com/blog/page/3/" "Mozilla/5.0 (Windows NT 6.3; Win64; x64) AppleWebKit/537.36 (KHTML, like Gecko) Chrome/103.0.5060.53 Safari/537.36"
114.119.153.242 - - [21/Mar/2026:02:01:24 -0700] "GET /yourself/profit68/04n8b-34667/ HTTP/1.1" 500 3198 "http://www.drug-injury-lawyer.com/?sitemap173.xml" "Mozilla/5.0 (Linux; Android 7.0;) AppleWebKit/537.36 (KHTML, like Gecko) Mobile Safari/537.36 (compatible; PetalBot;+https://webmaster.petalsearch.com/site/petalbot)"
107.20.105.74 - - [21/Mar/2026:02:02:54 -0700] "HEAD / HTTP/1.1" 301 197 "-" "DreamHost SiteMonitor 1.0"
107.20.105.74 - - [21/Mar/2026:02:02:54 -0700] "HEAD / HTTP/1.1" 301 385 "http://173.236.217.44" "DreamHost SiteMonitor 1.0"
217.147.172.96 - - [21/Mar/2026:02:03:57 -0700] "GET /blog/page/3/ HTTP/1.0" 200 66894 "http://www.drug-injury-lawyer.com/blog/page/3/" "Mozilla/5.0 (Windows NT 6.1; Win64; x64) AppleWebKit/537.36 (KHTML, like Gecko) Chrome/103.0.5060.66 Safari/537.36"
173.236.217.44 - - [21/Mar/2026:02:03:57 -0700] "POST /wp-cron.php?doing_wp_cron=1774083837.7831380367279052734375 HTTP/1.1" 200 283 "-" "WordPress/6.8.5; https://www.drug-injury-lawyer.com"
217.147.172.11 - - [21/Mar/2026:02:03:58 -0700] "GET /blog/page/3/ HTTP/1.0" 200 66894 "http://www.drug-injury-lawyer.com/blog/page/3/" "Mozilla/5.0 (Windows NT 6.1) AppleWebKit/537.36 (KHTML, like Gecko) Chrome/103.0.5060.114 Safari/537.36"
217.147.172.96 - - [21/Mar/2026:02:03:58 -0700] "GET /blog/page/3/ HTTP/1.0" 200 66894 "http://www.drug-injury-lawyer.com/blog/page/3/" "Mozilla/5.0 (Windows NT 6.3; WOW64) AppleWebKit/537.36 (KHTML, like Gecko) Chrome/103.0.0.0 Safari/537.36"
217.147.172.11 - - [21/Mar/2026:02:03:58 -0700] "GET /blog/page/3/ HTTP/1.0" 200 66894 "http://www.drug-injury-lawyer.com/blog/page/3/" "Mozilla/5.0 (Windows NT 6.1; Win64; x64) AppleWebKit/537.36 (KHTML, like Gecko) Chrome/103.0.5060.66 Safari/537.36"
91.211.90.231 - - [21/Mar/2026:02:05:07 -0700] "GET /blog/page/3/ HTTP/1.0" 200 66894 "http://www.drug-injury-lawyer.com/blog/page/3/" "Mozilla/5.0 (Windows NT 10.0; Win64; x64) AppleWebKit/537.36 (KHTML, like Gecko) Chrome/103.0.5060.66 Safari/537.36"
91.211.90.70 - - [21/Mar/2026:02:05:08 -0700] "GET /blog/page/3/ HTTP/1.0" 200 66894 "http://www.drug-injury-lawyer.com/blog/page/3/" "Mozilla/5.0 (Windows NT 10.0; Win64; x64) AppleWebKit/537.36 (KHTML, like Gecko) Chrome/103.0.0.0 Safari/537.36"
2.59.221.46 - - [21/Mar/2026:02:05:16 -0700] "GET /blog/page/3/ HTTP/1.0" 200 66894 "http://www.drug-injury-lawyer.com/blog/page/3/" "Mozilla/5.0 (Windows NT 6.1; Win64; x64) AppleWebKit/537.36 (KHTML, like Gecko) Chrome/103.0.5060.66 Safari/537.36"
2.59.221.46 - - [21/Mar/2026:02:05:16 -0700] "GET /blog/page/3/ HTTP/1.0" 200 66894 "http://www.drug-injury-lawyer.com/blog/page/3/" "Mozilla/5.0 (Windows NT 10.0; Win64; x64) AppleWebKit/537.36 (KHTML, like Gecko) Chrome/103.0.0.0 Safari/537.36 OpenWave/97.4.2043.44"
217.147.172.214 - - [21/Mar/2026:02:05:26 -0700] "GET /blog/page/3/ HTTP/1.0" 200 66894 "http://www.drug-injury-lawyer.com/blog/page/3/" "Mozilla/5.0 (Windows NT 10.0; Win64; x64) AppleWebKit/537.36 (KHTML, like Gecko) Chrome/103.0.5060.66 Safari/537.36"
217.147.172.214 - - [21/Mar/2026:02:05:26 -0700] "GET /blog/page/3/ HTTP/1.0" 200 66894 "http://www.drug-injury-lawyer.com/blog/page/3/" "Mozilla/5.0 (Windows NT 6.1) AppleWebKit/537.36 (KHTML, like Gecko) Chrome/103.0.5060.114 Safari/537.36"
45.156.158.83 - - [21/Mar/2026:02:05:46 -0700] "GET /blog/page/3/ HTTP/1.0" 200 66894 "http://www.drug-injury-lawyer.com/blog/page/3/" "Mozilla/5.0 (Windows NT 6.2; Win64; x64) AppleWebKit/537.36 (KHTML, like Gecko) Chrome/103.0.0.0 Safari/537.36"
173.236.217.44 - - [21/Mar/2026:02:05:46 -0700] "POST /wp-cron.php?doing_wp_cron=1774083946.1749091148376464843750 HTTP/1.1" 200 283 "-" "WordPress/6.8.5; https://www.drug-injury-lawyer.com"
45.156.158.83 - - [21/Mar/2026:02:05:46 -0700] "GET /blog/page/3/ HTTP/1.0" 200 66894 "http://www.drug-injury-lawyer.com/blog/page/3/" "Mozilla/5.0 (Windows NT 6.3; Win64; x64) AppleWebKit/537.36 (KHTML, like Gecko) Chrome/103.0.5060.66 Safari/537.36"
217.147.172.235 - - [21/Mar/2026:02:05:49 -0700] "GET /blog/page/3/ HTTP/1.0" 200 66894 "http://www.drug-injury-lawyer.com/blog/page/3/" "Mozilla/5.0 (Windows NT 6.3; WOW64) AppleWebKit/537.36 (KHTML, like Gecko) Chrome/103.0.5060.114 Safari/537.36"
217.147.172.235 - - [21/Mar/2026:02:05:50 -0700] "GET /blog/page/3/ HTTP/1.0" 200 66894 "http://www.drug-injury-lawyer.com/blog/page/3/" "Mozilla/5.0 (Windows NT 10.0; Win64; x64) AppleWebKit/537.36 (KHTML, like Gecko) Chrome/103.0.5060.134 Safari/537.36"
45.156.158.249 - - [21/Mar/2026:02:05:54 -0700] "GET /blog/page/3/ HTTP/1.0" 200 66894 "http://www.drug-injury-lawyer.com/blog/page/3/" "Mozilla/5.0 (Windows NT 6.1; Win64; x64) AppleWebKit/537.36 (KHTML, like Gecko) Chrome/103.0.0.0 Safari/537.36"
45.156.158.249 - - [21/Mar/2026:02:05:54 -0700] "GET /blog/page/3/ HTTP/1.0" 200 66894 "http://www.drug-injury-lawyer.com/blog/page/3/" "Mozilla/5.0 (Windows NT 10.0; Win64; x64) AppleWebKit/537.36 (KHTML, like Gecko) Chrome/103.0.5060.66 Safari/537.36"
185.237.106.243 - - [21/Mar/2026:02:07:31 -0700] "GET /blog/page/3/ HTTP/1.0" 200 66894 "http://www.drug-injury-lawyer.com/blog/page/3/" "Mozilla/5.0 (Windows NT 10.0; Win64; x64) AppleWebKit/537.36 (KHTML, like Gecko) Chrome/103.0.0.0 Safari/537.36 Herring/95.1.8810.11"
185.237.106.243 - - [21/Mar/2026:02:07:31 -0700] "GET /blog/page/3/ HTTP/1.0" 200 66894 "http://www.drug-injury-lawyer.com/blog/page/3/" "Mozilla/5.0 (Windows NT 6.3; WOW64) AppleWebKit/537.36 (KHTML, like Gecko) Chrome/103.0.0.0 Safari/537.36"
173.236.217.44 - - [21/Mar/2026:02:07:32 -0700] "POST /wp-cron.php?doing_wp_cron=1774084051.9544889926910400390625 HTTP/1.1" 200 283 "-" "WordPress/6.8.5; https://www.drug-injury-lawyer.com"
107.20.105.74 - - [21/Mar/2026:02:07:54 -0700] "HEAD / HTTP/1.1" 301 197 "-" "DreamHost SiteMonitor 1.0"
107.20.105.74 - - [21/Mar/2026:02:07:54 -0700] "HEAD / HTTP/1.1" 301 385 "http://173.236.217.44" "DreamHost SiteMonitor 1.0"
91.211.90.228 - - [21/Mar/2026:02:08:27 -0700] "GET /blog/page/3/ HTTP/1.0" 200 66894 "http://www.drug-injury-lawyer.com/blog/page/3/" "Mozilla/5.0 (Windows NT 10.0; Win64; x64) AppleWebKit/537.36 (KHTML, like Gecko) Chrome/103.0.0.0 Safari/537.36 OpenWave/97.4.2043.44"
91.211.90.207 - - [21/Mar/2026:02:11:47 -0700] "GET /blog/page/3/ HTTP/1.0" 200 66894 "http://www.drug-injury-lawyer.com/blog/page/3/" "Mozilla/5.0 (Windows NT 6.1; Win64; x64) AppleWebKit/537.36 (KHTML, like Gecko) Chrome/103.0.5060.66 Safari/537.36"
91.211.90.207 - - [21/Mar/2026:02:11:47 -0700] "GET /blog/page/3/ HTTP/1.0" 200 66894 "http://www.drug-injury-lawyer.com/blog/page/3/" "Mozilla/5.0 (Windows NT 6.2; Win64; x64) AppleWebKit/537.36 (KHTML, like Gecko) Chrome/103.0.0.0 Safari/537.36"
173.236.217.44 - - [21/Mar/2026:02:11:48 -0700] "POST /wp-cron.php?doing_wp_cron=1774084308.0842969417572021484375 HTTP/1.1" 200 283 "-" "WordPress/6.8.5; https://www.drug-injury-lawyer.com"
45.156.158.216 - - [21/Mar/2026:02:12:15 -0700] "GET /blog/page/3/ HTTP/1.0" 200 66894 "http://www.drug-injury-lawyer.com/blog/page/3/" "Mozilla/5.0 (Windows NT 10.0; Win64; x64) AppleWebKit/537.36 (KHTML, like Gecko) Chrome/103.0.0.0 Safari/537.36 OpenWave/97.4.2043.44"
45.156.158.75 - - [21/Mar/2026:02:12:18 -0700] "GET /blog/page/3/ HTTP/1.0" 200 66894 "http://www.drug-injury-lawyer.com/blog/page/3/" "Mozilla/5.0 (Windows NT 10.0; Win64; x64) AppleWebKit/537.36 (KHTML, like Gecko) Chrome/103.0.5042.0 Safari/537.36"
91.211.90.228 - - [21/Mar/2026:02:12:27 -0700] "GET /blog/page/3/ HTTP/1.0" 200 66894 "http://www.drug-injury-lawyer.com/blog/page/3/" "Mozilla/5.0 (Windows NT 10.0; WOW64) AppleWebKit/537.36 (KHTML, like Gecko) Chrome/103.0.0.0 Safari/537.36"
91.211.90.225 - - [21/Mar/2026:02:12:45 -0700] "GET /blog/page/3/ HTTP/1.0" 200 66894 "http://www.drug-injury-lawyer.com/blog/page/3/" "Mozilla/5.0 (Windows NT 6.1; Win64; x64) AppleWebKit/537.36 (KHTML, like Gecko) Chrome/103.0.0.0 Safari/537.36"
91.211.90.69 - - [21/Mar/2026:02:12:48 -0700] "GET /blog/page/3/ HTTP/1.0" 200 66894 "http://www.drug-injury-lawyer.com/blog/page/3/" "Mozilla/5.0 (Windows NT 10.0; Win64; x64) AppleWebKit/537.36 (KHTML, like Gecko) Chrome/103.0.5060.114 Safari/537.36"
107.20.105.74 - - [21/Mar/2026:02:12:54 -0700] "HEAD / HTTP/1.1" 301 197 "-" "DreamHost SiteMonitor 1.0"
107.20.105.74 - - [21/Mar/2026:02:12:54 -0700] "HEAD / HTTP/1.1" 301 385 "http://173.236.217.44" "DreamHost SiteMonitor 1.0"
43.135.107.176 - - [21/Mar/2026:02:13:39 -0700] "GET /wp-content/uploads/2016/03/Invokana-300x250.jpg HTTP/1.1" 200 15910 "-" "Mozilla/5.0 (Windows NT 10.0; Win64; x64) AppleWebKit/537.36"
91.211.90.244 - - [21/Mar/2026:02:17:34 -0700] "GET /blog/page/3/ HTTP/1.0" 200 66894 "http://www.drug-injury-lawyer.com/blog/page/3/" "Mozilla/5.0 (Windows NT 6.1; Win64; x64) AppleWebKit/537.36 (KHTML, like Gecko) Chrome/103.0.5060.114 Safari/537.36"
173.236.217.44 - - [21/Mar/2026:02:17:35 -0700] "POST /wp-cron.php?doing_wp_cron=1774084655.7821369171142578125000 HTTP/1.1" 200 283 "-" "WordPress/6.8.5; https://www.drug-injury-lawyer.com"
91.211.90.244 - - [21/Mar/2026:02:17:35 -0700] "GET /blog/page/3/ HTTP/1.0" 200 66894 "http://www.drug-injury-lawyer.com/blog/page/3/" "Mozilla/5.0 (Windows NT 6.1; WOW64) AppleWebKit/537.36 (KHTML, like Gecko) Chrome/103.0.0.0 Safari/537.36"
91.211.90.186 - - [21/Mar/2026:02:17:39 -0700] "GET /blog/page/3/ HTTP/1.0" 200 66894 "http://www.drug-injury-lawyer.com/blog/page/3/" "Mozilla/5.0 (Windows NT 6.3; WOW64) AppleWebKit/537.36 (KHTML, like Gecko) Chrome/103.0.0.0 Safari/537.36"
91.211.90.186 - - [21/Mar/2026:02:17:39 -0700] "GET /blog/page/3/ HTTP/1.0" 200 66894 "http://www.drug-injury-lawyer.com/blog/page/3/" "Mozilla/5.0 (Windows NT 10.0; Win64; x64) AppleWebKit/537.36 (KHTML, like Gecko) Chrome/103.0.5060.66 Safari/537.36"
91.211.90.206 - - [21/Mar/2026:02:17:53 -0700] "GET /blog/page/3/ HTTP/1.0" 200 66894 "http://www.drug-injury-lawyer.com/blog/page/3/" "Mozilla/5.0 (Windows NT 10.0) AppleWebKit/537.36 (KHTML, like Gecko) Chrome/103.0.0.0 Safari/537.36"
107.20.105.74 - - [21/Mar/2026:02:17:54 -0700] "HEAD / HTTP/1.1" 301 197 "-" "DreamHost SiteMonitor 1.0"
107.20.105.74 - - [21/Mar/2026:02:17:54 -0700] "HEAD / HTTP/1.1" 301 385 "http://173.236.217.44" "DreamHost SiteMonitor 1.0"
91.211.90.117 - - [21/Mar/2026:02:20:44 -0700] "GET /blog/page/3/ HTTP/1.0" 200 66894 "http://www.drug-injury-lawyer.com/blog/page/3/" "Mozilla/5.0 (Windows NT 6.3; Win64; x64) AppleWebKit/537.36 (KHTML, like Gecko) Chrome/103.0.5060.114 Safari/537.36"
173.236.217.44 - - [21/Mar/2026:02:20:45 -0700] "POST /wp-cron.php?doing_wp_cron=1774084845.4062500000000000000000 HTTP/1.1" 200 283 "-" "WordPress/6.8.5; https://www.drug-injury-lawyer.com"
217.147.172.206 - - [21/Mar/2026:02:22:27 -0700] "GET /blog/page/3/ HTTP/1.0" 200 66894 "http://www.drug-injury-lawyer.com/blog/page/3/" "Mozilla/5.0 (Windows NT 10.0; Win64; x64) AppleWebKit/537.36 (KHTML, like Gecko) Chrome/103.0.0.0 Safari/537.36 OpenWave/97.4.2043.44"
107.20.105.74 - - [21/Mar/2026:02:22:54 -0700] "HEAD / HTTP/1.1" 301 197 "-" "DreamHost SiteMonitor 1.0"
107.20.105.74 - - [21/Mar/2026:02:22:54 -0700] "HEAD / HTTP/1.1" 301 385 "http://173.236.217.44" "DreamHost SiteMonitor 1.0"
91.211.90.208 - - [21/Mar/2026:02:26:11 -0700] "GET /blog/page/3/ HTTP/1.0" 200 66894 "http://www.drug-injury-lawyer.com/blog/page/3/" "Mozilla/5.0 (Windows NT 10.0; WOW64) AppleWebKit/537.36 (KHTML, like Gecko) Chrome/103.0.0.0 Safari/537.36"
114.119.156.172 - - [21/Mar/2026:02:27:23 -0700] "GET /yourself/president265/ggs3p-29320/ HTTP/1.1" 500 3198 "-" "Mozilla/5.0 (Linux; Android 7.0;) AppleWebKit/537.36 (HTML, like Gecko) Mobile Safari/537.36 (compatible; PetalBot;+https://webmaster.petalsearch.com/site/petalbot)"
107.20.105.74 - - [21/Mar/2026:02:27:54 -0700] "HEAD / HTTP/1.1" 301 197 "-" "DreamHost SiteMonitor 1.0"
107.20.105.74 - - [21/Mar/2026:02:27:54 -0700] "HEAD / HTTP/1.1" 301 385 "http://173.236.217.44" "DreamHost SiteMonitor 1.0"
217.147.172.209 - - [21/Mar/2026:02:28:36 -0700] "GET /blog/page/3/ HTTP/1.0" 200 66894 "http://www.drug-injury-lawyer.com/blog/page/3/" "Mozilla/5.0 (Windows NT 6.1; Win64; x64) AppleWebKit/537.36 (KHTML, like Gecko) Chrome/103.0.0.0 Safari/537.36"
173.236.217.44 - - [21/Mar/2026:02:28:36 -0700] "POST /wp-cron.php?doing_wp_cron=1774085316.8117070198059082031250 HTTP/1.1" 200 283 "-" "WordPress/6.8.5; https://www.drug-injury-lawyer.com"
217.147.172.209 - - [21/Mar/2026:02:28:37 -0700] "GET /blog/page/3/ HTTP/1.0" 200 66894 "http://www.drug-injury-lawyer.com/blog/page/3/" "Mozilla/5.0 (Windows NT 6.1; Win64; x64) AppleWebKit/537.36 (KHTML, like Gecko) Chrome/103.0.5060.66 Safari/537.36"
91.211.90.170 - - [21/Mar/2026:02:28:42 -0700] "GET /blog/page/3/ HTTP/1.0" 200 66894 "http://www.drug-injury-lawyer.com/blog/page/3/" "Mozilla/5.0 (Windows NT 10.0; WOW64) AppleWebKit/537.36 (KHTML, like Gecko) Chrome/103.0.0.0 Safari/537.36"
91.211.90.170 - - [21/Mar/2026:02:28:42 -0700] "GET /blog/page/3/ HTTP/1.0" 200 66894 "http://www.drug-injury-lawyer.com/blog/page/3/" "Mozilla/5.0 (Windows NT 6.3; Win64; x64) AppleWebKit/537.36 (KHTML, like Gecko) Chrome/103.0.5060.114 Safari/537.36"
91.211.90.70 - - [21/Mar/2026:02:30:10 -0700] "GET /blog/page/3/ HTTP/1.0" 200 66894 "http://www.drug-injury-lawyer.com/blog/page/3/" "Mozilla/5.0 (Windows NT 10.0; Win64; x64) AppleWebKit/537.36 (KHTML, like Gecko) Chrome/103.0.0.0 Safari/537.36 OpenWave/97.4.2043.44"
173.236.217.44 - - [21/Mar/2026:02:30:11 -0700] "POST /wp-cron.php?doing_wp_cron=1774085411.6818280220031738281250 HTTP/1.1" 200 283 "-" "WordPress/6.8.5; https://www.drug-injury-lawyer.com"
91.211.90.69 - - [21/Mar/2026:02:30:13 -0700] "GET /blog/page/3/ HTTP/1.0" 200 66894 "http://www.drug-injury-lawyer.com/blog/page/3/" "Mozilla/5.0 (Windows NT 6.1; Win64; x64) AppleWebKit/537.36 (KHTML, like Gecko) Chrome/103.0.5060.66 Safari/537.36"
91.211.90.225 - - [21/Mar/2026:02:30:16 -0700] "GET /blog/page/3/ HTTP/1.0" 200 66894 "http://www.drug-injury-lawyer.com/blog/page/3/" "Mozilla/5.0 (Windows NT 6.3; Win64; x64) AppleWebKit/537.36 (KHTML, like Gecko) Chrome/103.0.5060.114 Safari/537.36"
91.211.90.240 - - [21/Mar/2026:02:30:16 -0700] "GET /blog/page/3/ HTTP/1.0" 200 66894 "http://www.drug-injury-lawyer.com/blog/page/3/" "Mozilla/5.0 (Windows NT 6.1) AppleWebKit/537.36 (KHTML, like Gecko) Chrome/103.0.5060.114 Safari/537.36"
45.156.158.216 - - [21/Mar/2026:02:30:23 -0700] "GET /blog/page/3/ HTTP/1.0" 200 66894 "http://www.drug-injury-lawyer.com/blog/page/3/" "Mozilla/5.0 (Windows NT 10.0; Win64; x64) AppleWebKit/537.36 (KHTML, like Gecko) Chrome/103.0.5060.114 Safari/537.36"
45.156.158.75 - - [21/Mar/2026:02:30:26 -0700] "GET /blog/page/3/ HTTP/1.0" 200 66894 "http://www.drug-injury-lawyer.com/blog/page/3/" "Mozilla/5.0 (Windows NT 6.3; Win64; x64) AppleWebKit/537.36 (KHTML, like Gecko) Chrome/103.0.5060.114 Safari/537.36"
91.211.90.206 - - [21/Mar/2026:02:30:37 -0700] "GET /blog/page/3/ HTTP/1.0" 200 66894 "http://www.drug-injury-lawyer.com/blog/page/3/" "Mozilla/5.0 (Windows NT 6.3) AppleWebKit/537.36 (KHTML, like Gecko) Chrome/103.0.0.0 Safari/537.36"
107.20.105.74 - - [21/Mar/2026:02:32:54 -0700] "HEAD / HTTP/1.1" 301 197 "-" "DreamHost SiteMonitor 1.0"
107.20.105.74 - - [21/Mar/2026:02:32:54 -0700] "HEAD / HTTP/1.1" 301 385 "http://173.236.217.44" "DreamHost SiteMonitor 1.0"
91.211.90.99 - - [21/Mar/2026:02:34:34 -0700] "GET /blog/page/3/ HTTP/1.0" 200 66894 "http://www.drug-injury-lawyer.com/blog/page/3/" "Mozilla/5.0 (Windows NT 6.1; WOW64) AppleWebKit/537.36 (KHTML, like Gecko) Chrome/103.0.0.0 Safari/537.36"
91.211.90.99 - - [21/Mar/2026:02:34:34 -0700] "GET /blog/page/3/ HTTP/1.0" 200 66894 "http://www.drug-injury-lawyer.com/blog/page/3/" "Mozilla/5.0 (Windows NT 6.3; Win64; x64) AppleWebKit/537.36 (KHTML, like Gecko) Chrome/103.0.5060.53 Safari/537.36"
107.20.105.74 - - [21/Mar/2026:02:37:54 -0700] "HEAD / HTTP/1.1" 301 197 "-" "DreamHost SiteMonitor 1.0"
107.20.105.74 - - [21/Mar/2026:02:37:54 -0700] "HEAD / HTTP/1.1" 301 385 "http://173.236.217.44" "DreamHost SiteMonitor 1.0"
91.211.90.164 - - [21/Mar/2026:02:39:55 -0700] "GET /blog/page/3/ HTTP/1.0" 200 66894 "http://www.drug-injury-lawyer.com/blog/page/3/" "Mozilla/5.0 (Windows NT 10.0; Win64; x64) AppleWebKit/537.36 (KHTML, like Gecko) Chrome/103.0.0.0 Safari/537.36"
91.211.90.164 - - [21/Mar/2026:02:39:55 -0700] "GET /blog/page/3/ HTTP/1.0" 200 66894 "http://www.drug-injury-lawyer.com/blog/page/3/" "Mozilla/5.0 (Windows NT 6.1; WOW64) AppleWebKit/537.36 (KHTML, like Gecko) Chrome/103.0.0.0 Safari/537.36"
173.236.217.44 - - [21/Mar/2026:02:40:29 -0700] "POST /wp-cron.php?doing_wp_cron=1774086029.3076679706573486328125 HTTP/1.1" 200 283 "-" "WordPress/6.8.5; https://www.drug-injury-lawyer.com"
91.211.90.169 - - [21/Mar/2026:02:40:29 -0700] "GET /blog/page/3/ HTTP/1.0" 200 66894 "http://www.drug-injury-lawyer.com/blog/page/3/" "Mozilla/5.0 (Windows NT 6.1) AppleWebKit/537.36 (KHTML, like Gecko) Chrome/103.0.0.0 Safari/537.36"
91.211.90.169 - - [21/Mar/2026:02:40:29 -0700] "GET /blog/page/3/ HTTP/1.0" 200 66894 "http://www.drug-injury-lawyer.com/blog/page/3/" "Mozilla/5.0 (Windows NT 10.0; Win64; x64) AppleWebKit/537.36 (KHTML, like Gecko) Chrome/103.0.5042.0 Safari/537.36"
91.211.90.158 - - [21/Mar/2026:02:40:33 -0700] "GET /blog/page/3/ HTTP/1.0" 200 66894 "http://www.drug-injury-lawyer.com/blog/page/3/" "Mozilla/5.0 (Windows NT 6.3; Win64; x64) AppleWebKit/537.36 (KHTML, like Gecko) Chrome/103.0.5060.114 Safari/537.36"
217.147.172.240 - - [21/Mar/2026:02:41:13 -0700] "GET /blog/page/3/ HTTP/1.0" 200 66894 "http://www.drug-injury-lawyer.com/blog/page/3/" "Mozilla/5.0 (Windows NT 6.3; WOW64) AppleWebKit/537.36 (KHTML, like Gecko) Chrome/103.0.0.0 Safari/537.36"
217.147.172.240 - - [21/Mar/2026:02:41:14 -0700] "GET /blog/page/3/ HTTP/1.0" 200 66894 "http://www.drug-injury-lawyer.com/blog/page/3/" "Mozilla/5.0 (Windows NT 6.3) AppleWebKit/537.36 (KHTML, like Gecko) Chrome/103.0.0.0 Safari/537.36"
66.249.64.14 - - [21/Mar/2026:02:42:11 -0700] "GET /significant/closed254/wo2p3-20611/ HTTP/1.1" 500 3198 "-" "Mozilla/5.0 (Linux; Android 6.0.1; Nexus 5X Build/MMB29P) AppleWebKit/537.36 (KHTML, like Gecko) Chrome/145.0.7632.159 Mobile Safari/537.36 (compatible; Googlebot/2.1; +http://www.google.com/bot.html)"
91.211.90.179 - - [21/Mar/2026:02:42:23 -0700] "GET /blog/page/3/ HTTP/1.0" 200 66894 "http://www.drug-injury-lawyer.com/blog/page/3/" "Mozilla/5.0 (Windows NT 10.0; Win64; x64) AppleWebKit/537.36 (KHTML, like Gecko) Chrome/103.0.5060.66 Safari/537.36"
91.211.90.179 - - [21/Mar/2026:02:42:23 -0700] "GET /blog/page/3/ HTTP/1.0" 200 66894 "http://www.drug-injury-lawyer.com/blog/page/3/" "Mozilla/5.0 (Windows NT 6.3; Win64; x64) AppleWebKit/537.36 (KHTML, like Gecko) Chrome/103.0.5060.53 Safari/537.36"
107.20.105.74 - - [21/Mar/2026:02:42:54 -0700] "HEAD / HTTP/1.1" 301 197 "-" "DreamHost SiteMonitor 1.0"
107.20.105.74 - - [21/Mar/2026:02:42:54 -0700] "HEAD / HTTP/1.1" 301 385 "http://173.236.217.44" "DreamHost SiteMonitor 1.0"
45.156.158.210 - - [21/Mar/2026:02:47:43 -0700] "GET /blog/page/3/ HTTP/1.0" 200 66894 "http://www.drug-injury-lawyer.com/blog/page/3/" "Mozilla/5.0 (Windows NT 6.3) AppleWebKit/537.36 (KHTML, like Gecko) Chrome/103.0.0.0 Safari/537.36"
45.156.158.210 - - [21/Mar/2026:02:47:43 -0700] "GET /blog/page/3/ HTTP/1.0" 200 66894 "http://www.drug-injury-lawyer.com/blog/page/3/" "Mozilla/5.0 (Windows NT 10.0; Win64; x64) AppleWebKit/537.36 (KHTML, like Gecko) Chrome/103.0.0.0 Safari/537.36 OpenWave/97.4.2043.44"
173.236.217.44 - - [21/Mar/2026:02:47:43 -0700] "POST /wp-cron.php?doing_wp_cron=1774086463.8923120498657226562500 HTTP/1.1" 200 283 "-" "WordPress/6.8.5; https://www.drug-injury-lawyer.com"
107.20.105.74 - - [21/Mar/2026:02:47:54 -0700] "HEAD / HTTP/1.1" 301 197 "-" "DreamHost SiteMonitor 1.0"
107.20.105.74 - - [21/Mar/2026:02:47:54 -0700] "HEAD / HTTP/1.1" 301 385 "http://173.236.217.44" "DreamHost SiteMonitor 1.0"
45.156.158.163 - - [21/Mar/2026:02:48:13 -0700] "GET /blog/page/3/ HTTP/1.0" 200 66894 "http://www.drug-injury-lawyer.com/blog/page/3/" "Mozilla/5.0 (Windows NT 10.0) AppleWebKit/537.36 (KHTML, like Gecko) Chrome/103.0.0.0 Safari/537.36"
45.156.158.163 - - [21/Mar/2026:02:48:13 -0700] "GET /blog/page/3/ HTTP/1.0" 200 66894 "http://www.drug-injury-lawyer.com/blog/page/3/" "Mozilla/5.0 (Windows NT 6.3; Win64; x64) AppleWebKit/537.36 (KHTML, like Gecko) Chrome/103.0.0.0 Safari/537.36"
45.156.158.225 - - [21/Mar/2026:02:48:13 -0700] "GET /blog/page/3/ HTTP/1.0" 200 66894 "http://www.drug-injury-lawyer.com/blog/page/3/" "Mozilla/5.0 (Windows NT 10.0; Win64; x64) AppleWebKit/537.36 (KHTML, like Gecko) Chrome/103.0.5060.134 Safari/537.36"
45.156.158.225 - - [21/Mar/2026:02:48:13 -0700] "GET /blog/page/3/ HTTP/1.0" 200 66894 "http://www.drug-injury-lawyer.com/blog/page/3/" "Mozilla/5.0 (Windows NT 6.3; Win64; x64) AppleWebKit/537.36 (KHTML, like Gecko) Chrome/103.0.5060.53 Safari/537.36"
45.156.158.88 - - [21/Mar/2026:02:48:22 -0700] "GET /blog/page/3/ HTTP/1.0" 200 66894 "http://www.drug-injury-lawyer.com/blog/page/3/" "Mozilla/5.0 (Windows NT 6.3; WOW64) AppleWebKit/537.36 (KHTML, like Gecko) Chrome/103.0.0.0 Safari/537.36"
45.156.158.88 - - [21/Mar/2026:02:48:23 -0700] "GET /blog/page/3/ HTTP/1.0" 200 66894 "http://www.drug-injury-lawyer.com/blog/page/3/" "Mozilla/5.0 (Windows NT 10.0; Win64; x64) AppleWebKit/537.36 (KHTML, like Gecko) Chrome/103.0.0.0 Safari/537.36 Herring/95.1.8810.11"
173.236.217.44 - - [21/Mar/2026:02:48:38 -0700] "POST /wp-cron.php?doing_wp_cron=1774086518.1919500827789306640625 HTTP/1.1" 200 283 "-" "WordPress/6.8.5; https://www.drug-injury-lawyer.com"
91.211.90.168 - - [21/Mar/2026:02:48:38 -0700] "GET /blog/page/3/ HTTP/1.0" 200 66894 "http://www.drug-injury-lawyer.com/blog/page/3/" "Mozilla/5.0 (Windows NT 10.0; Win64; x64) AppleWebKit/537.36 (KHTML, like Gecko) Chrome/103.0.5060.134 Safari/537.36"
91.211.90.88 - - [21/Mar/2026:02:49:12 -0700] "GET /blog/page/3/ HTTP/1.0" 200 66894 "http://www.drug-injury-lawyer.com/blog/page/3/" "Mozilla/5.0 (Windows NT 10.0; Win64; x64) AppleWebKit/537.36 (KHTML, like Gecko) Chrome/103.0.5042.0 Safari/537.36"
91.211.90.88 - - [21/Mar/2026:02:49:12 -0700] "GET /blog/page/3/ HTTP/1.0" 200 66894 "http://www.drug-injury-lawyer.com/blog/page/3/" "Mozilla/5.0 (Windows NT 6.1) AppleWebKit/537.36 (KHTML, like Gecko) Chrome/103.0.5060.114 Safari/537.36"
217.147.172.82 - - [21/Mar/2026:02:50:10 -0700] "GET /blog/page/3/ HTTP/1.0" 200 66894 "http://www.drug-injury-lawyer.com/blog/page/3/" "Mozilla/5.0 (Windows NT 6.1; WOW64) AppleWebKit/537.36 (KHTML, like Gecko) Chrome/103.0.0.0 Safari/537.36"
217.147.172.82 - - [21/Mar/2026:02:50:10 -0700] "GET /blog/page/3/ HTTP/1.0" 200 66894 "http://www.drug-injury-lawyer.com/blog/page/3/" "Mozilla/5.0 (Windows NT 10.0; Win64; x64) AppleWebKit/537.36 (KHTML, like Gecko) Chrome/103.0.5060.53 Safari/537.36"
173.236.217.44 - - [21/Mar/2026:02:50:30 -0700] "POST /wp-cron.php?doing_wp_cron=1774086630.0359621047973632812500 HTTP/1.1" 200 283 "-" "WordPress/6.8.5; https://www.drug-injury-lawyer.com"
91.211.90.113 - - [21/Mar/2026:02:50:29 -0700] "GET /blog/page/3/ HTTP/1.0" 200 66894 "http://www.drug-injury-lawyer.com/blog/page/3/" "Mozilla/5.0 (Windows NT 6.3; Win64; x64) AppleWebKit/537.36 (KHTML, like Gecko) Chrome/103.0.5060.53 Safari/537.36"
91.211.90.113 - - [21/Mar/2026:02:50:30 -0700] "GET /blog/page/3/ HTTP/1.0" 200 66894 "http://www.drug-injury-lawyer.com/blog/page/3/" "Mozilla/5.0 (Windows NT 6.1; Win64; x64) AppleWebKit/537.36 (KHTML, like Gecko) Chrome/103.0.5060.66 Safari/537.36"
91.211.90.168 - - [21/Mar/2026:02:50:49 -0700] "GET /blog/page/3/ HTTP/1.0" 200 66894 "http://www.drug-injury-lawyer.com/blog/page/3/" "Mozilla/5.0 (Windows NT 10.0; Win64; x64) AppleWebKit/537.36 (KHTML, like Gecko) Chrome/103.0.5060.114 Safari/537.36"
107.20.105.74 - - [21/Mar/2026:02:52:54 -0700] "HEAD / HTTP/1.1" 301 197 "-" "DreamHost SiteMonitor 1.0"
107.20.105.74 - - [21/Mar/2026:02:52:54 -0700] "HEAD / HTTP/1.1" 301 385 "http://173.236.217.44" "DreamHost SiteMonitor 1.0"
107.20.105.74 - - [21/Mar/2026:02:57:54 -0700] "HEAD / HTTP/1.1" 301 197 "-" "DreamHost SiteMonitor 1.0"
107.20.105.74 - - [21/Mar/2026:02:57:54 -0700] "HEAD / HTTP/1.1" 301 385 "http://173.236.217.44" "DreamHost SiteMonitor 1.0"
173.236.217.44 - - [21/Mar/2026:02:57:55 -0700] "POST /wp-cron.php?doing_wp_cron=1774087075.7787890434265136718750 HTTP/1.1" 200 283 "-" "WordPress/6.8.5; https://www.drug-injury-lawyer.com"
91.211.90.231 - - [21/Mar/2026:02:59:12 -0700] "GET /blog/page/3/ HTTP/1.0" 200 66894 "http://www.drug-injury-lawyer.com/blog/page/3/" "Mozilla/5.0 (Windows NT 6.1; Win64; x64) AppleWebKit/537.36 (KHTML, like Gecko) Chrome/103.0.0.0 Safari/537.36"
91.211.90.158 - - [21/Mar/2026:02:59:32 -0700] "GET /blog/page/3/ HTTP/1.0" 200 66894 "http://www.drug-injury-lawyer.com/blog/page/3/" "Mozilla/5.0 (Windows NT 10.0; Win64; x64) AppleWebKit/537.36 (KHTML, like Gecko) Chrome/103.0.5060.66 Safari/537.36"
77.90.185.5 - - [21/Mar/2026:02:59:52 -0700] "GET / HTTP/1.0" 301 460 "http://drug-injury-lawyer.com/" "Mozilla/5.0 (Windows NT 10.0; Win64; x64) AppleWebKit/537.36 (KHTML, like Gecko) Chrome/131.0.0.0 Safari/537.36 Avast/131.0.0.0"
77.90.185.5 - - [21/Mar/2026:02:59:52 -0700] "GET / HTTP/1.0" 301 404 "http://www.drug-injury-lawyer.com/" "Mozilla/5.0 (Windows NT 10.0; Win64; x64) AppleWebKit/537.36 (KHTML, like Gecko) Chrome/131.0.0.0 Safari/537.36 Avast/131.0.0.0"
173.236.217.44 - - [21/Mar/2026:02:59:52 -0700] "POST /wp-cron.php?doing_wp_cron=1774087192.7259058952331542968750 HTTP/1.1" 200 283 "-" "WordPress/6.8.5; https://www.drug-injury-lawyer.com"
217.147.172.67 - - [21/Mar/2026:03:00:40 -0700] "GET /blog/page/3/ HTTP/1.0" 200 66894 "http://www.drug-injury-lawyer.com/blog/page/3/" "Mozilla/5.0 (Windows NT 6.3; Win64; x64) AppleWebKit/537.36 (KHTML, like Gecko) Chrome/103.0.5060.53 Safari/537.36"
217.147.172.67 - - [21/Mar/2026:03:00:40 -0700] "GET /blog/page/3/ HTTP/1.0" 200 66894 "http://www.drug-injury-lawyer.com/blog/page/3/" "Mozilla/5.0 (Windows NT 6.1; Win64; x64) AppleWebKit/537.36 (KHTML, like Gecko) Chrome/103.0.5060.66 Safari/537.36"
173.236.217.44 - - [21/Mar/2026:03:00:40 -0700] "POST /wp-cron.php?doing_wp_cron=1774087240.7101409435272216796875 HTTP/1.1" 200 283 "-" "WordPress/6.8.5; https://www.drug-injury-lawyer.com"
91.211.90.227 - - [21/Mar/2026:03:01:11 -0700] "GET /blog/page/3/ HTTP/1.0" 200 66894 "http://www.drug-injury-lawyer.com/blog/page/3/" "Mozilla/5.0 (Windows NT 6.1; Win64; x64) AppleWebKit/537.36 (KHTML, like Gecko) Chrome/103.0.0.0 Safari/537.36"
91.211.90.240 - - [21/Mar/2026:03:01:14 -0700] "GET /blog/page/3/ HTTP/1.0" 200 66894 "http://www.drug-injury-lawyer.com/blog/page/3/" "Mozilla/5.0 (Windows NT 6.1; Win64; x64) AppleWebKit/537.36 (KHTML, like Gecko) Chrome/103.0.0.0 Safari/537.36"
45.156.158.223 - - [21/Mar/2026:03:02:17 -0700] "GET /blog/page/3/ HTTP/1.0" 200 66894 "http://www.drug-injury-lawyer.com/blog/page/3/" "Mozilla/5.0 (Windows NT 6.3; WOW64) AppleWebKit/537.36 (KHTML, like Gecko) Chrome/103.0.5060.114 Safari/537.36"
45.156.158.223 - - [21/Mar/2026:03:02:17 -0700] "GET /blog/page/3/ HTTP/1.0" 200 66894 "http://www.drug-injury-lawyer.com/blog/page/3/" "Mozilla/5.0 (Windows NT 6.1; WOW64) AppleWebKit/537.36 (KHTML, like Gecko) Chrome/103.0.0.0 Safari/537.36"
159.138.130.176 - - [21/Mar/2026:03:02:41 -0700] "GET /robots.txt HTTP/1.1" 200 507 "-" "Mozilla/5.0 (Macintosh; Intel Mac OS X 10_15_7) AppleWebKit/537.36 (KHTML, like Gecko) Chrome/144.0.0.0 Safari/537.36"
107.20.105.74 - - [21/Mar/2026:03:02:54 -0700] "HEAD / HTTP/1.1" 301 197 "-" "DreamHost SiteMonitor 1.0"
107.20.105.74 - - [21/Mar/2026:03:02:54 -0700] "HEAD / HTTP/1.1" 301 385 "http://173.236.217.44" "DreamHost SiteMonitor 1.0"
173.236.217.44 - - [21/Mar/2026:03:02:55 -0700] "POST /wp-cron.php?doing_wp_cron=1774087375.0231230258941650390625 HTTP/1.1" 200 283 "-" "WordPress/6.8.5; https://www.drug-injury-lawyer.com"
91.211.90.208 - - [21/Mar/2026:03:04:51 -0700] "GET /blog/page/3/ HTTP/1.0" 200 66894 "http://www.drug-injury-lawyer.com/blog/page/3/" "Mozilla/5.0 (Windows NT 6.1; Win64; x64) AppleWebKit/537.36 (KHTML, like Gecko) Chrome/103.0.5060.66 Safari/537.36"
173.236.217.44 - - [21/Mar/2026:03:04:52 -0700] "POST /wp-cron.php?doing_wp_cron=1774087492.4517929553985595703125 HTTP/1.1" 200 283 "-" "WordPress/6.8.5; https://www.drug-injury-lawyer.com"
107.20.105.74 - - [21/Mar/2026:03:07:54 -0700] "HEAD / HTTP/1.1" 301 197 "-" "DreamHost SiteMonitor 1.0"
107.20.105.74 - - [21/Mar/2026:03:07:54 -0700] "HEAD / HTTP/1.1" 301 385 "http://173.236.217.44" "DreamHost SiteMonitor 1.0"
173.236.217.44 - - [21/Mar/2026:03:07:56 -0700] "POST /wp-cron.php?doing_wp_cron=1774087676.0868139266967773437500 HTTP/1.1" 200 283 "-" "WordPress/6.8.5; https://www.drug-injury-lawyer.com"
217.147.172.96 - - [21/Mar/2026:03:12:18 -0700] "GET /blog/page/3/ HTTP/1.0" 200 66894 "http://www.drug-injury-lawyer.com/blog/page/3/" "Mozilla/5.0 (Windows NT 10.0; Win64; x64) AppleWebKit/537.36 (KHTML, like Gecko) Chrome/103.0.5060.134 Safari/537.36"
217.147.172.96 - - [21/Mar/2026:03:12:18 -0700] "GET /blog/page/3/ HTTP/1.0" 200 66894 "http://www.drug-injury-lawyer.com/blog/page/3/" "Mozilla/5.0 (Windows NT 10.0; Win64; x64) AppleWebKit/537.36 (KHTML, like Gecko) Chrome/103.0.5060.53 Safari/537.36"
217.147.172.11 - - [21/Mar/2026:03:12:28 -0700] "GET /blog/page/3/ HTTP/1.0" 200 66894 "http://www.drug-injury-lawyer.com/blog/page/3/" "Mozilla/5.0 (Windows NT 10.0; Win64; x64) AppleWebKit/537.36 (KHTML, like Gecko) Chrome/103.0.0.0 Safari/537.36 OpenWave/97.4.2043.44"
173.236.217.44 - - [21/Mar/2026:03:12:29 -0700] "POST /wp-cron.php?doing_wp_cron=1774087949.0241351127624511718750 HTTP/1.1" 200 283 "-" "WordPress/6.8.5; https://www.drug-injury-lawyer.com"
217.147.172.11 - - [21/Mar/2026:03:12:28 -0700] "GET /blog/page/3/ HTTP/1.0" 200 66894 "http://www.drug-injury-lawyer.com/blog/page/3/" "Mozilla/5.0 (Windows NT 6.3; Win64; x64) AppleWebKit/537.36 (KHTML, like Gecko) Chrome/103.0.5060.114 Safari/537.36"
217.147.172.214 - - [21/Mar/2026:03:12:29 -0700] "GET /blog/page/3/ HTTP/1.0" 200 66894 "http://www.drug-injury-lawyer.com/blog/page/3/" "Mozilla/5.0 (Windows NT 10.0; Win64; x64) AppleWebKit/537.36 (KHTML, like Gecko) Chrome/103.0.5042.0 Safari/537.36"
217.147.172.214 - - [21/Mar/2026:03:12:29 -0700] "GET /blog/page/3/ HTTP/1.0" 200 66894 "http://www.drug-injury-lawyer.com/blog/page/3/" "Mozilla/5.0 (Windows NT 6.3; Win64; x64) AppleWebKit/537.36 (KHTML, like Gecko) Chrome/103.0.5060.66 Safari/537.36"
2.59.221.46 - - [21/Mar/2026:03:12:35 -0700] "GET /blog/page/3/ HTTP/1.0" 200 66894 "http://www.drug-injury-lawyer.com/blog/page/3/" "Mozilla/5.0 (Windows NT 6.1; Win64; x64) AppleWebKit/537.36 (KHTML, like Gecko) Chrome/103.0.5060.114 Safari/537.36"
2.59.221.46 - - [21/Mar/2026:03:12:35 -0700] "GET /blog/page/3/ HTTP/1.0" 200 66894 "http://www.drug-injury-lawyer.com/blog/page/3/" "Mozilla/5.0 (Windows NT 10.0) AppleWebKit/537.36 (KHTML, like Gecko) Chrome/103.0.0.0 Safari/537.36"
107.20.105.74 - - [21/Mar/2026:03:12:54 -0700] "HEAD / HTTP/1.1" 301 197 "-" "DreamHost SiteMonitor 1.0"
173.236.217.44 - - [21/Mar/2026:03:12:55 -0700] "POST /wp-cron.php?doing_wp_cron=1774087975.0029950141906738281250 HTTP/1.1" 200 283 "-" "WordPress/6.8.5; https://www.drug-injury-lawyer.com"
107.20.105.74 - - [21/Mar/2026:03:12:54 -0700] "HEAD / HTTP/1.1" 301 385 "http://173.236.217.44" "DreamHost SiteMonitor 1.0"
185.237.106.243 - - [21/Mar/2026:03:13:09 -0700] "GET /blog/page/3/ HTTP/1.0" 200 66894 "http://www.drug-injury-lawyer.com/blog/page/3/" "Mozilla/5.0 (Windows NT 6.3; Win64; x64) AppleWebKit/537.36 (KHTML, like Gecko) Chrome/103.0.5060.114 Safari/537.36"
185.237.106.243 - - [21/Mar/2026:03:13:09 -0700] "GET /blog/page/3/ HTTP/1.0" 200 66894 "http://www.drug-injury-lawyer.com/blog/page/3/" "Mozilla/5.0 (Windows NT 6.3; Win64; x64) AppleWebKit/537.36 (KHTML, like Gecko) Chrome/103.0.5060.66 Safari/537.36"
45.156.158.83 - - [21/Mar/2026:03:13:34 -0700] "GET /blog/page/3/ HTTP/1.0" 200 66894 "http://www.drug-injury-lawyer.com/blog/page/3/" "Mozilla/5.0 (Windows NT 10.0; Win64; x64) AppleWebKit/537.36 (KHTML, like Gecko) Chrome/103.0.5060.66 Safari/537.36"
45.156.158.83 - - [21/Mar/2026:03:13:34 -0700] "GET /blog/page/3/ HTTP/1.0" 200 66894 "http://www.drug-injury-lawyer.com/blog/page/3/" "Mozilla/5.0 (Windows NT 10.0; Win64; x64) AppleWebKit/537.36 (KHTML, like Gecko) Chrome/103.0.5060.134 Safari/537.36"
45.156.158.249 - - [21/Mar/2026:03:13:51 -0700] "GET /blog/page/3/ HTTP/1.0" 200 66894 "http://www.drug-injury-lawyer.com/blog/page/3/" "Mozilla/5.0 (Windows NT 6.1; WOW64) AppleWebKit/537.36 (KHTML, like Gecko) Chrome/103.0.0.0 Safari/537.36"
45.156.158.249 - - [21/Mar/2026:03:13:51 -0700] "GET /blog/page/3/ HTTP/1.0" 200 66894 "http://www.drug-injury-lawyer.com/blog/page/3/" "Mozilla/5.0 (Windows NT 10.0; Win64; x64) AppleWebKit/537.36 (KHTML, like Gecko) Chrome/103.0.0.0 Safari/537.36 Herring/95.1.8810.11"
217.147.172.235 - - [21/Mar/2026:03:13:51 -0700] "GET /blog/page/3/ HTTP/1.0" 200 66894 "http://www.drug-injury-lawyer.com/blog/page/3/" "Mozilla/5.0 (Windows NT 6.2; Win64; x64) AppleWebKit/537.36 (KHTML, like Gecko) Chrome/103.0.0.0 Safari/537.36"
217.147.172.235 - - [21/Mar/2026:03:13:51 -0700] "GET /blog/page/3/ HTTP/1.0" 200 66894 "http://www.drug-injury-lawyer.com/blog/page/3/" "Mozilla/5.0 (Windows NT 10.0; Win64; x64) AppleWebKit/537.36 (KHTML, like Gecko) Chrome/103.0.5060.53 Safari/537.36"
91.211.90.70 - - [21/Mar/2026:03:13:57 -0700] "GET /blog/page/3/ HTTP/1.0" 200 66894 "http://www.drug-injury-lawyer.com/blog/page/3/" "Mozilla/5.0 (Windows NT 6.3; Win64; x64) AppleWebKit/537.36 (KHTML, like Gecko) Chrome/103.0.5060.114 Safari/537.36"
91.211.90.231 - - [21/Mar/2026:03:14:02 -0700] "GET /blog/page/3/ HTTP/1.0" 200 66894 "http://www.drug-injury-lawyer.com/blog/page/3/" "Mozilla/5.0 (Windows NT 6.3) AppleWebKit/537.36 (KHTML, like Gecko) Chrome/103.0.0.0 Safari/537.36"
173.236.217.44 - - [21/Mar/2026:03:14:55 -0700] "POST /wp-cron.php?doing_wp_cron=1774088095.6653299331665039062500 HTTP/1.1" 200 283 "-" "WordPress/6.8.5; https://www.drug-injury-lawyer.com"
209.38.207.106 - - [21/Mar/2026:03:14:55 -0700] "GET /feed/ HTTP/1.1" 304 337 "-" "Mozilla/5.0 (iPhone; CPU iPhone OS 18_1 like Mac OS X) AppleWebKit/605.1.15 (KHTML, like Gecko) GSA/345.2.700885593 Mobile/15E148 Safari/604.1"
91.211.90.228 - - [21/Mar/2026:03:16:47 -0700] "GET /blog/page/3/ HTTP/1.0" 200 66894 "http://www.drug-injury-lawyer.com/blog/page/3/" "Mozilla/5.0 (Windows NT 10.0; Win64; x64) AppleWebKit/537.36 (KHTML, like Gecko) Chrome/103.0.5060.66 Safari/537.36"
107.20.105.74 - - [21/Mar/2026:03:17:54 -0700] "HEAD / HTTP/1.1" 301 197 "-" "DreamHost SiteMonitor 1.0"
107.20.105.74 - - [21/Mar/2026:03:17:54 -0700] "HEAD / HTTP/1.1" 301 385 "http://173.236.217.44" "DreamHost SiteMonitor 1.0"
212.34.145.237 - - [21/Mar/2026:03:18:16 -0700] "GET /blog/ HTTP/1.0" 200 76007 "http://www.drug-injury-lawyer.com/blog/" "Mozilla/5.0 (Windows NT 10.0; Win64; x64) AppleWebKit/537.36 (KHTML, like Gecko) Chrome/130.0.0.0 Safari/537.36"
45.156.158.75 - - [21/Mar/2026:03:21:03 -0700] "GET /blog/page/3/ HTTP/1.0" 200 66894 "http://www.drug-injury-lawyer.com/blog/page/3/" "Mozilla/5.0 (Windows NT 6.1; Win64; x64) AppleWebKit/537.36 (KHTML, like Gecko) Chrome/103.0.5060.114 Safari/537.36"
173.236.217.44 - - [21/Mar/2026:03:21:04 -0700] "POST /wp-cron.php?doing_wp_cron=1774088464.0999600887298583984375 HTTP/1.1" 200 283 "-" "WordPress/6.8.5; https://www.drug-injury-lawyer.com"
45.156.158.216 - - [21/Mar/2026:03:21:07 -0700] "GET /blog/page/3/ HTTP/1.0" 200 66894 "http://www.drug-injury-lawyer.com/blog/page/3/" "Mozilla/5.0 (Windows NT 6.1; Win64; x64) AppleWebKit/537.36 (KHTML, like Gecko) Chrome/103.0.5060.114 Safari/537.36"
91.211.90.207 - - [21/Mar/2026:03:21:24 -0700] "GET /blog/page/3/ HTTP/1.0" 200 66894 "http://www.drug-injury-lawyer.com/blog/page/3/" "Mozilla/5.0 (Windows NT 10.0; Win64; x64) AppleWebKit/537.36 (KHTML, like Gecko) Chrome/103.0.0.0 Safari/537.36 Herring/95.1.8810.11"
91.211.90.207 - - [21/Mar/2026:03:21:25 -0700] "GET /blog/page/3/ HTTP/1.0" 200 66894 "http://www.drug-injury-lawyer.com/blog/page/3/" "Mozilla/5.0 (Windows NT 6.3; WOW64) AppleWebKit/537.36 (KHTML, like Gecko) Chrome/103.0.0.0 Safari/537.36"
216.73.216.189 - - [21/Mar/2026:03:21:28 -0700] "GET /robots.txt HTTP/1.1" 200 507 "-" "Mozilla/5.0 AppleWebKit/537.36 (KHTML, like Gecko; compatible; ClaudeBot/1.0; +claudebot@anthropic.com)"
216.73.216.189 - - [21/Mar/2026:03:21:28 -0700] "GET /sitemap.xml HTTP/1.1" 200 772 "-" "Mozilla/5.0 AppleWebKit/537.36 (KHTML, like Gecko; compatible; ClaudeBot/1.0; +claudebot@anthropic.com)"
91.211.90.228 - - [21/Mar/2026:03:21:29 -0700] "GET /blog/page/3/ HTTP/1.0" 200 66894 "http://www.drug-injury-lawyer.com/blog/page/3/" "Mozilla/5.0 (Windows NT 10.0; Win64; x64) AppleWebKit/537.36 (KHTML, like Gecko) Chrome/103.0.0.0 Safari/537.36"
91.211.90.69 - - [21/Mar/2026:03:21:28 -0700] "GET /blog/page/3/ HTTP/1.0" 200 66894 "http://www.drug-injury-lawyer.com/blog/page/3/" "Mozilla/5.0 (Windows NT 10.0; Win64; x64) AppleWebKit/537.36 (KHTML, like Gecko) Chrome/103.0.0.0 Safari/537.36 OpenWave/97.4.2043.44"
114.119.137.141 - - [21/Mar/2026:03:21:30 -0700] "GET /youngster/scheme111/7vt9i-47698/ HTTP/1.1" 500 3198 "http://www.drug-injury-lawyer.com/?sitemap971.xml" "Mozilla/5.0 (Linux; Android 7.0;) AppleWebKit/537.36 (KHTML, like Gecko) Mobile Safari/537.36 (compatible; PetalBot;+https://webmaster.petalsearch.com/site/petalbot)"
173.236.217.44 - - [21/Mar/2026:03:21:49 -0700] "POST /wp-cron.php?doing_wp_cron=1774088509.7215240001678466796875 HTTP/1.1" 200 283 "-" "WordPress/6.8.5; https://www.drug-injury-lawyer.com"
91.211.90.225 - - [21/Mar/2026:03:21:49 -0700] "GET /blog/page/3/ HTTP/1.0" 200 66894 "http://www.drug-injury-lawyer.com/blog/page/3/" "Mozilla/5.0 (Windows NT 6.3; Win64; x64) AppleWebKit/537.36 (KHTML, like Gecko) Chrome/103.0.0.0 Safari/537.36"
107.20.105.74 - - [21/Mar/2026:03:22:54 -0700] "HEAD / HTTP/1.1" 301 197 "-" "DreamHost SiteMonitor 1.0"
173.236.217.44 - - [21/Mar/2026:03:22:55 -0700] "POST /wp-cron.php?doing_wp_cron=1774088574.9929630756378173828125 HTTP/1.1" 200 283 "-" "WordPress/6.8.5; https://www.drug-injury-lawyer.com"
107.20.105.74 - - [21/Mar/2026:03:22:54 -0700] "HEAD / HTTP/1.1" 301 385 "http://173.236.217.44" "DreamHost SiteMonitor 1.0"
91.211.90.117 - - [21/Mar/2026:03:23:09 -0700] "GET /blog/page/3/ HTTP/1.0" 200 66894 "http://www.drug-injury-lawyer.com/blog/page/3/" "Mozilla/5.0 (Windows NT 10.0; Win64; x64) AppleWebKit/537.36 (KHTML, like Gecko) Chrome/103.0.0.0 Safari/537.36"
173.236.217.44 - - [21/Mar/2026:03:23:44 -0700] "POST /wp-cron.php?doing_wp_cron=1774088624.1035220623016357421875 HTTP/1.1" 200 283 "-" "WordPress/6.8.5; https://www.drug-injury-lawyer.com"
91.211.90.244 - - [21/Mar/2026:03:23:44 -0700] "GET /blog/page/3/ HTTP/1.0" 200 66894 "http://www.drug-injury-lawyer.com/blog/page/3/" "Mozilla/5.0 (Windows NT 10.0; Win64; x64) AppleWebKit/537.36 (KHTML, like Gecko) Chrome/103.0.5060.114 Safari/537.36"
91.211.90.244 - - [21/Mar/2026:03:23:44 -0700] "GET /blog/page/3/ HTTP/1.0" 200 66894 "http://www.drug-injury-lawyer.com/blog/page/3/" "Mozilla/5.0 (Windows NT 10.0; Win64; x64) AppleWebKit/537.36 (KHTML, like Gecko) Chrome/103.0.5042.0 Safari/537.36"
91.211.90.186 - - [21/Mar/2026:03:23:45 -0700] "GET /blog/page/3/ HTTP/1.0" 200 66894 "http://www.drug-injury-lawyer.com/blog/page/3/" "Mozilla/5.0 (Windows NT 10.0; Win64; x64) AppleWebKit/537.36 (KHTML, like Gecko) Chrome/103.0.5060.114 Safari/537.36"
91.211.90.186 - - [21/Mar/2026:03:23:45 -0700] "GET /blog/page/3/ HTTP/1.0" 200 66894 "http://www.drug-injury-lawyer.com/blog/page/3/" "Mozilla/5.0 (Windows NT 6.3; Win64; x64) AppleWebKit/537.36 (KHTML, like Gecko) Chrome/103.0.5060.114 Safari/537.36"
107.20.105.74 - - [21/Mar/2026:03:27:54 -0700] "HEAD / HTTP/1.1" 301 197 "-" "DreamHost SiteMonitor 1.0"
107.20.105.74 - - [21/Mar/2026:03:27:54 -0700] "HEAD / HTTP/1.1" 301 385 "http://173.236.217.44" "DreamHost SiteMonitor 1.0"
217.147.172.206 - - [21/Mar/2026:03:27:58 -0700] "GET /blog/page/3/ HTTP/1.0" 200 66894 "http://www.drug-injury-lawyer.com/blog/page/3/" "Mozilla/5.0 (Windows NT 6.1; Win64; x64) AppleWebKit/537.36 (KHTML, like Gecko) Chrome/103.0.5060.66 Safari/537.36"
91.211.90.206 - - [21/Mar/2026:03:29:06 -0700] "GET /blog/page/3/ HTTP/1.0" 200 66894 "http://www.drug-injury-lawyer.com/blog/page/3/" "Mozilla/5.0 (Windows NT 10.0; Win64; x64) AppleWebKit/537.36 (KHTML, like Gecko) Chrome/103.0.5060.53 Safari/537.36"
107.20.105.74 - - [21/Mar/2026:03:32:54 -0700] "HEAD / HTTP/1.1" 301 197 "-" "DreamHost SiteMonitor 1.0"
107.20.105.74 - - [21/Mar/2026:03:32:54 -0700] "HEAD / HTTP/1.1" 301 385 "http://173.236.217.44" "DreamHost SiteMonitor 1.0"
185.200.38.155 - - [21/Mar/2026:03:34:17 -0700] "GET /contact-us/ HTTP/1.1" 200 11248 "-" "Mozilla/5.0 (Windows; U; Windows NT 6.0; en-US) AppleWebKit/533.3 (KHTML, like Gecko) Chrome/8.0.552.224 Safari/533.3"
145.239.10.137 - - [21/Mar/2026:03:34:46 -0700] "GET /HaxorSecV2.php HTTP/1.1" 301 488 "http://drug-injury-lawyer.com/HaxorSecV2.php" "Mozilla/5.0 (iPhone; CPU iPhone OS 17_5_1 like Mac OS X) AppleWebKit/605.1.15 (KHTML, like Gecko) Version/17.5 Mobile/15E148 Safari/604.1"
145.239.10.137 - - [21/Mar/2026:03:34:46 -0700] "GET /HaxorSecV2.php HTTP/1.1" 500 3198 "http://www.drug-injury-lawyer.com/HaxorSecV2.php" "Mozilla/5.0 (iPhone; CPU iPhone OS 17_5_1 like Mac OS X) AppleWebKit/605.1.15 (KHTML, like Gecko) Version/17.5 Mobile/15E148 Safari/604.1"
217.147.172.209 - - [21/Mar/2026:03:35:45 -0700] "GET /blog/page/3/ HTTP/1.0" 200 66894 "http://www.drug-injury-lawyer.com/blog/page/3/" "Mozilla/5.0 (Windows NT 6.3; WOW64) AppleWebKit/537.36 (KHTML, like Gecko) Chrome/103.0.5060.114 Safari/537.36"
91.211.90.170 - - [21/Mar/2026:03:35:45 -0700] "GET /blog/page/3/ HTTP/1.0" 200 66894 "http://www.drug-injury-lawyer.com/blog/page/3/" "Mozilla/5.0 (Windows NT 10.0; Win64; x64) AppleWebKit/537.36 (KHTML, like Gecko) Chrome/103.0.0.0 Safari/537.36"
91.211.90.170 - - [21/Mar/2026:03:35:46 -0700] "GET /blog/page/3/ HTTP/1.0" 200 66894 "http://www.drug-injury-lawyer.com/blog/page/3/" "Mozilla/5.0 (Windows NT 10.0; Win64; x64) AppleWebKit/537.36 (KHTML, like Gecko) Chrome/103.0.5060.134 Safari/537.36"
217.147.172.209 - - [21/Mar/2026:03:35:45 -0700] "GET /blog/page/3/ HTTP/1.0" 200 66894 "http://www.drug-injury-lawyer.com/blog/page/3/" "Mozilla/5.0 (Windows NT 10.0; Win64; x64) AppleWebKit/537.36 (KHTML, like Gecko) Chrome/103.0.5060.53 Safari/537.36"
173.236.217.44 - - [21/Mar/2026:03:35:45 -0700] "POST /wp-cron.php?doing_wp_cron=1774089345.5708220005035400390625 HTTP/1.1" 200 283 "-" "WordPress/6.8.5; https://www.drug-injury-lawyer.com"
107.20.105.74 - - [21/Mar/2026:03:37:54 -0700] "HEAD / HTTP/1.1" 301 197 "-" "DreamHost SiteMonitor 1.0"
107.20.105.74 - - [21/Mar/2026:03:37:54 -0700] "HEAD / HTTP/1.1" 301 385 "http://173.236.217.44" "DreamHost SiteMonitor 1.0"
91.211.90.240 - - [21/Mar/2026:03:38:19 -0700] "GET /blog/page/3/ HTTP/1.0" 200 66894 "http://www.drug-injury-lawyer.com/blog/page/3/" "Mozilla/5.0 (Windows NT 6.2; Win64; x64) AppleWebKit/537.36 (KHTML, like Gecko) Chrome/103.0.0.0 Safari/537.36"
91.211.90.225 - - [21/Mar/2026:03:38:23 -0700] "GET /blog/page/3/ HTTP/1.0" 200 66894 "http://www.drug-injury-lawyer.com/blog/page/3/" "Mozilla/5.0 (Windows NT 6.3) AppleWebKit/537.36 (KHTML, like Gecko) Chrome/103.0.0.0 Safari/537.36"
91.211.90.70 - - [21/Mar/2026:03:38:24 -0700] "GET /blog/page/3/ HTTP/1.0" 200 66894 "http://www.drug-injury-lawyer.com/blog/page/3/" "Mozilla/5.0 (Windows NT 6.2; Win64; x64) AppleWebKit/537.36 (KHTML, like Gecko) Chrome/103.0.0.0 Safari/537.36"
45.156.158.75 - - [21/Mar/2026:03:38:25 -0700] "GET /blog/page/3/ HTTP/1.0" 200 66894 "http://www.drug-injury-lawyer.com/blog/page/3/" "Mozilla/5.0 (Windows NT 6.3; WOW64) AppleWebKit/537.36 (KHTML, like Gecko) Chrome/103.0.5060.114 Safari/537.36"
91.211.90.69 - - [21/Mar/2026:03:38:26 -0700] "GET /blog/page/3/ HTTP/1.0" 200 66894 "http://www.drug-injury-lawyer.com/blog/page/3/" "Mozilla/5.0 (Windows NT 10.0; Win64; x64) AppleWebKit/537.36 (KHTML, like Gecko) Chrome/103.0.5060.66 Safari/537.36"
45.156.158.216 - - [21/Mar/2026:03:38:29 -0700] "GET /blog/page/3/ HTTP/1.0" 200 66894 "http://www.drug-injury-lawyer.com/blog/page/3/" "Mozilla/5.0 (Windows NT 10.0; Win64; x64) AppleWebKit/537.36 (KHTML, like Gecko) Chrome/103.0.5060.53 Safari/537.36"
216.73.216.189 - - [21/Mar/2026:03:38:50 -0700] "GET /robots.txt HTTP/1.1" 301 517 "-" "Mozilla/5.0 AppleWebKit/537.36 (KHTML, like Gecko; compatible; ClaudeBot/1.0; +claudebot@anthropic.com)"
216.73.216.189 - - [21/Mar/2026:03:38:50 -0700] "GET /robots.txt HTTP/1.1" 200 507 "http://drug-injury-lawyer.com/robots.txt" "Mozilla/5.0 AppleWebKit/537.36 (KHTML, like Gecko; compatible; ClaudeBot/1.0; +claudebot@anthropic.com)"
216.73.216.189 - - [21/Mar/2026:03:38:51 -0700] "GET /sitemap.xml HTTP/1.1" 301 518 "-" "Mozilla/5.0 AppleWebKit/537.36 (KHTML, like Gecko; compatible; ClaudeBot/1.0; +claudebot@anthropic.com)"
216.73.216.189 - - [21/Mar/2026:03:38:51 -0700] "GET /sitemap.xml HTTP/1.1" 200 772 "http://drug-injury-lawyer.com/sitemap.xml" "Mozilla/5.0 AppleWebKit/537.36 (KHTML, like Gecko; compatible; ClaudeBot/1.0; +claudebot@anthropic.com)"
173.236.217.44 - - [21/Mar/2026:03:38:51 -0700] "POST /wp-cron.php?doing_wp_cron=1774089531.2486948966979980468750 HTTP/1.1" 200 283 "-" "WordPress/6.8.5; https://www.drug-injury-lawyer.com"
91.211.90.208 - - [21/Mar/2026:03:39:28 -0700] "GET /blog/page/3/ HTTP/1.0" 200 66894 "http://www.drug-injury-lawyer.com/blog/page/3/" "Mozilla/5.0 (Windows NT 10.0; WOW64) AppleWebKit/537.36 (KHTML, like Gecko) Chrome/103.0.0.0 Safari/537.36"
91.211.90.206 - - [21/Mar/2026:03:40:38 -0700] "GET /blog/page/3/ HTTP/1.0" 200 66894 "http://www.drug-injury-lawyer.com/blog/page/3/" "Mozilla/5.0 (Windows NT 6.2; Win64; x64) AppleWebKit/537.36 (KHTML, like Gecko) Chrome/103.0.0.0 Safari/537.36"
173.236.217.44 - - [21/Mar/2026:03:40:39 -0700] "POST /wp-cron.php?doing_wp_cron=1774089639.0514450073242187500000 HTTP/1.1" 200 283 "-" "WordPress/6.8.5; https://www.drug-injury-lawyer.com"
91.211.90.99 - - [21/Mar/2026:03:41:07 -0700] "GET /blog/page/3/ HTTP/1.0" 200 66894 "http://www.drug-injury-lawyer.com/blog/page/3/" "Mozilla/5.0 (Windows NT 10.0; Win64; x64) AppleWebKit/537.36 (KHTML, like Gecko) Chrome/103.0.5060.114 Safari/537.36"
91.211.90.99 - - [21/Mar/2026:03:41:07 -0700] "GET /blog/page/3/ HTTP/1.0" 200 66894 "http://www.drug-injury-lawyer.com/blog/page/3/" "Mozilla/5.0 (Windows NT 10.0; Win64; x64) AppleWebKit/537.36 (KHTML, like Gecko) Chrome/103.0.0.0 Safari/537.36"
107.20.105.74 - - [21/Mar/2026:03:42:54 -0700] "HEAD / HTTP/1.1" 301 197 "-" "DreamHost SiteMonitor 1.0"
107.20.105.74 - - [21/Mar/2026:03:42:54 -0700] "HEAD / HTTP/1.1" 301 385 "http://173.236.217.44" "DreamHost SiteMonitor 1.0"
91.211.90.117 - - [21/Mar/2026:03:43:03 -0700] "GET /blog/page/3/ HTTP/1.0" 200 66894 "http://www.drug-injury-lawyer.com/blog/page/3/" "Mozilla/5.0 (Windows NT 6.3; Win64; x64) AppleWebKit/537.36 (KHTML, like Gecko) Chrome/103.0.5060.53 Safari/537.36"
217.147.172.240 - - [21/Mar/2026:03:44:49 -0700] "GET /blog/page/3/ HTTP/1.0" 200 66894 "http://www.drug-injury-lawyer.com/blog/page/3/" "Mozilla/5.0 (Windows NT 6.3; Win64; x64) AppleWebKit/537.36 (KHTML, like Gecko) Chrome/103.0.5060.53 Safari/537.36"
173.236.217.44 - - [21/Mar/2026:03:44:50 -0700] "POST /wp-cron.php?doing_wp_cron=1774089890.1616280078887939453125 HTTP/1.1" 200 283 "-" "WordPress/6.8.5; https://www.drug-injury-lawyer.com"
217.147.172.240 - - [21/Mar/2026:03:44:50 -0700] "GET /blog/page/3/ HTTP/1.0" 200 66894 "http://www.drug-injury-lawyer.com/blog/page/3/" "Mozilla/5.0 (Windows NT 10.0; Win64; x64) AppleWebKit/537.36 (KHTML, like Gecko) Chrome/103.0.5060.114 Safari/537.36"
91.211.90.164 - - [21/Mar/2026:03:47:36 -0700] "GET /blog/page/3/ HTTP/1.0" 200 66894 "http://www.drug-injury-lawyer.com/blog/page/3/" "Mozilla/5.0 (Windows NT 6.3; Win64; x64) AppleWebKit/537.36 (KHTML, like Gecko) Chrome/103.0.0.0 Safari/537.36"
91.211.90.164 - - [21/Mar/2026:03:47:37 -0700] "GET /blog/page/3/ HTTP/1.0" 200 66894 "http://www.drug-injury-lawyer.com/blog/page/3/" "Mozilla/5.0 (Windows NT 10.0; Win64; x64) AppleWebKit/537.36 (KHTML, like Gecko) Chrome/103.0.5060.66 Safari/537.36"
114.119.140.178 - - [21/Mar/2026:03:47:39 -0700] "GET /young/grand83/ka8dd-8012/ HTTP/1.1" 500 3198 "http://www.drug-injury-lawyer.com/?sitemap971.xml" "Mozilla/5.0 (Linux; Android 7.0;) AppleWebKit/537.36 (KHTML, like Gecko) Mobile Safari/537.36 (compatible; PetalBot;+https://webmaster.petalsearch.com/site/petalbot)"
107.20.105.74 - - [21/Mar/2026:03:47:54 -0700] "HEAD / HTTP/1.1" 301 197 "-" "DreamHost SiteMonitor 1.0"
107.20.105.74 - - [21/Mar/2026:03:47:54 -0700] "HEAD / HTTP/1.1" 301 385 "http://173.236.217.44" "DreamHost SiteMonitor 1.0"
91.211.90.169 - - [21/Mar/2026:03:49:00 -0700] "GET /blog/page/3/ HTTP/1.0" 200 66894 "http://www.drug-injury-lawyer.com/blog/page/3/" "Mozilla/5.0 (Windows NT 6.3; Win64; x64) AppleWebKit/537.36 (KHTML, like Gecko) Chrome/103.0.0.0 Safari/537.36"
91.211.90.169 - - [21/Mar/2026:03:49:00 -0700] "GET /blog/page/3/ HTTP/1.0" 200 66894 "http://www.drug-injury-lawyer.com/blog/page/3/" "Mozilla/5.0 (Windows NT 6.3; Win64; x64) AppleWebKit/537.36 (KHTML, like Gecko) Chrome/103.0.5060.53 Safari/537.36"
91.211.90.158 - - [21/Mar/2026:03:49:03 -0700] "GET /blog/page/3/ HTTP/1.0" 200 66894 "http://www.drug-injury-lawyer.com/blog/page/3/" "Mozilla/5.0 (Windows NT 10.0; Win64; x64) AppleWebKit/537.36 (KHTML, like Gecko) Chrome/103.0.5060.66 Safari/537.36"
