173.236.217.44 - - [21/Mar/2026:05:32:55 -0700] "POST /wp-cron.php?doing_wp_cron=1774096375.7485039234161376953125 HTTP/1.1" 200 283 "-" "WordPress/6.8.5; https://www.drug-injury-lawyer.com"
91.211.90.228 - - [21/Mar/2026:05:34:28 -0700] "GET /blog/page/3/ HTTP/1.0" 200 66894 "http://www.drug-injury-lawyer.com/blog/page/3/" "Mozilla/5.0 (Windows NT 6.1) AppleWebKit/537.36 (KHTML, like Gecko) Chrome/103.0.0.0 Safari/537.36"
173.236.217.44 - - [21/Mar/2026:05:34:29 -0700] "POST /wp-cron.php?doing_wp_cron=1774096469.6725320816040039062500 HTTP/1.1" 200 283 "-" "WordPress/6.8.5; https://www.drug-injury-lawyer.com"
114.119.157.166 - - [21/Mar/2026:05:34:29 -0700] "GET /yet/yellow37/e7is8-1730/ HTTP/1.1" 500 3198 "http://www.drug-injury-lawyer.com/?sitemap173.xml" "Mozilla/5.0 (Linux; Android 7.0;) AppleWebKit/537.36 (KHTML, like Gecko) Mobile Safari/537.36 (compatible; PetalBot;+https://webmaster.petalsearch.com/site/petalbot)"
91.211.90.186 - - [21/Mar/2026:05:37:00 -0700] "GET /blog/page/3/ HTTP/1.0" 200 66894 "http://www.drug-injury-lawyer.com/blog/page/3/" "Mozilla/5.0 (Windows NT 10.0; Win64; x64) AppleWebKit/537.36 (KHTML, like Gecko) Chrome/103.0.0.0 Safari/537.36 Herring/95.1.8810.11"
91.211.90.244 - - [21/Mar/2026:05:37:00 -0700] "GET /blog/page/3/ HTTP/1.0" 200 66894 "http://www.drug-injury-lawyer.com/blog/page/3/" "Mozilla/5.0 (Windows NT 6.1; Win64; x64) AppleWebKit/537.36 (KHTML, like Gecko) Chrome/103.0.5060.66 Safari/537.36"
173.236.217.44 - - [21/Mar/2026:05:37:01 -0700] "POST /wp-cron.php?doing_wp_cron=1774096621.6383960247039794921875 HTTP/1.1" 200 283 "-" "WordPress/6.8.5; https://www.drug-injury-lawyer.com"
91.211.90.186 - - [21/Mar/2026:05:37:01 -0700] "GET /blog/page/3/ HTTP/1.0" 200 66894 "http://www.drug-injury-lawyer.com/blog/page/3/" "Mozilla/5.0 (Windows NT 6.3; Win64; x64) AppleWebKit/537.36 (KHTML, like Gecko) Chrome/103.0.0.0 Safari/537.36"
91.211.90.244 - - [21/Mar/2026:05:37:01 -0700] "GET /blog/page/3/ HTTP/1.0" 200 66894 "http://www.drug-injury-lawyer.com/blog/page/3/" "Mozilla/5.0 (Windows NT 6.1; Win64; x64) AppleWebKit/537.36 (KHTML, like Gecko) Chrome/103.0.0.0 Safari/537.36"
91.211.90.69 - - [21/Mar/2026:05:37:16 -0700] "GET /blog/page/3/ HTTP/1.0" 200 66894 "http://www.drug-injury-lawyer.com/blog/page/3/" "Mozilla/5.0 (Windows NT 10.0) AppleWebKit/537.36 (KHTML, like Gecko) Chrome/103.0.0.0 Safari/537.36"
107.20.105.74 - - [21/Mar/2026:05:37:54 -0700] "HEAD / HTTP/1.1" 301 197 "-" "DreamHost SiteMonitor 1.0"
173.236.217.44 - - [21/Mar/2026:05:37:55 -0700] "POST /wp-cron.php?doing_wp_cron=1774096675.0120959281921386718750 HTTP/1.1" 200 283 "-" "WordPress/6.8.5; https://www.drug-injury-lawyer.com"
107.20.105.74 - - [21/Mar/2026:05:37:54 -0700] "HEAD / HTTP/1.1" 301 385 "http://173.236.217.44" "DreamHost SiteMonitor 1.0"
173.236.217.44 - - [21/Mar/2026:05:39:01 -0700] "POST /wp-cron.php?doing_wp_cron=1774096741.6284821033477783203125 HTTP/1.1" 200 283 "-" "WordPress/6.8.5; https://www.drug-injury-lawyer.com"
217.147.172.206 - - [21/Mar/2026:05:39:01 -0700] "GET /blog/page/3/ HTTP/1.0" 200 66894 "http://www.drug-injury-lawyer.com/blog/page/3/" "Mozilla/5.0 (Windows NT 6.3) AppleWebKit/537.36 (KHTML, like Gecko) Chrome/103.0.0.0 Safari/537.36"
45.156.158.216 - - [21/Mar/2026:05:39:13 -0700] "GET /blog/page/3/ HTTP/1.0" 200 66894 "http://www.drug-injury-lawyer.com/blog/page/3/" "Mozilla/5.0 (Windows NT 10.0; WOW64) AppleWebKit/537.36 (KHTML, like Gecko) Chrome/103.0.0.0 Safari/537.36"
45.156.158.75 - - [21/Mar/2026:05:39:14 -0700] "GET /blog/page/3/ HTTP/1.0" 200 66894 "http://www.drug-injury-lawyer.com/blog/page/3/" "Mozilla/5.0 (Windows NT 10.0; Win64; x64) AppleWebKit/537.36 (KHTML, like Gecko) Chrome/103.0.0.0 Safari/537.36 OpenWave/97.4.2043.44"
91.211.90.207 - - [21/Mar/2026:05:39:21 -0700] "GET /blog/page/3/ HTTP/1.0" 200 66894 "http://www.drug-injury-lawyer.com/blog/page/3/" "Mozilla/5.0 (Windows NT 6.3; Win64; x64) AppleWebKit/537.36 (KHTML, like Gecko) Chrome/103.0.5060.66 Safari/537.36"
91.211.90.207 - - [21/Mar/2026:05:39:21 -0700] "GET /blog/page/3/ HTTP/1.0" 200 66894 "http://www.drug-injury-lawyer.com/blog/page/3/" "Mozilla/5.0 (Windows NT 6.1; Win64; x64) AppleWebKit/537.36 (KHTML, like Gecko) Chrome/103.0.0.0 Safari/537.36"
173.236.217.44 - - [21/Mar/2026:05:39:46 -0700] "POST /wp-cron.php?doing_wp_cron=1774096786.0777499675750732421875 HTTP/1.1" 200 283 "-" "WordPress/6.8.5; https://www.drug-injury-lawyer.com"
91.211.90.228 - - [21/Mar/2026:05:39:45 -0700] "GET /blog/page/3/ HTTP/1.0" 200 66894 "http://www.drug-injury-lawyer.com/blog/page/3/" "Mozilla/5.0 (Windows NT 10.0; Win64; x64) AppleWebKit/537.36 (KHTML, like Gecko) Chrome/103.0.0.0 Safari/537.36 Herring/95.1.8810.11"
43.156.168.214 - - [21/Mar/2026:05:40:28 -0700] "GET / HTTP/1.1" 301 404 "-" "Mozilla/5.0 (iPhone; CPU iPhone OS 13_2_3 like Mac OS X) AppleWebKit/605.1.15 (KHTML, like Gecko) Version/13.0.3 Mobile/15E148 Safari/604.1"
107.20.105.74 - - [21/Mar/2026:05:42:54 -0700] "HEAD / HTTP/1.1" 301 197 "-" "DreamHost SiteMonitor 1.0"
107.20.105.74 - - [21/Mar/2026:05:42:54 -0700] "HEAD / HTTP/1.1" 301 385 "http://173.236.217.44" "DreamHost SiteMonitor 1.0"
91.211.90.225 - - [21/Mar/2026:05:43:54 -0700] "GET /blog/page/3/ HTTP/1.0" 200 66894 "http://www.drug-injury-lawyer.com/blog/page/3/" "Mozilla/5.0 (Windows NT 6.2; Win64; x64) AppleWebKit/537.36 (KHTML, like Gecko) Chrome/103.0.0.0 Safari/537.36"
107.20.105.74 - - [21/Mar/2026:05:47:54 -0700] "HEAD / HTTP/1.1" 301 197 "-" "DreamHost SiteMonitor 1.0"
107.20.105.74 - - [21/Mar/2026:05:47:54 -0700] "HEAD / HTTP/1.1" 301 385 "http://173.236.217.44" "DreamHost SiteMonitor 1.0"
173.236.217.44 - - [21/Mar/2026:05:47:56 -0700] "POST /wp-cron.php?doing_wp_cron=1774097275.9515070915222167968750 HTTP/1.1" 200 283 "-" "WordPress/6.8.5; https://www.drug-injury-lawyer.com"
217.147.172.209 - - [21/Mar/2026:05:49:42 -0700] "GET /blog/page/3/ HTTP/1.0" 200 66894 "http://www.drug-injury-lawyer.com/blog/page/3/" "Mozilla/5.0 (Windows NT 10.0; Win64; x64) AppleWebKit/537.36 (KHTML, like Gecko) Chrome/103.0.0.0 Safari/537.36 Herring/95.1.8810.11"
217.147.172.209 - - [21/Mar/2026:05:49:42 -0700] "GET /blog/page/3/ HTTP/1.0" 200 66894 "http://www.drug-injury-lawyer.com/blog/page/3/" "Mozilla/5.0 (Windows NT 6.1; Win64; x64) AppleWebKit/537.36 (KHTML, like Gecko) Chrome/103.0.0.0 Safari/537.36"
173.236.217.44 - - [21/Mar/2026:05:49:43 -0700] "POST /wp-cron.php?doing_wp_cron=1774097383.0006439685821533203125 HTTP/1.1" 200 283 "-" "WordPress/6.8.5; https://www.drug-injury-lawyer.com"
91.211.90.170 - - [21/Mar/2026:05:49:47 -0700] "GET /blog/page/3/ HTTP/1.0" 200 66894 "http://www.drug-injury-lawyer.com/blog/page/3/" "Mozilla/5.0 (Windows NT 6.3; WOW64) AppleWebKit/537.36 (KHTML, like Gecko) Chrome/103.0.5060.114 Safari/537.36"
91.211.90.170 - - [21/Mar/2026:05:49:47 -0700] "GET /blog/page/3/ HTTP/1.0" 200 66894 "http://www.drug-injury-lawyer.com/blog/page/3/" "Mozilla/5.0 (Windows NT 6.3; Win64; x64) AppleWebKit/537.36 (KHTML, like Gecko) Chrome/103.0.5060.53 Safari/537.36"
91.211.90.206 - - [21/Mar/2026:05:51:45 -0700] "GET /blog/page/3/ HTTP/1.0" 200 66894 "http://www.drug-injury-lawyer.com/blog/page/3/" "Mozilla/5.0 (Windows NT 6.1; WOW64) AppleWebKit/537.36 (KHTML, like Gecko) Chrome/103.0.0.0 Safari/537.36"
173.236.217.44 - - [21/Mar/2026:05:51:46 -0700] "POST /wp-cron.php?doing_wp_cron=1774097506.1101319789886474609375 HTTP/1.1" 200 283 "-" "WordPress/6.8.5; https://www.drug-injury-lawyer.com"
217.147.172.240 - - [21/Mar/2026:05:51:48 -0700] "GET /blog/page/3/ HTTP/1.0" 200 66894 "http://www.drug-injury-lawyer.com/blog/page/3/" "Mozilla/5.0 (Windows NT 10.0; Win64; x64) AppleWebKit/537.36 (KHTML, like Gecko) Chrome/103.0.5060.66 Safari/537.36"
217.147.172.240 - - [21/Mar/2026:05:51:48 -0700] "GET /blog/page/3/ HTTP/1.0" 200 66894 "http://www.drug-injury-lawyer.com/blog/page/3/" "Mozilla/5.0 (Windows NT 6.1; WOW64) AppleWebKit/537.36 (KHTML, like Gecko) Chrome/103.0.0.0 Safari/537.36"
107.20.105.74 - - [21/Mar/2026:05:52:54 -0700] "HEAD / HTTP/1.1" 301 197 "-" "DreamHost SiteMonitor 1.0"
107.20.105.74 - - [21/Mar/2026:05:52:54 -0700] "HEAD / HTTP/1.1" 301 385 "http://173.236.217.44" "DreamHost SiteMonitor 1.0"
173.236.217.44 - - [21/Mar/2026:05:52:55 -0700] "POST /wp-cron.php?doing_wp_cron=1774097575.0004789829254150390625 HTTP/1.1" 200 283 "-" "WordPress/6.8.5; https://www.drug-injury-lawyer.com"
45.156.158.210 - - [21/Mar/2026:05:55:30 -0700] "GET /blog/page/3/ HTTP/1.0" 200 66894 "http://www.drug-injury-lawyer.com/blog/page/3/" "Mozilla/5.0 (Windows NT 6.1; Win64; x64) AppleWebKit/537.36 (KHTML, like Gecko) Chrome/103.0.0.0 Safari/537.36"
45.156.158.210 - - [21/Mar/2026:05:55:30 -0700] "GET /blog/page/3/ HTTP/1.0" 200 66894 "http://www.drug-injury-lawyer.com/blog/page/3/" "Mozilla/5.0 (Windows NT 10.0; Win64; x64) AppleWebKit/537.36 (KHTML, like Gecko) Chrome/103.0.0.0 Safari/537.36 Herring/95.1.8810.11"
173.236.217.44 - - [21/Mar/2026:05:55:31 -0700] "POST /wp-cron.php?doing_wp_cron=1774097731.1989200115203857421875 HTTP/1.1" 200 283 "-" "WordPress/6.8.5; https://www.drug-injury-lawyer.com"
173.236.217.44 - - [21/Mar/2026:05:55:59 -0700] "POST /wp-cron.php?doing_wp_cron=1774097759.4841279983520507812500 HTTP/1.1" 200 283 "-" "WordPress/6.8.5; https://www.drug-injury-lawyer.com"
91.211.90.69 - - [21/Mar/2026:05:55:59 -0700] "GET /blog/page/3/ HTTP/1.0" 200 66894 "http://www.drug-injury-lawyer.com/blog/page/3/" "Mozilla/5.0 (Windows NT 6.1; Win64; x64) AppleWebKit/537.36 (KHTML, like Gecko) Chrome/103.0.5060.66 Safari/537.36"
91.211.90.240 - - [21/Mar/2026:05:55:59 -0700] "GET /blog/page/3/ HTTP/1.0" 200 66894 "http://www.drug-injury-lawyer.com/blog/page/3/" "Mozilla/5.0 (Windows NT 6.1; Win64; x64) AppleWebKit/537.36 (KHTML, like Gecko) Chrome/103.0.0.0 Safari/537.36"
91.211.90.70 - - [21/Mar/2026:05:56:27 -0700] "GET /blog/page/3/ HTTP/1.0" 200 66894 "http://www.drug-injury-lawyer.com/blog/page/3/" "Mozilla/5.0 (Windows NT 6.3; Win64; x64) AppleWebKit/537.36 (KHTML, like Gecko) Chrome/103.0.5060.114 Safari/537.36"
173.236.217.44 - - [21/Mar/2026:05:57:00 -0700] "POST /wp-cron.php?doing_wp_cron=1774097820.6454288959503173828125 HTTP/1.1" 200 283 "-" "WordPress/6.8.5; https://www.drug-injury-lawyer.com"
45.156.158.75 - - [21/Mar/2026:05:57:00 -0700] "GET /blog/page/3/ HTTP/1.0" 200 66894 "http://www.drug-injury-lawyer.com/blog/page/3/" "Mozilla/5.0 (Windows NT 10.0) AppleWebKit/537.36 (KHTML, like Gecko) Chrome/103.0.0.0 Safari/537.36"
45.156.158.216 - - [21/Mar/2026:05:57:09 -0700] "GET /blog/page/3/ HTTP/1.0" 200 66894 "http://www.drug-injury-lawyer.com/blog/page/3/" "Mozilla/5.0 (Windows NT 6.1; Win64; x64) AppleWebKit/537.36 (KHTML, like Gecko) Chrome/103.0.0.0 Safari/537.36"
91.211.90.225 - - [21/Mar/2026:05:57:10 -0700] "GET /blog/page/3/ HTTP/1.0" 200 66894 "http://www.drug-injury-lawyer.com/blog/page/3/" "Mozilla/5.0 (Windows NT 6.1; Win64; x64) AppleWebKit/537.36 (KHTML, like Gecko) Chrome/103.0.0.0 Safari/537.36"
91.211.90.99 - - [21/Mar/2026:05:57:19 -0700] "GET /blog/page/3/ HTTP/1.0" 200 66894 "http://www.drug-injury-lawyer.com/blog/page/3/" "Mozilla/5.0 (Windows NT 10.0; Win64; x64) AppleWebKit/537.36 (KHTML, like Gecko) Chrome/103.0.0.0 Safari/537.36"
91.211.90.99 - - [21/Mar/2026:05:57:19 -0700] "GET /blog/page/3/ HTTP/1.0" 200 66894 "http://www.drug-injury-lawyer.com/blog/page/3/" "Mozilla/5.0 (Windows NT 6.1; Win64; x64) AppleWebKit/537.36 (KHTML, like Gecko) Chrome/103.0.0.0 Safari/537.36"
107.20.105.74 - - [21/Mar/2026:05:57:54 -0700] "HEAD / HTTP/1.1" 301 197 "-" "DreamHost SiteMonitor 1.0"
173.236.217.44 - - [21/Mar/2026:05:57:55 -0700] "POST /wp-cron.php?doing_wp_cron=1774097874.9982891082763671875000 HTTP/1.1" 200 283 "-" "WordPress/6.8.5; https://www.drug-injury-lawyer.com"
107.20.105.74 - - [21/Mar/2026:05:57:54 -0700] "HEAD / HTTP/1.1" 301 385 "http://173.236.217.44" "DreamHost SiteMonitor 1.0"
91.211.90.206 - - [21/Mar/2026:06:01:46 -0700] "GET /blog/page/3/ HTTP/1.0" 200 66894 "http://www.drug-injury-lawyer.com/blog/page/3/" "Mozilla/5.0 (Windows NT 10.0; WOW64) AppleWebKit/537.36 (KHTML, like Gecko) Chrome/103.0.5060.114 Safari/537.36"
173.236.217.44 - - [21/Mar/2026:06:01:47 -0700] "POST /wp-cron.php?doing_wp_cron=1774098107.1360869407653808593750 HTTP/1.1" 200 283 "-" "WordPress/6.8.5; https://www.drug-injury-lawyer.com"
91.211.90.164 - - [21/Mar/2026:06:02:19 -0700] "GET /blog/page/3/ HTTP/1.0" 200 66894 "http://www.drug-injury-lawyer.com/blog/page/3/" "Mozilla/5.0 (Windows NT 10.0; WOW64) AppleWebKit/537.36 (KHTML, like Gecko) Chrome/103.0.0.0 Safari/537.36"
91.211.90.164 - - [21/Mar/2026:06:02:20 -0700] "GET /blog/page/3/ HTTP/1.0" 200 66894 "http://www.drug-injury-lawyer.com/blog/page/3/" "Mozilla/5.0 (Windows NT 6.3; Win64; x64) AppleWebKit/537.36 (KHTML, like Gecko) Chrome/103.0.5060.53 Safari/537.36"
107.20.105.74 - - [21/Mar/2026:06:02:54 -0700] "HEAD / HTTP/1.1" 301 197 "-" "DreamHost SiteMonitor 1.0"
107.20.105.74 - - [21/Mar/2026:06:02:54 -0700] "HEAD / HTTP/1.1" 301 385 "http://173.236.217.44" "DreamHost SiteMonitor 1.0"
173.236.217.44 - - [21/Mar/2026:06:02:55 -0700] "POST /wp-cron.php?doing_wp_cron=1774098175.0138370990753173828125 HTTP/1.1" 200 283 "-" "WordPress/6.8.5; https://www.drug-injury-lawyer.com"
45.156.158.163 - - [21/Mar/2026:06:04:22 -0700] "GET /blog/page/3/ HTTP/1.0" 200 66894 "http://www.drug-injury-lawyer.com/blog/page/3/" "Mozilla/5.0 (Windows NT 10.0; WOW64) AppleWebKit/537.36 (KHTML, like Gecko) Chrome/103.0.0.0 Safari/537.36"
173.236.217.44 - - [21/Mar/2026:06:04:23 -0700] "POST /wp-cron.php?doing_wp_cron=1774098263.0615999698638916015625 HTTP/1.1" 200 283 "-" "WordPress/6.8.5; https://www.drug-injury-lawyer.com"
45.156.158.163 - - [21/Mar/2026:06:04:22 -0700] "GET /blog/page/3/ HTTP/1.0" 200 66894 "http://www.drug-injury-lawyer.com/blog/page/3/" "Mozilla/5.0 (Windows NT 10.0; Win64; x64) AppleWebKit/537.36 (KHTML, like Gecko) Chrome/103.0.5060.66 Safari/537.36"
45.156.158.225 - - [21/Mar/2026:06:05:32 -0700] "GET /blog/page/3/ HTTP/1.0" 200 66894 "http://www.drug-injury-lawyer.com/blog/page/3/" "Mozilla/5.0 (Windows NT 10.0; Win64; x64) AppleWebKit/537.36 (KHTML, like Gecko) Chrome/103.0.5060.53 Safari/537.36"
173.236.217.44 - - [21/Mar/2026:06:05:33 -0700] "POST /wp-cron.php?doing_wp_cron=1774098333.4004030227661132812500 HTTP/1.1" 200 283 "-" "WordPress/6.8.5; https://www.drug-injury-lawyer.com"
45.156.158.225 - - [21/Mar/2026:06:05:32 -0700] "GET /blog/page/3/ HTTP/1.0" 200 66894 "http://www.drug-injury-lawyer.com/blog/page/3/" "Mozilla/5.0 (Windows NT 10.0; Win64; x64) AppleWebKit/537.36 (KHTML, like Gecko) Chrome/103.0.5060.53 Safari/537.36"
91.211.90.117 - - [21/Mar/2026:06:07:16 -0700] "GET /blog/page/3/ HTTP/1.0" 200 66894 "http://www.drug-injury-lawyer.com/blog/page/3/" "Mozilla/5.0 (Windows NT 10.0; Win64; x64) AppleWebKit/537.36 (KHTML, like Gecko) Chrome/103.0.0.0 Safari/537.36"
173.236.217.44 - - [21/Mar/2026:06:07:17 -0700] "POST /wp-cron.php?doing_wp_cron=1774098437.0986180305480957031250 HTTP/1.1" 200 283 "-" "WordPress/6.8.5; https://www.drug-injury-lawyer.com"
107.20.105.74 - - [21/Mar/2026:06:07:54 -0700] "HEAD / HTTP/1.1" 301 197 "-" "DreamHost SiteMonitor 1.0"
107.20.105.74 - - [21/Mar/2026:06:07:54 -0700] "HEAD / HTTP/1.1" 301 385 "http://173.236.217.44" "DreamHost SiteMonitor 1.0"
173.236.217.44 - - [21/Mar/2026:06:07:55 -0700] "POST /wp-cron.php?doing_wp_cron=1774098474.9821979999542236328125 HTTP/1.1" 200 283 "-" "WordPress/6.8.5; https://www.drug-injury-lawyer.com"
45.156.158.88 - - [21/Mar/2026:06:08:03 -0700] "GET /blog/page/3/ HTTP/1.0" 200 66894 "http://www.drug-injury-lawyer.com/blog/page/3/" "Mozilla/5.0 (Windows NT 6.3; Win64; x64) AppleWebKit/537.36 (KHTML, like Gecko) Chrome/103.0.0.0 Safari/537.36"
45.156.158.88 - - [21/Mar/2026:06:08:03 -0700] "GET /blog/page/3/ HTTP/1.0" 200 66894 "http://www.drug-injury-lawyer.com/blog/page/3/" "Mozilla/5.0 (Windows NT 6.1; Win64; x64) AppleWebKit/537.36 (KHTML, like Gecko) Chrome/103.0.5060.66 Safari/537.36"
91.211.90.168 - - [21/Mar/2026:06:08:06 -0700] "GET /blog/page/3/ HTTP/1.0" 200 66894 "http://www.drug-injury-lawyer.com/blog/page/3/" "Mozilla/5.0 (Windows NT 10.0; WOW64) AppleWebKit/537.36 (KHTML, like Gecko) Chrome/103.0.5060.114 Safari/537.36"
91.211.90.168 - - [21/Mar/2026:06:08:07 -0700] "GET /blog/page/3/ HTTP/1.0" 200 66894 "http://www.drug-injury-lawyer.com/blog/page/3/" "Mozilla/5.0 (Windows NT 6.1; Win64; x64) AppleWebKit/537.36 (KHTML, like Gecko) Chrome/103.0.0.0 Safari/537.36"
91.211.90.247 - - [21/Mar/2026:06:08:20 -0700] "GET /blog/page/3/ HTTP/1.0" 200 66894 "http://www.drug-injury-lawyer.com/blog/page/3/" "Mozilla/5.0 (Windows NT 6.3; Win64; x64) AppleWebKit/537.36 (KHTML, like Gecko) Chrome/103.0.5060.53 Safari/537.36"
91.211.90.179 - - [21/Mar/2026:06:08:37 -0700] "GET /blog/page/3/ HTTP/1.0" 200 66894 "http://www.drug-injury-lawyer.com/blog/page/3/" "Mozilla/5.0 (Windows NT 6.3; Win64; x64) AppleWebKit/537.36 (KHTML, like Gecko) Chrome/103.0.5060.53 Safari/537.36"
173.236.217.44 - - [21/Mar/2026:06:08:38 -0700] "POST /wp-cron.php?doing_wp_cron=1774098517.9519970417022705078125 HTTP/1.1" 200 283 "-" "WordPress/6.8.5; https://www.drug-injury-lawyer.com"
91.211.90.179 - - [21/Mar/2026:06:08:38 -0700] "GET /blog/page/3/ HTTP/1.0" 200 66894 "http://www.drug-injury-lawyer.com/blog/page/3/" "Mozilla/5.0 (Windows NT 6.1; Win64; x64) AppleWebKit/537.36 (KHTML, like Gecko) Chrome/103.0.0.0 Safari/537.36"
91.211.90.169 - - [21/Mar/2026:06:08:55 -0700] "GET /blog/page/3/ HTTP/1.0" 200 66894 "http://www.drug-injury-lawyer.com/blog/page/3/" "Mozilla/5.0 (Windows NT 6.1; Win64; x64) AppleWebKit/537.36 (KHTML, like Gecko) Chrome/103.0.5060.114 Safari/537.36"
91.211.90.169 - - [21/Mar/2026:06:08:55 -0700] "GET /blog/page/3/ HTTP/1.0" 200 66894 "http://www.drug-injury-lawyer.com/blog/page/3/" "Mozilla/5.0 (Windows NT 10.0; WOW64) AppleWebKit/537.36 (KHTML, like Gecko) Chrome/103.0.5060.114 Safari/537.36"
91.211.90.158 - - [21/Mar/2026:06:09:04 -0700] "GET /blog/page/3/ HTTP/1.0" 200 66894 "http://www.drug-injury-lawyer.com/blog/page/3/" "Mozilla/5.0 (Windows NT 10.0; Win64; x64) AppleWebKit/537.36 (KHTML, like Gecko) Chrome/103.0.5060.66 Safari/537.36"
91.211.90.208 - - [21/Mar/2026:06:09:21 -0700] "GET /blog/page/3/ HTTP/1.0" 200 66894 "http://www.drug-injury-lawyer.com/blog/page/3/" "Mozilla/5.0 (Windows NT 6.3; Win64; x64) AppleWebKit/537.36 (KHTML, like Gecko) Chrome/103.0.5060.66 Safari/537.36"
45.156.158.223 - - [21/Mar/2026:06:11:23 -0700] "GET /blog/page/3/ HTTP/1.0" 200 66894 "http://www.drug-injury-lawyer.com/blog/page/3/" "Mozilla/5.0 (Windows NT 10.0; Win64; x64) AppleWebKit/537.36 (KHTML, like Gecko) Chrome/103.0.5060.114 Safari/537.36"
45.156.158.223 - - [21/Mar/2026:06:11:23 -0700] "GET /blog/page/3/ HTTP/1.0" 200 66894 "http://www.drug-injury-lawyer.com/blog/page/3/" "Mozilla/5.0 (Windows NT 10.0; Win64; x64) AppleWebKit/537.36 (KHTML, like Gecko) Chrome/103.0.0.0 Safari/537.36 OpenWave/97.4.2043.44"
173.236.217.44 - - [21/Mar/2026:06:11:24 -0700] "POST /wp-cron.php?doing_wp_cron=1774098684.4775159358978271484375 HTTP/1.1" 200 283 "-" "WordPress/6.8.5; https://www.drug-injury-lawyer.com"
173.236.217.44 - - [21/Mar/2026:06:12:31 -0700] "POST /wp-cron.php?doing_wp_cron=1774098751.0624370574951171875000 HTTP/1.1" 200 283 "-" "WordPress/6.8.5; https://www.drug-injury-lawyer.com"
217.147.172.82 - - [21/Mar/2026:06:12:30 -0700] "GET /blog/page/3/ HTTP/1.0" 200 66894 "http://www.drug-injury-lawyer.com/blog/page/3/" "Mozilla/5.0 (Windows NT 10.0; WOW64) AppleWebKit/537.36 (KHTML, like Gecko) Chrome/103.0.5060.114 Safari/537.36"
217.147.172.82 - - [21/Mar/2026:06:12:31 -0700] "GET /blog/page/3/ HTTP/1.0" 200 66894 "http://www.drug-injury-lawyer.com/blog/page/3/" "Mozilla/5.0 (Windows NT 10.0; Win64; x64) AppleWebKit/537.36 (KHTML, like Gecko) Chrome/103.0.0.0 Safari/537.36"
173.236.217.44 - - [21/Mar/2026:06:12:50 -0700] "POST /wp-cron.php?doing_wp_cron=1774098770.8428690433502197265625 HTTP/1.1" 200 283 "-" "WordPress/6.8.5; https://www.drug-injury-lawyer.com"
91.211.90.88 - - [21/Mar/2026:06:12:50 -0700] "GET /blog/page/3/ HTTP/1.0" 200 66894 "http://www.drug-injury-lawyer.com/blog/page/3/" "Mozilla/5.0 (Windows NT 6.3; Win64; x64) AppleWebKit/537.36 (KHTML, like Gecko) Chrome/103.0.5060.53 Safari/537.36"
91.211.90.88 - - [21/Mar/2026:06:12:50 -0700] "GET /blog/page/3/ HTTP/1.0" 200 66894 "http://www.drug-injury-lawyer.com/blog/page/3/" "Mozilla/5.0 (Windows NT 10.0; Win64; x64) AppleWebKit/537.36 (KHTML, like Gecko) Chrome/103.0.0.0 Safari/537.36 Herring/95.1.8810.11"
107.20.105.74 - - [21/Mar/2026:06:12:54 -0700] "HEAD / HTTP/1.1" 301 197 "-" "DreamHost SiteMonitor 1.0"
107.20.105.74 - - [21/Mar/2026:06:12:54 -0700] "HEAD / HTTP/1.1" 301 385 "http://173.236.217.44" "DreamHost SiteMonitor 1.0"
91.211.90.113 - - [21/Mar/2026:06:12:58 -0700] "GET /blog/page/3/ HTTP/1.0" 200 66894 "http://www.drug-injury-lawyer.com/blog/page/3/" "Mozilla/5.0 (Windows NT 6.1; Win64; x64) AppleWebKit/537.36 (KHTML, like Gecko) Chrome/103.0.0.0 Safari/537.36"
91.211.90.113 - - [21/Mar/2026:06:12:58 -0700] "GET /blog/page/3/ HTTP/1.0" 200 66894 "http://www.drug-injury-lawyer.com/blog/page/3/" "Mozilla/5.0 (Windows NT 10.0; WOW64) AppleWebKit/537.36 (KHTML, like Gecko) Chrome/103.0.5060.114 Safari/537.36"
216.73.216.189 - - [21/Mar/2026:06:13:30 -0700] "GET /robots.txt HTTP/1.1" 301 517 "-" "Mozilla/5.0 AppleWebKit/537.36 (KHTML, like Gecko; compatible; ClaudeBot/1.0; +claudebot@anthropic.com)"
216.73.216.189 - - [21/Mar/2026:06:13:30 -0700] "GET /robots.txt HTTP/1.1" 200 507 "http://drug-injury-lawyer.com/robots.txt" "Mozilla/5.0 AppleWebKit/537.36 (KHTML, like Gecko; compatible; ClaudeBot/1.0; +claudebot@anthropic.com)"
216.73.216.189 - - [21/Mar/2026:06:13:31 -0700] "GET /sitemap.xml HTTP/1.1" 301 518 "-" "Mozilla/5.0 AppleWebKit/537.36 (KHTML, like Gecko; compatible; ClaudeBot/1.0; +claudebot@anthropic.com)"
173.236.217.44 - - [21/Mar/2026:06:13:31 -0700] "POST /wp-cron.php?doing_wp_cron=1774098811.7103729248046875000000 HTTP/1.1" 200 283 "-" "WordPress/6.8.5; https://www.drug-injury-lawyer.com"
216.73.216.189 - - [21/Mar/2026:06:13:31 -0700] "GET /sitemap.xml HTTP/1.1" 200 772 "http://drug-injury-lawyer.com/sitemap.xml" "Mozilla/5.0 AppleWebKit/537.36 (KHTML, like Gecko; compatible; ClaudeBot/1.0; +claudebot@anthropic.com)"
91.211.90.247 - - [21/Mar/2026:06:16:04 -0700] "GET /blog/page/3/ HTTP/1.0" 200 66894 "http://www.drug-injury-lawyer.com/blog/page/3/" "Mozilla/5.0 (Windows NT 6.3; Win64; x64) AppleWebKit/537.36 (KHTML, like Gecko) Chrome/103.0.5060.53 Safari/537.36"
173.236.217.44 - - [21/Mar/2026:06:16:04 -0700] "POST /wp-cron.php?doing_wp_cron=1774098964.9493119716644287109375 HTTP/1.1" 200 283 "-" "WordPress/6.8.5; https://www.drug-injury-lawyer.com"
107.20.105.74 - - [21/Mar/2026:06:17:54 -0700] "HEAD / HTTP/1.1" 301 197 "-" "DreamHost SiteMonitor 1.0"
107.20.105.74 - - [21/Mar/2026:06:17:54 -0700] "HEAD / HTTP/1.1" 301 385 "http://173.236.217.44" "DreamHost SiteMonitor 1.0"
173.236.217.44 - - [21/Mar/2026:06:17:55 -0700] "POST /wp-cron.php?doing_wp_cron=1774099075.7884020805358886718750 HTTP/1.1" 200 283 "-" "WordPress/6.8.5; https://www.drug-injury-lawyer.com"
217.147.172.67 - - [21/Mar/2026:06:19:13 -0700] "GET /blog/page/3/ HTTP/1.0" 200 66894 "http://www.drug-injury-lawyer.com/blog/page/3/" "Mozilla/5.0 (Windows NT 10.0) AppleWebKit/537.36 (KHTML, like Gecko) Chrome/103.0.0.0 Safari/537.36"
217.147.172.67 - - [21/Mar/2026:06:19:13 -0700] "GET /blog/page/3/ HTTP/1.0" 200 66894 "http://www.drug-injury-lawyer.com/blog/page/3/" "Mozilla/5.0 (Windows NT 6.3; Win64; x64) AppleWebKit/537.36 (KHTML, like Gecko) Chrome/103.0.0.0 Safari/537.36"
91.211.90.227 - - [21/Mar/2026:06:19:27 -0700] "GET /blog/page/3/ HTTP/1.0" 200 66894 "http://www.drug-injury-lawyer.com/blog/page/3/" "Mozilla/5.0 (Windows NT 6.3; Win64; x64) AppleWebKit/537.36 (KHTML, like Gecko) Chrome/103.0.5060.53 Safari/537.36"
91.211.90.231 - - [21/Mar/2026:06:19:33 -0700] "GET /blog/page/3/ HTTP/1.0" 200 66894 "http://www.drug-injury-lawyer.com/blog/page/3/" "Mozilla/5.0 (Windows NT 10.0; Win64; x64) AppleWebKit/537.36 (KHTML, like Gecko) Chrome/103.0.5060.114 Safari/537.36"
91.211.90.240 - - [21/Mar/2026:06:19:59 -0700] "GET /blog/page/3/ HTTP/1.0" 200 66894 "http://www.drug-injury-lawyer.com/blog/page/3/" "Mozilla/5.0 (Windows NT 6.3; Win64; x64) AppleWebKit/537.36 (KHTML, like Gecko) Chrome/103.0.5060.53 Safari/537.36"
173.236.217.44 - - [21/Mar/2026:06:19:59 -0700] "POST /wp-cron.php?doing_wp_cron=1774099199.7557289600372314453125 HTTP/1.1" 200 283 "-" "WordPress/6.8.5; https://www.drug-injury-lawyer.com"
107.20.105.74 - - [21/Mar/2026:06:22:54 -0700] "HEAD / HTTP/1.1" 301 197 "-" "DreamHost SiteMonitor 1.0"
107.20.105.74 - - [21/Mar/2026:06:22:54 -0700] "HEAD / HTTP/1.1" 301 385 "http://173.236.217.44" "DreamHost SiteMonitor 1.0"
173.236.217.44 - - [21/Mar/2026:06:22:55 -0700] "POST /wp-cron.php?doing_wp_cron=1774099375.7377738952636718750000 HTTP/1.1" 200 283 "-" "WordPress/6.8.5; https://www.drug-injury-lawyer.com"
91.211.90.158 - - [21/Mar/2026:06:23:30 -0700] "GET /blog/page/3/ HTTP/1.0" 200 66894 "http://www.drug-injury-lawyer.com/blog/page/3/" "Mozilla/5.0 (Windows NT 6.3; WOW64) AppleWebKit/537.36 (KHTML, like Gecko) Chrome/103.0.5060.114 Safari/537.36"
173.236.217.44 - - [21/Mar/2026:06:23:30 -0700] "POST /wp-cron.php?doing_wp_cron=1774099410.6370580196380615234375 HTTP/1.1" 200 283 "-" "WordPress/6.8.5; https://www.drug-injury-lawyer.com"
114.119.133.46 - - [21/Mar/2026:06:27:32 -0700] "GET /yesterday/bend149/gpj01-33182/ HTTP/1.1" 500 3198 "http://www.drug-injury-lawyer.com/?sitemap815.xml" "Mozilla/5.0 (Linux; Android 7.0;) AppleWebKit/537.36 (KHTML, like Gecko) Mobile Safari/537.36 (compatible; PetalBot;+https://webmaster.petalsearch.com/site/petalbot)"
173.236.217.44 - - [21/Mar/2026:06:27:33 -0700] "POST /wp-cron.php?doing_wp_cron=1774099653.0382061004638671875000 HTTP/1.1" 200 283 "-" "WordPress/6.8.5; https://www.drug-injury-lawyer.com"
107.20.105.74 - - [21/Mar/2026:06:27:54 -0700] "HEAD / HTTP/1.1" 301 197 "-" "DreamHost SiteMonitor 1.0"
107.20.105.74 - - [21/Mar/2026:06:27:54 -0700] "HEAD / HTTP/1.1" 301 385 "http://173.236.217.44" "DreamHost SiteMonitor 1.0"
173.236.217.44 - - [21/Mar/2026:06:27:55 -0700] "POST /wp-cron.php?doing_wp_cron=1774099675.0117900371551513671875 HTTP/1.1" 200 283 "-" "WordPress/6.8.5; https://www.drug-injury-lawyer.com"
91.211.90.117 - - [21/Mar/2026:06:28:36 -0700] "GET /blog/page/3/ HTTP/1.0" 200 66894 "http://www.drug-injury-lawyer.com/blog/page/3/" "Mozilla/5.0 (Windows NT 6.1; Win64; x64) AppleWebKit/537.36 (KHTML, like Gecko) Chrome/103.0.5060.66 Safari/537.36"
173.236.217.44 - - [21/Mar/2026:06:28:37 -0700] "POST /wp-cron.php?doing_wp_cron=1774099717.1220068931579589843750 HTTP/1.1" 200 283 "-" "WordPress/6.8.5; https://www.drug-injury-lawyer.com"
66.249.64.15 - - [21/Mar/2026:06:28:54 -0700] "GET /lots/prevention200/55gs9-30005/ HTTP/1.1" 500 3198 "-" "Mozilla/5.0 (Linux; Android 6.0.1; Nexus 5X Build/MMB29P) AppleWebKit/537.36 (KHTML, like Gecko) Chrome/145.0.7632.159 Mobile Safari/537.36 (compatible; Googlebot/2.1; +http://www.google.com/bot.html)"
107.20.105.74 - - [21/Mar/2026:06:32:54 -0700] "HEAD / HTTP/1.1" 301 197 "-" "DreamHost SiteMonitor 1.0"
107.20.105.74 - - [21/Mar/2026:06:32:54 -0700] "HEAD / HTTP/1.1" 301 385 "http://173.236.217.44" "DreamHost SiteMonitor 1.0"
173.236.217.44 - - [21/Mar/2026:06:32:55 -0700] "POST /wp-cron.php?doing_wp_cron=1774099975.7210879325866699218750 HTTP/1.1" 200 283 "-" "WordPress/6.8.5; https://www.drug-injury-lawyer.com"
217.147.172.96 - - [21/Mar/2026:06:35:52 -0700] "GET /blog/page/3/ HTTP/1.0" 200 66894 "http://www.drug-injury-lawyer.com/blog/page/3/" "Mozilla/5.0 (Windows NT 10.0) AppleWebKit/537.36 (KHTML, like Gecko) Chrome/103.0.0.0 Safari/537.36"
217.147.172.96 - - [21/Mar/2026:06:35:52 -0700] "GET /blog/page/3/ HTTP/1.0" 200 66894 "http://www.drug-injury-lawyer.com/blog/page/3/" "Mozilla/5.0 (Windows NT 6.1) AppleWebKit/537.36 (KHTML, like Gecko) Chrome/103.0.0.0 Safari/537.36"
173.236.217.44 - - [21/Mar/2026:06:35:53 -0700] "POST /wp-cron.php?doing_wp_cron=1774100152.9635500907897949218750 HTTP/1.1" 200 283 "-" "WordPress/6.8.5; https://www.drug-injury-lawyer.com"
173.236.217.44 - - [21/Mar/2026:06:35:53 -0700] "POST /wp-cron.php?doing_wp_cron=1774100152.9637079238891601562500 HTTP/1.1" 200 283 "-" "WordPress/6.8.5; https://www.drug-injury-lawyer.com"
217.147.172.11 - - [21/Mar/2026:06:35:54 -0700] "GET /blog/page/3/ HTTP/1.0" 200 66894 "http://www.drug-injury-lawyer.com/blog/page/3/" "Mozilla/5.0 (Windows NT 10.0; WOW64) AppleWebKit/537.36 (KHTML, like Gecko) Chrome/103.0.0.0 Safari/537.36"
217.147.172.11 - - [21/Mar/2026:06:35:55 -0700] "GET /blog/page/3/ HTTP/1.0" 200 66894 "http://www.drug-injury-lawyer.com/blog/page/3/" "Mozilla/5.0 (Windows NT 6.1; WOW64) AppleWebKit/537.36 (KHTML, like Gecko) Chrome/103.0.0.0 Safari/537.36"
217.147.172.214 - - [21/Mar/2026:06:35:59 -0700] "GET /blog/page/3/ HTTP/1.0" 200 66894 "http://www.drug-injury-lawyer.com/blog/page/3/" "Mozilla/5.0 (Windows NT 6.3; WOW64) AppleWebKit/537.36 (KHTML, like Gecko) Chrome/103.0.5060.114 Safari/537.36"
217.147.172.214 - - [21/Mar/2026:06:35:59 -0700] "GET /blog/page/3/ HTTP/1.0" 200 66894 "http://www.drug-injury-lawyer.com/blog/page/3/" "Mozilla/5.0 (Windows NT 6.3; Win64; x64) AppleWebKit/537.36 (KHTML, like Gecko) Chrome/103.0.0.0 Safari/537.36"
45.156.158.83 - - [21/Mar/2026:06:36:05 -0700] "GET /blog/page/3/ HTTP/1.0" 200 66894 "http://www.drug-injury-lawyer.com/blog/page/3/" "Mozilla/5.0 (Windows NT 10.0; Win64; x64) AppleWebKit/537.36 (KHTML, like Gecko) Chrome/103.0.5060.114 Safari/537.36"
45.156.158.83 - - [21/Mar/2026:06:36:05 -0700] "GET /blog/page/3/ HTTP/1.0" 200 66894 "http://www.drug-injury-lawyer.com/blog/page/3/" "Mozilla/5.0 (Windows NT 10.0; Win64; x64) AppleWebKit/537.36 (KHTML, like Gecko) Chrome/103.0.5060.114 Safari/537.36"
185.237.106.243 - - [21/Mar/2026:06:36:07 -0700] "GET /blog/page/3/ HTTP/1.0" 200 66894 "http://www.drug-injury-lawyer.com/blog/page/3/" "Mozilla/5.0 (Windows NT 6.3; Win64; x64) AppleWebKit/537.36 (KHTML, like Gecko) Chrome/103.0.0.0 Safari/537.36"
185.237.106.243 - - [21/Mar/2026:06:36:07 -0700] "GET /blog/page/3/ HTTP/1.0" 200 66894 "http://www.drug-injury-lawyer.com/blog/page/3/" "Mozilla/5.0 (Windows NT 6.1; WOW64) AppleWebKit/537.36 (KHTML, like Gecko) Chrome/103.0.0.0 Safari/537.36"
2.59.221.46 - - [21/Mar/2026:06:36:25 -0700] "GET /blog/page/3/ HTTP/1.0" 200 66894 "http://www.drug-injury-lawyer.com/blog/page/3/" "Mozilla/5.0 (Windows NT 10.0; WOW64) AppleWebKit/537.36 (KHTML, like Gecko) Chrome/103.0.0.0 Safari/537.36"
2.59.221.46 - - [21/Mar/2026:06:36:26 -0700] "GET /blog/page/3/ HTTP/1.0" 200 66894 "http://www.drug-injury-lawyer.com/blog/page/3/" "Mozilla/5.0 (Windows NT 10.0; Win64; x64) AppleWebKit/537.36 (KHTML, like Gecko) Chrome/103.0.0.0 Safari/537.36 OpenWave/97.4.2043.44"
91.211.90.231 - - [21/Mar/2026:06:37:22 -0700] "GET /blog/page/3/ HTTP/1.0" 200 66894 "http://www.drug-injury-lawyer.com/blog/page/3/" "Mozilla/5.0 (Windows NT 10.0; Win64; x64) AppleWebKit/537.36 (KHTML, like Gecko) Chrome/103.0.0.0 Safari/537.36 OpenWave/97.4.2043.44"
173.236.217.44 - - [21/Mar/2026:06:37:22 -0700] "POST /wp-cron.php?doing_wp_cron=1774100242.6520099639892578125000 HTTP/1.1" 200 283 "-" "WordPress/6.8.5; https://www.drug-injury-lawyer.com"
45.156.158.249 - - [21/Mar/2026:06:37:23 -0700] "GET /blog/page/3/ HTTP/1.0" 200 66894 "http://www.drug-injury-lawyer.com/blog/page/3/" "Mozilla/5.0 (Windows NT 6.1; WOW64) AppleWebKit/537.36 (KHTML, like Gecko) Chrome/103.0.0.0 Safari/537.36"
45.156.158.249 - - [21/Mar/2026:06:37:23 -0700] "GET /blog/page/3/ HTTP/1.0" 200 66894 "http://www.drug-injury-lawyer.com/blog/page/3/" "Mozilla/5.0 (Windows NT 10.0; Win64; x64) AppleWebKit/537.36 (KHTML, like Gecko) Chrome/103.0.5042.0 Safari/537.36"
91.211.90.70 - - [21/Mar/2026:06:37:23 -0700] "GET /blog/page/3/ HTTP/1.0" 200 66894 "http://www.drug-injury-lawyer.com/blog/page/3/" "Mozilla/5.0 (Windows NT 10.0; Win64; x64) AppleWebKit/537.36 (KHTML, like Gecko) Chrome/103.0.5060.66 Safari/537.36"
217.147.172.235 - - [21/Mar/2026:06:37:25 -0700] "GET /blog/page/3/ HTTP/1.0" 200 66894 "http://www.drug-injury-lawyer.com/blog/page/3/" "Mozilla/5.0 (Windows NT 6.3; Win64; x64) AppleWebKit/537.36 (KHTML, like Gecko) Chrome/103.0.5060.53 Safari/537.36"
217.147.172.235 - - [21/Mar/2026:06:37:25 -0700] "GET /blog/page/3/ HTTP/1.0" 200 66894 "http://www.drug-injury-lawyer.com/blog/page/3/" "Mozilla/5.0 (Windows NT 10.0; Win64; x64) AppleWebKit/537.36 (KHTML, like Gecko) Chrome/103.0.5060.134 Safari/537.36"
107.20.105.74 - - [21/Mar/2026:06:37:54 -0700] "HEAD / HTTP/1.1" 301 197 "-" "DreamHost SiteMonitor 1.0"
173.236.217.44 - - [21/Mar/2026:06:37:55 -0700] "POST /wp-cron.php?doing_wp_cron=1774100275.0137140750885009765625 HTTP/1.1" 200 283 "-" "WordPress/6.8.5; https://www.drug-injury-lawyer.com"
107.20.105.74 - - [21/Mar/2026:06:37:54 -0700] "HEAD / HTTP/1.1" 301 385 "http://173.236.217.44" "DreamHost SiteMonitor 1.0"
107.20.105.74 - - [21/Mar/2026:06:42:54 -0700] "HEAD / HTTP/1.1" 301 197 "-" "DreamHost SiteMonitor 1.0"
107.20.105.74 - - [21/Mar/2026:06:42:54 -0700] "HEAD / HTTP/1.1" 301 385 "http://173.236.217.44" "DreamHost SiteMonitor 1.0"
91.211.90.244 - - [21/Mar/2026:06:43:52 -0700] "GET /blog/page/3/ HTTP/1.0" 200 66894 "http://www.drug-injury-lawyer.com/blog/page/3/" "Mozilla/5.0 (Windows NT 6.1; Win64; x64) AppleWebKit/537.36 (KHTML, like Gecko) Chrome/103.0.5060.114 Safari/537.36"
91.211.90.244 - - [21/Mar/2026:06:43:52 -0700] "GET /blog/page/3/ HTTP/1.0" 200 66894 "http://www.drug-injury-lawyer.com/blog/page/3/" "Mozilla/5.0 (Windows NT 10.0; Win64; x64) AppleWebKit/537.36 (KHTML, like Gecko) Chrome/103.0.5060.114 Safari/537.36"
91.211.90.186 - - [21/Mar/2026:06:43:54 -0700] "GET /blog/page/3/ HTTP/1.0" 200 66894 "http://www.drug-injury-lawyer.com/blog/page/3/" "Mozilla/5.0 (Windows NT 6.1; Win64; x64) AppleWebKit/537.36 (KHTML, like Gecko) Chrome/103.0.0.0 Safari/537.36"
91.211.90.186 - - [21/Mar/2026:06:43:54 -0700] "GET /blog/page/3/ HTTP/1.0" 200 66894 "http://www.drug-injury-lawyer.com/blog/page/3/" "Mozilla/5.0 (Windows NT 6.3) AppleWebKit/537.36 (KHTML, like Gecko) Chrome/103.0.0.0 Safari/537.36"
91.211.90.69 - - [21/Mar/2026:06:44:20 -0700] "GET /blog/page/3/ HTTP/1.0" 200 66894 "http://www.drug-injury-lawyer.com/blog/page/3/" "Mozilla/5.0 (Windows NT 10.0; Win64; x64) AppleWebKit/537.36 (KHTML, like Gecko) Chrome/103.0.5060.53 Safari/537.36"
216.73.216.189 - - [21/Mar/2026:06:44:45 -0700] "GET /robots.txt HTTP/1.1" 200 507 "-" "Mozilla/5.0 AppleWebKit/537.36 (KHTML, like Gecko; compatible; ClaudeBot/1.0; +claudebot@anthropic.com)"
216.73.216.189 - - [21/Mar/2026:06:44:45 -0700] "GET /sitemap.xml HTTP/1.1" 200 772 "-" "Mozilla/5.0 AppleWebKit/537.36 (KHTML, like Gecko; compatible; ClaudeBot/1.0; +claudebot@anthropic.com)"
173.236.217.44 - - [21/Mar/2026:06:44:46 -0700] "POST /wp-cron.php?doing_wp_cron=1774100686.0814650058746337890625 HTTP/1.1" 200 283 "-" "WordPress/6.8.5; https://www.drug-injury-lawyer.com"
91.211.90.228 - - [21/Mar/2026:06:44:49 -0700] "GET /blog/page/3/ HTTP/1.0" 200 66894 "http://www.drug-injury-lawyer.com/blog/page/3/" "Mozilla/5.0 (Windows NT 6.3; WOW64) AppleWebKit/537.36 (KHTML, like Gecko) Chrome/103.0.5060.114 Safari/537.36"
217.147.172.206 - - [21/Mar/2026:06:44:54 -0700] "GET /blog/page/3/ HTTP/1.0" 200 66894 "http://www.drug-injury-lawyer.com/blog/page/3/" "Mozilla/5.0 (Windows NT 6.1; WOW64) AppleWebKit/537.36 (KHTML, like Gecko) Chrome/103.0.0.0 Safari/537.36"
91.211.90.208 - - [21/Mar/2026:06:45:10 -0700] "GET /blog/page/3/ HTTP/1.0" 200 66894 "http://www.drug-injury-lawyer.com/blog/page/3/" "Mozilla/5.0 (Windows NT 6.3; Win64; x64) AppleWebKit/537.36 (KHTML, like Gecko) Chrome/103.0.5060.53 Safari/537.36"
45.156.158.75 - - [21/Mar/2026:06:47:44 -0700] "GET /blog/page/3/ HTTP/1.0" 200 66894 "http://www.drug-injury-lawyer.com/blog/page/3/" "Mozilla/5.0 (Windows NT 6.1; Win64; x64) AppleWebKit/537.36 (KHTML, like Gecko) Chrome/103.0.5060.66 Safari/537.36"
173.236.217.44 - - [21/Mar/2026:06:47:45 -0700] "POST /wp-cron.php?doing_wp_cron=1774100865.3979299068450927734375 HTTP/1.1" 200 283 "-" "WordPress/6.8.5; https://www.drug-injury-lawyer.com"
45.156.158.216 - - [21/Mar/2026:06:47:45 -0700] "GET /blog/page/3/ HTTP/1.0" 200 66894 "http://www.drug-injury-lawyer.com/blog/page/3/" "Mozilla/5.0 (Windows NT 10.0; Win64; x64) AppleWebKit/537.36 (KHTML, like Gecko) Chrome/103.0.0.0 Safari/537.36 Herring/95.1.8810.11"
91.211.90.207 - - [21/Mar/2026:06:47:50 -0700] "GET /blog/page/3/ HTTP/1.0" 200 66894 "http://www.drug-injury-lawyer.com/blog/page/3/" "Mozilla/5.0 (Windows NT 6.3; Win64; x64) AppleWebKit/537.36 (KHTML, like Gecko) Chrome/103.0.5060.53 Safari/537.36"
91.211.90.207 - - [21/Mar/2026:06:47:51 -0700] "GET /blog/page/3/ HTTP/1.0" 200 66894 "http://www.drug-injury-lawyer.com/blog/page/3/" "Mozilla/5.0 (Windows NT 10.0; Win64; x64) AppleWebKit/537.36 (KHTML, like Gecko) Chrome/103.0.0.0 Safari/537.36 OpenWave/97.4.2043.44"
107.20.105.74 - - [21/Mar/2026:06:47:54 -0700] "HEAD / HTTP/1.1" 301 197 "-" "DreamHost SiteMonitor 1.0"
107.20.105.74 - - [21/Mar/2026:06:47:54 -0700] "HEAD / HTTP/1.1" 301 385 "http://173.236.217.44" "DreamHost SiteMonitor 1.0"
91.211.90.228 - - [21/Mar/2026:06:48:05 -0700] "GET /blog/page/3/ HTTP/1.0" 200 66894 "http://www.drug-injury-lawyer.com/blog/page/3/" "Mozilla/5.0 (Windows NT 10.0; Win64; x64) AppleWebKit/537.36 (KHTML, like Gecko) Chrome/103.0.5042.0 Safari/537.36"
107.20.105.74 - - [21/Mar/2026:06:52:54 -0700] "HEAD / HTTP/1.1" 301 197 "-" "DreamHost SiteMonitor 1.0"
107.20.105.74 - - [21/Mar/2026:06:52:54 -0700] "HEAD / HTTP/1.1" 301 385 "http://173.236.217.44" "DreamHost SiteMonitor 1.0"
173.236.217.44 - - [21/Mar/2026:06:52:55 -0700] "POST /wp-cron.php?doing_wp_cron=1774101175.7135140895843505859375 HTTP/1.1" 200 283 "-" "WordPress/6.8.5; https://www.drug-injury-lawyer.com"
114.119.159.33 - - [21/Mar/2026:06:54:08 -0700] "GET /yell/early187/4bfv0-16114/ HTTP/1.1" 500 3198 "http://www.drug-injury-lawyer.com/?sitemap173.xml" "Mozilla/5.0 (Linux; Android 7.0;) AppleWebKit/537.36 (KHTML, like Gecko) Mobile Safari/537.36 (compatible; PetalBot;+https://webmaster.petalsearch.com/site/petalbot)"
173.236.217.44 - - [21/Mar/2026:06:54:08 -0700] "POST /wp-cron.php?doing_wp_cron=1774101248.6785330772399902343750 HTTP/1.1" 200 283 "-" "WordPress/6.8.5; https://www.drug-injury-lawyer.com"
217.147.172.240 - - [21/Mar/2026:06:56:23 -0700] "GET /blog/page/3/ HTTP/1.0" 200 66894 "http://www.drug-injury-lawyer.com/blog/page/3/" "Mozilla/5.0 (Windows NT 6.1; Win64; x64) AppleWebKit/537.36 (KHTML, like Gecko) Chrome/103.0.5060.114 Safari/537.36"
173.236.217.44 - - [21/Mar/2026:06:56:24 -0700] "POST /wp-cron.php?doing_wp_cron=1774101384.6359889507293701171875 HTTP/1.1" 200 283 "-" "WordPress/6.8.5; https://www.drug-injury-lawyer.com"
217.147.172.240 - - [21/Mar/2026:06:56:24 -0700] "GET /blog/page/3/ HTTP/1.0" 200 66894 "http://www.drug-injury-lawyer.com/blog/page/3/" "Mozilla/5.0 (Windows NT 6.1) AppleWebKit/537.36 (KHTML, like Gecko) Chrome/103.0.0.0 Safari/537.36"
217.147.172.209 - - [21/Mar/2026:06:56:32 -0700] "GET /blog/page/3/ HTTP/1.0" 200 66894 "http://www.drug-injury-lawyer.com/blog/page/3/" "Mozilla/5.0 (Windows NT 6.1; Win64; x64) AppleWebKit/537.36 (KHTML, like Gecko) Chrome/103.0.0.0 Safari/537.36"
217.147.172.209 - - [21/Mar/2026:06:56:33 -0700] "GET /blog/page/3/ HTTP/1.0" 200 66894 "http://www.drug-injury-lawyer.com/blog/page/3/" "Mozilla/5.0 (Windows NT 10.0; Win64; x64) AppleWebKit/537.36 (KHTML, like Gecko) Chrome/103.0.0.0 Safari/537.36"
91.211.90.170 - - [21/Mar/2026:06:57:00 -0700] "GET /blog/page/3/ HTTP/1.0" 200 66894 "http://www.drug-injury-lawyer.com/blog/page/3/" "Mozilla/5.0 (Windows NT 10.0; Win64; x64) AppleWebKit/537.36 (KHTML, like Gecko) Chrome/103.0.5060.114 Safari/537.36"
91.211.90.170 - - [21/Mar/2026:06:57:00 -0700] "GET /blog/page/3/ HTTP/1.0" 200 66894 "http://www.drug-injury-lawyer.com/blog/page/3/" "Mozilla/5.0 (Windows NT 10.0; Win64; x64) AppleWebKit/537.36 (KHTML, like Gecko) Chrome/103.0.0.0 Safari/537.36 Herring/95.1.8810.11"
107.20.105.74 - - [21/Mar/2026:06:57:54 -0700] "HEAD / HTTP/1.1" 301 197 "-" "DreamHost SiteMonitor 1.0"
173.236.217.44 - - [21/Mar/2026:06:57:55 -0700] "POST /wp-cron.php?doing_wp_cron=1774101474.9931869506835937500000 HTTP/1.1" 200 283 "-" "WordPress/6.8.5; https://www.drug-injury-lawyer.com"
107.20.105.74 - - [21/Mar/2026:06:57:54 -0700] "HEAD / HTTP/1.1" 301 385 "http://173.236.217.44" "DreamHost SiteMonitor 1.0"
45.156.158.210 - - [21/Mar/2026:06:58:02 -0700] "GET /blog/page/3/ HTTP/1.0" 200 66894 "http://www.drug-injury-lawyer.com/blog/page/3/" "Mozilla/5.0 (Windows NT 6.1; WOW64) AppleWebKit/537.36 (KHTML, like Gecko) Chrome/103.0.0.0 Safari/537.36"
45.156.158.210 - - [21/Mar/2026:06:58:02 -0700] "GET /blog/page/3/ HTTP/1.0" 200 66894 "http://www.drug-injury-lawyer.com/blog/page/3/" "Mozilla/5.0 (Windows NT 6.1; Win64; x64) AppleWebKit/537.36 (KHTML, like Gecko) Chrome/103.0.5060.66 Safari/537.36"
91.211.90.225 - - [21/Mar/2026:06:58:02 -0700] "GET /blog/page/3/ HTTP/1.0" 200 66894 "http://www.drug-injury-lawyer.com/blog/page/3/" "Mozilla/5.0 (Windows NT 6.1; WOW64) AppleWebKit/537.36 (KHTML, like Gecko) Chrome/103.0.0.0 Safari/537.36"
107.20.105.74 - - [21/Mar/2026:07:02:54 -0700] "HEAD / HTTP/1.1" 301 197 "-" "DreamHost SiteMonitor 1.0"
107.20.105.74 - - [21/Mar/2026:07:02:54 -0700] "HEAD / HTTP/1.1" 301 385 "http://173.236.217.44" "DreamHost SiteMonitor 1.0"
173.236.217.44 - - [21/Mar/2026:07:02:56 -0700] "POST /wp-cron.php?doing_wp_cron=1774101776.1575860977172851562500 HTTP/1.1" 200 283 "-" "WordPress/6.8.5; https://www.drug-injury-lawyer.com"
91.211.90.240 - - [21/Mar/2026:07:03:38 -0700] "GET /blog/page/3/ HTTP/1.0" 200 66894 "http://www.drug-injury-lawyer.com/blog/page/3/" "Mozilla/5.0 (Windows NT 6.1; Win64; x64) AppleWebKit/537.36 (KHTML, like Gecko) Chrome/103.0.5060.114 Safari/537.36"
173.236.217.44 - - [21/Mar/2026:07:03:38 -0700] "POST /wp-cron.php?doing_wp_cron=1774101818.8935949802398681640625 HTTP/1.1" 200 283 "-" "WordPress/6.8.5; https://www.drug-injury-lawyer.com"
91.211.90.69 - - [21/Mar/2026:07:03:46 -0700] "GET /blog/page/3/ HTTP/1.0" 200 66894 "http://www.drug-injury-lawyer.com/blog/page/3/" "Mozilla/5.0 (Windows NT 6.1; WOW64) AppleWebKit/537.36 (KHTML, like Gecko) Chrome/103.0.0.0 Safari/537.36"
91.211.90.70 - - [21/Mar/2026:07:03:51 -0700] "GET /blog/page/3/ HTTP/1.0" 200 66894 "http://www.drug-injury-lawyer.com/blog/page/3/" "Mozilla/5.0 (Windows NT 10.0; Win64; x64) AppleWebKit/537.36 (KHTML, like Gecko) Chrome/103.0.0.0 Safari/537.36 OpenWave/97.4.2043.44"
91.211.90.206 - - [21/Mar/2026:07:03:59 -0700] "GET /blog/page/3/ HTTP/1.0" 200 66894 "http://www.drug-injury-lawyer.com/blog/page/3/" "Mozilla/5.0 (Windows NT 10.0; Win64; x64) AppleWebKit/537.36 (KHTML, like Gecko) Chrome/103.0.5060.53 Safari/537.36"
45.156.158.75 - - [21/Mar/2026:07:05:40 -0700] "GET /blog/page/3/ HTTP/1.0" 200 66894 "http://www.drug-injury-lawyer.com/blog/page/3/" "Mozilla/5.0 (Windows NT 6.3; Win64; x64) AppleWebKit/537.36 (KHTML, like Gecko) Chrome/103.0.5060.53 Safari/537.36"
173.236.217.44 - - [21/Mar/2026:07:05:41 -0700] "POST /wp-cron.php?doing_wp_cron=1774101941.5360920429229736328125 HTTP/1.1" 200 283 "-" "WordPress/6.8.5; https://www.drug-injury-lawyer.com"
45.156.158.216 - - [21/Mar/2026:07:05:42 -0700] "GET /blog/page/3/ HTTP/1.0" 200 66894 "http://www.drug-injury-lawyer.com/blog/page/3/" "Mozilla/5.0 (Windows NT 10.0; Win64; x64) AppleWebKit/537.36 (KHTML, like Gecko) Chrome/103.0.5060.114 Safari/537.36"
91.211.90.99 - - [21/Mar/2026:07:06:20 -0700] "GET /blog/page/3/ HTTP/1.0" 200 66894 "http://www.drug-injury-lawyer.com/blog/page/3/" "Mozilla/5.0 (Windows NT 10.0; Win64; x64) AppleWebKit/537.36 (KHTML, like Gecko) Chrome/103.0.0.0 Safari/537.36 OpenWave/97.4.2043.44"
91.211.90.99 - - [21/Mar/2026:07:06:20 -0700] "GET /blog/page/3/ HTTP/1.0" 200 66894 "http://www.drug-injury-lawyer.com/blog/page/3/" "Mozilla/5.0 (Windows NT 10.0; Win64; x64) AppleWebKit/537.36 (KHTML, like Gecko) Chrome/103.0.5060.53 Safari/537.36"
91.211.90.225 - - [21/Mar/2026:07:06:22 -0700] "GET /blog/page/3/ HTTP/1.0" 200 66894 "http://www.drug-injury-lawyer.com/blog/page/3/" "Mozilla/5.0 (Windows NT 6.1; Win64; x64) AppleWebKit/537.36 (KHTML, like Gecko) Chrome/103.0.5060.66 Safari/537.36"
107.20.105.74 - - [21/Mar/2026:07:07:54 -0700] "HEAD / HTTP/1.1" 301 197 "-" "DreamHost SiteMonitor 1.0"
107.20.105.74 - - [21/Mar/2026:07:07:54 -0700] "HEAD / HTTP/1.1" 301 385 "http://173.236.217.44" "DreamHost SiteMonitor 1.0"
173.236.217.44 - - [21/Mar/2026:07:07:55 -0700] "POST /wp-cron.php?doing_wp_cron=1774102075.7633709907531738281250 HTTP/1.1" 200 283 "-" "WordPress/6.8.5; https://www.drug-injury-lawyer.com"
45.156.158.225 - - [21/Mar/2026:07:09:08 -0700] "GET /blog/page/3/ HTTP/1.0" 200 66894 "http://www.drug-injury-lawyer.com/blog/page/3/" "Mozilla/5.0 (Windows NT 6.3; Win64; x64) AppleWebKit/537.36 (KHTML, like Gecko) Chrome/103.0.5060.53 Safari/537.36"
45.156.158.163 - - [21/Mar/2026:07:09:08 -0700] "GET /blog/page/3/ HTTP/1.0" 200 66894 "http://www.drug-injury-lawyer.com/blog/page/3/" "Mozilla/5.0 (Windows NT 10.0; Win64; x64) AppleWebKit/537.36 (KHTML, like Gecko) Chrome/103.0.5042.0 Safari/537.36"
45.156.158.163 - - [21/Mar/2026:07:09:08 -0700] "GET /blog/page/3/ HTTP/1.0" 200 66894 "http://www.drug-injury-lawyer.com/blog/page/3/" "Mozilla/5.0 (Windows NT 6.1; WOW64) AppleWebKit/537.36 (KHTML, like Gecko) Chrome/103.0.0.0 Safari/537.36"
173.236.217.44 - - [21/Mar/2026:07:09:08 -0700] "POST /wp-cron.php?doing_wp_cron=1774102148.5834310054779052734375 HTTP/1.1" 200 283 "-" "WordPress/6.8.5; https://www.drug-injury-lawyer.com"
45.156.158.225 - - [21/Mar/2026:07:09:08 -0700] "GET /blog/page/3/ HTTP/1.0" 200 66894 "http://www.drug-injury-lawyer.com/blog/page/3/" "Mozilla/5.0 (Windows NT 6.3; Win64; x64) AppleWebKit/537.36 (KHTML, like Gecko) Chrome/103.0.5060.53 Safari/537.36"
91.211.90.164 - - [21/Mar/2026:07:10:48 -0700] "GET /blog/page/3/ HTTP/1.0" 200 66894 "http://www.drug-injury-lawyer.com/blog/page/3/" "Mozilla/5.0 (Windows NT 6.2; Win64; x64) AppleWebKit/537.36 (KHTML, like Gecko) Chrome/103.0.0.0 Safari/537.36"
173.236.217.44 - - [21/Mar/2026:07:10:49 -0700] "POST /wp-cron.php?doing_wp_cron=1774102249.4907479286193847656250 HTTP/1.1" 200 283 "-" "WordPress/6.8.5; https://www.drug-injury-lawyer.com"
91.211.90.164 - - [21/Mar/2026:07:10:49 -0700] "GET /blog/page/3/ HTTP/1.0" 200 66894 "http://www.drug-injury-lawyer.com/blog/page/3/" "Mozilla/5.0 (Windows NT 10.0; Win64; x64) AppleWebKit/537.36 (KHTML, like Gecko) Chrome/103.0.0.0 Safari/537.36 OpenWave/97.4.2043.44"
62.113.113.162 - - [21/Mar/2026:07:10:58 -0700] "GET /blog/page/3/ HTTP/1.0" 200 66894 "http://www.drug-injury-lawyer.com/blog/page/3/" "Mozilla/5.0 (Windows NT 10.0; Win64; x64) AppleWebKit/537.36 (KHTML, like Gecko) Chrome/131.0.0.0 Safari/537.36"
62.113.113.162 - - [21/Mar/2026:07:10:59 -0700] "POST /blog/page/3/ HTTP/1.0" 200 66980 "http://www.drug-injury-lawyer.com/blog/page/3/" "Mozilla/5.0 (Windows NT 10.0; Win64; x64) AppleWebKit/537.36 (KHTML, like Gecko) Chrome/131.0.0.0 Safari/537.36"
107.20.105.74 - - [21/Mar/2026:07:12:54 -0700] "HEAD / HTTP/1.1" 301 197 "-" "DreamHost SiteMonitor 1.0"
107.20.105.74 - - [21/Mar/2026:07:12:54 -0700] "HEAD / HTTP/1.1" 301 385 "http://173.236.217.44" "DreamHost SiteMonitor 1.0"
173.236.217.44 - - [21/Mar/2026:07:12:55 -0700] "POST /wp-cron.php?doing_wp_cron=1774102375.9728109836578369140625 HTTP/1.1" 200 283 "-" "WordPress/6.8.5; https://www.drug-injury-lawyer.com"
91.211.90.206 - - [21/Mar/2026:07:13:48 -0700] "GET /blog/page/3/ HTTP/1.0" 200 66894 "http://www.drug-injury-lawyer.com/blog/page/3/" "Mozilla/5.0 (Windows NT 6.3; Win64; x64) AppleWebKit/537.36 (KHTML, like Gecko) Chrome/103.0.5060.66 Safari/537.36"
173.236.217.44 - - [21/Mar/2026:07:13:48 -0700] "POST /wp-cron.php?doing_wp_cron=1774102428.5999779701232910156250 HTTP/1.1" 200 283 "-" "WordPress/6.8.5; https://www.drug-injury-lawyer.com"
45.156.158.223 - - [21/Mar/2026:07:14:13 -0700] "GET /blog/page/3/ HTTP/1.0" 200 66894 "http://www.drug-injury-lawyer.com/blog/page/3/" "Mozilla/5.0 (Windows NT 10.0; Win64; x64) AppleWebKit/537.36 (KHTML, like Gecko) Chrome/103.0.0.0 Safari/537.36"
45.156.158.223 - - [21/Mar/2026:07:14:13 -0700] "GET /blog/page/3/ HTTP/1.0" 200 66894 "http://www.drug-injury-lawyer.com/blog/page/3/" "Mozilla/5.0 (Windows NT 6.3; Win64; x64) AppleWebKit/537.36 (KHTML, like Gecko) Chrome/103.0.5060.66 Safari/537.36"
45.156.158.88 - - [21/Mar/2026:07:14:24 -0700] "GET /blog/page/3/ HTTP/1.0" 200 66894 "http://www.drug-injury-lawyer.com/blog/page/3/" "Mozilla/5.0 (Windows NT 6.1; Win64; x64) AppleWebKit/537.36 (KHTML, like Gecko) Chrome/103.0.0.0 Safari/537.36"
45.156.158.88 - - [21/Mar/2026:07:14:24 -0700] "GET /blog/page/3/ HTTP/1.0" 200 66894 "http://www.drug-injury-lawyer.com/blog/page/3/" "Mozilla/5.0 (Windows NT 10.0; Win64; x64) AppleWebKit/537.36 (KHTML, like Gecko) Chrome/103.0.0.0 Safari/537.36 Herring/95.1.8810.11"
173.236.217.44 - - [21/Mar/2026:07:14:44 -0700] "POST /wp-cron.php?doing_wp_cron=1774102484.0408720970153808593750 HTTP/1.1" 200 283 "-" "WordPress/6.8.5; https://www.drug-injury-lawyer.com"
91.211.90.168 - - [21/Mar/2026:07:14:43 -0700] "GET /blog/page/3/ HTTP/1.0" 200 66894 "http://www.drug-injury-lawyer.com/blog/page/3/" "Mozilla/5.0 (Windows NT 10.0; Win64; x64) AppleWebKit/537.36 (KHTML, like Gecko) Chrome/103.0.5060.114 Safari/537.36"
91.211.90.168 - - [21/Mar/2026:07:14:44 -0700] "GET /blog/page/3/ HTTP/1.0" 200 66894 "http://www.drug-injury-lawyer.com/blog/page/3/" "Mozilla/5.0 (Windows NT 10.0; Win64; x64) AppleWebKit/537.36 (KHTML, like Gecko) Chrome/103.0.5042.0 Safari/537.36"
