173.236.217.44 - - [21/Mar/2026:13:43:55 -0700] "POST /wp-cron.php?doing_wp_cron=1774125835.4320399761199951171875 HTTP/1.1" 200 283 "-" "WordPress/6.8.5; https://www.drug-injury-lawyer.com"
45.156.158.225 - - [21/Mar/2026:13:43:55 -0700] "GET /blog/page/3/ HTTP/1.0" 200 66894 "http://www.drug-injury-lawyer.com/blog/page/3/" "Mozilla/5.0 (Windows NT 6.1; Win64; x64) AppleWebKit/537.36 (KHTML, like Gecko) Chrome/103.0.0.0 Safari/537.36"
173.236.217.44 - - [21/Mar/2026:13:45:18 -0700] "POST /wp-cron.php?doing_wp_cron=1774125918.4877479076385498046875 HTTP/1.1" 200 283 "-" "WordPress/6.8.5; https://www.drug-injury-lawyer.com"
91.211.90.228 - - [21/Mar/2026:13:45:18 -0700] "GET /blog/page/3/ HTTP/1.0" 200 66894 "http://www.drug-injury-lawyer.com/blog/page/3/" "Mozilla/5.0 (Windows NT 6.3; WOW64) AppleWebKit/537.36 (KHTML, like Gecko) Chrome/103.0.0.0 Safari/537.36"
107.20.105.74 - - [21/Mar/2026:13:47:54 -0700] "HEAD / HTTP/1.1" 301 197 "-" "DreamHost SiteMonitor 1.0"
107.20.105.74 - - [21/Mar/2026:13:47:54 -0700] "HEAD / HTTP/1.1" 301 385 "http://173.236.217.44" "DreamHost SiteMonitor 1.0"
45.156.158.75 - - [21/Mar/2026:13:50:18 -0700] "GET /blog/page/3/ HTTP/1.0" 200 66894 "http://www.drug-injury-lawyer.com/blog/page/3/" "Mozilla/5.0 (Windows NT 6.1) AppleWebKit/537.36 (KHTML, like Gecko) Chrome/103.0.0.0 Safari/537.36"
45.156.158.216 - - [21/Mar/2026:13:50:19 -0700] "GET /blog/page/3/ HTTP/1.0" 200 66894 "http://www.drug-injury-lawyer.com/blog/page/3/" "Mozilla/5.0 (Windows NT 6.3; Win64; x64) AppleWebKit/537.36 (KHTML, like Gecko) Chrome/103.0.5060.114 Safari/537.36"
178.62.121.156 - - [21/Mar/2026:13:50:39 -0700] "GET /feed/ HTTP/1.1" 304 337 "-" "Mozilla/5.0 (Android 13; Mobile; rv:134.0) Gecko/134.0 Firefox/134.0"
173.236.217.44 - - [21/Mar/2026:13:50:40 -0700] "POST /wp-cron.php?doing_wp_cron=1774126240.0402729511260986328125 HTTP/1.1" 200 283 "-" "WordPress/6.8.5; https://www.drug-injury-lawyer.com"
91.211.90.207 - - [21/Mar/2026:13:50:50 -0700] "GET /blog/page/3/ HTTP/1.0" 200 66894 "http://www.drug-injury-lawyer.com/blog/page/3/" "Mozilla/5.0 (Windows NT 10.0; Win64; x64) AppleWebKit/537.36 (KHTML, like Gecko) Chrome/103.0.5060.66 Safari/537.36"
91.211.90.207 - - [21/Mar/2026:13:50:50 -0700] "GET /blog/page/3/ HTTP/1.0" 200 66894 "http://www.drug-injury-lawyer.com/blog/page/3/" "Mozilla/5.0 (Windows NT 6.1) AppleWebKit/537.36 (KHTML, like Gecko) Chrome/103.0.5060.114 Safari/537.36"
91.211.90.228 - - [21/Mar/2026:13:51:25 -0700] "GET /blog/page/3/ HTTP/1.0" 200 66894 "http://www.drug-injury-lawyer.com/blog/page/3/" "Mozilla/5.0 (Windows NT 6.3; WOW64) AppleWebKit/537.36 (KHTML, like Gecko) Chrome/103.0.0.0 Safari/537.36"
45.156.158.88 - - [21/Mar/2026:13:52:43 -0700] "GET /blog/page/3/ HTTP/1.0" 200 66894 "http://www.drug-injury-lawyer.com/blog/page/3/" "Mozilla/5.0 (Windows NT 6.1; WOW64) AppleWebKit/537.36 (KHTML, like Gecko) Chrome/103.0.0.0 Safari/537.36"
45.156.158.88 - - [21/Mar/2026:13:52:43 -0700] "GET /blog/page/3/ HTTP/1.0" 200 66894 "http://www.drug-injury-lawyer.com/blog/page/3/" "Mozilla/5.0 (Windows NT 6.3; Win64; x64) AppleWebKit/537.36 (KHTML, like Gecko) Chrome/103.0.5060.66 Safari/537.36"
173.236.217.44 - - [21/Mar/2026:13:52:43 -0700] "POST /wp-cron.php?doing_wp_cron=1774126363.6394629478454589843750 HTTP/1.1" 200 283 "-" "WordPress/6.8.5; https://www.drug-injury-lawyer.com"
107.20.105.74 - - [21/Mar/2026:13:52:54 -0700] "HEAD / HTTP/1.1" 301 197 "-" "DreamHost SiteMonitor 1.0"
107.20.105.74 - - [21/Mar/2026:13:52:54 -0700] "HEAD / HTTP/1.1" 301 385 "http://173.236.217.44" "DreamHost SiteMonitor 1.0"
91.211.90.168 - - [21/Mar/2026:13:53:00 -0700] "GET /blog/page/3/ HTTP/1.0" 200 66894 "http://www.drug-injury-lawyer.com/blog/page/3/" "Mozilla/5.0 (Windows NT 6.2; Win64; x64) AppleWebKit/537.36 (KHTML, like Gecko) Chrome/103.0.0.0 Safari/537.36"
91.211.90.168 - - [21/Mar/2026:13:53:00 -0700] "GET /blog/page/3/ HTTP/1.0" 200 66894 "http://www.drug-injury-lawyer.com/blog/page/3/" "Mozilla/5.0 (Windows NT 6.3; WOW64) AppleWebKit/537.36 (KHTML, like Gecko) Chrome/103.0.5060.114 Safari/537.36"
107.20.105.74 - - [21/Mar/2026:13:57:54 -0700] "HEAD / HTTP/1.1" 301 197 "-" "DreamHost SiteMonitor 1.0"
107.20.105.74 - - [21/Mar/2026:13:57:54 -0700] "HEAD / HTTP/1.1" 301 385 "http://173.236.217.44" "DreamHost SiteMonitor 1.0"
173.236.217.44 - - [21/Mar/2026:13:57:55 -0700] "POST /wp-cron.php?doing_wp_cron=1774126675.7497038841247558593750 HTTP/1.1" 200 283 "-" "WordPress/6.8.5; https://www.drug-injury-lawyer.com"
45.156.158.216 - - [21/Mar/2026:14:02:25 -0700] "GET /blog/page/3/ HTTP/1.0" 200 66894 "http://www.drug-injury-lawyer.com/blog/page/3/" "Mozilla/5.0 (Windows NT 6.3; Win64; x64) AppleWebKit/537.36 (KHTML, like Gecko) Chrome/103.0.5060.53 Safari/537.36"
45.156.158.75 - - [21/Mar/2026:14:02:25 -0700] "GET /blog/page/3/ HTTP/1.0" 200 66894 "http://www.drug-injury-lawyer.com/blog/page/3/" "Mozilla/5.0 (Windows NT 6.1; Win64; x64) AppleWebKit/537.36 (KHTML, like Gecko) Chrome/103.0.5060.114 Safari/537.36"
91.211.90.240 - - [21/Mar/2026:14:02:39 -0700] "GET /blog/page/3/ HTTP/1.0" 200 66894 "http://www.drug-injury-lawyer.com/blog/page/3/" "Mozilla/5.0 (Windows NT 6.1; WOW64) AppleWebKit/537.36 (KHTML, like Gecko) Chrome/103.0.0.0 Safari/537.36"
173.236.217.44 - - [21/Mar/2026:14:02:39 -0700] "POST /wp-cron.php?doing_wp_cron=1774126959.8399579524993896484375 HTTP/1.1" 200 283 "-" "WordPress/6.8.5; https://www.drug-injury-lawyer.com"
91.211.90.69 - - [21/Mar/2026:14:02:45 -0700] "GET /blog/page/3/ HTTP/1.0" 200 66894 "http://www.drug-injury-lawyer.com/blog/page/3/" "Mozilla/5.0 (Windows NT 10.0; Win64; x64) AppleWebKit/537.36 (KHTML, like Gecko) Chrome/103.0.5060.66 Safari/537.36"
91.211.90.247 - - [21/Mar/2026:14:02:46 -0700] "GET /blog/page/3/ HTTP/1.0" 200 66894 "http://www.drug-injury-lawyer.com/blog/page/3/" "Mozilla/5.0 (Windows NT 10.0; Win64; x64) AppleWebKit/537.36 (KHTML, like Gecko) Chrome/103.0.0.0 Safari/537.36 OpenWave/97.4.2043.44"
91.211.90.70 - - [21/Mar/2026:14:02:49 -0700] "GET /blog/page/3/ HTTP/1.0" 200 66894 "http://www.drug-injury-lawyer.com/blog/page/3/" "Mozilla/5.0 (Windows NT 10.0; Win64; x64) AppleWebKit/537.36 (KHTML, like Gecko) Chrome/103.0.5060.134 Safari/537.36"
107.20.105.74 - - [21/Mar/2026:14:02:54 -0700] "HEAD / HTTP/1.1" 301 197 "-" "DreamHost SiteMonitor 1.0"
107.20.105.74 - - [21/Mar/2026:14:02:54 -0700] "HEAD / HTTP/1.1" 301 385 "http://173.236.217.44" "DreamHost SiteMonitor 1.0"
91.211.90.99 - - [21/Mar/2026:14:03:07 -0700] "GET /blog/page/3/ HTTP/1.0" 200 66894 "http://www.drug-injury-lawyer.com/blog/page/3/" "Mozilla/5.0 (Windows NT 10.0; Win64; x64) AppleWebKit/537.36 (KHTML, like Gecko) Chrome/103.0.5060.66 Safari/537.36"
91.211.90.99 - - [21/Mar/2026:14:03:07 -0700] "GET /blog/page/3/ HTTP/1.0" 200 66894 "http://www.drug-injury-lawyer.com/blog/page/3/" "Mozilla/5.0 (Windows NT 6.3) AppleWebKit/537.36 (KHTML, like Gecko) Chrome/103.0.0.0 Safari/537.36"
91.211.90.164 - - [21/Mar/2026:14:03:53 -0700] "GET /blog/page/3/ HTTP/1.0" 200 66894 "http://www.drug-injury-lawyer.com/blog/page/3/" "Mozilla/5.0 (Windows NT 6.1; WOW64) AppleWebKit/537.36 (KHTML, like Gecko) Chrome/103.0.0.0 Safari/537.36"
91.211.90.164 - - [21/Mar/2026:14:03:53 -0700] "GET /blog/page/3/ HTTP/1.0" 200 66894 "http://www.drug-injury-lawyer.com/blog/page/3/" "Mozilla/5.0 (Windows NT 10.0; Win64; x64) AppleWebKit/537.36 (KHTML, like Gecko) Chrome/103.0.5060.66 Safari/537.36"
91.211.90.208 - - [21/Mar/2026:14:04:35 -0700] "GET /blog/page/3/ HTTP/1.0" 200 66894 "http://www.drug-injury-lawyer.com/blog/page/3/" "Mozilla/5.0 (Windows NT 10.0; Win64; x64) AppleWebKit/537.36 (KHTML, like Gecko) Chrome/103.0.0.0 Safari/537.36 OpenWave/97.4.2043.44"
173.236.217.44 - - [21/Mar/2026:14:04:35 -0700] "POST /wp-cron.php?doing_wp_cron=1774127075.6101160049438476562500 HTTP/1.1" 200 283 "-" "WordPress/6.8.5; https://www.drug-injury-lawyer.com"
107.20.105.74 - - [21/Mar/2026:14:07:54 -0700] "HEAD / HTTP/1.1" 301 197 "-" "DreamHost SiteMonitor 1.0"
107.20.105.74 - - [21/Mar/2026:14:07:54 -0700] "HEAD / HTTP/1.1" 301 385 "http://173.236.217.44" "DreamHost SiteMonitor 1.0"
114.119.140.178 - - [21/Mar/2026:14:12:35 -0700] "GET /witness/enter6/asoiz-44449/ HTTP/1.1" 500 3198 "http://www.drug-injury-lawyer.com/?sitemap246.xml" "Mozilla/5.0 (Linux; Android 7.0;) AppleWebKit/537.36 (KHTML, like Gecko) Mobile Safari/537.36 (compatible; PetalBot;+https://webmaster.petalsearch.com/site/petalbot)"
173.236.217.44 - - [21/Mar/2026:14:12:36 -0700] "POST /wp-cron.php?doing_wp_cron=1774127556.6231560707092285156250 HTTP/1.1" 200 283 "-" "WordPress/6.8.5; https://www.drug-injury-lawyer.com"
91.211.90.225 - - [21/Mar/2026:14:12:39 -0700] "GET /blog/page/3/ HTTP/1.0" 200 66894 "http://www.drug-injury-lawyer.com/blog/page/3/" "Mozilla/5.0 (Windows NT 6.3; WOW64) AppleWebKit/537.36 (KHTML, like Gecko) Chrome/103.0.5060.114 Safari/537.36"
173.236.217.44 - - [21/Mar/2026:14:12:39 -0700] "POST /wp-cron.php?doing_wp_cron=1774127559.6898820400238037109375 HTTP/1.1" 200 283 "-" "WordPress/6.8.5; https://www.drug-injury-lawyer.com"
107.20.105.74 - - [21/Mar/2026:14:12:54 -0700] "HEAD / HTTP/1.1" 301 197 "-" "DreamHost SiteMonitor 1.0"
173.236.217.44 - - [21/Mar/2026:14:12:55 -0700] "POST /wp-cron.php?doing_wp_cron=1774127575.0125110149383544921875 HTTP/1.1" 200 283 "-" "WordPress/6.8.5; https://www.drug-injury-lawyer.com"
107.20.105.74 - - [21/Mar/2026:14:12:54 -0700] "HEAD / HTTP/1.1" 301 385 "http://173.236.217.44" "DreamHost SiteMonitor 1.0"
185.255.126.30 - - [21/Mar/2026:14:14:35 -0700] "GET /blog/page/3/ HTTP/1.0" 301 484 "http://drug-injury-lawyer.com/blog/page/3/" "Mozilla/5.0 (Windows NT 10.0; Win64; x64) AppleWebKit/537.36 (KHTML, like Gecko) Chrome/130.0.0.0 Safari/537.36"
185.255.126.43 - - [21/Mar/2026:14:14:36 -0700] "GET /blog/page/3/ HTTP/1.0" 200 66894 "http://www.drug-injury-lawyer.com/blog/page/3/" "Mozilla/5.0 (Windows NT 10.0; Win64; x64) AppleWebKit/537.36 (KHTML, like Gecko) Chrome/130.0.0.0 Safari/537.36"
185.255.126.48 - - [21/Mar/2026:14:14:37 -0700] "POST /blog/page/3/ HTTP/1.0" 200 66980 "http://www.drug-injury-lawyer.com/blog/page/3/" "Mozilla/5.0 (Windows NT 10.0; Win64; x64) AppleWebKit/537.36 (KHTML, like Gecko) Chrome/130.0.0.0 Safari/537.36"
107.20.105.74 - - [21/Mar/2026:14:17:54 -0700] "HEAD / HTTP/1.1" 301 197 "-" "DreamHost SiteMonitor 1.0"
107.20.105.74 - - [21/Mar/2026:14:17:54 -0700] "HEAD / HTTP/1.1" 301 385 "http://173.236.217.44" "DreamHost SiteMonitor 1.0"
173.236.217.44 - - [21/Mar/2026:14:17:56 -0700] "POST /wp-cron.php?doing_wp_cron=1774127875.9652891159057617187500 HTTP/1.1" 200 283 "-" "WordPress/6.8.5; https://www.drug-injury-lawyer.com"
179.106.156.73 - - [21/Mar/2026:14:19:03 -0700] "GET /defective-drugs-overview/defective-accutane/ HTTP/1.1" 200 12768 "-" "Mozilla/5.0 (Macintosh; U; PPC Mac OS X 10_11_2; rv:1.9.3.20) Gecko/6751-01-15 14:04:53.053833 Firefox/3.8"
91.211.90.88 - - [21/Mar/2026:14:19:26 -0700] "GET /blog/page/3/ HTTP/1.0" 200 66894 "http://www.drug-injury-lawyer.com/blog/page/3/" "Mozilla/5.0 (Windows NT 6.1; Win64; x64) AppleWebKit/537.36 (KHTML, like Gecko) Chrome/103.0.0.0 Safari/537.36"
91.211.90.227 - - [21/Mar/2026:14:19:26 -0700] "GET /blog/page/3/ HTTP/1.0" 200 66894 "http://www.drug-injury-lawyer.com/blog/page/3/" "Mozilla/5.0 (Windows NT 10.0; Win64; x64) AppleWebKit/537.36 (KHTML, like Gecko) Chrome/103.0.0.0 Safari/537.36 OpenWave/97.4.2043.44"
91.211.90.88 - - [21/Mar/2026:14:19:26 -0700] "GET /blog/page/3/ HTTP/1.0" 200 66894 "http://www.drug-injury-lawyer.com/blog/page/3/" "Mozilla/5.0 (Windows NT 6.1; WOW64) AppleWebKit/537.36 (KHTML, like Gecko) Chrome/103.0.0.0 Safari/537.36"
107.20.105.74 - - [21/Mar/2026:14:22:54 -0700] "HEAD / HTTP/1.1" 301 197 "-" "DreamHost SiteMonitor 1.0"
107.20.105.74 - - [21/Mar/2026:14:22:54 -0700] "HEAD / HTTP/1.1" 301 385 "http://173.236.217.44" "DreamHost SiteMonitor 1.0"
173.236.217.44 - - [21/Mar/2026:14:22:55 -0700] "POST /wp-cron.php?doing_wp_cron=1774128175.7661540508270263671875 HTTP/1.1" 200 283 "-" "WordPress/6.8.5; https://www.drug-injury-lawyer.com"
91.211.90.179 - - [21/Mar/2026:14:23:26 -0700] "GET /blog/page/3/ HTTP/1.0" 200 66894 "http://www.drug-injury-lawyer.com/blog/page/3/" "Mozilla/5.0 (Windows NT 10.0; Win64; x64) AppleWebKit/537.36 (KHTML, like Gecko) Chrome/103.0.5042.0 Safari/537.36"
217.147.172.82 - - [21/Mar/2026:14:23:27 -0700] "GET /blog/page/3/ HTTP/1.0" 200 66894 "http://www.drug-injury-lawyer.com/blog/page/3/" "Mozilla/5.0 (Windows NT 10.0; Win64; x64) AppleWebKit/537.36 (KHTML, like Gecko) Chrome/103.0.5060.134 Safari/537.36"
217.147.172.67 - - [21/Mar/2026:14:23:27 -0700] "GET /blog/page/3/ HTTP/1.0" 200 66894 "http://www.drug-injury-lawyer.com/blog/page/3/" "Mozilla/5.0 (Windows NT 6.3; WOW64) AppleWebKit/537.36 (KHTML, like Gecko) Chrome/103.0.5060.114 Safari/537.36"
91.211.90.179 - - [21/Mar/2026:14:23:28 -0700] "GET /blog/page/3/ HTTP/1.0" 200 66894 "http://www.drug-injury-lawyer.com/blog/page/3/" "Mozilla/5.0 (Windows NT 6.1; Win64; x64) AppleWebKit/537.36 (KHTML, like Gecko) Chrome/103.0.5060.114 Safari/537.36"
217.147.172.67 - - [21/Mar/2026:14:23:27 -0700] "GET /blog/page/3/ HTTP/1.0" 200 66894 "http://www.drug-injury-lawyer.com/blog/page/3/" "Mozilla/5.0 (Windows NT 6.3; Win64; x64) AppleWebKit/537.36 (KHTML, like Gecko) Chrome/103.0.5060.53 Safari/537.36"
217.147.172.82 - - [21/Mar/2026:14:23:28 -0700] "GET /blog/page/3/ HTTP/1.0" 200 66894 "http://www.drug-injury-lawyer.com/blog/page/3/" "Mozilla/5.0 (Windows NT 10.0; Win64; x64) AppleWebKit/537.36 (KHTML, like Gecko) Chrome/103.0.5060.53 Safari/537.36"
91.211.90.113 - - [21/Mar/2026:14:23:48 -0700] "GET /blog/page/3/ HTTP/1.0" 200 66894 "http://www.drug-injury-lawyer.com/blog/page/3/" "Mozilla/5.0 (Windows NT 10.0; Win64; x64) AppleWebKit/537.36 (KHTML, like Gecko) Chrome/103.0.5042.0 Safari/537.36"
173.236.217.44 - - [21/Mar/2026:14:23:48 -0700] "POST /wp-cron.php?doing_wp_cron=1774128228.7025740146636962890625 HTTP/1.1" 200 283 "-" "WordPress/6.8.5; https://www.drug-injury-lawyer.com"
91.211.90.113 - - [21/Mar/2026:14:23:48 -0700] "GET /blog/page/3/ HTTP/1.0" 200 66894 "http://www.drug-injury-lawyer.com/blog/page/3/" "Mozilla/5.0 (Windows NT 10.0; Win64; x64) AppleWebKit/537.36 (KHTML, like Gecko) Chrome/103.0.5060.53 Safari/537.36"
91.211.90.247 - - [21/Mar/2026:14:23:51 -0700] "GET /blog/page/3/ HTTP/1.0" 200 66894 "http://www.drug-injury-lawyer.com/blog/page/3/" "Mozilla/5.0 (Windows NT 6.2; Win64; x64) AppleWebKit/537.36 (KHTML, like Gecko) Chrome/103.0.0.0 Safari/537.36"
91.211.90.240 - - [21/Mar/2026:14:23:59 -0700] "GET /blog/page/3/ HTTP/1.0" 200 66894 "http://www.drug-injury-lawyer.com/blog/page/3/" "Mozilla/5.0 (Windows NT 6.3; Win64; x64) AppleWebKit/537.36 (KHTML, like Gecko) Chrome/103.0.5060.53 Safari/537.36"
91.211.90.231 - - [21/Mar/2026:14:24:03 -0700] "GET /blog/page/3/ HTTP/1.0" 200 66894 "http://www.drug-injury-lawyer.com/blog/page/3/" "Mozilla/5.0 (Windows NT 6.3; Win64; x64) AppleWebKit/537.36 (KHTML, like Gecko) Chrome/103.0.5060.66 Safari/537.36"
2.59.221.46 - - [21/Mar/2026:14:24:23 -0700] "GET /blog/page/3/ HTTP/1.0" 200 66894 "http://www.drug-injury-lawyer.com/blog/page/3/" "Mozilla/5.0 (Windows NT 10.0; Win64; x64) AppleWebKit/537.36 (KHTML, like Gecko) Chrome/103.0.5060.66 Safari/537.36"
2.59.221.46 - - [21/Mar/2026:14:24:23 -0700] "GET /blog/page/3/ HTTP/1.0" 200 66894 "http://www.drug-injury-lawyer.com/blog/page/3/" "Mozilla/5.0 (Windows NT 6.1) AppleWebKit/537.36 (KHTML, like Gecko) Chrome/103.0.0.0 Safari/537.36"
91.211.90.158 - - [21/Mar/2026:14:24:36 -0700] "GET /blog/page/3/ HTTP/1.0" 200 66894 "http://www.drug-injury-lawyer.com/blog/page/3/" "Mozilla/5.0 (Windows NT 6.3) AppleWebKit/537.36 (KHTML, like Gecko) Chrome/103.0.0.0 Safari/537.36"
217.147.172.96 - - [21/Mar/2026:14:27:43 -0700] "GET /blog/page/3/ HTTP/1.0" 200 66894 "http://www.drug-injury-lawyer.com/blog/page/3/" "Mozilla/5.0 (Windows NT 10.0; Win64; x64) AppleWebKit/537.36 (KHTML, like Gecko) Chrome/103.0.5042.0 Safari/537.36"
217.147.172.96 - - [21/Mar/2026:14:27:43 -0700] "GET /blog/page/3/ HTTP/1.0" 200 66894 "http://www.drug-injury-lawyer.com/blog/page/3/" "Mozilla/5.0 (Windows NT 10.0; Win64; x64) AppleWebKit/537.36 (KHTML, like Gecko) Chrome/103.0.5060.134 Safari/537.36"
173.236.217.44 - - [21/Mar/2026:14:27:44 -0700] "POST /wp-cron.php?doing_wp_cron=1774128464.4630889892578125000000 HTTP/1.1" 200 283 "-" "WordPress/6.8.5; https://www.drug-injury-lawyer.com"
107.20.105.74 - - [21/Mar/2026:14:27:54 -0700] "HEAD / HTTP/1.1" 301 197 "-" "DreamHost SiteMonitor 1.0"
107.20.105.74 - - [21/Mar/2026:14:27:54 -0700] "HEAD / HTTP/1.1" 301 385 "http://173.236.217.44" "DreamHost SiteMonitor 1.0"
91.211.90.169 - - [21/Mar/2026:14:28:32 -0700] "GET /blog/page/3/ HTTP/1.0" 200 66894 "http://www.drug-injury-lawyer.com/blog/page/3/" "Mozilla/5.0 (Windows NT 10.0; Win64; x64) AppleWebKit/537.36 (KHTML, like Gecko) Chrome/103.0.5060.66 Safari/537.36"
91.211.90.169 - - [21/Mar/2026:14:28:32 -0700] "GET /blog/page/3/ HTTP/1.0" 200 66894 "http://www.drug-injury-lawyer.com/blog/page/3/" "Mozilla/5.0 (Windows NT 6.3; Win64; x64) AppleWebKit/537.36 (KHTML, like Gecko) Chrome/103.0.5060.53 Safari/537.36"
173.236.217.44 - - [21/Mar/2026:14:28:32 -0700] "POST /wp-cron.php?doing_wp_cron=1774128512.8724310398101806640625 HTTP/1.1" 200 283 "-" "WordPress/6.8.5; https://www.drug-injury-lawyer.com"
91.211.90.117 - - [21/Mar/2026:14:28:42 -0700] "GET /blog/page/3/ HTTP/1.0" 200 66894 "http://www.drug-injury-lawyer.com/blog/page/3/" "Mozilla/5.0 (Windows NT 10.0; Win64; x64) AppleWebKit/537.36 (KHTML, like Gecko) Chrome/103.0.5060.114 Safari/537.36"
91.211.90.244 - - [21/Mar/2026:14:30:54 -0700] "GET /blog/page/3/ HTTP/1.0" 200 66894 "http://www.drug-injury-lawyer.com/blog/page/3/" "Mozilla/5.0 (Windows NT 6.3; Win64; x64) AppleWebKit/537.36 (KHTML, like Gecko) Chrome/103.0.5060.66 Safari/537.36"
91.211.90.244 - - [21/Mar/2026:14:30:54 -0700] "GET /blog/page/3/ HTTP/1.0" 200 66894 "http://www.drug-injury-lawyer.com/blog/page/3/" "Mozilla/5.0 (Windows NT 10.0; Win64; x64) AppleWebKit/537.36 (KHTML, like Gecko) Chrome/103.0.0.0 Safari/537.36"
173.236.217.44 - - [21/Mar/2026:14:30:55 -0700] "POST /wp-cron.php?doing_wp_cron=1774128655.2040851116180419921875 HTTP/1.1" 200 283 "-" "WordPress/6.8.5; https://www.drug-injury-lawyer.com"
185.237.106.243 - - [21/Mar/2026:14:31:50 -0700] "GET /blog/page/3/ HTTP/1.0" 200 66894 "http://www.drug-injury-lawyer.com/blog/page/3/" "Mozilla/5.0 (Windows NT 6.1) AppleWebKit/537.36 (KHTML, like Gecko) Chrome/103.0.0.0 Safari/537.36"
185.237.106.243 - - [21/Mar/2026:14:31:50 -0700] "GET /blog/page/3/ HTTP/1.0" 200 66894 "http://www.drug-injury-lawyer.com/blog/page/3/" "Mozilla/5.0 (Windows NT 6.3) AppleWebKit/537.36 (KHTML, like Gecko) Chrome/103.0.0.0 Safari/537.36"
107.20.105.74 - - [21/Mar/2026:14:32:54 -0700] "HEAD / HTTP/1.1" 301 197 "-" "DreamHost SiteMonitor 1.0"
107.20.105.74 - - [21/Mar/2026:14:32:54 -0700] "HEAD / HTTP/1.1" 301 385 "http://173.236.217.44" "DreamHost SiteMonitor 1.0"
217.147.172.11 - - [21/Mar/2026:14:35:22 -0700] "GET /blog/page/3/ HTTP/1.0" 200 66894 "http://www.drug-injury-lawyer.com/blog/page/3/" "Mozilla/5.0 (Windows NT 10.0; Win64; x64) AppleWebKit/537.36 (KHTML, like Gecko) Chrome/103.0.5060.66 Safari/537.36"
217.147.172.11 - - [21/Mar/2026:14:35:22 -0700] "GET /blog/page/3/ HTTP/1.0" 200 66894 "http://www.drug-injury-lawyer.com/blog/page/3/" "Mozilla/5.0 (Windows NT 6.1; WOW64) AppleWebKit/537.36 (KHTML, like Gecko) Chrome/103.0.0.0 Safari/537.36"
91.211.90.186 - - [21/Mar/2026:14:36:13 -0700] "GET /blog/page/3/ HTTP/1.0" 200 66894 "http://www.drug-injury-lawyer.com/blog/page/3/" "Mozilla/5.0 (Windows NT 6.1; Win64; x64) AppleWebKit/537.36 (KHTML, like Gecko) Chrome/103.0.5060.66 Safari/537.36"
91.211.90.186 - - [21/Mar/2026:14:36:13 -0700] "GET /blog/page/3/ HTTP/1.0" 200 66894 "http://www.drug-injury-lawyer.com/blog/page/3/" "Mozilla/5.0 (Windows NT 6.1; Win64; x64) AppleWebKit/537.36 (KHTML, like Gecko) Chrome/103.0.5060.66 Safari/537.36"
217.147.172.214 - - [21/Mar/2026:14:36:19 -0700] "GET /blog/page/3/ HTTP/1.0" 200 66894 "http://www.drug-injury-lawyer.com/blog/page/3/" "Mozilla/5.0 (Windows NT 10.0; Win64; x64) AppleWebKit/537.36 (KHTML, like Gecko) Chrome/103.0.5060.114 Safari/537.36"
217.147.172.214 - - [21/Mar/2026:14:36:19 -0700] "GET /blog/page/3/ HTTP/1.0" 200 66894 "http://www.drug-injury-lawyer.com/blog/page/3/" "Mozilla/5.0 (Windows NT 6.1; WOW64) AppleWebKit/537.36 (KHTML, like Gecko) Chrome/103.0.0.0 Safari/537.36"
217.147.172.206 - - [21/Mar/2026:14:36:33 -0700] "GET /blog/page/3/ HTTP/1.0" 200 66894 "http://www.drug-injury-lawyer.com/blog/page/3/" "Mozilla/5.0 (Windows NT 6.1; Win64; x64) AppleWebKit/537.36 (KHTML, like Gecko) Chrome/103.0.5060.114 Safari/537.36"
173.236.217.44 - - [21/Mar/2026:14:36:33 -0700] "POST /wp-cron.php?doing_wp_cron=1774128993.8542890548706054687500 HTTP/1.1" 200 283 "-" "WordPress/6.8.5; https://www.drug-injury-lawyer.com"
66.249.64.1 - - [21/Mar/2026:14:36:42 -0700] "GET /offering/chair67/hq6q0-32776/ HTTP/1.1" 500 3198 "-" "Mozilla/5.0 (Linux; Android 6.0.1; Nexus 5X Build/MMB29P) AppleWebKit/537.36 (KHTML, like Gecko) Chrome/145.0.7632.159 Mobile Safari/537.36 (compatible; Googlebot/2.1; +http://www.google.com/bot.html)"
91.211.90.225 - - [21/Mar/2026:14:36:46 -0700] "GET /blog/page/3/ HTTP/1.0" 200 66894 "http://www.drug-injury-lawyer.com/blog/page/3/" "Mozilla/5.0 (Windows NT 6.1; Win64; x64) AppleWebKit/537.36 (KHTML, like Gecko) Chrome/103.0.5060.66 Safari/537.36"
45.156.158.210 - - [21/Mar/2026:14:36:51 -0700] "GET /blog/page/3/ HTTP/1.0" 200 66894 "http://www.drug-injury-lawyer.com/blog/page/3/" "Mozilla/5.0 (Windows NT 10.0) AppleWebKit/537.36 (KHTML, like Gecko) Chrome/103.0.0.0 Safari/537.36"
45.156.158.83 - - [21/Mar/2026:14:36:52 -0700] "GET /blog/page/3/ HTTP/1.0" 200 66894 "http://www.drug-injury-lawyer.com/blog/page/3/" "Mozilla/5.0 (Windows NT 10.0; Win64; x64) AppleWebKit/537.36 (KHTML, like Gecko) Chrome/103.0.5042.0 Safari/537.36"
45.156.158.210 - - [21/Mar/2026:14:36:52 -0700] "GET /blog/page/3/ HTTP/1.0" 200 66894 "http://www.drug-injury-lawyer.com/blog/page/3/" "Mozilla/5.0 (Windows NT 6.3; Win64; x64) AppleWebKit/537.36 (KHTML, like Gecko) Chrome/103.0.5060.53 Safari/537.36"
45.156.158.83 - - [21/Mar/2026:14:36:53 -0700] "GET /blog/page/3/ HTTP/1.0" 200 66894 "http://www.drug-injury-lawyer.com/blog/page/3/" "Mozilla/5.0 (Windows NT 6.1) AppleWebKit/537.36 (KHTML, like Gecko) Chrome/103.0.5060.114 Safari/537.36"
107.20.105.74 - - [21/Mar/2026:14:37:54 -0700] "HEAD / HTTP/1.1" 301 197 "-" "DreamHost SiteMonitor 1.0"
173.236.217.44 - - [21/Mar/2026:14:37:55 -0700] "POST /wp-cron.php?doing_wp_cron=1774129074.9952280521392822265625 HTTP/1.1" 200 283 "-" "WordPress/6.8.5; https://www.drug-injury-lawyer.com"
107.20.105.74 - - [21/Mar/2026:14:37:54 -0700] "HEAD / HTTP/1.1" 301 385 "http://173.236.217.44" "DreamHost SiteMonitor 1.0"
91.211.90.158 - - [21/Mar/2026:14:37:56 -0700] "GET /blog/page/3/ HTTP/1.0" 200 66894 "http://www.drug-injury-lawyer.com/blog/page/3/" "Mozilla/5.0 (Windows NT 6.3; Win64; x64) AppleWebKit/537.36 (KHTML, like Gecko) Chrome/103.0.5060.53 Safari/537.36"
91.211.90.208 - - [21/Mar/2026:14:37:59 -0700] "GET /blog/page/3/ HTTP/1.0" 200 66894 "http://www.drug-injury-lawyer.com/blog/page/3/" "Mozilla/5.0 (Windows NT 6.3; WOW64) AppleWebKit/537.36 (KHTML, like Gecko) Chrome/103.0.5060.114 Safari/537.36"
45.156.158.249 - - [21/Mar/2026:14:39:45 -0700] "GET /blog/page/3/ HTTP/1.0" 200 66894 "http://www.drug-injury-lawyer.com/blog/page/3/" "Mozilla/5.0 (Windows NT 10.0; Win64; x64) AppleWebKit/537.36 (KHTML, like Gecko) Chrome/103.0.0.0 Safari/537.36 OpenWave/97.4.2043.44"
173.236.217.44 - - [21/Mar/2026:14:39:46 -0700] "POST /wp-cron.php?doing_wp_cron=1774129186.8271129131317138671875 HTTP/1.1" 200 283 "-" "WordPress/6.8.5; https://www.drug-injury-lawyer.com"
45.156.158.249 - - [21/Mar/2026:14:39:45 -0700] "GET /blog/page/3/ HTTP/1.0" 200 66894 "http://www.drug-injury-lawyer.com/blog/page/3/" "Mozilla/5.0 (Windows NT 10.0; Win64; x64) AppleWebKit/537.36 (KHTML, like Gecko) Chrome/103.0.5060.66 Safari/537.36"
45.156.158.163 - - [21/Mar/2026:14:40:46 -0700] "GET /blog/page/3/ HTTP/1.0" 200 66894 "http://www.drug-injury-lawyer.com/blog/page/3/" "Mozilla/5.0 (Windows NT 6.1; Win64; x64) AppleWebKit/537.36 (KHTML, like Gecko) Chrome/103.0.5060.114 Safari/537.36"
45.156.158.163 - - [21/Mar/2026:14:40:46 -0700] "GET /blog/page/3/ HTTP/1.0" 200 66894 "http://www.drug-injury-lawyer.com/blog/page/3/" "Mozilla/5.0 (Windows NT 6.3; Win64; x64) AppleWebKit/537.36 (KHTML, like Gecko) Chrome/103.0.5060.53 Safari/537.36"
173.236.217.44 - - [21/Mar/2026:14:40:46 -0700] "POST /wp-cron.php?doing_wp_cron=1774129246.2875490188598632812500 HTTP/1.1" 200 283 "-" "WordPress/6.8.5; https://www.drug-injury-lawyer.com"
217.147.172.240 - - [21/Mar/2026:14:40:47 -0700] "GET /blog/page/3/ HTTP/1.0" 200 66894 "http://www.drug-injury-lawyer.com/blog/page/3/" "Mozilla/5.0 (Windows NT 10.0; Win64; x64) AppleWebKit/537.36 (KHTML, like Gecko) Chrome/103.0.0.0 Safari/537.36 OpenWave/97.4.2043.44"
217.147.172.240 - - [21/Mar/2026:14:40:48 -0700] "GET /blog/page/3/ HTTP/1.0" 200 66894 "http://www.drug-injury-lawyer.com/blog/page/3/" "Mozilla/5.0 (Windows NT 6.1) AppleWebKit/537.36 (KHTML, like Gecko) Chrome/103.0.5060.114 Safari/537.36"
114.119.153.242 - - [21/Mar/2026:14:41:23 -0700] "GET /without/again197/j2pcp-37282/ HTTP/1.1" 500 3198 "http://www.drug-injury-lawyer.com/?sitemap133.xml" "Mozilla/5.0 (Linux; Android 7.0;) AppleWebKit/537.36 (KHTML, like Gecko) Mobile Safari/537.36 (compatible; PetalBot;+https://webmaster.petalsearch.com/site/petalbot)"
217.147.172.235 - - [21/Mar/2026:14:41:52 -0700] "GET /blog/page/3/ HTTP/1.0" 200 66894 "http://www.drug-injury-lawyer.com/blog/page/3/" "Mozilla/5.0 (Windows NT 10.0; WOW64) AppleWebKit/537.36 (KHTML, like Gecko) Chrome/103.0.0.0 Safari/537.36"
217.147.172.235 - - [21/Mar/2026:14:41:53 -0700] "GET /blog/page/3/ HTTP/1.0" 200 66894 "http://www.drug-injury-lawyer.com/blog/page/3/" "Mozilla/5.0 (Windows NT 10.0; WOW64) AppleWebKit/537.36 (KHTML, like Gecko) Chrome/103.0.0.0 Safari/537.36"
91.211.90.231 - - [21/Mar/2026:14:41:54 -0700] "GET /blog/page/3/ HTTP/1.0" 200 66894 "http://www.drug-injury-lawyer.com/blog/page/3/" "Mozilla/5.0 (Windows NT 6.1; Win64; x64) AppleWebKit/537.36 (KHTML, like Gecko) Chrome/103.0.0.0 Safari/537.36"
107.20.105.74 - - [21/Mar/2026:14:42:54 -0700] "HEAD / HTTP/1.1" 301 197 "-" "DreamHost SiteMonitor 1.0"
107.20.105.74 - - [21/Mar/2026:14:42:54 -0700] "HEAD / HTTP/1.1" 301 385 "http://173.236.217.44" "DreamHost SiteMonitor 1.0"
173.236.217.44 - - [21/Mar/2026:14:42:55 -0700] "POST /wp-cron.php?doing_wp_cron=1774129375.0043981075286865234375 HTTP/1.1" 200 283 "-" "WordPress/6.8.5; https://www.drug-injury-lawyer.com"
91.211.90.70 - - [21/Mar/2026:14:43:10 -0700] "GET /blog/page/3/ HTTP/1.0" 200 66894 "http://www.drug-injury-lawyer.com/blog/page/3/" "Mozilla/5.0 (Windows NT 6.3; Win64; x64) AppleWebKit/537.36 (KHTML, like Gecko) Chrome/103.0.0.0 Safari/537.36"
91.211.90.69 - - [21/Mar/2026:14:43:10 -0700] "GET /blog/page/3/ HTTP/1.0" 200 66894 "http://www.drug-injury-lawyer.com/blog/page/3/" "Mozilla/5.0 (Windows NT 10.0) AppleWebKit/537.36 (KHTML, like Gecko) Chrome/103.0.0.0 Safari/537.36"
45.156.158.223 - - [21/Mar/2026:14:45:38 -0700] "GET /blog/page/3/ HTTP/1.0" 200 66894 "http://www.drug-injury-lawyer.com/blog/page/3/" "Mozilla/5.0 (Windows NT 6.1; Win64; x64) AppleWebKit/537.36 (KHTML, like Gecko) Chrome/103.0.5060.114 Safari/537.36"
45.156.158.223 - - [21/Mar/2026:14:45:38 -0700] "GET /blog/page/3/ HTTP/1.0" 200 66894 "http://www.drug-injury-lawyer.com/blog/page/3/" "Mozilla/5.0 (Windows NT 10.0; Win64; x64) AppleWebKit/537.36 (KHTML, like Gecko) Chrome/103.0.5060.134 Safari/537.36"
173.236.217.44 - - [21/Mar/2026:14:45:40 -0700] "POST /wp-cron.php?doing_wp_cron=1774129540.1981770992279052734375 HTTP/1.1" 200 283 "-" "WordPress/6.8.5; https://www.drug-injury-lawyer.com"
103.162.106.143 - - [21/Mar/2026:14:46:32 -0700] "GET /wp-json/wp/v2/posts HTTP/1.1" 301 479 "-" "Mozilla/5.0 (Windows NT 10.0; Win64; x64) AppleWebKit/537.36 (KHTML, like Gecko) Chrome/120.0.0.0 Safari/537.36"
173.236.217.44 - - [21/Mar/2026:14:46:46 -0700] "POST /wp-cron.php?doing_wp_cron=1774129606.2855489253997802734375 HTTP/1.1" 200 283 "-" "WordPress/6.8.5; https://www.drug-injury-lawyer.com"
91.211.90.206 - - [21/Mar/2026:14:46:46 -0700] "GET /blog/page/3/ HTTP/1.0" 200 66894 "http://www.drug-injury-lawyer.com/blog/page/3/" "Mozilla/5.0 (Windows NT 6.1; Win64; x64) AppleWebKit/537.36 (KHTML, like Gecko) Chrome/103.0.5060.114 Safari/537.36"
107.20.105.74 - - [21/Mar/2026:14:47:54 -0700] "HEAD / HTTP/1.1" 301 197 "-" "DreamHost SiteMonitor 1.0"
107.20.105.74 - - [21/Mar/2026:14:47:54 -0700] "HEAD / HTTP/1.1" 301 385 "http://173.236.217.44" "DreamHost SiteMonitor 1.0"
173.236.217.44 - - [21/Mar/2026:14:47:55 -0700] "POST /wp-cron.php?doing_wp_cron=1774129675.7572050094604492187500 HTTP/1.1" 200 283 "-" "WordPress/6.8.5; https://www.drug-injury-lawyer.com"
45.156.158.225 - - [21/Mar/2026:14:49:00 -0700] "GET /blog/page/3/ HTTP/1.0" 200 66894 "http://www.drug-injury-lawyer.com/blog/page/3/" "Mozilla/5.0 (Windows NT 6.1; Win64; x64) AppleWebKit/537.36 (KHTML, like Gecko) Chrome/103.0.5060.114 Safari/537.36"
173.236.217.44 - - [21/Mar/2026:14:49:00 -0700] "POST /wp-cron.php?doing_wp_cron=1774129740.1850430965423583984375 HTTP/1.1" 200 283 "-" "WordPress/6.8.5; https://www.drug-injury-lawyer.com"
217.147.172.209 - - [21/Mar/2026:14:49:21 -0700] "GET /blog/page/3/ HTTP/1.0" 200 66894 "http://www.drug-injury-lawyer.com/blog/page/3/" "Mozilla/5.0 (Windows NT 6.1; WOW64) AppleWebKit/537.36 (KHTML, like Gecko) Chrome/103.0.0.0 Safari/537.36"
217.147.172.209 - - [21/Mar/2026:14:49:21 -0700] "GET /blog/page/3/ HTTP/1.0" 200 66894 "http://www.drug-injury-lawyer.com/blog/page/3/" "Mozilla/5.0 (Windows NT 10.0; Win64; x64) AppleWebKit/537.36 (KHTML, like Gecko) Chrome/103.0.5060.53 Safari/537.36"
91.211.90.170 - - [21/Mar/2026:14:49:41 -0700] "GET /blog/page/3/ HTTP/1.0" 200 66894 "http://www.drug-injury-lawyer.com/blog/page/3/" "Mozilla/5.0 (Windows NT 6.3; Win64; x64) AppleWebKit/537.36 (KHTML, like Gecko) Chrome/103.0.0.0 Safari/537.36"
91.211.90.170 - - [21/Mar/2026:14:49:41 -0700] "GET /blog/page/3/ HTTP/1.0" 200 66894 "http://www.drug-injury-lawyer.com/blog/page/3/" "Mozilla/5.0 (Windows NT 10.0; Win64; x64) AppleWebKit/537.36 (KHTML, like Gecko) Chrome/103.0.5060.134 Safari/537.36"
91.211.90.117 - - [21/Mar/2026:14:51:19 -0700] "GET /blog/page/3/ HTTP/1.0" 200 66894 "http://www.drug-injury-lawyer.com/blog/page/3/" "Mozilla/5.0 (Windows NT 10.0) AppleWebKit/537.36 (KHTML, like Gecko) Chrome/103.0.0.0 Safari/537.36"
91.211.90.206 - - [21/Mar/2026:14:52:06 -0700] "GET /blog/page/3/ HTTP/1.0" 200 66894 "http://www.drug-injury-lawyer.com/blog/page/3/" "Mozilla/5.0 (Windows NT 6.3; Win64; x64) AppleWebKit/537.36 (KHTML, like Gecko) Chrome/103.0.5060.114 Safari/537.36"
91.211.90.228 - - [21/Mar/2026:14:52:36 -0700] "GET /blog/page/3/ HTTP/1.0" 200 66894 "http://www.drug-injury-lawyer.com/blog/page/3/" "Mozilla/5.0 (Windows NT 10.0; Win64; x64) AppleWebKit/537.36 (KHTML, like Gecko) Chrome/103.0.5060.134 Safari/537.36"
100.49.18.32 - - [21/Mar/2026:14:52:41 -0700] "GET /robots.txt HTTP/1.1" 200 470 "-" "Mozilla/5.0 (Macintosh; Intel Mac OS X 10_10_1) AppleWebKit/600.2.5 (KHTML, like Gecko) Version/8.0.2 Safari/600.2.5 (Gort)"
107.20.105.74 - - [21/Mar/2026:14:52:54 -0700] "HEAD / HTTP/1.1" 301 197 "-" "DreamHost SiteMonitor 1.0"
107.20.105.74 - - [21/Mar/2026:14:52:54 -0700] "HEAD / HTTP/1.1" 301 385 "http://173.236.217.44" "DreamHost SiteMonitor 1.0"
91.211.90.168 - - [21/Mar/2026:14:57:34 -0700] "GET /blog/page/3/ HTTP/1.0" 200 66894 "http://www.drug-injury-lawyer.com/blog/page/3/" "Mozilla/5.0 (Windows NT 10.0; Win64; x64) AppleWebKit/537.36 (KHTML, like Gecko) Chrome/103.0.0.0 Safari/537.36 OpenWave/97.4.2043.44"
91.211.90.168 - - [21/Mar/2026:14:57:34 -0700] "GET /blog/page/3/ HTTP/1.0" 200 66894 "http://www.drug-injury-lawyer.com/blog/page/3/" "Mozilla/5.0 (Windows NT 6.1) AppleWebKit/537.36 (KHTML, like Gecko) Chrome/103.0.5060.114 Safari/537.36"
45.156.158.88 - - [21/Mar/2026:14:57:36 -0700] "GET /blog/page/3/ HTTP/1.0" 200 66894 "http://www.drug-injury-lawyer.com/blog/page/3/" "Mozilla/5.0 (Windows NT 10.0; Win64; x64) AppleWebKit/537.36 (KHTML, like Gecko) Chrome/103.0.5060.134 Safari/537.36"
45.156.158.88 - - [21/Mar/2026:14:57:36 -0700] "GET /blog/page/3/ HTTP/1.0" 200 66894 "http://www.drug-injury-lawyer.com/blog/page/3/" "Mozilla/5.0 (Windows NT 6.1) AppleWebKit/537.36 (KHTML, like Gecko) Chrome/103.0.0.0 Safari/537.36"
173.236.217.44 - - [21/Mar/2026:14:57:35 -0700] "POST /wp-cron.php?doing_wp_cron=1774130255.7213189601898193359375 HTTP/1.1" 200 283 "-" "WordPress/6.8.5; https://www.drug-injury-lawyer.com"
107.20.105.74 - - [21/Mar/2026:14:57:54 -0700] "HEAD / HTTP/1.1" 301 197 "-" "DreamHost SiteMonitor 1.0"
107.20.105.74 - - [21/Mar/2026:14:57:54 -0700] "HEAD / HTTP/1.1" 301 385 "http://173.236.217.44" "DreamHost SiteMonitor 1.0"
45.156.158.216 - - [21/Mar/2026:14:58:55 -0700] "GET /blog/page/3/ HTTP/1.0" 200 66894 "http://www.drug-injury-lawyer.com/blog/page/3/" "Mozilla/5.0 (Windows NT 6.1; Win64; x64) AppleWebKit/537.36 (KHTML, like Gecko) Chrome/103.0.5060.66 Safari/537.36"
45.156.158.75 - - [21/Mar/2026:14:58:55 -0700] "GET /blog/page/3/ HTTP/1.0" 200 66894 "http://www.drug-injury-lawyer.com/blog/page/3/" "Mozilla/5.0 (Windows NT 10.0; Win64; x64) AppleWebKit/537.36 (KHTML, like Gecko) Chrome/103.0.0.0 Safari/537.36 OpenWave/97.4.2043.44"
91.211.90.207 - - [21/Mar/2026:14:59:09 -0700] "GET /blog/page/3/ HTTP/1.0" 200 66894 "http://www.drug-injury-lawyer.com/blog/page/3/" "Mozilla/5.0 (Windows NT 6.1; WOW64) AppleWebKit/537.36 (KHTML, like Gecko) Chrome/103.0.0.0 Safari/537.36"
91.211.90.207 - - [21/Mar/2026:14:59:09 -0700] "GET /blog/page/3/ HTTP/1.0" 200 66894 "http://www.drug-injury-lawyer.com/blog/page/3/" "Mozilla/5.0 (Windows NT 6.1; Win64; x64) AppleWebKit/537.36 (KHTML, like Gecko) Chrome/103.0.5060.114 Safari/537.36"
173.236.217.44 - - [21/Mar/2026:14:59:34 -0700] "POST /wp-cron.php?doing_wp_cron=1774130374.8428111076354980468750 HTTP/1.1" 200 283 "-" "WordPress/6.8.5; https://www.drug-injury-lawyer.com"
91.211.90.228 - - [21/Mar/2026:14:59:34 -0700] "GET /blog/page/3/ HTTP/1.0" 200 66894 "http://www.drug-injury-lawyer.com/blog/page/3/" "Mozilla/5.0 (Windows NT 10.0; WOW64) AppleWebKit/537.36 (KHTML, like Gecko) Chrome/103.0.0.0 Safari/537.36"
107.20.105.74 - - [21/Mar/2026:15:02:54 -0700] "HEAD / HTTP/1.1" 301 197 "-" "DreamHost SiteMonitor 1.0"
107.20.105.74 - - [21/Mar/2026:15:02:54 -0700] "HEAD / HTTP/1.1" 301 385 "http://173.236.217.44" "DreamHost SiteMonitor 1.0"
107.20.105.74 - - [21/Mar/2026:15:07:54 -0700] "HEAD / HTTP/1.1" 301 197 "-" "DreamHost SiteMonitor 1.0"
107.20.105.74 - - [21/Mar/2026:15:07:54 -0700] "HEAD / HTTP/1.1" 301 385 "http://173.236.217.44" "DreamHost SiteMonitor 1.0"
173.236.217.44 - - [21/Mar/2026:15:07:55 -0700] "POST /wp-cron.php?doing_wp_cron=1774130875.8426210880279541015625 HTTP/1.1" 200 283 "-" "WordPress/6.8.5; https://www.drug-injury-lawyer.com"
114.119.159.33 - - [21/Mar/2026:15:11:15 -0700] "GET /within/nail288/g0vku-32821/ HTTP/1.1" 500 3198 "http://www.drug-injury-lawyer.com/?sitemap173.xml" "Mozilla/5.0 (Linux; Android 7.0;) AppleWebKit/537.36 (KHTML, like Gecko) Mobile Safari/537.36 (compatible; PetalBot;+https://webmaster.petalsearch.com/site/petalbot)"
107.20.105.74 - - [21/Mar/2026:15:12:54 -0700] "HEAD / HTTP/1.1" 301 197 "-" "DreamHost SiteMonitor 1.0"
107.20.105.74 - - [21/Mar/2026:15:12:54 -0700] "HEAD / HTTP/1.1" 301 385 "http://173.236.217.44" "DreamHost SiteMonitor 1.0"
45.156.158.75 - - [21/Mar/2026:15:13:14 -0700] "GET /blog/page/3/ HTTP/1.0" 200 66894 "http://www.drug-injury-lawyer.com/blog/page/3/" "Mozilla/5.0 (Windows NT 6.3; Win64; x64) AppleWebKit/537.36 (KHTML, like Gecko) Chrome/103.0.5060.114 Safari/537.36"
45.156.158.216 - - [21/Mar/2026:15:13:22 -0700] "GET /blog/page/3/ HTTP/1.0" 200 66894 "http://www.drug-injury-lawyer.com/blog/page/3/" "Mozilla/5.0 (Windows NT 6.1; Win64; x64) AppleWebKit/537.36 (KHTML, like Gecko) Chrome/103.0.0.0 Safari/537.36"
91.211.90.240 - - [21/Mar/2026:15:13:22 -0700] "GET /blog/page/3/ HTTP/1.0" 200 66894 "http://www.drug-injury-lawyer.com/blog/page/3/" "Mozilla/5.0 (Windows NT 6.1; Win64; x64) AppleWebKit/537.36 (KHTML, like Gecko) Chrome/103.0.5060.114 Safari/537.36"
91.211.90.99 - - [21/Mar/2026:15:13:33 -0700] "GET /blog/page/3/ HTTP/1.0" 200 66894 "http://www.drug-injury-lawyer.com/blog/page/3/" "Mozilla/5.0 (Windows NT 10.0; Win64; x64) AppleWebKit/537.36 (KHTML, like Gecko) Chrome/103.0.5060.66 Safari/537.36"
173.236.217.44 - - [21/Mar/2026:15:13:33 -0700] "POST /wp-cron.php?doing_wp_cron=1774131213.4424600601196289062500 HTTP/1.1" 200 283 "-" "WordPress/6.8.5; https://www.drug-injury-lawyer.com"
91.211.90.99 - - [21/Mar/2026:15:13:33 -0700] "GET /blog/page/3/ HTTP/1.0" 200 66894 "http://www.drug-injury-lawyer.com/blog/page/3/" "Mozilla/5.0 (Windows NT 10.0; Win64; x64) AppleWebKit/537.36 (KHTML, like Gecko) Chrome/103.0.5060.66 Safari/537.36"
91.211.90.69 - - [21/Mar/2026:15:13:47 -0700] "GET /blog/page/3/ HTTP/1.0" 200 66894 "http://www.drug-injury-lawyer.com/blog/page/3/" "Mozilla/5.0 (Windows NT 10.0; Win64; x64) AppleWebKit/537.36 (KHTML, like Gecko) Chrome/103.0.5060.134 Safari/537.36"
91.211.90.164 - - [21/Mar/2026:15:13:47 -0700] "GET /blog/page/3/ HTTP/1.0" 200 66894 "http://www.drug-injury-lawyer.com/blog/page/3/" "Mozilla/5.0 (Windows NT 10.0; Win64; x64) AppleWebKit/537.36 (KHTML, like Gecko) Chrome/103.0.5060.53 Safari/537.36"
91.211.90.164 - - [21/Mar/2026:15:13:47 -0700] "GET /blog/page/3/ HTTP/1.0" 200 66894 "http://www.drug-injury-lawyer.com/blog/page/3/" "Mozilla/5.0 (Windows NT 6.3; Win64; x64) AppleWebKit/537.36 (KHTML, like Gecko) Chrome/103.0.5060.53 Safari/537.36"
91.211.90.70 - - [21/Mar/2026:15:13:49 -0700] "GET /blog/page/3/ HTTP/1.0" 200 66894 "http://www.drug-injury-lawyer.com/blog/page/3/" "Mozilla/5.0 (Windows NT 10.0; Win64; x64) AppleWebKit/537.36 (KHTML, like Gecko) Chrome/103.0.0.0 Safari/537.36"
91.211.90.247 - - [21/Mar/2026:15:13:51 -0700] "GET /blog/page/3/ HTTP/1.0" 200 66894 "http://www.drug-injury-lawyer.com/blog/page/3/" "Mozilla/5.0 (Windows NT 10.0; Win64; x64) AppleWebKit/537.36 (KHTML, like Gecko) Chrome/103.0.5060.134 Safari/537.36"
162.62.231.139 - - [21/Mar/2026:15:17:01 -0700] "GET / HTTP/1.1" 301 460 "-" "Mozilla/5.0 (iPhone; CPU iPhone OS 13_2_3 like Mac OS X) AppleWebKit/605.1.15 (KHTML, like Gecko) Version/13.0.3 Mobile/15E148 Safari/604.1"
162.62.231.139 - - [21/Mar/2026:15:17:02 -0700] "GET / HTTP/1.1" 301 404 "http://drug-injury-lawyer.com" "Mozilla/5.0 (iPhone; CPU iPhone OS 13_2_3 like Mac OS X) AppleWebKit/605.1.15 (KHTML, like Gecko) Version/13.0.3 Mobile/15E148 Safari/604.1"
107.20.105.74 - - [21/Mar/2026:15:17:54 -0700] "HEAD / HTTP/1.1" 301 197 "-" "DreamHost SiteMonitor 1.0"
107.20.105.74 - - [21/Mar/2026:15:17:54 -0700] "HEAD / HTTP/1.1" 301 385 "http://173.236.217.44" "DreamHost SiteMonitor 1.0"
107.20.105.74 - - [21/Mar/2026:15:22:54 -0700] "HEAD / HTTP/1.1" 301 197 "-" "DreamHost SiteMonitor 1.0"
107.20.105.74 - - [21/Mar/2026:15:22:54 -0700] "HEAD / HTTP/1.1" 301 385 "http://173.236.217.44" "DreamHost SiteMonitor 1.0"
91.211.90.88 - - [21/Mar/2026:15:25:04 -0700] "GET /blog/page/3/ HTTP/1.0" 200 66894 "http://www.drug-injury-lawyer.com/blog/page/3/" "Mozilla/5.0 (Windows NT 10.0; Win64; x64) AppleWebKit/537.36 (KHTML, like Gecko) Chrome/103.0.0.0 Safari/537.36"
91.211.90.227 - - [21/Mar/2026:15:25:05 -0700] "GET /blog/page/3/ HTTP/1.0" 200 66894 "http://www.drug-injury-lawyer.com/blog/page/3/" "Mozilla/5.0 (Windows NT 10.0; Win64; x64) AppleWebKit/537.36 (KHTML, like Gecko) Chrome/103.0.0.0 Safari/537.36 Herring/95.1.8810.11"
91.211.90.88 - - [21/Mar/2026:15:25:05 -0700] "GET /blog/page/3/ HTTP/1.0" 200 66894 "http://www.drug-injury-lawyer.com/blog/page/3/" "Mozilla/5.0 (Windows NT 10.0; Win64; x64) AppleWebKit/537.36 (KHTML, like Gecko) Chrome/103.0.5042.0 Safari/537.36"
91.211.90.225 - - [21/Mar/2026:15:25:05 -0700] "GET /blog/page/3/ HTTP/1.0" 200 66894 "http://www.drug-injury-lawyer.com/blog/page/3/" "Mozilla/5.0 (Windows NT 6.3; Win64; x64) AppleWebKit/537.36 (KHTML, like Gecko) Chrome/103.0.0.0 Safari/537.36"
173.236.217.44 - - [21/Mar/2026:15:25:42 -0700] "POST /wp-cron.php?doing_wp_cron=1774131942.6677980422973632812500 HTTP/1.1" 200 283 "-" "WordPress/6.8.5; https://www.drug-injury-lawyer.com"
91.211.90.208 - - [21/Mar/2026:15:25:42 -0700] "GET /blog/page/3/ HTTP/1.0" 200 66894 "http://www.drug-injury-lawyer.com/blog/page/3/" "Mozilla/5.0 (Windows NT 6.1; Win64; x64) AppleWebKit/537.36 (KHTML, like Gecko) Chrome/103.0.5060.66 Safari/537.36"
107.20.105.74 - - [21/Mar/2026:15:27:54 -0700] "HEAD / HTTP/1.1" 301 197 "-" "DreamHost SiteMonitor 1.0"
107.20.105.74 - - [21/Mar/2026:15:27:54 -0700] "HEAD / HTTP/1.1" 301 385 "http://173.236.217.44" "DreamHost SiteMonitor 1.0"
173.236.217.44 - - [21/Mar/2026:15:27:56 -0700] "POST /wp-cron.php?doing_wp_cron=1774132076.0140159130096435546875 HTTP/1.1" 200 283 "-" "WordPress/6.8.5; https://www.drug-injury-lawyer.com"
216.73.216.189 - - [21/Mar/2026:15:30:09 -0700] "GET /robots.txt HTTP/1.1" 200 507 "-" "Mozilla/5.0 AppleWebKit/537.36 (KHTML, like Gecko; compatible; ClaudeBot/1.0; +claudebot@anthropic.com)"
216.73.216.189 - - [21/Mar/2026:15:30:09 -0700] "GET /sitemap.xml HTTP/1.1" 200 773 "-" "Mozilla/5.0 AppleWebKit/537.36 (KHTML, like Gecko; compatible; ClaudeBot/1.0; +claudebot@anthropic.com)"
91.211.90.113 - - [21/Mar/2026:15:31:08 -0700] "GET /blog/page/3/ HTTP/1.0" 200 66894 "http://www.drug-injury-lawyer.com/blog/page/3/" "Mozilla/5.0 (Windows NT 6.1; Win64; x64) AppleWebKit/537.36 (KHTML, like Gecko) Chrome/103.0.0.0 Safari/537.36"
91.211.90.113 - - [21/Mar/2026:15:31:09 -0700] "GET /blog/page/3/ HTTP/1.0" 200 66894 "http://www.drug-injury-lawyer.com/blog/page/3/" "Mozilla/5.0 (Windows NT 6.1; Win64; x64) AppleWebKit/537.36 (KHTML, like Gecko) Chrome/103.0.0.0 Safari/537.36"
217.147.172.82 - - [21/Mar/2026:15:31:55 -0700] "GET /blog/page/3/ HTTP/1.0" 200 66894 "http://www.drug-injury-lawyer.com/blog/page/3/" "Mozilla/5.0 (Windows NT 6.1; Win64; x64) AppleWebKit/537.36 (KHTML, like Gecko) Chrome/103.0.5060.66 Safari/537.36"
217.147.172.82 - - [21/Mar/2026:15:31:55 -0700] "GET /blog/page/3/ HTTP/1.0" 200 66894 "http://www.drug-injury-lawyer.com/blog/page/3/" "Mozilla/5.0 (Windows NT 6.1) AppleWebKit/537.36 (KHTML, like Gecko) Chrome/103.0.0.0 Safari/537.36"
91.211.90.240 - - [21/Mar/2026:15:32:29 -0700] "GET /blog/page/3/ HTTP/1.0" 200 66894 "http://www.drug-injury-lawyer.com/blog/page/3/" "Mozilla/5.0 (Windows NT 6.3; WOW64) AppleWebKit/537.36 (KHTML, like Gecko) Chrome/103.0.5060.114 Safari/537.36"
217.147.172.67 - - [21/Mar/2026:15:32:29 -0700] "GET /blog/page/3/ HTTP/1.0" 200 66894 "http://www.drug-injury-lawyer.com/blog/page/3/" "Mozilla/5.0 (Windows NT 10.0; WOW64) AppleWebKit/537.36 (KHTML, like Gecko) Chrome/103.0.5060.114 Safari/537.36"
173.236.217.44 - - [21/Mar/2026:15:32:29 -0700] "POST /wp-cron.php?doing_wp_cron=1774132349.7117369174957275390625 HTTP/1.1" 200 283 "-" "WordPress/6.8.5; https://www.drug-injury-lawyer.com"
91.211.90.231 - - [21/Mar/2026:15:32:33 -0700] "GET /blog/page/3/ HTTP/1.0" 200 66894 "http://www.drug-injury-lawyer.com/blog/page/3/" "Mozilla/5.0 (Windows NT 10.0; WOW64) AppleWebKit/537.36 (KHTML, like Gecko) Chrome/103.0.0.0 Safari/537.36"
217.147.172.96 - - [21/Mar/2026:15:32:50 -0700] "GET /blog/page/3/ HTTP/1.0" 200 66894 "http://www.drug-injury-lawyer.com/blog/page/3/" "Mozilla/5.0 (Windows NT 10.0; Win64; x64) AppleWebKit/537.36 (KHTML, like Gecko) Chrome/103.0.5060.66 Safari/537.36"
217.147.172.96 - - [21/Mar/2026:15:32:50 -0700] "GET /blog/page/3/ HTTP/1.0" 200 66894 "http://www.drug-injury-lawyer.com/blog/page/3/" "Mozilla/5.0 (Windows NT 6.1; WOW64) AppleWebKit/537.36 (KHTML, like Gecko) Chrome/103.0.0.0 Safari/537.36"
173.236.217.44 - - [21/Mar/2026:15:32:50 -0700] "POST /wp-cron.php?doing_wp_cron=1774132370.4720180034637451171875 HTTP/1.1" 200 283 "-" "WordPress/6.8.5; https://www.drug-injury-lawyer.com"
173.236.217.44 - - [21/Mar/2026:15:32:50 -0700] "POST /wp-cron.php?doing_wp_cron=1774132370.4719219207763671875000 HTTP/1.1" 200 283 "-" "WordPress/6.8.5; https://www.drug-injury-lawyer.com"
107.20.105.74 - - [21/Mar/2026:15:32:54 -0700] "HEAD / HTTP/1.1" 301 197 "-" "DreamHost SiteMonitor 1.0"
107.20.105.74 - - [21/Mar/2026:15:32:54 -0700] "HEAD / HTTP/1.1" 301 385 "http://173.236.217.44" "DreamHost SiteMonitor 1.0"
91.211.90.179 - - [21/Mar/2026:15:33:02 -0700] "GET /blog/page/3/ HTTP/1.0" 200 66894 "http://www.drug-injury-lawyer.com/blog/page/3/" "Mozilla/5.0 (Windows NT 6.3; Win64; x64) AppleWebKit/537.36 (KHTML, like Gecko) Chrome/103.0.0.0 Safari/537.36"
91.211.90.179 - - [21/Mar/2026:15:33:02 -0700] "GET /blog/page/3/ HTTP/1.0" 200 66894 "http://www.drug-injury-lawyer.com/blog/page/3/" "Mozilla/5.0 (Windows NT 6.1) AppleWebKit/537.36 (KHTML, like Gecko) Chrome/103.0.5060.114 Safari/537.36"
91.211.90.244 - - [21/Mar/2026:15:33:42 -0700] "GET /blog/page/3/ HTTP/1.0" 200 66894 "http://www.drug-injury-lawyer.com/blog/page/3/" "Mozilla/5.0 (Windows NT 6.3; Win64; x64) AppleWebKit/537.36 (KHTML, like Gecko) Chrome/103.0.5060.114 Safari/537.36"
173.236.217.44 - - [21/Mar/2026:15:33:42 -0700] "POST /wp-cron.php?doing_wp_cron=1774132422.3442039489746093750000 HTTP/1.1" 200 283 "-" "WordPress/6.8.5; https://www.drug-injury-lawyer.com"
91.211.90.244 - - [21/Mar/2026:15:33:42 -0700] "GET /blog/page/3/ HTTP/1.0" 200 66894 "http://www.drug-injury-lawyer.com/blog/page/3/" "Mozilla/5.0 (Windows NT 6.2; Win64; x64) AppleWebKit/537.36 (KHTML, like Gecko) Chrome/103.0.0.0 Safari/537.36"
217.147.172.67 - - [21/Mar/2026:15:33:44 -0700] "GET /blog/page/3/ HTTP/1.0" 200 66894 "http://www.drug-injury-lawyer.com/blog/page/3/" "Mozilla/5.0 (Windows NT 6.3) AppleWebKit/537.36 (KHTML, like Gecko) Chrome/103.0.0.0 Safari/537.36"
91.211.90.158 - - [21/Mar/2026:15:33:56 -0700] "GET /blog/page/3/ HTTP/1.0" 200 66894 "http://www.drug-injury-lawyer.com/blog/page/3/" "Mozilla/5.0 (Windows NT 6.1; Win64; x64) AppleWebKit/537.36 (KHTML, like Gecko) Chrome/103.0.0.0 Safari/537.36"
185.237.106.243 - - [21/Mar/2026:15:36:55 -0700] "GET /blog/page/3/ HTTP/1.0" 200 66894 "http://www.drug-injury-lawyer.com/blog/page/3/" "Mozilla/5.0 (Windows NT 6.3; Win64; x64) AppleWebKit/537.36 (KHTML, like Gecko) Chrome/103.0.5060.53 Safari/537.36"
185.237.106.243 - - [21/Mar/2026:15:36:55 -0700] "GET /blog/page/3/ HTTP/1.0" 200 66894 "http://www.drug-injury-lawyer.com/blog/page/3/" "Mozilla/5.0 (Windows NT 10.0; Win64; x64) AppleWebKit/537.36 (KHTML, like Gecko) Chrome/103.0.5042.0 Safari/537.36"
2.59.221.46 - - [21/Mar/2026:15:36:57 -0700] "GET /blog/page/3/ HTTP/1.0" 200 66894 "http://www.drug-injury-lawyer.com/blog/page/3/" "Mozilla/5.0 (Windows NT 10.0; Win64; x64) AppleWebKit/537.36 (KHTML, like Gecko) Chrome/103.0.5060.66 Safari/537.36"
2.59.221.46 - - [21/Mar/2026:15:36:57 -0700] "GET /blog/page/3/ HTTP/1.0" 200 66894 "http://www.drug-injury-lawyer.com/blog/page/3/" "Mozilla/5.0 (Windows NT 10.0; Win64; x64) AppleWebKit/537.36 (KHTML, like Gecko) Chrome/103.0.5060.134 Safari/537.36"
91.211.90.169 - - [21/Mar/2026:15:37:20 -0700] "GET /blog/page/3/ HTTP/1.0" 200 66894 "http://www.drug-injury-lawyer.com/blog/page/3/" "Mozilla/5.0 (Windows NT 6.3) AppleWebKit/537.36 (KHTML, like Gecko) Chrome/103.0.0.0 Safari/537.36"
91.211.90.169 - - [21/Mar/2026:15:37:21 -0700] "GET /blog/page/3/ HTTP/1.0" 200 66894 "http://www.drug-injury-lawyer.com/blog/page/3/" "Mozilla/5.0 (Windows NT 6.1) AppleWebKit/537.36 (KHTML, like Gecko) Chrome/103.0.5060.114 Safari/537.36"
107.20.105.74 - - [21/Mar/2026:15:37:54 -0700] "HEAD / HTTP/1.1" 301 197 "-" "DreamHost SiteMonitor 1.0"
107.20.105.74 - - [21/Mar/2026:15:37:54 -0700] "HEAD / HTTP/1.1" 301 385 "http://173.236.217.44" "DreamHost SiteMonitor 1.0"
216.73.216.189 - - [21/Mar/2026:15:39:09 -0700] "GET /robots.txt HTTP/1.1" 301 517 "-" "Mozilla/5.0 AppleWebKit/537.36 (KHTML, like Gecko; compatible; ClaudeBot/1.0; +claudebot@anthropic.com)"
216.73.216.189 - - [21/Mar/2026:15:39:10 -0700] "GET /robots.txt HTTP/1.1" 200 507 "http://drug-injury-lawyer.com/robots.txt" "Mozilla/5.0 AppleWebKit/537.36 (KHTML, like Gecko; compatible; ClaudeBot/1.0; +claudebot@anthropic.com)"
216.73.216.189 - - [21/Mar/2026:15:39:10 -0700] "GET /sitemap.xml HTTP/1.1" 301 518 "-" "Mozilla/5.0 AppleWebKit/537.36 (KHTML, like Gecko; compatible; ClaudeBot/1.0; +claudebot@anthropic.com)"
216.73.216.189 - - [21/Mar/2026:15:39:10 -0700] "GET /sitemap.xml HTTP/1.1" 200 773 "http://drug-injury-lawyer.com/sitemap.xml" "Mozilla/5.0 AppleWebKit/537.36 (KHTML, like Gecko; compatible; ClaudeBot/1.0; +claudebot@anthropic.com)"
45.156.158.210 - - [21/Mar/2026:15:40:25 -0700] "GET /blog/page/3/ HTTP/1.0" 200 66894 "http://www.drug-injury-lawyer.com/blog/page/3/" "Mozilla/5.0 (Windows NT 6.1; Win64; x64) AppleWebKit/537.36 (KHTML, like Gecko) Chrome/103.0.5060.114 Safari/537.36"
45.156.158.210 - - [21/Mar/2026:15:40:25 -0700] "GET /blog/page/3/ HTTP/1.0" 200 66894 "http://www.drug-injury-lawyer.com/blog/page/3/" "Mozilla/5.0 (Windows NT 6.1; Win64; x64) AppleWebKit/537.36 (KHTML, like Gecko) Chrome/103.0.5060.66 Safari/537.36"
217.147.172.11 - - [21/Mar/2026:15:40:37 -0700] "GET /blog/page/3/ HTTP/1.0" 200 66894 "http://www.drug-injury-lawyer.com/blog/page/3/" "Mozilla/5.0 (Windows NT 6.1; Win64; x64) AppleWebKit/537.36 (KHTML, like Gecko) Chrome/103.0.0.0 Safari/537.36"
