91.211.90.247 - - [21/Mar/2026:07:15:20 -0700] "GET /blog/page/3/ HTTP/1.0" 200 66894 "http://www.drug-injury-lawyer.com/blog/page/3/" "Mozilla/5.0 (Windows NT 6.1; Win64; x64) AppleWebKit/537.36 (KHTML, like Gecko) Chrome/103.0.0.0 Safari/537.36"
91.211.90.179 - - [21/Mar/2026:07:17:19 -0700] "GET /blog/page/3/ HTTP/1.0" 200 66894 "http://www.drug-injury-lawyer.com/blog/page/3/" "Mozilla/5.0 (Windows NT 10.0; Win64; x64) AppleWebKit/537.36 (KHTML, like Gecko) Chrome/103.0.5060.66 Safari/537.36"
91.211.90.179 - - [21/Mar/2026:07:17:19 -0700] "GET /blog/page/3/ HTTP/1.0" 200 66894 "http://www.drug-injury-lawyer.com/blog/page/3/" "Mozilla/5.0 (Windows NT 6.1; Win64; x64) AppleWebKit/537.36 (KHTML, like Gecko) Chrome/103.0.5060.66 Safari/537.36"
173.236.217.44 - - [21/Mar/2026:07:17:20 -0700] "POST /wp-cron.php?doing_wp_cron=1774102640.4572939872741699218750 HTTP/1.1" 200 283 "-" "WordPress/6.8.5; https://www.drug-injury-lawyer.com"
173.236.217.44 - - [21/Mar/2026:07:17:52 -0700] "POST /wp-cron.php?doing_wp_cron=1774102672.0426549911499023437500 HTTP/1.1" 200 283 "-" "WordPress/6.8.5; https://www.drug-injury-lawyer.com"
91.211.90.169 - - [21/Mar/2026:07:17:51 -0700] "GET /blog/page/3/ HTTP/1.0" 200 66894 "http://www.drug-injury-lawyer.com/blog/page/3/" "Mozilla/5.0 (Windows NT 6.3; WOW64) AppleWebKit/537.36 (KHTML, like Gecko) Chrome/103.0.0.0 Safari/537.36"
91.211.90.169 - - [21/Mar/2026:07:17:52 -0700] "GET /blog/page/3/ HTTP/1.0" 200 66894 "http://www.drug-injury-lawyer.com/blog/page/3/" "Mozilla/5.0 (Windows NT 6.1; Win64; x64) AppleWebKit/537.36 (KHTML, like Gecko) Chrome/103.0.0.0 Safari/537.36"
107.20.105.74 - - [21/Mar/2026:07:17:54 -0700] "HEAD / HTTP/1.1" 301 197 "-" "DreamHost SiteMonitor 1.0"
107.20.105.74 - - [21/Mar/2026:07:17:54 -0700] "HEAD / HTTP/1.1" 301 385 "http://173.236.217.44" "DreamHost SiteMonitor 1.0"
173.236.217.44 - - [21/Mar/2026:07:18:31 -0700] "POST /wp-cron.php?doing_wp_cron=1774102711.1096870899200439453125 HTTP/1.1" 200 283 "-" "WordPress/6.8.5; https://www.drug-injury-lawyer.com"
91.211.90.158 - - [21/Mar/2026:07:18:31 -0700] "GET /blog/page/3/ HTTP/1.0" 200 66894 "http://www.drug-injury-lawyer.com/blog/page/3/" "Mozilla/5.0 (Windows NT 10.0; WOW64) AppleWebKit/537.36 (KHTML, like Gecko) Chrome/103.0.5060.114 Safari/537.36"
114.119.157.166 - - [21/Mar/2026:07:21:04 -0700] "GET /year/liberal10/k5ep3-41683/ HTTP/1.1" 500 3198 "http://www.drug-injury-lawyer.com/?sitemap133.xml" "Mozilla/5.0 (Linux; Android 7.0;) AppleWebKit/537.36 (KHTML, like Gecko) Mobile Safari/537.36 (compatible; PetalBot;+https://webmaster.petalsearch.com/site/petalbot)"
173.236.217.44 - - [21/Mar/2026:07:21:05 -0700] "POST /wp-cron.php?doing_wp_cron=1774102865.7572410106658935546875 HTTP/1.1" 200 283 "-" "WordPress/6.8.5; https://www.drug-injury-lawyer.com"
217.147.172.82 - - [21/Mar/2026:07:21:17 -0700] "GET /blog/page/3/ HTTP/1.0" 200 66894 "http://www.drug-injury-lawyer.com/blog/page/3/" "Mozilla/5.0 (Windows NT 10.0; Win64; x64) AppleWebKit/537.36 (KHTML, like Gecko) Chrome/103.0.5042.0 Safari/537.36"
217.147.172.82 - - [21/Mar/2026:07:21:17 -0700] "GET /blog/page/3/ HTTP/1.0" 200 66894 "http://www.drug-injury-lawyer.com/blog/page/3/" "Mozilla/5.0 (Windows NT 10.0; Win64; x64) AppleWebKit/537.36 (KHTML, like Gecko) Chrome/103.0.0.0 Safari/537.36"
91.211.90.88 - - [21/Mar/2026:07:21:25 -0700] "GET /blog/page/3/ HTTP/1.0" 200 66894 "http://www.drug-injury-lawyer.com/blog/page/3/" "Mozilla/5.0 (Windows NT 10.0; WOW64) AppleWebKit/537.36 (KHTML, like Gecko) Chrome/103.0.5060.114 Safari/537.36"
91.211.90.113 - - [21/Mar/2026:07:21:26 -0700] "GET /blog/page/3/ HTTP/1.0" 200 66894 "http://www.drug-injury-lawyer.com/blog/page/3/" "Mozilla/5.0 (Windows NT 6.3; WOW64) AppleWebKit/537.36 (KHTML, like Gecko) Chrome/103.0.0.0 Safari/537.36"
91.211.90.88 - - [21/Mar/2026:07:21:26 -0700] "GET /blog/page/3/ HTTP/1.0" 200 66894 "http://www.drug-injury-lawyer.com/blog/page/3/" "Mozilla/5.0 (Windows NT 6.3; Win64; x64) AppleWebKit/537.36 (KHTML, like Gecko) Chrome/103.0.5060.53 Safari/537.36"
91.211.90.113 - - [21/Mar/2026:07:21:26 -0700] "GET /blog/page/3/ HTTP/1.0" 200 66894 "http://www.drug-injury-lawyer.com/blog/page/3/" "Mozilla/5.0 (Windows NT 6.3; Win64; x64) AppleWebKit/537.36 (KHTML, like Gecko) Chrome/103.0.5060.53 Safari/537.36"
91.211.90.247 - - [21/Mar/2026:07:22:20 -0700] "GET /blog/page/3/ HTTP/1.0" 200 66894 "http://www.drug-injury-lawyer.com/blog/page/3/" "Mozilla/5.0 (Windows NT 10.0) AppleWebKit/537.36 (KHTML, like Gecko) Chrome/103.0.0.0 Safari/537.36"
173.236.217.44 - - [21/Mar/2026:07:22:20 -0700] "POST /wp-cron.php?doing_wp_cron=1774102940.5042500495910644531250 HTTP/1.1" 200 283 "-" "WordPress/6.8.5; https://www.drug-injury-lawyer.com"
107.20.105.74 - - [21/Mar/2026:07:22:54 -0700] "HEAD / HTTP/1.1" 301 197 "-" "DreamHost SiteMonitor 1.0"
107.20.105.74 - - [21/Mar/2026:07:22:54 -0700] "HEAD / HTTP/1.1" 301 385 "http://173.236.217.44" "DreamHost SiteMonitor 1.0"
173.236.217.44 - - [21/Mar/2026:07:22:55 -0700] "POST /wp-cron.php?doing_wp_cron=1774102975.0273349285125732421875 HTTP/1.1" 200 283 "-" "WordPress/6.8.5; https://www.drug-injury-lawyer.com"
91.211.90.208 - - [21/Mar/2026:07:25:14 -0700] "GET /blog/page/3/ HTTP/1.0" 200 66894 "http://www.drug-injury-lawyer.com/blog/page/3/" "Mozilla/5.0 (Windows NT 6.1; WOW64) AppleWebKit/537.36 (KHTML, like Gecko) Chrome/103.0.0.0 Safari/537.36"
173.236.217.44 - - [21/Mar/2026:07:25:14 -0700] "POST /wp-cron.php?doing_wp_cron=1774103114.8831501007080078125000 HTTP/1.1" 200 283 "-" "WordPress/6.8.5; https://www.drug-injury-lawyer.com"
173.236.217.44 - - [21/Mar/2026:07:26:35 -0700] "POST /wp-cron.php?doing_wp_cron=1774103195.5425078868865966796875 HTTP/1.1" 200 283 "-" "WordPress/6.8.5; https://www.drug-injury-lawyer.com"
217.147.172.67 - - [21/Mar/2026:07:26:35 -0700] "GET /blog/page/3/ HTTP/1.0" 200 66894 "http://www.drug-injury-lawyer.com/blog/page/3/" "Mozilla/5.0 (Windows NT 6.3; Win64; x64) AppleWebKit/537.36 (KHTML, like Gecko) Chrome/103.0.5060.53 Safari/537.36"
217.147.172.67 - - [21/Mar/2026:07:26:35 -0700] "GET /blog/page/3/ HTTP/1.0" 200 66894 "http://www.drug-injury-lawyer.com/blog/page/3/" "Mozilla/5.0 (Windows NT 6.1; Win64; x64) AppleWebKit/537.36 (KHTML, like Gecko) Chrome/103.0.5060.114 Safari/537.36"
91.211.90.227 - - [21/Mar/2026:07:27:21 -0700] "GET /blog/page/3/ HTTP/1.0" 200 66894 "http://www.drug-injury-lawyer.com/blog/page/3/" "Mozilla/5.0 (Windows NT 10.0; Win64; x64) AppleWebKit/537.36 (KHTML, like Gecko) Chrome/103.0.5060.66 Safari/537.36"
91.211.90.231 - - [21/Mar/2026:07:27:22 -0700] "GET /blog/page/3/ HTTP/1.0" 200 66894 "http://www.drug-injury-lawyer.com/blog/page/3/" "Mozilla/5.0 (Windows NT 10.0; WOW64) AppleWebKit/537.36 (KHTML, like Gecko) Chrome/103.0.0.0 Safari/537.36"
91.211.90.240 - - [21/Mar/2026:07:27:23 -0700] "GET /blog/page/3/ HTTP/1.0" 200 66894 "http://www.drug-injury-lawyer.com/blog/page/3/" "Mozilla/5.0 (Windows NT 10.0; Win64; x64) AppleWebKit/537.36 (KHTML, like Gecko) Chrome/103.0.0.0 Safari/537.36 OpenWave/97.4.2043.44"
107.20.105.74 - - [21/Mar/2026:07:27:54 -0700] "HEAD / HTTP/1.1" 301 197 "-" "DreamHost SiteMonitor 1.0"
107.20.105.74 - - [21/Mar/2026:07:27:54 -0700] "HEAD / HTTP/1.1" 301 385 "http://173.236.217.44" "DreamHost SiteMonitor 1.0"
173.236.217.44 - - [21/Mar/2026:07:27:55 -0700] "POST /wp-cron.php?doing_wp_cron=1774103274.9895598888397216796875 HTTP/1.1" 200 283 "-" "WordPress/6.8.5; https://www.drug-injury-lawyer.com"
91.211.90.117 - - [21/Mar/2026:07:30:18 -0700] "GET /blog/page/3/ HTTP/1.0" 200 66894 "http://www.drug-injury-lawyer.com/blog/page/3/" "Mozilla/5.0 (Windows NT 6.3; WOW64) AppleWebKit/537.36 (KHTML, like Gecko) Chrome/103.0.5060.114 Safari/537.36"
107.20.105.74 - - [21/Mar/2026:07:32:54 -0700] "HEAD / HTTP/1.1" 301 197 "-" "DreamHost SiteMonitor 1.0"
107.20.105.74 - - [21/Mar/2026:07:32:54 -0700] "HEAD / HTTP/1.1" 301 385 "http://173.236.217.44" "DreamHost SiteMonitor 1.0"
173.236.217.44 - - [21/Mar/2026:07:32:55 -0700] "POST /wp-cron.php?doing_wp_cron=1774103575.7623229026794433593750 HTTP/1.1" 200 283 "-" "WordPress/6.8.5; https://www.drug-injury-lawyer.com"
91.211.90.158 - - [21/Mar/2026:07:33:35 -0700] "GET /blog/page/3/ HTTP/1.0" 200 66894 "http://www.drug-injury-lawyer.com/blog/page/3/" "Mozilla/5.0 (Windows NT 10.0; Win64; x64) AppleWebKit/537.36 (KHTML, like Gecko) Chrome/103.0.5060.114 Safari/537.36"
173.236.217.44 - - [21/Mar/2026:07:33:36 -0700] "POST /wp-cron.php?doing_wp_cron=1774103616.0892939567565917968750 HTTP/1.1" 200 283 "-" "WordPress/6.8.5; https://www.drug-injury-lawyer.com"
107.20.105.74 - - [21/Mar/2026:07:37:54 -0700] "HEAD / HTTP/1.1" 301 197 "-" "DreamHost SiteMonitor 1.0"
107.20.105.74 - - [21/Mar/2026:07:37:54 -0700] "HEAD / HTTP/1.1" 301 385 "http://173.236.217.44" "DreamHost SiteMonitor 1.0"
173.236.217.44 - - [21/Mar/2026:07:37:56 -0700] "POST /wp-cron.php?doing_wp_cron=1774103876.0169250965118408203125 HTTP/1.1" 200 283 "-" "WordPress/6.8.5; https://www.drug-injury-lawyer.com"
43.157.82.252 - - [21/Mar/2026:07:42:01 -0700] "GET / HTTP/1.1" 301 460 "-" "Mozilla/5.0 (iPhone; CPU iPhone OS 13_2_3 like Mac OS X) AppleWebKit/605.1.15 (KHTML, like Gecko) Version/13.0.3 Mobile/15E148 Safari/604.1"
43.157.82.252 - - [21/Mar/2026:07:42:02 -0700] "GET / HTTP/1.1" 301 404 "http://drug-injury-lawyer.com" "Mozilla/5.0 (iPhone; CPU iPhone OS 13_2_3 like Mac OS X) AppleWebKit/605.1.15 (KHTML, like Gecko) Version/13.0.3 Mobile/15E148 Safari/604.1"
173.236.217.44 - - [21/Mar/2026:07:42:03 -0700] "POST /wp-cron.php?doing_wp_cron=1774104123.3379900455474853515625 HTTP/1.1" 200 283 "-" "WordPress/6.8.5; https://www.drug-injury-lawyer.com"
46.151.182.53 - - [21/Mar/2026:07:42:31 -0700] "GET / HTTP/1.1" 301 397 "-" "-"
173.236.217.44 - - [21/Mar/2026:07:42:31 -0700] "POST /wp-cron.php?doing_wp_cron=1774104151.3361089229583740234375 HTTP/1.1" 200 283 "-" "WordPress/6.8.5; https://www.drug-injury-lawyer.com"
46.151.182.53 - - [21/Mar/2026:07:42:33 -0700] "GET /wordpress HTTP/1.1" 500 3176 "-" "-"
46.151.182.53 - - [21/Mar/2026:07:42:33 -0700] "GET /wp-admin/setup-config.php HTTP/1.1" 409 2969 "-" "-"
46.151.182.53 - - [21/Mar/2026:07:42:33 -0700] "GET /wp-admin/install.php HTTP/1.1" 200 1626 "-" "-"
46.151.182.53 - - [21/Mar/2026:07:42:33 -0700] "GET /wp HTTP/1.1" 500 3176 "-" "-"
46.151.182.53 - - [21/Mar/2026:07:42:33 -0700] "GET /blog HTTP/1.1" 301 343 "-" "-"
46.151.182.53 - - [21/Mar/2026:07:42:34 -0700] "GET /blog/ HTTP/1.1" 200 76016 "-" "-"
46.151.182.53 - - [21/Mar/2026:07:42:34 -0700] "GET /new HTTP/1.1" 301 405 "-" "-"
46.151.182.53 - - [21/Mar/2026:07:42:35 -0700] "GET /old HTTP/1.1" 500 3176 "-" "-"
46.151.182.53 - - [21/Mar/2026:07:42:35 -0700] "GET /newsite HTTP/1.1" 500 3198 "-" "-"
46.151.182.53 - - [21/Mar/2026:07:42:35 -0700] "GET /test HTTP/1.1" 500 3198 "-" "-"
46.151.182.53 - - [21/Mar/2026:07:42:36 -0700] "GET /main HTTP/1.1" 500 3198 "-" "-"
46.151.182.53 - - [21/Mar/2026:07:42:36 -0700] "GET /testing HTTP/1.1" 500 3198 "-" "-"
46.151.182.53 - - [21/Mar/2026:07:42:36 -0700] "GET /site HTTP/1.1" 301 391 "-" "-"
46.151.182.53 - - [21/Mar/2026:07:42:37 -0700] "GET /backup HTTP/1.1" 500 3176 "-" "-"
46.151.182.53 - - [21/Mar/2026:07:42:37 -0700] "GET /demo HTTP/1.1" 500 3198 "-" "-"
46.151.182.53 - - [21/Mar/2026:07:42:38 -0700] "GET /home HTTP/1.1" 301 397 "-" "-"
46.151.182.53 - - [21/Mar/2026:07:42:38 -0700] "GET /tmp HTTP/1.1" 500 3176 "-" "-"
173.236.217.44 - - [21/Mar/2026:07:42:39 -0700] "POST /wp-cron.php?doing_wp_cron=1774104159.1114919185638427734375 HTTP/1.1" 200 283 "-" "WordPress/6.8.5; https://www.drug-injury-lawyer.com"
46.151.182.53 - - [21/Mar/2026:07:42:40 -0700] "GET /dev HTTP/1.1" 500 3198 "-" "-"
46.151.182.53 - - [21/Mar/2026:07:42:41 -0700] "GET /cms HTTP/1.1" 500 3198 "-" "-"
46.151.182.53 - - [21/Mar/2026:07:42:41 -0700] "GET /portal HTTP/1.1" 500 3198 "-" "-"
46.151.182.53 - - [21/Mar/2026:07:42:42 -0700] "GET /web HTTP/1.1" 500 3198 "-" "-"
107.20.105.74 - - [21/Mar/2026:07:42:54 -0700] "HEAD / HTTP/1.1" 301 197 "-" "DreamHost SiteMonitor 1.0"
107.20.105.74 - - [21/Mar/2026:07:42:54 -0700] "HEAD / HTTP/1.1" 301 385 "http://173.236.217.44" "DreamHost SiteMonitor 1.0"
217.147.172.96 - - [21/Mar/2026:07:46:04 -0700] "GET /blog/page/3/ HTTP/1.0" 200 66894 "http://www.drug-injury-lawyer.com/blog/page/3/" "Mozilla/5.0 (Windows NT 10.0; WOW64) AppleWebKit/537.36 (KHTML, like Gecko) Chrome/103.0.0.0 Safari/537.36"
217.147.172.96 - - [21/Mar/2026:07:46:05 -0700] "GET /blog/page/3/ HTTP/1.0" 200 66894 "http://www.drug-injury-lawyer.com/blog/page/3/" "Mozilla/5.0 (Windows NT 6.1; Win64; x64) AppleWebKit/537.36 (KHTML, like Gecko) Chrome/103.0.5060.66 Safari/537.36"
217.147.172.11 - - [21/Mar/2026:07:46:46 -0700] "GET /blog/page/3/ HTTP/1.0" 200 66894 "http://www.drug-injury-lawyer.com/blog/page/3/" "Mozilla/5.0 (Windows NT 6.1; Win64; x64) AppleWebKit/537.36 (KHTML, like Gecko) Chrome/103.0.5060.114 Safari/537.36"
173.236.217.44 - - [21/Mar/2026:07:46:46 -0700] "POST /wp-cron.php?doing_wp_cron=1774104406.6756188869476318359375 HTTP/1.1" 200 283 "-" "WordPress/6.8.5; https://www.drug-injury-lawyer.com"
217.147.172.11 - - [21/Mar/2026:07:46:46 -0700] "GET /blog/page/3/ HTTP/1.0" 200 66894 "http://www.drug-injury-lawyer.com/blog/page/3/" "Mozilla/5.0 (Windows NT 6.1; WOW64) AppleWebKit/537.36 (KHTML, like Gecko) Chrome/103.0.0.0 Safari/537.36"
185.237.106.243 - - [21/Mar/2026:07:46:50 -0700] "GET /blog/page/3/ HTTP/1.0" 200 66894 "http://www.drug-injury-lawyer.com/blog/page/3/" "Mozilla/5.0 (Windows NT 6.3; Win64; x64) AppleWebKit/537.36 (KHTML, like Gecko) Chrome/103.0.5060.53 Safari/537.36"
185.237.106.243 - - [21/Mar/2026:07:46:50 -0700] "GET /blog/page/3/ HTTP/1.0" 200 66894 "http://www.drug-injury-lawyer.com/blog/page/3/" "Mozilla/5.0 (Windows NT 10.0; Win64; x64) AppleWebKit/537.36 (KHTML, like Gecko) Chrome/103.0.5060.114 Safari/537.36"
217.147.172.214 - - [21/Mar/2026:07:46:51 -0700] "GET /blog/page/3/ HTTP/1.0" 200 66894 "http://www.drug-injury-lawyer.com/blog/page/3/" "Mozilla/5.0 (Windows NT 6.3; Win64; x64) AppleWebKit/537.36 (KHTML, like Gecko) Chrome/103.0.0.0 Safari/537.36"
217.147.172.214 - - [21/Mar/2026:07:46:51 -0700] "GET /blog/page/3/ HTTP/1.0" 200 66894 "http://www.drug-injury-lawyer.com/blog/page/3/" "Mozilla/5.0 (Windows NT 6.3; Win64; x64) AppleWebKit/537.36 (KHTML, like Gecko) Chrome/103.0.5060.53 Safari/537.36"
223.109.252.169 - - [21/Mar/2026:07:47:02 -0700] "GET / HTTP/1.1" 301 497 "-" "Sogou web spider/4.0(+http://www.sogou.com/docs/help/webmasters.htm#07)"
223.109.252.169 - - [21/Mar/2026:07:47:02 -0700] "GET / HTTP/1.1" 301 418 "-" "Sogou web spider/4.0(+http://www.sogou.com/docs/help/webmasters.htm#07)"
2.59.221.46 - - [21/Mar/2026:07:47:11 -0700] "GET /blog/page/3/ HTTP/1.0" 200 66894 "http://www.drug-injury-lawyer.com/blog/page/3/" "Mozilla/5.0 (Windows NT 6.3; Win64; x64) AppleWebKit/537.36 (KHTML, like Gecko) Chrome/103.0.5060.53 Safari/537.36"
2.59.221.46 - - [21/Mar/2026:07:47:11 -0700] "GET /blog/page/3/ HTTP/1.0" 200 66894 "http://www.drug-injury-lawyer.com/blog/page/3/" "Mozilla/5.0 (Windows NT 6.1; Win64; x64) AppleWebKit/537.36 (KHTML, like Gecko) Chrome/103.0.5060.114 Safari/537.36"
45.156.158.83 - - [21/Mar/2026:07:47:11 -0700] "GET /blog/page/3/ HTTP/1.0" 200 66894 "http://www.drug-injury-lawyer.com/blog/page/3/" "Mozilla/5.0 (Windows NT 6.1; Win64; x64) AppleWebKit/537.36 (KHTML, like Gecko) Chrome/103.0.5060.114 Safari/537.36"
45.156.158.83 - - [21/Mar/2026:07:47:12 -0700] "GET /blog/page/3/ HTTP/1.0" 200 66894 "http://www.drug-injury-lawyer.com/blog/page/3/" "Mozilla/5.0 (Windows NT 6.3; Win64; x64) AppleWebKit/537.36 (KHTML, like Gecko) Chrome/103.0.5060.53 Safari/537.36"
217.147.172.235 - - [21/Mar/2026:07:47:16 -0700] "GET /blog/page/3/ HTTP/1.0" 200 66894 "http://www.drug-injury-lawyer.com/blog/page/3/" "Mozilla/5.0 (Windows NT 6.1) AppleWebKit/537.36 (KHTML, like Gecko) Chrome/103.0.5060.114 Safari/537.36"
217.147.172.235 - - [21/Mar/2026:07:47:16 -0700] "GET /blog/page/3/ HTTP/1.0" 200 66894 "http://www.drug-injury-lawyer.com/blog/page/3/" "Mozilla/5.0 (Windows NT 6.3; Win64; x64) AppleWebKit/537.36 (KHTML, like Gecko) Chrome/103.0.5060.53 Safari/537.36"
45.156.158.249 - - [21/Mar/2026:07:47:26 -0700] "GET /blog/page/3/ HTTP/1.0" 200 66894 "http://www.drug-injury-lawyer.com/blog/page/3/" "Mozilla/5.0 (Windows NT 6.1; WOW64) AppleWebKit/537.36 (KHTML, like Gecko) Chrome/103.0.0.0 Safari/537.36"
45.156.158.249 - - [21/Mar/2026:07:47:26 -0700] "GET /blog/page/3/ HTTP/1.0" 200 66894 "http://www.drug-injury-lawyer.com/blog/page/3/" "Mozilla/5.0 (Windows NT 10.0; Win64; x64) AppleWebKit/537.36 (KHTML, like Gecko) Chrome/103.0.5042.0 Safari/537.36"
173.236.217.44 - - [21/Mar/2026:07:47:45 -0700] "POST /wp-cron.php?doing_wp_cron=1774104465.0609850883483886718750 HTTP/1.1" 200 283 "-" "WordPress/6.8.5; https://www.drug-injury-lawyer.com"
91.211.90.70 - - [21/Mar/2026:07:47:44 -0700] "GET /blog/page/3/ HTTP/1.0" 200 66894 "http://www.drug-injury-lawyer.com/blog/page/3/" "Mozilla/5.0 (Windows NT 6.2; Win64; x64) AppleWebKit/537.36 (KHTML, like Gecko) Chrome/103.0.0.0 Safari/537.36"
91.211.90.231 - - [21/Mar/2026:07:47:52 -0700] "GET /blog/page/3/ HTTP/1.0" 200 66894 "http://www.drug-injury-lawyer.com/blog/page/3/" "Mozilla/5.0 (Windows NT 10.0; Win64; x64) AppleWebKit/537.36 (KHTML, like Gecko) Chrome/103.0.5060.66 Safari/537.36"
107.20.105.74 - - [21/Mar/2026:07:47:54 -0700] "HEAD / HTTP/1.1" 301 197 "-" "DreamHost SiteMonitor 1.0"
107.20.105.74 - - [21/Mar/2026:07:47:54 -0700] "HEAD / HTTP/1.1" 301 385 "http://173.236.217.44" "DreamHost SiteMonitor 1.0"
114.119.157.166 - - [21/Mar/2026:07:48:10 -0700] "GET /wrong/tool66/0y9xs-21049/ HTTP/1.1" 500 3198 "http://www.drug-injury-lawyer.com/buy.php?sitemap376.xml" "Mozilla/5.0 (Linux; Android 7.0;) AppleWebKit/537.36 (KHTML, like Gecko) Mobile Safari/537.36 (compatible; PetalBot;+https://webmaster.petalsearch.com/site/petalbot)"
204.12.208.18 - - [21/Mar/2026:07:48:17 -0700] "GET /wp-content/pl4ec179/index.php HTTP/1.1" 301 446 "http://www.drug-injury-lawyer.com/wp-content/pl4ec179/index.php" "Mozilla/4.0 (compatible; MSIE 7.0; Windows NT 5.1; SV1)"
204.12.208.18 - - [21/Mar/2026:07:48:17 -0700] "GET /wp-content/pl4ec179/ HTTP/1.1" 500 3176 "http://www.drug-injury-lawyer.com/wp-content/pl4ec179/index.php" "Mozilla/4.0 (compatible; MSIE 7.0; Windows NT 5.1; SV1)"
204.12.208.18 - - [21/Mar/2026:07:48:18 -0700] "GET /wp-content/pl4ec179/index.php HTTP/1.1" 301 402 "http://www.drug-injury-lawyer.com/wp-content/pl4ec179/index.php" "Mozilla/4.0 (compatible; MSIE 7.0; Windows NT 6.0; SLCC1; .NET CLR 2.0.50727; Media Center PC 5.0; .NET CLR 3.0.04506)"
204.12.208.18 - - [21/Mar/2026:07:48:18 -0700] "GET /wp-content/pl4ec179/ HTTP/1.1" 500 3176 "http://www.drug-injury-lawyer.com/wp-content/pl4ec179/index.php" "Mozilla/4.0 (compatible; MSIE 7.0; Windows NT 6.0; SLCC1; .NET CLR 2.0.50727; Media Center PC 5.0; .NET CLR 3.0.04506)"
204.12.208.18 - - [21/Mar/2026:07:48:19 -0700] "GET /wp-content/pl4ec179/index.php HTTP/1.1" 301 402 "http://www.drug-injury-lawyer.com/wp-content/pl4ec179/index.php" "Mozilla/4.0 (compatible; GoogleToolbar 5.0.2124.2070; Windows 6.0; MSIE 8.0.6001.18241)"
204.12.208.18 - - [21/Mar/2026:07:48:19 -0700] "GET /wp-content/pl4ec179/ HTTP/1.1" 500 3176 "http://www.drug-injury-lawyer.com/wp-content/pl4ec179/index.php" "Mozilla/4.0 (compatible; GoogleToolbar 5.0.2124.2070; Windows 6.0; MSIE 8.0.6001.18241)"
91.211.90.117 - - [21/Mar/2026:07:51:48 -0700] "GET /blog/page/3/ HTTP/1.0" 200 66894 "http://www.drug-injury-lawyer.com/blog/page/3/" "Mozilla/5.0 (Windows NT 6.1; Win64; x64) AppleWebKit/537.36 (KHTML, like Gecko) Chrome/103.0.5060.114 Safari/537.36"
173.236.217.44 - - [21/Mar/2026:07:51:49 -0700] "POST /wp-cron.php?doing_wp_cron=1774104709.6052079200744628906250 HTTP/1.1" 200 283 "-" "WordPress/6.8.5; https://www.drug-injury-lawyer.com"
217.147.172.206 - - [21/Mar/2026:07:52:03 -0700] "GET /blog/page/3/ HTTP/1.0" 200 66894 "http://www.drug-injury-lawyer.com/blog/page/3/" "Mozilla/5.0 (Windows NT 6.3) AppleWebKit/537.36 (KHTML, like Gecko) Chrome/103.0.0.0 Safari/537.36"
91.211.90.244 - - [21/Mar/2026:07:52:16 -0700] "GET /blog/page/3/ HTTP/1.0" 200 66894 "http://www.drug-injury-lawyer.com/blog/page/3/" "Mozilla/5.0 (Windows NT 10.0; Win64; x64) AppleWebKit/537.36 (KHTML, like Gecko) Chrome/103.0.5060.134 Safari/537.36"
91.211.90.244 - - [21/Mar/2026:07:52:16 -0700] "GET /blog/page/3/ HTTP/1.0" 200 66894 "http://www.drug-injury-lawyer.com/blog/page/3/" "Mozilla/5.0 (Windows NT 6.1; WOW64) AppleWebKit/537.36 (KHTML, like Gecko) Chrome/103.0.0.0 Safari/537.36"
173.236.217.44 - - [21/Mar/2026:07:52:29 -0700] "POST /wp-cron.php?doing_wp_cron=1774104749.9020369052886962890625 HTTP/1.1" 200 283 "-" "WordPress/6.8.5; https://www.drug-injury-lawyer.com"
91.211.90.186 - - [21/Mar/2026:07:52:29 -0700] "GET /blog/page/3/ HTTP/1.0" 200 66894 "http://www.drug-injury-lawyer.com/blog/page/3/" "Mozilla/5.0 (Windows NT 6.1; Win64; x64) AppleWebKit/537.36 (KHTML, like Gecko) Chrome/103.0.0.0 Safari/537.36"
91.211.90.186 - - [21/Mar/2026:07:52:30 -0700] "GET /blog/page/3/ HTTP/1.0" 200 66894 "http://www.drug-injury-lawyer.com/blog/page/3/" "Mozilla/5.0 (Windows NT 6.1; WOW64) AppleWebKit/537.36 (KHTML, like Gecko) Chrome/103.0.0.0 Safari/537.36"
91.211.90.69 - - [21/Mar/2026:07:52:38 -0700] "GET /blog/page/3/ HTTP/1.0" 200 66894 "http://www.drug-injury-lawyer.com/blog/page/3/" "Mozilla/5.0 (Windows NT 6.1) AppleWebKit/537.36 (KHTML, like Gecko) Chrome/103.0.0.0 Safari/537.36"
204.12.208.18 - - [21/Mar/2026:07:52:44 -0700] "GET /wp-content/pl4ec179/index.php HTTP/1.1" 301 446 "http://www.drug-injury-lawyer.com/wp-content/pl4ec179/index.php" "Opera/9.80 (Windows NT 6.1; U; ja) Presto/2.10.229 Version/11.60"
204.12.208.18 - - [21/Mar/2026:07:52:44 -0700] "GET /wp-content/pl4ec179/ HTTP/1.1" 500 3176 "http://www.drug-injury-lawyer.com/wp-content/pl4ec179/index.php" "Opera/9.80 (Windows NT 6.1; U; ja) Presto/2.10.229 Version/11.60"
204.12.208.18 - - [21/Mar/2026:07:52:45 -0700] "GET /wp-content/pl4ec179/index.php HTTP/1.1" 301 402 "http://www.drug-injury-lawyer.com/wp-content/pl4ec179/index.php" "Mozilla/4.0 (compatible; MSIE 7.0; Windows NT 5.1)"
204.12.208.18 - - [21/Mar/2026:07:52:45 -0700] "GET /wp-content/pl4ec179/ HTTP/1.1" 500 3176 "http://www.drug-injury-lawyer.com/wp-content/pl4ec179/index.php" "Mozilla/4.0 (compatible; MSIE 7.0; Windows NT 5.1)"
204.12.208.18 - - [21/Mar/2026:07:52:46 -0700] "GET /wp-content/pl4ec179/index.php HTTP/1.1" 301 402 "http://www.drug-injury-lawyer.com/wp-content/pl4ec179/index.php" "Mozilla/4.0 (compatible; MSIE 7.0; Windows NT 5.1; .NET CLR 1.1.4322; .NET CLR 2.0.50727)"
204.12.208.18 - - [21/Mar/2026:07:52:46 -0700] "GET /wp-content/pl4ec179/ HTTP/1.1" 500 3176 "http://www.drug-injury-lawyer.com/wp-content/pl4ec179/index.php" "Mozilla/4.0 (compatible; MSIE 7.0; Windows NT 5.1; .NET CLR 1.1.4322; .NET CLR 2.0.50727)"
107.20.105.74 - - [21/Mar/2026:07:52:54 -0700] "HEAD / HTTP/1.1" 301 197 "-" "DreamHost SiteMonitor 1.0"
107.20.105.74 - - [21/Mar/2026:07:52:54 -0700] "HEAD / HTTP/1.1" 301 385 "http://173.236.217.44" "DreamHost SiteMonitor 1.0"
173.236.217.44 - - [21/Mar/2026:07:54:04 -0700] "POST /wp-cron.php?doing_wp_cron=1774104844.7845029830932617187500 HTTP/1.1" 200 283 "-" "WordPress/6.8.5; https://www.drug-injury-lawyer.com"
91.211.90.228 - - [21/Mar/2026:07:54:04 -0700] "GET /blog/page/3/ HTTP/1.0" 200 66894 "http://www.drug-injury-lawyer.com/blog/page/3/" "Mozilla/5.0 (Windows NT 6.1; WOW64) AppleWebKit/537.36 (KHTML, like Gecko) Chrome/103.0.0.0 Safari/537.36"
121.229.156.37 - - [21/Mar/2026:07:55:57 -0700] "GET / HTTP/1.1" 301 441 "-" "Sogou web spider/4.0(+http://www.sogou.com/docs/help/webmasters.htm#07)"
45.156.158.216 - - [21/Mar/2026:07:56:58 -0700] "GET /blog/page/3/ HTTP/1.0" 200 66894 "http://www.drug-injury-lawyer.com/blog/page/3/" "Mozilla/5.0 (Windows NT 6.3; WOW64) AppleWebKit/537.36 (KHTML, like Gecko) Chrome/103.0.5060.114 Safari/537.36"
45.156.158.75 - - [21/Mar/2026:07:56:59 -0700] "GET /blog/page/3/ HTTP/1.0" 200 66894 "http://www.drug-injury-lawyer.com/blog/page/3/" "Mozilla/5.0 (Windows NT 10.0; Win64; x64) AppleWebKit/537.36 (KHTML, like Gecko) Chrome/103.0.5060.66 Safari/537.36"
91.211.90.207 - - [21/Mar/2026:07:57:04 -0700] "GET /blog/page/3/ HTTP/1.0" 200 66894 "http://www.drug-injury-lawyer.com/blog/page/3/" "Mozilla/5.0 (Windows NT 10.0; Win64; x64) AppleWebKit/537.36 (KHTML, like Gecko) Chrome/103.0.5042.0 Safari/537.36"
91.211.90.207 - - [21/Mar/2026:07:57:05 -0700] "GET /blog/page/3/ HTTP/1.0" 200 66894 "http://www.drug-injury-lawyer.com/blog/page/3/" "Mozilla/5.0 (Windows NT 10.0; Win64; x64) AppleWebKit/537.36 (KHTML, like Gecko) Chrome/103.0.5042.0 Safari/537.36"
91.211.90.228 - - [21/Mar/2026:07:57:15 -0700] "GET /blog/page/3/ HTTP/1.0" 200 66894 "http://www.drug-injury-lawyer.com/blog/page/3/" "Mozilla/5.0 (Windows NT 10.0; Win64; x64) AppleWebKit/537.36 (KHTML, like Gecko) Chrome/103.0.5060.66 Safari/537.36"
107.20.105.74 - - [21/Mar/2026:07:57:54 -0700] "HEAD / HTTP/1.1" 301 197 "-" "DreamHost SiteMonitor 1.0"
107.20.105.74 - - [21/Mar/2026:07:57:54 -0700] "HEAD / HTTP/1.1" 301 385 "http://173.236.217.44" "DreamHost SiteMonitor 1.0"
173.236.217.44 - - [21/Mar/2026:07:57:55 -0700] "POST /wp-cron.php?doing_wp_cron=1774105075.0039789676666259765625 HTTP/1.1" 200 283 "-" "WordPress/6.8.5; https://www.drug-injury-lawyer.com"
165.22.206.13 - - [21/Mar/2026:07:58:32 -0700] "GET /feed/ HTTP/1.1" 304 337 "-" "Mozilla/5.0 (iPhone; CPU iPhone OS 18_1_1 like Mac OS X) AppleWebKit/605.1.15 (KHTML, like Gecko) FxiOS/133 Mobile/15E148 Version/15.0"
173.236.217.44 - - [21/Mar/2026:07:58:32 -0700] "POST /wp-cron.php?doing_wp_cron=1774105112.5977890491485595703125 HTTP/1.1" 200 283 "-" "WordPress/6.8.5; https://www.drug-injury-lawyer.com"
91.211.90.208 - - [21/Mar/2026:08:00:56 -0700] "GET /blog/page/3/ HTTP/1.0" 200 66894 "http://www.drug-injury-lawyer.com/blog/page/3/" "Mozilla/5.0 (Windows NT 6.1; Win64; x64) AppleWebKit/537.36 (KHTML, like Gecko) Chrome/103.0.0.0 Safari/537.36"
173.236.217.44 - - [21/Mar/2026:08:00:57 -0700] "POST /wp-cron.php?doing_wp_cron=1774105257.4556069374084472656250 HTTP/1.1" 200 283 "-" "WordPress/6.8.5; https://www.drug-injury-lawyer.com"
107.20.105.74 - - [21/Mar/2026:08:02:54 -0700] "HEAD / HTTP/1.1" 301 197 "-" "DreamHost SiteMonitor 1.0"
107.20.105.74 - - [21/Mar/2026:08:02:54 -0700] "HEAD / HTTP/1.1" 301 385 "http://173.236.217.44" "DreamHost SiteMonitor 1.0"
173.236.217.44 - - [21/Mar/2026:08:02:55 -0700] "POST /wp-cron.php?doing_wp_cron=1774105375.7333769798278808593750 HTTP/1.1" 200 283 "-" "WordPress/6.8.5; https://www.drug-injury-lawyer.com"
45.156.158.210 - - [21/Mar/2026:08:03:33 -0700] "GET /blog/page/3/ HTTP/1.0" 200 66894 "http://www.drug-injury-lawyer.com/blog/page/3/" "Mozilla/5.0 (Windows NT 10.0; WOW64) AppleWebKit/537.36 (KHTML, like Gecko) Chrome/103.0.0.0 Safari/537.36"
173.236.217.44 - - [21/Mar/2026:08:03:33 -0700] "POST /wp-cron.php?doing_wp_cron=1774105413.8610100746154785156250 HTTP/1.1" 200 283 "-" "WordPress/6.8.5; https://www.drug-injury-lawyer.com"
45.156.158.210 - - [21/Mar/2026:08:03:34 -0700] "GET /blog/page/3/ HTTP/1.0" 200 66894 "http://www.drug-injury-lawyer.com/blog/page/3/" "Mozilla/5.0 (Windows NT 10.0; Win64; x64) AppleWebKit/537.36 (KHTML, like Gecko) Chrome/103.0.0.0 Safari/537.36 OpenWave/97.4.2043.44"
217.147.172.240 - - [21/Mar/2026:08:03:34 -0700] "GET /blog/page/3/ HTTP/1.0" 200 66894 "http://www.drug-injury-lawyer.com/blog/page/3/" "Mozilla/5.0 (Windows NT 10.0; Win64; x64) AppleWebKit/537.36 (KHTML, like Gecko) Chrome/103.0.0.0 Safari/537.36 Herring/95.1.8810.11"
217.147.172.240 - - [21/Mar/2026:08:03:34 -0700] "GET /blog/page/3/ HTTP/1.0" 200 66894 "http://www.drug-injury-lawyer.com/blog/page/3/" "Mozilla/5.0 (Windows NT 6.1) AppleWebKit/537.36 (KHTML, like Gecko) Chrome/103.0.5060.114 Safari/537.36"
217.147.172.209 - - [21/Mar/2026:08:04:00 -0700] "GET /blog/page/3/ HTTP/1.0" 200 66894 "http://www.drug-injury-lawyer.com/blog/page/3/" "Mozilla/5.0 (Windows NT 10.0; Win64; x64) AppleWebKit/537.36 (KHTML, like Gecko) Chrome/103.0.0.0 Safari/537.36 Herring/95.1.8810.11"
217.147.172.209 - - [21/Mar/2026:08:04:00 -0700] "GET /blog/page/3/ HTTP/1.0" 200 66894 "http://www.drug-injury-lawyer.com/blog/page/3/" "Mozilla/5.0 (Windows NT 6.1) AppleWebKit/537.36 (KHTML, like Gecko) Chrome/103.0.0.0 Safari/537.36"
91.211.90.170 - - [21/Mar/2026:08:04:05 -0700] "GET /blog/page/3/ HTTP/1.0" 200 66894 "http://www.drug-injury-lawyer.com/blog/page/3/" "Mozilla/5.0 (Windows NT 6.3; Win64; x64) AppleWebKit/537.36 (KHTML, like Gecko) Chrome/103.0.5060.53 Safari/537.36"
91.211.90.170 - - [21/Mar/2026:08:04:05 -0700] "GET /blog/page/3/ HTTP/1.0" 200 66894 "http://www.drug-injury-lawyer.com/blog/page/3/" "Mozilla/5.0 (Windows NT 10.0; Win64; x64) AppleWebKit/537.36 (KHTML, like Gecko) Chrome/103.0.5060.134 Safari/537.36"
107.20.105.74 - - [21/Mar/2026:08:07:54 -0700] "HEAD / HTTP/1.1" 301 197 "-" "DreamHost SiteMonitor 1.0"
107.20.105.74 - - [21/Mar/2026:08:07:54 -0700] "HEAD / HTTP/1.1" 301 385 "http://173.236.217.44" "DreamHost SiteMonitor 1.0"
173.236.217.44 - - [21/Mar/2026:08:07:55 -0700] "POST /wp-cron.php?doing_wp_cron=1774105675.8728859424591064453125 HTTP/1.1" 200 283 "-" "WordPress/6.8.5; https://www.drug-injury-lawyer.com"
113.210.106.170 - - [21/Mar/2026:08:08:30 -0700] "GET /defective-medical-devices/defective-depuy-asr-hip-implant/ HTTP/1.1" 200 12819 "-" "Opera/9.19.(X11; Linux x86_64; cy-GB) Presto/2.9.187 Version/12.00"
173.236.217.44 - - [21/Mar/2026:08:08:30 -0700] "POST /wp-cron.php?doing_wp_cron=1774105710.3426709175109863281250 HTTP/1.1" 200 283 "-" "WordPress/6.8.5; https://www.drug-injury-lawyer.com"
93.118.49.22 - - [21/Mar/2026:08:08:33 -0700] "GET /defective-drugs-overview/zoloft/ HTTP/1.1" 200 12386 "-" "Mozilla/5.0 (iPhone; CPU iPhone OS 11_4_1 like Mac OS X) AppleWebKit/533.1 (KHTML, like Gecko) CriOS/18.0.825.0 Mobile/22A817 Safari/533.1"
91.211.90.225 - - [21/Mar/2026:08:11:11 -0700] "GET /blog/page/3/ HTTP/1.0" 200 66894 "http://www.drug-injury-lawyer.com/blog/page/3/" "Mozilla/5.0 (Windows NT 6.3; Win64; x64) AppleWebKit/537.36 (KHTML, like Gecko) Chrome/103.0.5060.53 Safari/537.36"
173.236.217.44 - - [21/Mar/2026:08:11:12 -0700] "POST /wp-cron.php?doing_wp_cron=1774105872.2838039398193359375000 HTTP/1.1" 200 283 "-" "WordPress/6.8.5; https://www.drug-injury-lawyer.com"
45.156.158.163 - - [21/Mar/2026:08:12:42 -0700] "GET /blog/page/3/ HTTP/1.0" 200 66894 "http://www.drug-injury-lawyer.com/blog/page/3/" "Mozilla/5.0 (Windows NT 6.3; Win64; x64) AppleWebKit/537.36 (KHTML, like Gecko) Chrome/103.0.5060.114 Safari/537.36"
173.236.217.44 - - [21/Mar/2026:08:12:43 -0700] "POST /wp-cron.php?doing_wp_cron=1774105963.2874140739440917968750 HTTP/1.1" 200 283 "-" "WordPress/6.8.5; https://www.drug-injury-lawyer.com"
45.156.158.163 - - [21/Mar/2026:08:12:42 -0700] "GET /blog/page/3/ HTTP/1.0" 200 66894 "http://www.drug-injury-lawyer.com/blog/page/3/" "Mozilla/5.0 (Windows NT 6.1; Win64; x64) AppleWebKit/537.36 (KHTML, like Gecko) Chrome/103.0.0.0 Safari/537.36"
91.211.90.240 - - [21/Mar/2026:08:12:45 -0700] "GET /blog/page/3/ HTTP/1.0" 200 66894 "http://www.drug-injury-lawyer.com/blog/page/3/" "Mozilla/5.0 (Windows NT 6.1; Win64; x64) AppleWebKit/537.36 (KHTML, like Gecko) Chrome/103.0.0.0 Safari/537.36"
91.211.90.69 - - [21/Mar/2026:08:12:46 -0700] "GET /blog/page/3/ HTTP/1.0" 200 66894 "http://www.drug-injury-lawyer.com/blog/page/3/" "Mozilla/5.0 (Windows NT 6.3; Win64; x64) AppleWebKit/537.36 (KHTML, like Gecko) Chrome/103.0.5060.53 Safari/537.36"
91.211.90.70 - - [21/Mar/2026:08:12:47 -0700] "GET /blog/page/3/ HTTP/1.0" 200 66894 "http://www.drug-injury-lawyer.com/blog/page/3/" "Mozilla/5.0 (Windows NT 6.2; Win64; x64) AppleWebKit/537.36 (KHTML, like Gecko) Chrome/103.0.0.0 Safari/537.36"
107.20.105.74 - - [21/Mar/2026:08:12:54 -0700] "HEAD / HTTP/1.1" 301 197 "-" "DreamHost SiteMonitor 1.0"
107.20.105.74 - - [21/Mar/2026:08:12:54 -0700] "HEAD / HTTP/1.1" 301 385 "http://173.236.217.44" "DreamHost SiteMonitor 1.0"
205.185.123.125 - - [21/Mar/2026:08:13:42 -0700] "GET /wp-login.php HTTP/1.1" 301 521 "-" "Mozilla/5.0 (X11; Ubuntu; Linux i686; rv:31.0) Gecko/20100101 Firefox/31.0"
205.185.123.125 - - [21/Mar/2026:08:13:57 -0700] "GET /wp-login.php HTTP/1.1" 302 383 "-" "Mozilla/5.0 (X11; Ubuntu; Linux i686; rv:31.0) Gecko/20100101 Firefox/31.0"
173.236.217.44 - - [21/Mar/2026:08:13:57 -0700] "POST /wp-cron.php?doing_wp_cron=1774106037.7221069335937500000000 HTTP/1.1" 200 283 "-" "WordPress/6.8.5; https://www.drug-injury-lawyer.com"
45.156.158.225 - - [21/Mar/2026:08:14:01 -0700] "GET /blog/page/3/ HTTP/1.0" 200 66894 "http://www.drug-injury-lawyer.com/blog/page/3/" "Mozilla/5.0 (Windows NT 10.0; Win64; x64) AppleWebKit/537.36 (KHTML, like Gecko) Chrome/103.0.5060.53 Safari/537.36"
205.185.123.125 - - [21/Mar/2026:08:14:34 -0700] "POST /wp-login.php HTTP/1.1" 301 521 "-" "Mozilla/5.0 (X11; Ubuntu; Linux i686; rv:31.0) Gecko/20100101 Firefox/31.0"
209.141.59.141 - - [21/Mar/2026:08:14:41 -0700] "GET /wp-login.php HTTP/1.1" 301 521 "-" "Mozilla/5.0 (Windows NT 6.1; rv:31.0) Gecko/20100101 Firefox/31.0"
205.185.123.125 - - [21/Mar/2026:08:14:50 -0700] "GET /wp-login.php HTTP/1.1" 302 383 "-" "Mozilla/5.0 (X11; Ubuntu; Linux i686; rv:31.0) Gecko/20100101 Firefox/31.0"
173.236.217.44 - - [21/Mar/2026:08:14:50 -0700] "POST /wp-cron.php?doing_wp_cron=1774106090.3074929714202880859375 HTTP/1.1" 200 283 "-" "WordPress/6.8.5; https://www.drug-injury-lawyer.com"
209.141.59.141 - - [21/Mar/2026:08:14:56 -0700] "GET /wp-login.php HTTP/1.1" 302 383 "-" "Mozilla/5.0 (Windows NT 6.1; rv:31.0) Gecko/20100101 Firefox/31.0"
45.156.158.75 - - [21/Mar/2026:08:14:59 -0700] "GET /blog/page/3/ HTTP/1.0" 200 66894 "http://www.drug-injury-lawyer.com/blog/page/3/" "Mozilla/5.0 (Windows NT 6.1; WOW64) AppleWebKit/537.36 (KHTML, like Gecko) Chrome/103.0.0.0 Safari/537.36"
45.156.158.216 - - [21/Mar/2026:08:15:04 -0700] "GET /blog/page/3/ HTTP/1.0" 200 66894 "http://www.drug-injury-lawyer.com/blog/page/3/" "Mozilla/5.0 (Windows NT 6.1; WOW64) AppleWebKit/537.36 (KHTML, like Gecko) Chrome/103.0.0.0 Safari/537.36"
205.185.123.125 - - [21/Mar/2026:08:15:19 -0700] "GET /wp-admin/themes.php HTTP/1.1" 301 535 "-" "python-requests/2.27.1"
46.229.62.228 - - [21/Mar/2026:08:15:20 -0700] "GET /blog/ HTTP/1.1" 200 22132 "-" "Mozilla/5.0 (compatible; MSIE 5.0; Windows NT 11.0; Trident/4.0)"
173.236.217.44 - - [21/Mar/2026:08:15:32 -0700] "POST /wp-cron.php?doing_wp_cron=1774106132.7583250999450683593750 HTTP/1.1" 200 283 "-" "WordPress/6.8.5; https://www.drug-injury-lawyer.com"
205.185.123.125 - - [21/Mar/2026:08:15:32 -0700] "GET /wp-admin/themes.php HTTP/1.1" 302 434 "-" "python-requests/2.27.1"
91.211.90.99 - - [21/Mar/2026:08:15:34 -0700] "GET /blog/page/3/ HTTP/1.0" 200 66894 "http://www.drug-injury-lawyer.com/blog/page/3/" "Mozilla/5.0 (Windows NT 10.0; Win64; x64) AppleWebKit/537.36 (KHTML, like Gecko) Chrome/103.0.5060.114 Safari/537.36"
91.211.90.99 - - [21/Mar/2026:08:15:34 -0700] "GET /blog/page/3/ HTTP/1.0" 200 66894 "http://www.drug-injury-lawyer.com/blog/page/3/" "Mozilla/5.0 (Windows NT 6.2; Win64; x64) AppleWebKit/537.36 (KHTML, like Gecko) Chrome/103.0.0.0 Safari/537.36"
91.211.90.225 - - [21/Mar/2026:08:15:36 -0700] "GET /blog/page/3/ HTTP/1.0" 200 66894 "http://www.drug-injury-lawyer.com/blog/page/3/" "Mozilla/5.0 (Windows NT 10.0; Win64; x64) AppleWebKit/537.36 (KHTML, like Gecko) Chrome/103.0.0.0 Safari/537.36"
209.141.59.141 - - [21/Mar/2026:08:15:43 -0700] "POST /wp-login.php HTTP/1.1" 301 521 "-" "Mozilla/5.0 (Windows NT 6.1; rv:31.0) Gecko/20100101 Firefox/31.0"
209.141.59.141 - - [21/Mar/2026:08:15:58 -0700] "GET /wp-login.php HTTP/1.1" 302 383 "-" "Mozilla/5.0 (Windows NT 6.1; rv:31.0) Gecko/20100101 Firefox/31.0"
205.185.123.125 - - [21/Mar/2026:08:16:06 -0700] "GET /wp-admin/plugin-install.php?tab=upload HTTP/1.1" 301 573 "-" "python-requests/2.27.1"
185.231.155.169 - - [21/Mar/2026:08:16:19 -0700] "GET /blog/ HTTP/1.0" 200 76007 "http://www.drug-injury-lawyer.com/blog/" "Mozilla/5.0 (Windows NT 10.0; Win64; x64) AppleWebKit/537.36 (KHTML, like Gecko) Chrome/131.0.0.0 Safari/537.36 Avast/131.0.0.0"
185.231.155.169 - - [21/Mar/2026:08:16:20 -0700] "POST /blog/ HTTP/1.0" 200 76093 "http://www.drug-injury-lawyer.com/blog/" "Mozilla/5.0 (Windows NT 10.0; Win64; x64) AppleWebKit/537.36 (KHTML, like Gecko) Chrome/131.0.0.0 Safari/537.36 Avast/131.0.0.0"
205.185.123.125 - - [21/Mar/2026:08:16:22 -0700] "GET /wp-admin/plugin-install.php?tab=upload HTTP/1.1" 302 453 "-" "python-requests/2.27.1"
185.231.155.169 - - [21/Mar/2026:08:16:22 -0700] "GET /blog/ HTTP/1.0" 200 76007 "http://www.drug-injury-lawyer.com/blog/" "Mozilla/5.0 (Windows NT 10.0; Win64; x64) AppleWebKit/537.36 (KHTML, like Gecko) Chrome/129.0.0.0 Safari/537.36"
185.231.155.169 - - [21/Mar/2026:08:16:23 -0700] "POST /blog/ HTTP/1.0" 200 76093 "http://www.drug-injury-lawyer.com/blog/" "Mozilla/5.0 (Windows NT 10.0; Win64; x64) AppleWebKit/537.36 (KHTML, like Gecko) Chrome/129.0.0.0 Safari/537.36"
185.231.155.169 - - [21/Mar/2026:08:16:24 -0700] "GET /blog/ HTTP/1.0" 200 76007 "http://www.drug-injury-lawyer.com/blog/" "Mozilla/5.0 (Windows NT 10.0; Win64; x64) AppleWebKit/537.36 (KHTML, like Gecko) Chrome/131.0.0.0 Safari/537.36"
185.231.155.169 - - [21/Mar/2026:08:16:24 -0700] "GET /blog/ HTTP/1.0" 200 76007 "http://www.drug-injury-lawyer.com/blog/" "Mozilla/5.0 (Windows NT 10.0; Win64; x64) AppleWebKit/537.36 (KHTML, like Gecko) Chrome/130.0.0.0 Safari/537.36 CCleaner/130.0.0.0"
185.231.155.169 - - [21/Mar/2026:08:16:25 -0700] "POST /blog/ HTTP/1.0" 200 76093 "http://www.drug-injury-lawyer.com/blog/" "Mozilla/5.0 (Windows NT 10.0; Win64; x64) AppleWebKit/537.36 (KHTML, like Gecko) Chrome/131.0.0.0 Safari/537.36"
185.231.155.169 - - [21/Mar/2026:08:16:25 -0700] "POST /blog/ HTTP/1.0" 200 76093 "http://www.drug-injury-lawyer.com/blog/" "Mozilla/5.0 (Windows NT 10.0; Win64; x64) AppleWebKit/537.36 (KHTML, like Gecko) Chrome/130.0.0.0 Safari/537.36 CCleaner/130.0.0.0"
185.231.155.169 - - [21/Mar/2026:08:16:31 -0700] "GET /blog/ HTTP/1.0" 200 76007 "http://www.drug-injury-lawyer.com/blog/" "Mozilla/5.0 (Windows NT 10.0; Win64; x64) AppleWebKit/537.36 (KHTML, like Gecko) Chrome/130.0.0.0 Safari/537.36"
185.231.155.169 - - [21/Mar/2026:08:16:32 -0700] "POST /blog/ HTTP/1.0" 200 76093 "http://www.drug-injury-lawyer.com/blog/" "Mozilla/5.0 (Windows NT 10.0; Win64; x64) AppleWebKit/537.36 (KHTML, like Gecko) Chrome/130.0.0.0 Safari/537.36"
209.141.59.141 - - [21/Mar/2026:08:16:44 -0700] "GET /wp-admin/themes.php HTTP/1.1" 301 535 "-" "python-requests/2.27.1"
173.236.217.44 - - [21/Mar/2026:08:16:59 -0700] "POST /wp-cron.php?doing_wp_cron=1774106219.5158479213714599609375 HTTP/1.1" 200 283 "-" "WordPress/6.8.5; https://www.drug-injury-lawyer.com"
209.141.59.141 - - [21/Mar/2026:08:16:59 -0700] "GET /wp-admin/themes.php HTTP/1.1" 302 434 "-" "python-requests/2.27.1"
91.211.90.206 - - [21/Mar/2026:08:17:08 -0700] "GET /blog/page/3/ HTTP/1.0" 200 66894 "http://www.drug-injury-lawyer.com/blog/page/3/" "Mozilla/5.0 (Windows NT 6.1; WOW64) AppleWebKit/537.36 (KHTML, like Gecko) Chrome/103.0.0.0 Safari/537.36"
107.20.105.74 - - [21/Mar/2026:08:17:54 -0700] "HEAD / HTTP/1.1" 301 197 "-" "DreamHost SiteMonitor 1.0"
107.20.105.74 - - [21/Mar/2026:08:17:54 -0700] "HEAD / HTTP/1.1" 301 385 "http://173.236.217.44" "DreamHost SiteMonitor 1.0"
209.141.59.141 - - [21/Mar/2026:08:18:17 -0700] "GET /wp-admin/plugin-install.php?tab=upload HTTP/1.1" 301 573 "-" "python-requests/2.27.1"
91.211.90.164 - - [21/Mar/2026:08:18:30 -0700] "GET /blog/page/3/ HTTP/1.0" 200 66894 "http://www.drug-injury-lawyer.com/blog/page/3/" "Mozilla/5.0 (Windows NT 6.1) AppleWebKit/537.36 (KHTML, like Gecko) Chrome/103.0.0.0 Safari/537.36"
91.211.90.164 - - [21/Mar/2026:08:18:30 -0700] "GET /blog/page/3/ HTTP/1.0" 200 66894 "http://www.drug-injury-lawyer.com/blog/page/3/" "Mozilla/5.0 (Windows NT 6.3; Win64; x64) AppleWebKit/537.36 (KHTML, like Gecko) Chrome/103.0.0.0 Safari/537.36"
209.141.59.141 - - [21/Mar/2026:08:18:31 -0700] "GET /wp-admin/plugin-install.php?tab=upload HTTP/1.1" 302 453 "-" "python-requests/2.27.1"
173.236.217.44 - - [21/Mar/2026:08:18:31 -0700] "POST /wp-cron.php?doing_wp_cron=1774106311.0731248855590820312500 HTTP/1.1" 200 283 "-" "WordPress/6.8.5; https://www.drug-injury-lawyer.com"
45.156.158.223 - - [21/Mar/2026:08:19:31 -0700] "GET /blog/page/3/ HTTP/1.0" 200 66894 "http://www.drug-injury-lawyer.com/blog/page/3/" "Mozilla/5.0 (Windows NT 6.1; WOW64) AppleWebKit/537.36 (KHTML, like Gecko) Chrome/103.0.0.0 Safari/537.36"
173.236.217.44 - - [21/Mar/2026:08:19:32 -0700] "POST /wp-cron.php?doing_wp_cron=1774106371.9562189579010009765625 HTTP/1.1" 200 283 "-" "WordPress/6.8.5; https://www.drug-injury-lawyer.com"
45.156.158.223 - - [21/Mar/2026:08:19:31 -0700] "GET /blog/page/3/ HTTP/1.0" 200 66894 "http://www.drug-injury-lawyer.com/blog/page/3/" "Mozilla/5.0 (Windows NT 6.1; Win64; x64) AppleWebKit/537.36 (KHTML, like Gecko) Chrome/103.0.0.0 Safari/537.36"
45.156.158.88 - - [21/Mar/2026:08:19:54 -0700] "GET /blog/page/3/ HTTP/1.0" 200 66894 "http://www.drug-injury-lawyer.com/blog/page/3/" "Mozilla/5.0 (Windows NT 10.0; Win64; x64) AppleWebKit/537.36 (KHTML, like Gecko) Chrome/103.0.0.0 Safari/537.36 Herring/95.1.8810.11"
173.236.217.44 - - [21/Mar/2026:08:19:55 -0700] "POST /wp-cron.php?doing_wp_cron=1774106394.8525919914245605468750 HTTP/1.1" 200 283 "-" "WordPress/6.8.5; https://www.drug-injury-lawyer.com"
45.156.158.88 - - [21/Mar/2026:08:19:54 -0700] "GET /blog/page/3/ HTTP/1.0" 200 66894 "http://www.drug-injury-lawyer.com/blog/page/3/" "Mozilla/5.0 (Windows NT 6.3) AppleWebKit/537.36 (KHTML, like Gecko) Chrome/103.0.0.0 Safari/537.36"
91.211.90.168 - - [21/Mar/2026:08:20:13 -0700] "GET /blog/page/3/ HTTP/1.0" 200 66894 "http://www.drug-injury-lawyer.com/blog/page/3/" "Mozilla/5.0 (Windows NT 10.0; Win64; x64) AppleWebKit/537.36 (KHTML, like Gecko) Chrome/103.0.5060.114 Safari/537.36"
91.211.90.168 - - [21/Mar/2026:08:20:13 -0700] "GET /blog/page/3/ HTTP/1.0" 200 66894 "http://www.drug-injury-lawyer.com/blog/page/3/" "Mozilla/5.0 (Windows NT 6.1; Win64; x64) AppleWebKit/537.36 (KHTML, like Gecko) Chrome/103.0.0.0 Safari/537.36"
91.211.90.247 - - [21/Mar/2026:08:21:48 -0700] "GET /blog/page/3/ HTTP/1.0" 200 66894 "http://www.drug-injury-lawyer.com/blog/page/3/" "Mozilla/5.0 (Windows NT 6.1; WOW64) AppleWebKit/537.36 (KHTML, like Gecko) Chrome/103.0.0.0 Safari/537.36"
173.236.217.44 - - [21/Mar/2026:08:21:49 -0700] "POST /wp-cron.php?doing_wp_cron=1774106509.8113789558410644531250 HTTP/1.1" 200 283 "-" "WordPress/6.8.5; https://www.drug-injury-lawyer.com"
107.20.105.74 - - [21/Mar/2026:08:22:54 -0700] "HEAD / HTTP/1.1" 301 197 "-" "DreamHost SiteMonitor 1.0"
107.20.105.74 - - [21/Mar/2026:08:22:54 -0700] "HEAD / HTTP/1.1" 301 385 "http://173.236.217.44" "DreamHost SiteMonitor 1.0"
173.236.217.44 - - [21/Mar/2026:08:22:55 -0700] "POST /wp-cron.php?doing_wp_cron=1774106575.0041980743408203125000 HTTP/1.1" 200 283 "-" "WordPress/6.8.5; https://www.drug-injury-lawyer.com"
91.211.90.179 - - [21/Mar/2026:08:27:16 -0700] "GET /blog/page/3/ HTTP/1.0" 200 66894 "http://www.drug-injury-lawyer.com/blog/page/3/" "Mozilla/5.0 (Windows NT 6.3; WOW64) AppleWebKit/537.36 (KHTML, like Gecko) Chrome/103.0.5060.114 Safari/537.36"
91.211.90.179 - - [21/Mar/2026:08:27:16 -0700] "GET /blog/page/3/ HTTP/1.0" 200 66894 "http://www.drug-injury-lawyer.com/blog/page/3/" "Mozilla/5.0 (Windows NT 10.0; Win64; x64) AppleWebKit/537.36 (KHTML, like Gecko) Chrome/103.0.0.0 Safari/537.36"
91.211.90.206 - - [21/Mar/2026:08:27:22 -0700] "GET /blog/page/3/ HTTP/1.0" 200 66894 "http://www.drug-injury-lawyer.com/blog/page/3/" "Mozilla/5.0 (Windows NT 6.1; WOW64) AppleWebKit/537.36 (KHTML, like Gecko) Chrome/103.0.0.0 Safari/537.36"
178.20.45.159 - - [21/Mar/2026:08:27:47 -0700] "GET /blog/page/3/ HTTP/1.0" 200 66894 "http://www.drug-injury-lawyer.com/blog/page/3/" "Mozilla/5.0 (Windows NT 10.0; Win64; x64) AppleWebKit/537.36 (KHTML, like Gecko) Chrome/129.0.0.0 Safari/537.36"
173.236.217.44 - - [21/Mar/2026:08:27:47 -0700] "POST /wp-cron.php?doing_wp_cron=1774106867.8754820823669433593750 HTTP/1.1" 200 283 "-" "WordPress/6.8.5; https://www.drug-injury-lawyer.com"
178.20.45.159 - - [21/Mar/2026:08:27:49 -0700] "POST /blog/page/3/ HTTP/1.0" 200 66980 "http://www.drug-injury-lawyer.com/blog/page/3/" "Mozilla/5.0 (Windows NT 10.0; Win64; x64) AppleWebKit/537.36 (KHTML, like Gecko) Chrome/129.0.0.0 Safari/537.36"
107.20.105.74 - - [21/Mar/2026:08:27:54 -0700] "HEAD / HTTP/1.1" 301 197 "-" "DreamHost SiteMonitor 1.0"
107.20.105.74 - - [21/Mar/2026:08:27:54 -0700] "HEAD / HTTP/1.1" 301 385 "http://173.236.217.44" "DreamHost SiteMonitor 1.0"
91.211.90.169 - - [21/Mar/2026:08:27:58 -0700] "GET /blog/page/3/ HTTP/1.0" 200 66894 "http://www.drug-injury-lawyer.com/blog/page/3/" "Mozilla/5.0 (Windows NT 10.0; Win64; x64) AppleWebKit/537.36 (KHTML, like Gecko) Chrome/103.0.0.0 Safari/537.36 Herring/95.1.8810.11"
91.211.90.169 - - [21/Mar/2026:08:27:58 -0700] "GET /blog/page/3/ HTTP/1.0" 200 66894 "http://www.drug-injury-lawyer.com/blog/page/3/" "Mozilla/5.0 (Windows NT 10.0; Win64; x64) AppleWebKit/537.36 (KHTML, like Gecko) Chrome/103.0.0.0 Safari/537.36"
91.211.90.158 - - [21/Mar/2026:08:28:02 -0700] "GET /blog/page/3/ HTTP/1.0" 200 66894 "http://www.drug-injury-lawyer.com/blog/page/3/" "Mozilla/5.0 (Windows NT 10.0; Win64; x64) AppleWebKit/537.36 (KHTML, like Gecko) Chrome/103.0.0.0 Safari/537.36 OpenWave/97.4.2043.44"
217.147.172.82 - - [21/Mar/2026:08:31:29 -0700] "GET /blog/page/3/ HTTP/1.0" 200 66894 "http://www.drug-injury-lawyer.com/blog/page/3/" "Mozilla/5.0 (Windows NT 6.1; Win64; x64) AppleWebKit/537.36 (KHTML, like Gecko) Chrome/103.0.5060.66 Safari/537.36"
217.147.172.82 - - [21/Mar/2026:08:31:29 -0700] "GET /blog/page/3/ HTTP/1.0" 200 66894 "http://www.drug-injury-lawyer.com/blog/page/3/" "Mozilla/5.0 (Windows NT 6.2; Win64; x64) AppleWebKit/537.36 (KHTML, like Gecko) Chrome/103.0.0.0 Safari/537.36"
173.236.217.44 - - [21/Mar/2026:08:31:30 -0700] "POST /wp-cron.php?doing_wp_cron=1774107090.6457920074462890625000 HTTP/1.1" 200 283 "-" "WordPress/6.8.5; https://www.drug-injury-lawyer.com"
173.236.217.44 - - [21/Mar/2026:08:31:44 -0700] "POST /wp-cron.php?doing_wp_cron=1774107104.4041469097137451171875 HTTP/1.1" 200 283 "-" "WordPress/6.8.5; https://www.drug-injury-lawyer.com"
91.211.90.88 - - [21/Mar/2026:08:31:44 -0700] "GET /blog/page/3/ HTTP/1.0" 200 66894 "http://www.drug-injury-lawyer.com/blog/page/3/" "Mozilla/5.0 (Windows NT 6.1; Win64; x64) AppleWebKit/537.36 (KHTML, like Gecko) Chrome/103.0.0.0 Safari/537.36"
91.211.90.88 - - [21/Mar/2026:08:31:44 -0700] "GET /blog/page/3/ HTTP/1.0" 200 66894 "http://www.drug-injury-lawyer.com/blog/page/3/" "Mozilla/5.0 (Windows NT 6.1; Win64; x64) AppleWebKit/537.36 (KHTML, like Gecko) Chrome/103.0.5060.66 Safari/537.36"
91.211.90.113 - - [21/Mar/2026:08:31:52 -0700] "GET /blog/page/3/ HTTP/1.0" 200 66894 "http://www.drug-injury-lawyer.com/blog/page/3/" "Mozilla/5.0 (Windows NT 6.1; Win64; x64) AppleWebKit/537.36 (KHTML, like Gecko) Chrome/103.0.5060.66 Safari/537.36"
91.211.90.113 - - [21/Mar/2026:08:31:52 -0700] "GET /blog/page/3/ HTTP/1.0" 200 66894 "http://www.drug-injury-lawyer.com/blog/page/3/" "Mozilla/5.0 (Windows NT 10.0; WOW64) AppleWebKit/537.36 (KHTML, like Gecko) Chrome/103.0.5060.114 Safari/537.36"
91.211.90.247 - - [21/Mar/2026:08:31:55 -0700] "GET /blog/page/3/ HTTP/1.0" 200 66894 "http://www.drug-injury-lawyer.com/blog/page/3/" "Mozilla/5.0 (Windows NT 6.3; Win64; x64) AppleWebKit/537.36 (KHTML, like Gecko) Chrome/103.0.5060.66 Safari/537.36"
107.20.105.74 - - [21/Mar/2026:08:32:54 -0700] "HEAD / HTTP/1.1" 301 197 "-" "DreamHost SiteMonitor 1.0"
173.236.217.44 - - [21/Mar/2026:08:32:55 -0700] "POST /wp-cron.php?doing_wp_cron=1774107175.0788590908050537109375 HTTP/1.1" 200 283 "-" "WordPress/6.8.5; https://www.drug-injury-lawyer.com"
107.20.105.74 - - [21/Mar/2026:08:32:54 -0700] "HEAD / HTTP/1.1" 301 385 "http://173.236.217.44" "DreamHost SiteMonitor 1.0"
217.147.172.67 - - [21/Mar/2026:08:33:11 -0700] "GET /blog/page/3/ HTTP/1.0" 200 66894 "http://www.drug-injury-lawyer.com/blog/page/3/" "Mozilla/5.0 (Windows NT 6.3; Win64; x64) AppleWebKit/537.36 (KHTML, like Gecko) Chrome/103.0.5060.66 Safari/537.36"
217.147.172.67 - - [21/Mar/2026:08:33:11 -0700] "GET /blog/page/3/ HTTP/1.0" 200 66894 "http://www.drug-injury-lawyer.com/blog/page/3/" "Mozilla/5.0 (Windows NT 6.3; Win64; x64) AppleWebKit/537.36 (KHTML, like Gecko) Chrome/103.0.5060.53 Safari/537.36"
189.33.65.198 - - [21/Mar/2026:08:33:18 -0700] "GET /defective-medical-devices/ HTTP/1.1" 200 12983 "-" "Mozilla/5.0 (compatible; MSIE 8.0; Windows CE; Trident/4.0)"
91.211.90.227 - - [21/Mar/2026:08:33:55 -0700] "GET /blog/page/3/ HTTP/1.0" 200 66894 "http://www.drug-injury-lawyer.com/blog/page/3/" "Mozilla/5.0 (Windows NT 10.0) AppleWebKit/537.36 (KHTML, like Gecko) Chrome/103.0.0.0 Safari/537.36"
91.211.90.240 - - [21/Mar/2026:08:33:59 -0700] "GET /blog/page/3/ HTTP/1.0" 200 66894 "http://www.drug-injury-lawyer.com/blog/page/3/" "Mozilla/5.0 (Windows NT 10.0; WOW64) AppleWebKit/537.36 (KHTML, like Gecko) Chrome/103.0.0.0 Safari/537.36"
91.211.90.231 - - [21/Mar/2026:08:34:14 -0700] "GET /blog/page/3/ HTTP/1.0" 200 66894 "http://www.drug-injury-lawyer.com/blog/page/3/" "Mozilla/5.0 (Windows NT 6.1) AppleWebKit/537.36 (KHTML, like Gecko) Chrome/103.0.0.0 Safari/537.36"
107.20.105.74 - - [21/Mar/2026:08:37:54 -0700] "HEAD / HTTP/1.1" 301 197 "-" "DreamHost SiteMonitor 1.0"
107.20.105.74 - - [21/Mar/2026:08:37:54 -0700] "HEAD / HTTP/1.1" 301 385 "http://173.236.217.44" "DreamHost SiteMonitor 1.0"
