45.156.87.12 - - [22/Mar/2026:05:31:14 -0700] "GET /wp-admin/index.php HTTP/1.1" 301 532 "http://drug-injury-lawyer.com/wp-login.php" "Mozilla/5.0 (Windows NT 11.0; Win64; x64; rv:121.0) Gecko/20100101 Firefox/121.0"
45.156.87.12 - - [22/Mar/2026:05:31:14 -0700] "GET /wp-admin/index.php HTTP/1.1" 302 410 "http://drug-injury-lawyer.com/wp-login.php" "Mozilla/5.0 (Windows NT 11.0; Win64; x64; rv:121.0) Gecko/20100101 Firefox/121.0"
45.156.87.12 - - [22/Mar/2026:05:31:15 -0700] "POST /wp-login.php HTTP/1.1" 301 520 "http://drug-injury-lawyer.com/wp-login.php" "Mozilla/5.0 (X11; Linux x86_64) AppleWebKit/537.36 (KHTML, like Gecko) Chrome/118.0.0.0 Safari/537.36"
45.156.87.12 - - [22/Mar/2026:05:31:15 -0700] "GET /wp-admin/index.php HTTP/1.1" 301 532 "http://drug-injury-lawyer.com/wp-login.php" "Mozilla/5.0 (X11; Linux x86_64) AppleWebKit/537.36 (KHTML, like Gecko) Chrome/118.0.0.0 Safari/537.36"
45.156.87.12 - - [22/Mar/2026:05:31:15 -0700] "GET /wp-admin/index.php HTTP/1.1" 302 410 "http://drug-injury-lawyer.com/wp-login.php" "Mozilla/5.0 (X11; Linux x86_64) AppleWebKit/537.36 (KHTML, like Gecko) Chrome/118.0.0.0 Safari/537.36"
45.156.87.12 - - [22/Mar/2026:05:31:16 -0700] "POST /wp-login.php HTTP/1.1" 301 520 "http://drug-injury-lawyer.com/wp-login.php" "Mozilla/5.0 (Windows NT 11.0; Win64; x64; rv:121.0) Gecko/20100101 Firefox/121.0"
45.156.87.12 - - [22/Mar/2026:05:31:16 -0700] "GET /wp-admin/index.php HTTP/1.1" 301 532 "http://drug-injury-lawyer.com/wp-login.php" "Mozilla/5.0 (X11; Linux x86_64) AppleWebKit/537.36 (KHTML, like Gecko) Chrome/120.0.0.0 Safari/537.36"
45.156.87.12 - - [22/Mar/2026:05:31:16 -0700] "GET /wp-admin/index.php HTTP/1.1" 302 410 "http://drug-injury-lawyer.com/wp-login.php" "Mozilla/5.0 (X11; Linux x86_64) AppleWebKit/537.36 (KHTML, like Gecko) Chrome/120.0.0.0 Safari/537.36"
45.156.87.12 - - [22/Mar/2026:05:31:17 -0700] "POST /wp-login.php HTTP/1.1" 301 520 "http://drug-injury-lawyer.com/wp-login.php" "Mozilla/5.0 (Windows NT 11.0; Win64; x64) AppleWebKit/537.36 (KHTML, like Gecko) Chrome/118.0.0.0 Safari/537.36"
45.156.87.12 - - [22/Mar/2026:05:31:17 -0700] "GET /wp-admin/index.php HTTP/1.1" 301 532 "http://drug-injury-lawyer.com/wp-login.php" "Mozilla/5.0 (X11; Ubuntu; Linux x86_64) AppleWebKit/537.36 (KHTML, like Gecko) Chrome/119.0.0.0 Safari/537.36"
45.156.87.12 - - [22/Mar/2026:05:31:17 -0700] "GET /wp-admin/index.php HTTP/1.1" 302 410 "http://drug-injury-lawyer.com/wp-login.php" "Mozilla/5.0 (X11; Ubuntu; Linux x86_64) AppleWebKit/537.36 (KHTML, like Gecko) Chrome/119.0.0.0 Safari/537.36"
45.156.87.12 - - [22/Mar/2026:05:31:17 -0700] "POST /wp-login.php HTTP/1.1" 301 520 "http://drug-injury-lawyer.com/wp-login.php" "Mozilla/5.0 (Windows NT 11.0; Win64; x64; rv:121.0) Gecko/20100101 Firefox/121.0"
45.156.87.12 - - [22/Mar/2026:05:31:17 -0700] "GET /wp-admin/index.php HTTP/1.1" 301 532 "http://drug-injury-lawyer.com/wp-login.php" "Mozilla/5.0 (Windows NT 10.0; Win64; x64) AppleWebKit/537.36 (KHTML, like Gecko) Chrome/121.0.0.0 Safari/537.36"
45.156.87.12 - - [22/Mar/2026:05:31:18 -0700] "GET /wp-admin/index.php HTTP/1.1" 302 410 "http://drug-injury-lawyer.com/wp-login.php" "Mozilla/5.0 (Windows NT 10.0; Win64; x64) AppleWebKit/537.36 (KHTML, like Gecko) Chrome/121.0.0.0 Safari/537.36"
45.156.87.12 - - [22/Mar/2026:05:31:18 -0700] "POST /wp-login.php HTTP/1.1" 301 520 "http://drug-injury-lawyer.com/wp-login.php" "Mozilla/5.0 (Macintosh; Intel Mac OS X 10_15_7; rv:120.0) Gecko/20100101 Firefox/120.0"
45.156.87.12 - - [22/Mar/2026:05:31:18 -0700] "GET /wp-admin/index.php HTTP/1.1" 301 532 "http://drug-injury-lawyer.com/wp-login.php" "Mozilla/5.0 (X11; Linux x86_64) AppleWebKit/537.36 (KHTML, like Gecko) Chrome/120.0.0.0 Safari/537.36"
45.156.87.12 - - [22/Mar/2026:05:31:18 -0700] "GET /wp-admin/index.php HTTP/1.1" 302 410 "http://drug-injury-lawyer.com/wp-login.php" "Mozilla/5.0 (X11; Linux x86_64) AppleWebKit/537.36 (KHTML, like Gecko) Chrome/120.0.0.0 Safari/537.36"
45.156.87.12 - - [22/Mar/2026:05:31:19 -0700] "POST /wp-login.php HTTP/1.1" 301 520 "http://drug-injury-lawyer.com/wp-login.php" "Mozilla/5.0 (Macintosh; Intel Mac OS X 10_15_7; rv:120.0) Gecko/20100101 Firefox/120.0"
45.156.87.12 - - [22/Mar/2026:05:31:19 -0700] "GET /wp-admin/index.php HTTP/1.1" 301 532 "http://drug-injury-lawyer.com/wp-login.php" "Mozilla/5.0 (X11; Ubuntu; Linux x86_64) AppleWebKit/537.36 (KHTML, like Gecko) Chrome/120.0.0.0 Safari/537.36"
45.156.87.12 - - [22/Mar/2026:05:31:19 -0700] "GET /wp-admin/index.php HTTP/1.1" 302 410 "http://drug-injury-lawyer.com/wp-login.php" "Mozilla/5.0 (X11; Ubuntu; Linux x86_64) AppleWebKit/537.36 (KHTML, like Gecko) Chrome/120.0.0.0 Safari/537.36"
45.156.87.12 - - [22/Mar/2026:05:31:20 -0700] "POST /wp-login.php HTTP/1.1" 301 520 "http://drug-injury-lawyer.com/wp-login.php" "Mozilla/5.0 (Macintosh; Intel Mac OS X 10_15_7) AppleWebKit/605.1.15 (KHTML, like Gecko) Version/17.2 Safari/605.1.15"
45.156.87.12 - - [22/Mar/2026:05:31:20 -0700] "GET /wp-admin/index.php HTTP/1.1" 301 532 "http://drug-injury-lawyer.com/wp-login.php" "Mozilla/5.0 (Macintosh; Intel Mac OS X 10_15_7; rv:118.0) Gecko/20100101 Firefox/118.0"
45.156.87.12 - - [22/Mar/2026:05:31:20 -0700] "GET /wp-admin/index.php HTTP/1.1" 302 410 "http://drug-injury-lawyer.com/wp-login.php" "Mozilla/5.0 (Macintosh; Intel Mac OS X 10_15_7; rv:118.0) Gecko/20100101 Firefox/118.0"
45.156.87.12 - - [22/Mar/2026:05:31:21 -0700] "POST /wp-login.php HTTP/1.1" 301 520 "http://drug-injury-lawyer.com/wp-login.php" "Mozilla/5.0 (Macintosh; Intel Mac OS X 10_15_7) AppleWebKit/537.36 (KHTML, like Gecko) Chrome/121.0.0.0 Safari/537.36"
45.156.87.12 - - [22/Mar/2026:05:31:21 -0700] "GET /wp-admin/index.php HTTP/1.1" 301 532 "http://drug-injury-lawyer.com/wp-login.php" "Mozilla/5.0 (Macintosh; Intel Mac OS X 13_6_1) AppleWebKit/605.1.15 (KHTML, like Gecko) Version/17.0 Safari/605.1.15"
45.156.87.12 - - [22/Mar/2026:05:31:21 -0700] "GET /wp-admin/index.php HTTP/1.1" 302 410 "http://drug-injury-lawyer.com/wp-login.php" "Mozilla/5.0 (Macintosh; Intel Mac OS X 13_6_1) AppleWebKit/605.1.15 (KHTML, like Gecko) Version/17.0 Safari/605.1.15"
45.156.87.12 - - [22/Mar/2026:05:31:21 -0700] "POST /wp-login.php HTTP/1.1" 301 520 "http://drug-injury-lawyer.com/wp-login.php" "Mozilla/5.0 (Windows NT 11.0; Win64; x64; rv:119.0) Gecko/20100101 Firefox/119.0"
45.156.87.12 - - [22/Mar/2026:05:31:22 -0700] "GET /wp-admin/index.php HTTP/1.1" 301 532 "http://drug-injury-lawyer.com/wp-login.php" "Mozilla/5.0 (Macintosh; Intel Mac OS X 10_15_7) AppleWebKit/537.36 (KHTML, like Gecko) Chrome/119.0.0.0 Safari/537.36"
45.156.87.12 - - [22/Mar/2026:05:31:22 -0700] "GET /wp-admin/index.php HTTP/1.1" 302 410 "http://drug-injury-lawyer.com/wp-login.php" "Mozilla/5.0 (Macintosh; Intel Mac OS X 10_15_7) AppleWebKit/537.36 (KHTML, like Gecko) Chrome/119.0.0.0 Safari/537.36"
45.156.87.12 - - [22/Mar/2026:05:31:22 -0700] "POST /wp-login.php HTTP/1.1" 301 520 "http://drug-injury-lawyer.com/wp-login.php" "Mozilla/5.0 (Macintosh; Intel Mac OS X 13_6_1; rv:120.0) Gecko/20100101 Firefox/120.0"
45.156.87.12 - - [22/Mar/2026:05:31:22 -0700] "GET /wp-admin/index.php HTTP/1.1" 301 532 "http://drug-injury-lawyer.com/wp-login.php" "Mozilla/5.0 (Macintosh; Intel Mac OS X 13_6_1) AppleWebKit/605.1.15 (KHTML, like Gecko) Version/16.6 Safari/605.1.15"
45.156.87.12 - - [22/Mar/2026:05:31:22 -0700] "GET /wp-admin/index.php HTTP/1.1" 302 410 "http://drug-injury-lawyer.com/wp-login.php" "Mozilla/5.0 (Macintosh; Intel Mac OS X 13_6_1) AppleWebKit/605.1.15 (KHTML, like Gecko) Version/16.6 Safari/605.1.15"
45.156.87.12 - - [22/Mar/2026:05:31:23 -0700] "POST /wp-login.php HTTP/1.1" 301 520 "http://drug-injury-lawyer.com/wp-login.php" "Mozilla/5.0 (Windows NT 10.0; Win64; x64) AppleWebKit/537.36 (KHTML, like Gecko) Chrome/121.0.0.0 Safari/537.36"
45.156.87.12 - - [22/Mar/2026:05:31:23 -0700] "GET /wp-admin/index.php HTTP/1.1" 301 532 "http://drug-injury-lawyer.com/wp-login.php" "Mozilla/5.0 (Windows NT 11.0; Win64; x64; rv:118.0) Gecko/20100101 Firefox/118.0"
45.156.87.12 - - [22/Mar/2026:05:31:23 -0700] "GET /wp-admin/index.php HTTP/1.1" 302 410 "http://drug-injury-lawyer.com/wp-login.php" "Mozilla/5.0 (Windows NT 11.0; Win64; x64; rv:118.0) Gecko/20100101 Firefox/118.0"
45.156.87.12 - - [22/Mar/2026:05:31:24 -0700] "POST /wp-login.php HTTP/1.1" 301 520 "http://drug-injury-lawyer.com/wp-login.php" "Mozilla/5.0 (Macintosh; Intel Mac OS X 10_15_7) AppleWebKit/605.1.15 (KHTML, like Gecko) Version/17.1 Safari/605.1.15"
45.156.87.12 - - [22/Mar/2026:05:31:24 -0700] "GET /wp-admin/index.php HTTP/1.1" 301 532 "http://drug-injury-lawyer.com/wp-login.php" "Mozilla/5.0 (Macintosh; Intel Mac OS X 13_6_1) AppleWebKit/605.1.15 (KHTML, like Gecko) Version/17.0 Safari/605.1.15"
45.156.87.12 - - [22/Mar/2026:05:31:24 -0700] "GET /wp-admin/index.php HTTP/1.1" 302 410 "http://drug-injury-lawyer.com/wp-login.php" "Mozilla/5.0 (Macintosh; Intel Mac OS X 13_6_1) AppleWebKit/605.1.15 (KHTML, like Gecko) Version/17.0 Safari/605.1.15"
45.156.87.12 - - [22/Mar/2026:05:31:25 -0700] "POST /wp-login.php HTTP/1.1" 301 520 "http://drug-injury-lawyer.com/wp-login.php" "Mozilla/5.0 (X11; Ubuntu; Linux x86_64) AppleWebKit/537.36 (KHTML, like Gecko) Chrome/121.0.0.0 Safari/537.36"
45.156.87.12 - - [22/Mar/2026:05:31:25 -0700] "GET /wp-admin/index.php HTTP/1.1" 301 532 "http://drug-injury-lawyer.com/wp-login.php" "Mozilla/5.0 (Windows NT 11.0; Win64; x64; rv:118.0) Gecko/20100101 Firefox/118.0"
45.156.87.12 - - [22/Mar/2026:05:31:25 -0700] "GET /wp-admin/index.php HTTP/1.1" 302 410 "http://drug-injury-lawyer.com/wp-login.php" "Mozilla/5.0 (Windows NT 11.0; Win64; x64; rv:118.0) Gecko/20100101 Firefox/118.0"
45.156.87.12 - - [22/Mar/2026:05:31:25 -0700] "POST /wp-login.php HTTP/1.1" 301 520 "http://drug-injury-lawyer.com/wp-login.php" "Mozilla/5.0 (Macintosh; Intel Mac OS X 10_15_7; rv:120.0) Gecko/20100101 Firefox/120.0"
45.156.87.12 - - [22/Mar/2026:05:31:25 -0700] "GET /wp-admin/index.php HTTP/1.1" 301 532 "http://drug-injury-lawyer.com/wp-login.php" "Mozilla/5.0 (Macintosh; Intel Mac OS X 10_15_7; rv:120.0) Gecko/20100101 Firefox/120.0"
45.156.87.12 - - [22/Mar/2026:05:31:26 -0700] "GET /wp-admin/index.php HTTP/1.1" 302 410 "http://drug-injury-lawyer.com/wp-login.php" "Mozilla/5.0 (Macintosh; Intel Mac OS X 10_15_7; rv:120.0) Gecko/20100101 Firefox/120.0"
45.156.87.12 - - [22/Mar/2026:05:31:26 -0700] "POST /wp-login.php HTTP/1.1" 301 520 "http://drug-injury-lawyer.com/wp-login.php" "Mozilla/5.0 (Macintosh; Intel Mac OS X 10_15_7) AppleWebKit/537.36 (KHTML, like Gecko) Chrome/120.0.0.0 Safari/537.36"
45.156.87.12 - - [22/Mar/2026:05:31:26 -0700] "GET /wp-admin/index.php HTTP/1.1" 301 532 "http://drug-injury-lawyer.com/wp-login.php" "Mozilla/5.0 (Windows NT 11.0; Win64; x64) AppleWebKit/537.36 (KHTML, like Gecko) Chrome/119.0.0.0 Safari/537.36"
45.156.87.12 - - [22/Mar/2026:05:31:26 -0700] "GET /wp-admin/index.php HTTP/1.1" 302 410 "http://drug-injury-lawyer.com/wp-login.php" "Mozilla/5.0 (Windows NT 11.0; Win64; x64) AppleWebKit/537.36 (KHTML, like Gecko) Chrome/119.0.0.0 Safari/537.36"
45.156.87.12 - - [22/Mar/2026:05:31:27 -0700] "POST /wp-login.php HTTP/1.1" 301 520 "http://drug-injury-lawyer.com/wp-login.php" "Mozilla/5.0 (Macintosh; Intel Mac OS X 10_15_7) AppleWebKit/537.36 (KHTML, like Gecko) Chrome/120.0.0.0 Safari/537.36"
45.156.87.12 - - [22/Mar/2026:05:31:27 -0700] "GET /wp-admin/index.php HTTP/1.1" 301 532 "http://drug-injury-lawyer.com/wp-login.php" "Mozilla/5.0 (Macintosh; Intel Mac OS X 13_6_1; rv:120.0) Gecko/20100101 Firefox/120.0"
45.156.87.12 - - [22/Mar/2026:05:31:27 -0700] "GET /wp-admin/index.php HTTP/1.1" 302 410 "http://drug-injury-lawyer.com/wp-login.php" "Mozilla/5.0 (Macintosh; Intel Mac OS X 13_6_1; rv:120.0) Gecko/20100101 Firefox/120.0"
45.156.87.12 - - [22/Mar/2026:05:31:28 -0700] "POST /wp-login.php HTTP/1.1" 301 520 "http://drug-injury-lawyer.com/wp-login.php" "Mozilla/5.0 (Macintosh; Intel Mac OS X 13_6_1) AppleWebKit/605.1.15 (KHTML, like Gecko) Version/17.0 Safari/605.1.15"
45.156.87.12 - - [22/Mar/2026:05:31:28 -0700] "GET /wp-admin/index.php HTTP/1.1" 301 532 "http://drug-injury-lawyer.com/wp-login.php" "Mozilla/5.0 (X11; Linux x86_64) AppleWebKit/537.36 (KHTML, like Gecko) Chrome/121.0.0.0 Safari/537.36"
45.156.87.12 - - [22/Mar/2026:05:31:28 -0700] "GET /wp-admin/index.php HTTP/1.1" 302 410 "http://drug-injury-lawyer.com/wp-login.php" "Mozilla/5.0 (X11; Linux x86_64) AppleWebKit/537.36 (KHTML, like Gecko) Chrome/121.0.0.0 Safari/537.36"
45.156.87.12 - - [22/Mar/2026:05:31:28 -0700] "POST /wp-login.php HTTP/1.1" 301 520 "http://drug-injury-lawyer.com/wp-login.php" "Mozilla/5.0 (Macintosh; Intel Mac OS X 13_6_1; rv:120.0) Gecko/20100101 Firefox/120.0"
45.156.87.12 - - [22/Mar/2026:05:31:29 -0700] "GET /wp-admin/index.php HTTP/1.1" 301 532 "http://drug-injury-lawyer.com/wp-login.php" "Mozilla/5.0 (Windows NT 10.0; Win64; x64; rv:118.0) Gecko/20100101 Firefox/118.0"
45.156.87.12 - - [22/Mar/2026:05:31:29 -0700] "GET /wp-admin/index.php HTTP/1.1" 302 410 "http://drug-injury-lawyer.com/wp-login.php" "Mozilla/5.0 (Windows NT 10.0; Win64; x64; rv:118.0) Gecko/20100101 Firefox/118.0"
173.236.217.44 - - [22/Mar/2026:05:31:29 -0700] "POST /wp-cron.php?doing_wp_cron=1774182689.2278239727020263671875 HTTP/1.1" 200 283 "-" "WordPress/6.8.5; https://www.drug-injury-lawyer.com"
45.156.87.12 - - [22/Mar/2026:05:31:30 -0700] "POST /wp-login.php HTTP/1.1" 301 520 "http://drug-injury-lawyer.com/wp-login.php" "Mozilla/5.0 (Macintosh; Intel Mac OS X 13_6_1) AppleWebKit/537.36 (KHTML, like Gecko) Chrome/119.0.0.0 Safari/537.36"
45.156.87.12 - - [22/Mar/2026:05:31:30 -0700] "GET /wp-admin/index.php HTTP/1.1" 301 532 "http://drug-injury-lawyer.com/wp-login.php" "Mozilla/5.0 (Macintosh; Intel Mac OS X 13_6_1) AppleWebKit/605.1.15 (KHTML, like Gecko) Version/17.0 Safari/605.1.15"
45.156.87.12 - - [22/Mar/2026:05:31:30 -0700] "GET /wp-admin/index.php HTTP/1.1" 302 410 "http://drug-injury-lawyer.com/wp-login.php" "Mozilla/5.0 (Macintosh; Intel Mac OS X 13_6_1) AppleWebKit/605.1.15 (KHTML, like Gecko) Version/17.0 Safari/605.1.15"
45.156.87.12 - - [22/Mar/2026:05:31:31 -0700] "POST /wp-login.php HTTP/1.1" 301 520 "http://drug-injury-lawyer.com/wp-login.php" "Mozilla/5.0 (Macintosh; Intel Mac OS X 13_6_1) AppleWebKit/537.36 (KHTML, like Gecko) Chrome/118.0.0.0 Safari/537.36"
45.156.87.12 - - [22/Mar/2026:05:31:31 -0700] "GET /wp-admin/index.php HTTP/1.1" 301 532 "http://drug-injury-lawyer.com/wp-login.php" "Mozilla/5.0 (Windows NT 10.0; Win64; x64) AppleWebKit/537.36 (KHTML, like Gecko) Chrome/118.0.0.0 Safari/537.36"
45.156.87.12 - - [22/Mar/2026:05:31:31 -0700] "GET /wp-admin/index.php HTTP/1.1" 302 410 "http://drug-injury-lawyer.com/wp-login.php" "Mozilla/5.0 (Windows NT 10.0; Win64; x64) AppleWebKit/537.36 (KHTML, like Gecko) Chrome/118.0.0.0 Safari/537.36"
45.156.87.12 - - [22/Mar/2026:05:31:32 -0700] "POST /wp-login.php HTTP/1.1" 301 519 "http://drug-injury-lawyer.com/wp-login.php" "Mozilla/5.0 (Windows NT 10.0; Win64; x64; rv:120.0) Gecko/20100101 Firefox/120.0"
45.156.87.12 - - [22/Mar/2026:05:31:32 -0700] "GET /wp-admin/index.php HTTP/1.1" 301 531 "http://drug-injury-lawyer.com/wp-login.php" "Mozilla/5.0 (X11; Ubuntu; Linux x86_64) AppleWebKit/537.36 (KHTML, like Gecko) Chrome/119.0.0.0 Safari/537.36"
45.156.87.12 - - [22/Mar/2026:05:31:32 -0700] "GET /wp-admin/index.php HTTP/1.1" 302 410 "http://drug-injury-lawyer.com/wp-login.php" "Mozilla/5.0 (X11; Ubuntu; Linux x86_64) AppleWebKit/537.36 (KHTML, like Gecko) Chrome/119.0.0.0 Safari/537.36"
45.156.87.12 - - [22/Mar/2026:05:31:33 -0700] "POST /wp-login.php HTTP/1.1" 301 519 "http://drug-injury-lawyer.com/wp-login.php" "Mozilla/5.0 (Macintosh; Intel Mac OS X 13_6_1) AppleWebKit/537.36 (KHTML, like Gecko) Chrome/120.0.0.0 Safari/537.36"
45.156.87.12 - - [22/Mar/2026:05:31:33 -0700] "GET /wp-admin/index.php HTTP/1.1" 301 531 "http://drug-injury-lawyer.com/wp-login.php" "Mozilla/5.0 (X11; Ubuntu; Linux x86_64) AppleWebKit/537.36 (KHTML, like Gecko) Chrome/119.0.0.0 Safari/537.36"
45.156.87.12 - - [22/Mar/2026:05:31:33 -0700] "GET /wp-admin/index.php HTTP/1.1" 302 410 "http://drug-injury-lawyer.com/wp-login.php" "Mozilla/5.0 (X11; Ubuntu; Linux x86_64) AppleWebKit/537.36 (KHTML, like Gecko) Chrome/119.0.0.0 Safari/537.36"
45.156.87.12 - - [22/Mar/2026:05:31:33 -0700] "POST /wp-login.php HTTP/1.1" 301 519 "http://drug-injury-lawyer.com/wp-login.php" "Mozilla/5.0 (X11; Linux x86_64) AppleWebKit/537.36 (KHTML, like Gecko) Chrome/121.0.0.0 Safari/537.36"
45.156.87.12 - - [22/Mar/2026:05:31:33 -0700] "GET /wp-admin/index.php HTTP/1.1" 301 531 "http://drug-injury-lawyer.com/wp-login.php" "Mozilla/5.0 (X11; Linux x86_64) AppleWebKit/537.36 (KHTML, like Gecko) Chrome/120.0.0.0 Safari/537.36"
45.156.87.12 - - [22/Mar/2026:05:31:34 -0700] "GET /wp-admin/index.php HTTP/1.1" 302 410 "http://drug-injury-lawyer.com/wp-login.php" "Mozilla/5.0 (X11; Linux x86_64) AppleWebKit/537.36 (KHTML, like Gecko) Chrome/120.0.0.0 Safari/537.36"
45.156.87.12 - - [22/Mar/2026:05:31:34 -0700] "POST /wp-login.php HTTP/1.1" 301 519 "http://drug-injury-lawyer.com/wp-login.php" "Mozilla/5.0 (Macintosh; Intel Mac OS X 13_6_1; rv:118.0) Gecko/20100101 Firefox/118.0"
45.156.87.12 - - [22/Mar/2026:05:31:34 -0700] "GET /wp-admin/index.php HTTP/1.1" 301 531 "http://drug-injury-lawyer.com/wp-login.php" "Mozilla/5.0 (Macintosh; Intel Mac OS X 10_15_7; rv:119.0) Gecko/20100101 Firefox/119.0"
45.156.87.12 - - [22/Mar/2026:05:31:34 -0700] "GET /wp-admin/index.php HTTP/1.1" 302 410 "http://drug-injury-lawyer.com/wp-login.php" "Mozilla/5.0 (Macintosh; Intel Mac OS X 10_15_7; rv:119.0) Gecko/20100101 Firefox/119.0"
45.156.87.12 - - [22/Mar/2026:05:31:35 -0700] "POST /wp-login.php HTTP/1.1" 301 519 "http://drug-injury-lawyer.com/wp-login.php" "Mozilla/5.0 (Macintosh; Intel Mac OS X 10_15_7) AppleWebKit/537.36 (KHTML, like Gecko) Chrome/120.0.0.0 Safari/537.36"
45.156.87.12 - - [22/Mar/2026:05:31:35 -0700] "GET /wp-admin/index.php HTTP/1.1" 301 496 "http://drug-injury-lawyer.com/wp-login.php" "Mozilla/5.0 (Macintosh; Intel Mac OS X 10_15_7; rv:118.0) Gecko/20100101 Firefox/118.0"
45.156.87.12 - - [22/Mar/2026:05:31:35 -0700] "GET /wp-admin/index.php HTTP/1.1" 302 410 "http://drug-injury-lawyer.com/wp-login.php" "Mozilla/5.0 (Macintosh; Intel Mac OS X 10_15_7; rv:118.0) Gecko/20100101 Firefox/118.0"
45.156.87.12 - - [22/Mar/2026:05:31:36 -0700] "POST /wp-login.php HTTP/1.1" 301 521 "http://drug-injury-lawyer.com/wp-login.php" "Mozilla/5.0 (Windows NT 11.0; Win64; x64) AppleWebKit/537.36 (KHTML, like Gecko) Chrome/120.0.0.0 Safari/537.36"
45.156.87.12 - - [22/Mar/2026:05:31:36 -0700] "GET /wp-admin/index.php HTTP/1.1" 301 532 "http://drug-injury-lawyer.com/wp-login.php" "Mozilla/5.0 (Windows NT 11.0; Win64; x64; rv:119.0) Gecko/20100101 Firefox/119.0"
45.156.87.12 - - [22/Mar/2026:05:31:36 -0700] "GET /wp-admin/index.php HTTP/1.1" 302 410 "http://drug-injury-lawyer.com/wp-login.php" "Mozilla/5.0 (Windows NT 11.0; Win64; x64; rv:119.0) Gecko/20100101 Firefox/119.0"
45.156.87.12 - - [22/Mar/2026:05:31:36 -0700] "POST /wp-login.php HTTP/1.1" 301 520 "http://drug-injury-lawyer.com/wp-login.php" "Mozilla/5.0 (Macintosh; Intel Mac OS X 13_6_1) AppleWebKit/537.36 (KHTML, like Gecko) Chrome/121.0.0.0 Safari/537.36"
45.156.87.12 - - [22/Mar/2026:05:31:37 -0700] "GET /wp-admin/index.php HTTP/1.1" 301 532 "http://drug-injury-lawyer.com/wp-login.php" "Mozilla/5.0 (X11; Ubuntu; Linux x86_64) AppleWebKit/537.36 (KHTML, like Gecko) Chrome/121.0.0.0 Safari/537.36"
45.156.87.12 - - [22/Mar/2026:05:31:37 -0700] "GET /wp-admin/index.php HTTP/1.1" 302 410 "http://drug-injury-lawyer.com/wp-login.php" "Mozilla/5.0 (X11; Ubuntu; Linux x86_64) AppleWebKit/537.36 (KHTML, like Gecko) Chrome/121.0.0.0 Safari/537.36"
45.156.87.12 - - [22/Mar/2026:05:31:37 -0700] "POST /wp-login.php HTTP/1.1" 301 520 "http://drug-injury-lawyer.com/wp-login.php" "Mozilla/5.0 (X11; Ubuntu; Linux x86_64) AppleWebKit/537.36 (KHTML, like Gecko) Chrome/121.0.0.0 Safari/537.36"
45.156.87.12 - - [22/Mar/2026:05:31:37 -0700] "GET /wp-admin/index.php HTTP/1.1" 301 532 "http://drug-injury-lawyer.com/wp-login.php" "Mozilla/5.0 (Macintosh; Intel Mac OS X 13_6_1) AppleWebKit/605.1.15 (KHTML, like Gecko) Version/16.6 Safari/605.1.15"
45.156.87.12 - - [22/Mar/2026:05:31:37 -0700] "GET /wp-admin/index.php HTTP/1.1" 302 410 "http://drug-injury-lawyer.com/wp-login.php" "Mozilla/5.0 (Macintosh; Intel Mac OS X 13_6_1) AppleWebKit/605.1.15 (KHTML, like Gecko) Version/16.6 Safari/605.1.15"
45.156.87.12 - - [22/Mar/2026:05:31:38 -0700] "POST /wp-login.php HTTP/1.1" 301 520 "http://drug-injury-lawyer.com/wp-login.php" "Mozilla/5.0 (Macintosh; Intel Mac OS X 13_6_1) AppleWebKit/605.1.15 (KHTML, like Gecko) Version/17.2 Safari/605.1.15"
45.156.87.12 - - [22/Mar/2026:05:31:38 -0700] "GET /wp-admin/index.php HTTP/1.1" 301 532 "http://drug-injury-lawyer.com/wp-login.php" "Mozilla/5.0 (Macintosh; Intel Mac OS X 10_15_7; rv:119.0) Gecko/20100101 Firefox/119.0"
45.156.87.12 - - [22/Mar/2026:05:31:38 -0700] "GET /wp-admin/index.php HTTP/1.1" 302 410 "http://drug-injury-lawyer.com/wp-login.php" "Mozilla/5.0 (Macintosh; Intel Mac OS X 10_15_7; rv:119.0) Gecko/20100101 Firefox/119.0"
45.156.87.12 - - [22/Mar/2026:05:31:41 -0700] "POST /wp-login.php HTTP/1.1" 301 520 "http://drug-injury-lawyer.com/wp-login.php" "Mozilla/5.0 (Macintosh; Intel Mac OS X 10_15_7; rv:120.0) Gecko/20100101 Firefox/120.0"
45.156.87.12 - - [22/Mar/2026:05:31:41 -0700] "GET /wp-admin/index.php HTTP/1.1" 301 532 "http://drug-injury-lawyer.com/wp-login.php" "Mozilla/5.0 (Macintosh; Intel Mac OS X 13_6_1) AppleWebKit/537.36 (KHTML, like Gecko) Chrome/121.0.0.0 Safari/537.36"
45.156.87.12 - - [22/Mar/2026:05:31:41 -0700] "GET /wp-admin/index.php HTTP/1.1" 302 410 "http://drug-injury-lawyer.com/wp-login.php" "Mozilla/5.0 (Macintosh; Intel Mac OS X 13_6_1) AppleWebKit/537.36 (KHTML, like Gecko) Chrome/121.0.0.0 Safari/537.36"
45.156.87.12 - - [22/Mar/2026:05:31:42 -0700] "POST /wp-login.php HTTP/1.1" 301 520 "http://drug-injury-lawyer.com/wp-login.php" "Mozilla/5.0 (Windows NT 10.0; Win64; x64) AppleWebKit/537.36 (KHTML, like Gecko) Chrome/121.0.0.0 Safari/537.36"
45.156.87.12 - - [22/Mar/2026:05:31:42 -0700] "GET /wp-admin/index.php HTTP/1.1" 301 532 "http://drug-injury-lawyer.com/wp-login.php" "Mozilla/5.0 (Macintosh; Intel Mac OS X 13_6_1; rv:118.0) Gecko/20100101 Firefox/118.0"
45.156.87.12 - - [22/Mar/2026:05:31:42 -0700] "GET /wp-admin/index.php HTTP/1.1" 302 410 "http://drug-injury-lawyer.com/wp-login.php" "Mozilla/5.0 (Macintosh; Intel Mac OS X 13_6_1; rv:118.0) Gecko/20100101 Firefox/118.0"
45.156.87.12 - - [22/Mar/2026:05:31:43 -0700] "POST /wp-login.php HTTP/1.1" 301 520 "http://drug-injury-lawyer.com/wp-login.php" "Mozilla/5.0 (Windows NT 10.0; Win64; x64; rv:120.0) Gecko/20100101 Firefox/120.0"
45.156.87.12 - - [22/Mar/2026:05:31:43 -0700] "GET /wp-admin/index.php HTTP/1.1" 301 532 "http://drug-injury-lawyer.com/wp-login.php" "Mozilla/5.0 (Macintosh; Intel Mac OS X 10_15_7; rv:119.0) Gecko/20100101 Firefox/119.0"
45.156.87.12 - - [22/Mar/2026:05:31:43 -0700] "GET /wp-admin/index.php HTTP/1.1" 302 410 "http://drug-injury-lawyer.com/wp-login.php" "Mozilla/5.0 (Macintosh; Intel Mac OS X 10_15_7; rv:119.0) Gecko/20100101 Firefox/119.0"
45.156.87.12 - - [22/Mar/2026:05:31:43 -0700] "POST /wp-login.php HTTP/1.1" 301 520 "http://drug-injury-lawyer.com/wp-login.php" "Mozilla/5.0 (X11; Linux x86_64) AppleWebKit/537.36 (KHTML, like Gecko) Chrome/119.0.0.0 Safari/537.36"
45.156.87.12 - - [22/Mar/2026:05:31:43 -0700] "GET /wp-admin/index.php HTTP/1.1" 301 532 "http://drug-injury-lawyer.com/wp-login.php" "Mozilla/5.0 (Macintosh; Intel Mac OS X 10_15_7) AppleWebKit/605.1.15 (KHTML, like Gecko) Version/17.1 Safari/605.1.15"
45.156.87.12 - - [22/Mar/2026:05:31:43 -0700] "GET /wp-admin/index.php HTTP/1.1" 302 410 "http://drug-injury-lawyer.com/wp-login.php" "Mozilla/5.0 (Macintosh; Intel Mac OS X 10_15_7) AppleWebKit/605.1.15 (KHTML, like Gecko) Version/17.1 Safari/605.1.15"
45.156.87.12 - - [22/Mar/2026:05:31:44 -0700] "POST /wp-login.php HTTP/1.1" 301 520 "http://drug-injury-lawyer.com/wp-login.php" "Mozilla/5.0 (Macintosh; Intel Mac OS X 10_15_7; rv:120.0) Gecko/20100101 Firefox/120.0"
45.156.87.12 - - [22/Mar/2026:05:31:44 -0700] "GET /wp-admin/index.php HTTP/1.1" 301 532 "http://drug-injury-lawyer.com/wp-login.php" "Mozilla/5.0 (Macintosh; Intel Mac OS X 13_6_1) AppleWebKit/537.36 (KHTML, like Gecko) Chrome/121.0.0.0 Safari/537.36"
45.156.87.12 - - [22/Mar/2026:05:31:44 -0700] "GET /wp-admin/index.php HTTP/1.1" 302 410 "http://drug-injury-lawyer.com/wp-login.php" "Mozilla/5.0 (Macintosh; Intel Mac OS X 13_6_1) AppleWebKit/537.36 (KHTML, like Gecko) Chrome/121.0.0.0 Safari/537.36"
45.156.87.12 - - [22/Mar/2026:05:31:45 -0700] "POST /wp-login.php HTTP/1.1" 301 520 "http://drug-injury-lawyer.com/wp-login.php" "Mozilla/5.0 (Macintosh; Intel Mac OS X 13_6_1) AppleWebKit/605.1.15 (KHTML, like Gecko) Version/17.1 Safari/605.1.15"
45.156.87.12 - - [22/Mar/2026:05:31:45 -0700] "GET /wp-admin/index.php HTTP/1.1" 301 532 "http://drug-injury-lawyer.com/wp-login.php" "Mozilla/5.0 (Windows NT 10.0; Win64; x64; rv:120.0) Gecko/20100101 Firefox/120.0"
45.156.87.12 - - [22/Mar/2026:05:31:45 -0700] "GET /wp-admin/index.php HTTP/1.1" 302 410 "http://drug-injury-lawyer.com/wp-login.php" "Mozilla/5.0 (Windows NT 10.0; Win64; x64; rv:120.0) Gecko/20100101 Firefox/120.0"
45.156.87.12 - - [22/Mar/2026:05:31:46 -0700] "POST /wp-login.php HTTP/1.1" 301 520 "http://drug-injury-lawyer.com/wp-login.php" "Mozilla/5.0 (Windows NT 11.0; Win64; x64; rv:121.0) Gecko/20100101 Firefox/121.0"
45.156.87.12 - - [22/Mar/2026:05:31:46 -0700] "GET /wp-admin/index.php HTTP/1.1" 301 532 "http://drug-injury-lawyer.com/wp-login.php" "Mozilla/5.0 (Windows NT 10.0; Win64; x64; rv:118.0) Gecko/20100101 Firefox/118.0"
45.156.87.12 - - [22/Mar/2026:05:31:46 -0700] "GET /wp-admin/index.php HTTP/1.1" 302 410 "http://drug-injury-lawyer.com/wp-login.php" "Mozilla/5.0 (Windows NT 10.0; Win64; x64; rv:118.0) Gecko/20100101 Firefox/118.0"
45.156.87.12 - - [22/Mar/2026:05:31:46 -0700] "POST /wp-login.php HTTP/1.1" 301 520 "http://drug-injury-lawyer.com/wp-login.php" "Mozilla/5.0 (Macintosh; Intel Mac OS X 13_6_1; rv:120.0) Gecko/20100101 Firefox/120.0"
45.156.87.12 - - [22/Mar/2026:05:31:46 -0700] "GET /wp-admin/index.php HTTP/1.1" 301 532 "http://drug-injury-lawyer.com/wp-login.php" "Mozilla/5.0 (Windows NT 10.0; Win64; x64) AppleWebKit/537.36 (KHTML, like Gecko) Chrome/119.0.0.0 Safari/537.36"
45.156.87.12 - - [22/Mar/2026:05:31:47 -0700] "GET /wp-admin/index.php HTTP/1.1" 302 410 "http://drug-injury-lawyer.com/wp-login.php" "Mozilla/5.0 (Windows NT 10.0; Win64; x64) AppleWebKit/537.36 (KHTML, like Gecko) Chrome/119.0.0.0 Safari/537.36"
45.156.87.12 - - [22/Mar/2026:05:31:47 -0700] "POST /wp-login.php HTTP/1.1" 301 520 "http://drug-injury-lawyer.com/wp-login.php" "Mozilla/5.0 (Macintosh; Intel Mac OS X 13_6_1) AppleWebKit/537.36 (KHTML, like Gecko) Chrome/121.0.0.0 Safari/537.36"
45.156.87.12 - - [22/Mar/2026:05:31:47 -0700] "GET /wp-admin/index.php HTTP/1.1" 301 532 "http://drug-injury-lawyer.com/wp-login.php" "Mozilla/5.0 (Macintosh; Intel Mac OS X 10_15_7) AppleWebKit/605.1.15 (KHTML, like Gecko) Version/17.0 Safari/605.1.15"
45.156.87.12 - - [22/Mar/2026:05:31:47 -0700] "GET /wp-admin/index.php HTTP/1.1" 302 410 "http://drug-injury-lawyer.com/wp-login.php" "Mozilla/5.0 (Macintosh; Intel Mac OS X 10_15_7) AppleWebKit/605.1.15 (KHTML, like Gecko) Version/17.0 Safari/605.1.15"
45.156.87.12 - - [22/Mar/2026:05:31:48 -0700] "POST /wp-login.php HTTP/1.1" 301 520 "http://drug-injury-lawyer.com/wp-login.php" "Mozilla/5.0 (X11; Ubuntu; Linux x86_64) AppleWebKit/537.36 (KHTML, like Gecko) Chrome/118.0.0.0 Safari/537.36"
45.156.87.12 - - [22/Mar/2026:05:31:48 -0700] "GET /wp-admin/index.php HTTP/1.1" 301 532 "http://drug-injury-lawyer.com/wp-login.php" "Mozilla/5.0 (Macintosh; Intel Mac OS X 13_6_1; rv:120.0) Gecko/20100101 Firefox/120.0"
45.156.87.12 - - [22/Mar/2026:05:31:48 -0700] "GET /wp-admin/index.php HTTP/1.1" 302 410 "http://drug-injury-lawyer.com/wp-login.php" "Mozilla/5.0 (Macintosh; Intel Mac OS X 13_6_1; rv:120.0) Gecko/20100101 Firefox/120.0"
45.156.87.12 - - [22/Mar/2026:05:31:49 -0700] "POST /wp-login.php HTTP/1.1" 301 520 "http://drug-injury-lawyer.com/wp-login.php" "Mozilla/5.0 (Windows NT 10.0; Win64; x64; rv:120.0) Gecko/20100101 Firefox/120.0"
45.156.87.12 - - [22/Mar/2026:05:31:49 -0700] "GET /wp-admin/index.php HTTP/1.1" 301 532 "http://drug-injury-lawyer.com/wp-login.php" "Mozilla/5.0 (Macintosh; Intel Mac OS X 10_15_7; rv:118.0) Gecko/20100101 Firefox/118.0"
45.156.87.12 - - [22/Mar/2026:05:31:49 -0700] "GET /wp-admin/index.php HTTP/1.1" 302 410 "http://drug-injury-lawyer.com/wp-login.php" "Mozilla/5.0 (Macintosh; Intel Mac OS X 10_15_7; rv:118.0) Gecko/20100101 Firefox/118.0"
45.156.87.12 - - [22/Mar/2026:05:31:49 -0700] "POST /wp-login.php HTTP/1.1" 301 520 "http://drug-injury-lawyer.com/wp-login.php" "Mozilla/5.0 (Windows NT 10.0; Win64; x64) AppleWebKit/537.36 (KHTML, like Gecko) Chrome/120.0.0.0 Safari/537.36"
45.156.87.12 - - [22/Mar/2026:05:31:50 -0700] "GET /wp-admin/index.php HTTP/1.1" 301 532 "http://drug-injury-lawyer.com/wp-login.php" "Mozilla/5.0 (Macintosh; Intel Mac OS X 13_6_1; rv:118.0) Gecko/20100101 Firefox/118.0"
45.156.87.12 - - [22/Mar/2026:05:31:50 -0700] "GET /wp-admin/index.php HTTP/1.1" 302 410 "http://drug-injury-lawyer.com/wp-login.php" "Mozilla/5.0 (Macintosh; Intel Mac OS X 13_6_1; rv:118.0) Gecko/20100101 Firefox/118.0"
45.156.87.12 - - [22/Mar/2026:05:31:50 -0700] "POST /wp-login.php HTTP/1.1" 301 520 "http://drug-injury-lawyer.com/wp-login.php" "Mozilla/5.0 (Windows NT 11.0; Win64; x64) AppleWebKit/537.36 (KHTML, like Gecko) Chrome/120.0.0.0 Safari/537.36"
45.156.87.12 - - [22/Mar/2026:05:31:50 -0700] "GET /wp-admin/index.php HTTP/1.1" 301 532 "http://drug-injury-lawyer.com/wp-login.php" "Mozilla/5.0 (X11; Linux x86_64) AppleWebKit/537.36 (KHTML, like Gecko) Chrome/118.0.0.0 Safari/537.36"
45.156.87.12 - - [22/Mar/2026:05:31:50 -0700] "GET /wp-admin/index.php HTTP/1.1" 302 410 "http://drug-injury-lawyer.com/wp-login.php" "Mozilla/5.0 (X11; Linux x86_64) AppleWebKit/537.36 (KHTML, like Gecko) Chrome/118.0.0.0 Safari/537.36"
45.156.87.12 - - [22/Mar/2026:05:31:51 -0700] "POST /wp-login.php HTTP/1.1" 301 520 "http://drug-injury-lawyer.com/wp-login.php" "Mozilla/5.0 (Macintosh; Intel Mac OS X 10_15_7) AppleWebKit/605.1.15 (KHTML, like Gecko) Version/16.6 Safari/605.1.15"
45.156.87.12 - - [22/Mar/2026:05:31:51 -0700] "GET /wp-admin/index.php HTTP/1.1" 301 532 "http://drug-injury-lawyer.com/wp-login.php" "Mozilla/5.0 (Macintosh; Intel Mac OS X 10_15_7) AppleWebKit/605.1.15 (KHTML, like Gecko) Version/17.0 Safari/605.1.15"
45.156.87.12 - - [22/Mar/2026:05:31:51 -0700] "GET /wp-admin/index.php HTTP/1.1" 302 410 "http://drug-injury-lawyer.com/wp-login.php" "Mozilla/5.0 (Macintosh; Intel Mac OS X 10_15_7) AppleWebKit/605.1.15 (KHTML, like Gecko) Version/17.0 Safari/605.1.15"
45.156.87.12 - - [22/Mar/2026:05:31:52 -0700] "POST /wp-login.php HTTP/1.1" 301 520 "http://drug-injury-lawyer.com/wp-login.php" "Mozilla/5.0 (Windows NT 11.0; Win64; x64) AppleWebKit/537.36 (KHTML, like Gecko) Chrome/119.0.0.0 Safari/537.36"
45.156.87.12 - - [22/Mar/2026:05:31:52 -0700] "GET /wp-admin/index.php HTTP/1.1" 301 532 "http://drug-injury-lawyer.com/wp-login.php" "Mozilla/5.0 (Macintosh; Intel Mac OS X 13_6_1; rv:118.0) Gecko/20100101 Firefox/118.0"
45.156.87.12 - - [22/Mar/2026:05:31:52 -0700] "GET /wp-admin/index.php HTTP/1.1" 302 410 "http://drug-injury-lawyer.com/wp-login.php" "Mozilla/5.0 (Macintosh; Intel Mac OS X 13_6_1; rv:118.0) Gecko/20100101 Firefox/118.0"
45.156.87.12 - - [22/Mar/2026:05:31:52 -0700] "POST /wp-login.php HTTP/1.1" 301 520 "http://drug-injury-lawyer.com/wp-login.php" "Mozilla/5.0 (Macintosh; Intel Mac OS X 13_6_1; rv:118.0) Gecko/20100101 Firefox/118.0"
45.156.87.12 - - [22/Mar/2026:05:31:53 -0700] "GET /wp-admin/index.php HTTP/1.1" 301 532 "http://drug-injury-lawyer.com/wp-login.php" "Mozilla/5.0 (Macintosh; Intel Mac OS X 10_15_7; rv:119.0) Gecko/20100101 Firefox/119.0"
45.156.87.12 - - [22/Mar/2026:05:31:53 -0700] "GET /wp-admin/index.php HTTP/1.1" 302 410 "http://drug-injury-lawyer.com/wp-login.php" "Mozilla/5.0 (Macintosh; Intel Mac OS X 10_15_7; rv:119.0) Gecko/20100101 Firefox/119.0"
112.86.225.26 - - [22/Mar/2026:05:32:54 -0700] "GET / HTTP/1.1" 301 497 "-" "Sogou web spider/4.0(+http://www.sogou.com/docs/help/webmasters.htm#07)"
107.20.105.74 - - [22/Mar/2026:05:32:54 -0700] "HEAD / HTTP/1.1" 301 197 "-" "DreamHost SiteMonitor 1.0"
217.147.172.209 - - [22/Mar/2026:05:32:53 -0700] "GET /blog/page/3/ HTTP/1.0" 200 66894 "http://www.drug-injury-lawyer.com/blog/page/3/" "Mozilla/5.0 (Windows NT 10.0; Win64; x64) AppleWebKit/537.36 (KHTML, like Gecko) Chrome/103.0.5042.0 Safari/537.36"
217.147.172.209 - - [22/Mar/2026:05:32:53 -0700] "GET /blog/page/3/ HTTP/1.0" 200 66894 "http://www.drug-injury-lawyer.com/blog/page/3/" "Mozilla/5.0 (Windows NT 6.1; Win64; x64) AppleWebKit/537.36 (KHTML, like Gecko) Chrome/103.0.5060.66 Safari/537.36"
121.229.156.19 - - [22/Mar/2026:05:32:55 -0700] "GET /robots.txt HTTP/1.1" 301 517 "-" "Sogou web spider/4.0(+http://www.sogou.com/docs/help/webmasters.htm#07)"
121.229.156.19 - - [22/Mar/2026:05:32:55 -0700] "GET /robots.txt HTTP/1.1" 200 484 "-" "Sogou web spider/4.0(+http://www.sogou.com/docs/help/webmasters.htm#07)"
107.20.105.74 - - [22/Mar/2026:05:32:54 -0700] "HEAD / HTTP/1.1" 301 385 "http://173.236.217.44" "DreamHost SiteMonitor 1.0"
112.86.225.26 - - [22/Mar/2026:05:32:56 -0700] "GET / HTTP/1.1" 301 418 "-" "Sogou web spider/4.0(+http://www.sogou.com/docs/help/webmasters.htm#07)"
173.236.217.44 - - [22/Mar/2026:05:32:54 -0700] "POST /wp-cron.php?doing_wp_cron=1774182773.8934280872344970703125 HTTP/1.1" 200 283 "-" "WordPress/6.8.5; https://www.drug-injury-lawyer.com"
45.156.158.88 - - [22/Mar/2026:05:32:59 -0700] "GET /blog/page/3/ HTTP/1.0" 200 66894 "http://www.drug-injury-lawyer.com/blog/page/3/" "Mozilla/5.0 (Windows NT 6.3; Win64; x64) AppleWebKit/537.36 (KHTML, like Gecko) Chrome/103.0.5060.114 Safari/537.36"
91.211.90.168 - - [22/Mar/2026:05:33:08 -0700] "GET /blog/page/3/ HTTP/1.0" 200 66894 "http://www.drug-injury-lawyer.com/blog/page/3/" "Mozilla/5.0 (Windows NT 6.1; Win64; x64) AppleWebKit/537.36 (KHTML, like Gecko) Chrome/103.0.5060.66 Safari/537.36"
91.211.90.168 - - [22/Mar/2026:05:33:09 -0700] "GET /blog/page/3/ HTTP/1.0" 200 66894 "http://www.drug-injury-lawyer.com/blog/page/3/" "Mozilla/5.0 (Windows NT 10.0; Win64; x64) AppleWebKit/537.36 (KHTML, like Gecko) Chrome/103.0.5060.53 Safari/537.36"
91.211.90.170 - - [22/Mar/2026:05:33:12 -0700] "GET /blog/page/3/ HTTP/1.0" 200 66894 "http://www.drug-injury-lawyer.com/blog/page/3/" "Mozilla/5.0 (Windows NT 10.0) AppleWebKit/537.36 (KHTML, like Gecko) Chrome/103.0.0.0 Safari/537.36"
91.211.90.170 - - [22/Mar/2026:05:33:12 -0700] "GET /blog/page/3/ HTTP/1.0" 200 66894 "http://www.drug-injury-lawyer.com/blog/page/3/" "Mozilla/5.0 (Windows NT 10.0; Win64; x64) AppleWebKit/537.36 (KHTML, like Gecko) Chrome/103.0.5060.53 Safari/537.36"
91.211.90.158 - - [22/Mar/2026:05:36:00 -0700] "GET /blog/page/3/ HTTP/1.0" 200 66894 "http://www.drug-injury-lawyer.com/blog/page/3/" "Mozilla/5.0 (Windows NT 6.3; WOW64) AppleWebKit/537.36 (KHTML, like Gecko) Chrome/103.0.5060.114 Safari/537.36"
173.236.217.44 - - [22/Mar/2026:05:36:01 -0700] "POST /wp-cron.php?doing_wp_cron=1774182961.8414900302886962890625 HTTP/1.1" 200 283 "-" "WordPress/6.8.5; https://www.drug-injury-lawyer.com"
107.20.105.74 - - [22/Mar/2026:05:37:54 -0700] "HEAD / HTTP/1.1" 301 197 "-" "DreamHost SiteMonitor 1.0"
107.20.105.74 - - [22/Mar/2026:05:37:54 -0700] "HEAD / HTTP/1.1" 301 385 "http://173.236.217.44" "DreamHost SiteMonitor 1.0"
54.78.18.191 - - [22/Mar/2026:05:40:02 -0700] "GET /feed/ HTTP/1.1" 304 337 "-" "Mozilla/5.0 (X11; Linux x86_64; rv:134.0) Gecko/20100101 Firefox/134.0"
173.236.217.44 - - [22/Mar/2026:05:40:03 -0700] "POST /wp-cron.php?doing_wp_cron=1774183203.4626209735870361328125 HTTP/1.1" 200 283 "-" "WordPress/6.8.5; https://www.drug-injury-lawyer.com"
45.156.158.225 - - [22/Mar/2026:05:40:54 -0700] "GET /blog/page/3/ HTTP/1.0" 200 66894 "http://www.drug-injury-lawyer.com/blog/page/3/" "Mozilla/5.0 (Windows NT 10.0; WOW64) AppleWebKit/537.36 (KHTML, like Gecko) Chrome/103.0.0.0 Safari/537.36"
217.147.172.206 - - [22/Mar/2026:05:40:55 -0700] "GET /blog/page/3/ HTTP/1.0" 200 66894 "http://www.drug-injury-lawyer.com/blog/page/3/" "Mozilla/5.0 (Windows NT 6.3; WOW64) AppleWebKit/537.36 (KHTML, like Gecko) Chrome/103.0.5060.114 Safari/537.36"
91.211.90.225 - - [22/Mar/2026:05:40:56 -0700] "GET /blog/page/3/ HTTP/1.0" 200 66894 "http://www.drug-injury-lawyer.com/blog/page/3/" "Mozilla/5.0 (Windows NT 6.1; Win64; x64) AppleWebKit/537.36 (KHTML, like Gecko) Chrome/103.0.5060.114 Safari/537.36"
173.236.217.44 - - [22/Mar/2026:05:40:55 -0700] "POST /wp-cron.php?doing_wp_cron=1774183255.0700740814208984375000 HTTP/1.1" 200 283 "-" "WordPress/6.8.5; https://www.drug-injury-lawyer.com"
91.211.90.225 - - [22/Mar/2026:05:40:55 -0700] "GET /blog/page/3/ HTTP/1.0" 200 66894 "http://www.drug-injury-lawyer.com/blog/page/3/" "Mozilla/5.0 (Windows NT 6.3; Win64; x64) AppleWebKit/537.36 (KHTML, like Gecko) Chrome/103.0.0.0 Safari/537.36"
173.236.217.44 - - [22/Mar/2026:05:41:50 -0700] "POST /wp-cron.php?doing_wp_cron=1774183309.9825880527496337890625 HTTP/1.1" 200 283 "-" "WordPress/6.8.5; https://www.drug-injury-lawyer.com"
204.12.208.18 - - [22/Mar/2026:05:41:49 -0700] "GET /wp-content/pl4ec179/index.php HTTP/1.1" 301 446 "http://www.drug-injury-lawyer.com/wp-content/pl4ec179/index.php" "Mozilla/5.0 (Windows NT 6.1; WOW64) AppleWebKit/535.1 (KHTML, like Gecko) Chrome/14.0.835.202 Safari/535.1"
204.12.208.18 - - [22/Mar/2026:05:41:50 -0700] "GET /wp-content/pl4ec179/ HTTP/1.1" 500 3176 "http://www.drug-injury-lawyer.com/wp-content/pl4ec179/index.php" "Mozilla/5.0 (Windows NT 6.1; WOW64) AppleWebKit/535.1 (KHTML, like Gecko) Chrome/14.0.835.202 Safari/535.1"
204.12.208.18 - - [22/Mar/2026:05:41:50 -0700] "GET /wp-content/pl4ec179/index.php HTTP/1.1" 301 402 "http://www.drug-injury-lawyer.com/wp-content/pl4ec179/index.php" "Mozilla/5.0 (Macintosh; Intel Mac OS X 10_7_2) AppleWebKit/535.2 (KHTML, like Gecko) Chrome/15.0.874.106 Safari/535.2"
204.12.208.18 - - [22/Mar/2026:05:41:51 -0700] "GET /wp-content/pl4ec179/ HTTP/1.1" 500 3176 "http://www.drug-injury-lawyer.com/wp-content/pl4ec179/index.php" "Mozilla/5.0 (Macintosh; Intel Mac OS X 10_7_2) AppleWebKit/535.2 (KHTML, like Gecko) Chrome/15.0.874.106 Safari/535.2"
204.12.208.18 - - [22/Mar/2026:05:41:52 -0700] "GET /wp-content/pl4ec179/index.php HTTP/1.1" 301 402 "http://www.drug-injury-lawyer.com/wp-content/pl4ec179/index.php" "Mozilla/5.0 (Windows NT 5.1; rv:6.0) Gecko/20100101 Firefox/6.0"
204.12.208.18 - - [22/Mar/2026:05:41:52 -0700] "GET /wp-content/pl4ec179/ HTTP/1.1" 500 3176 "http://www.drug-injury-lawyer.com/wp-content/pl4ec179/index.php" "Mozilla/5.0 (Windows NT 5.1; rv:6.0) Gecko/20100101 Firefox/6.0"
107.20.105.74 - - [22/Mar/2026:05:42:54 -0700] "HEAD / HTTP/1.1" 301 197 "-" "DreamHost SiteMonitor 1.0"
107.20.105.74 - - [22/Mar/2026:05:42:54 -0700] "HEAD / HTTP/1.1" 301 385 "http://173.236.217.44" "DreamHost SiteMonitor 1.0"
173.236.217.44 - - [22/Mar/2026:05:42:56 -0700] "POST /wp-cron.php?doing_wp_cron=1774183375.9268519878387451171875 HTTP/1.1" 200 283 "-" "WordPress/6.8.5; https://www.drug-injury-lawyer.com"
91.211.90.117 - - [22/Mar/2026:05:43:09 -0700] "GET /blog/page/3/ HTTP/1.0" 200 66894 "http://www.drug-injury-lawyer.com/blog/page/3/" "Mozilla/5.0 (Windows NT 6.1) AppleWebKit/537.36 (KHTML, like Gecko) Chrome/103.0.0.0 Safari/537.36"
217.147.172.96 - - [22/Mar/2026:05:45:05 -0700] "GET /blog/page/3/ HTTP/1.0" 200 66894 "http://www.drug-injury-lawyer.com/blog/page/3/" "Mozilla/5.0 (Windows NT 6.3; Win64; x64) AppleWebKit/537.36 (KHTML, like Gecko) Chrome/103.0.5060.53 Safari/537.36"
217.147.172.96 - - [22/Mar/2026:05:45:05 -0700] "GET /blog/page/3/ HTTP/1.0" 200 66894 "http://www.drug-injury-lawyer.com/blog/page/3/" "Mozilla/5.0 (Windows NT 10.0; WOW64) AppleWebKit/537.36 (KHTML, like Gecko) Chrome/103.0.0.0 Safari/537.36"
217.147.172.11 - - [22/Mar/2026:05:45:06 -0700] "GET /blog/page/3/ HTTP/1.0" 200 66894 "http://www.drug-injury-lawyer.com/blog/page/3/" "Mozilla/5.0 (Windows NT 6.1; WOW64) AppleWebKit/537.36 (KHTML, like Gecko) Chrome/103.0.0.0 Safari/537.36"
217.147.172.11 - - [22/Mar/2026:05:45:06 -0700] "GET /blog/page/3/ HTTP/1.0" 200 66894 "http://www.drug-injury-lawyer.com/blog/page/3/" "Mozilla/5.0 (Windows NT 10.0; Win64; x64) AppleWebKit/537.36 (KHTML, like Gecko) Chrome/103.0.5060.114 Safari/537.36"
91.211.90.244 - - [22/Mar/2026:05:45:19 -0700] "GET /blog/page/3/ HTTP/1.0" 200 66894 "http://www.drug-injury-lawyer.com/blog/page/3/" "Mozilla/5.0 (Windows NT 10.0) AppleWebKit/537.36 (KHTML, like Gecko) Chrome/103.0.0.0 Safari/537.36"
91.211.90.244 - - [22/Mar/2026:05:45:19 -0700] "GET /blog/page/3/ HTTP/1.0" 200 66894 "http://www.drug-injury-lawyer.com/blog/page/3/" "Mozilla/5.0 (Windows NT 10.0; WOW64) AppleWebKit/537.36 (KHTML, like Gecko) Chrome/103.0.5060.114 Safari/537.36"
91.211.90.247 - - [22/Mar/2026:05:46:21 -0700] "GET /blog/page/3/ HTTP/1.0" 200 66894 "http://www.drug-injury-lawyer.com/blog/page/3/" "Mozilla/5.0 (Windows NT 6.1; Win64; x64) AppleWebKit/537.36 (KHTML, like Gecko) Chrome/103.0.0.0 Safari/537.36"
91.211.90.227 - - [22/Mar/2026:05:46:21 -0700] "GET /blog/page/3/ HTTP/1.0" 200 66894 "http://www.drug-injury-lawyer.com/blog/page/3/" "Mozilla/5.0 (Windows NT 10.0; WOW64) AppleWebKit/537.36 (KHTML, like Gecko) Chrome/103.0.5060.114 Safari/537.36"
91.211.90.228 - - [22/Mar/2026:05:47:48 -0700] "GET /blog/page/3/ HTTP/1.0" 200 66894 "http://www.drug-injury-lawyer.com/blog/page/3/" "Mozilla/5.0 (Windows NT 10.0; Win64; x64) AppleWebKit/537.36 (KHTML, like Gecko) Chrome/103.0.0.0 Safari/537.36"
173.236.217.44 - - [22/Mar/2026:05:47:49 -0700] "POST /wp-cron.php?doing_wp_cron=1774183669.6275219917297363281250 HTTP/1.1" 200 283 "-" "WordPress/6.8.5; https://www.drug-injury-lawyer.com"
107.20.105.74 - - [22/Mar/2026:05:47:54 -0700] "HEAD / HTTP/1.1" 301 197 "-" "DreamHost SiteMonitor 1.0"
107.20.105.74 - - [22/Mar/2026:05:47:54 -0700] "HEAD / HTTP/1.1" 301 385 "http://173.236.217.44" "DreamHost SiteMonitor 1.0"
45.156.158.75 - - [22/Mar/2026:05:51:45 -0700] "GET /blog/page/3/ HTTP/1.0" 200 66894 "http://www.drug-injury-lawyer.com/blog/page/3/" "Mozilla/5.0 (Windows NT 10.0; Win64; x64) AppleWebKit/537.36 (KHTML, like Gecko) Chrome/103.0.5060.66 Safari/537.36"
45.156.158.216 - - [22/Mar/2026:05:51:45 -0700] "GET /blog/page/3/ HTTP/1.0" 200 66894 "http://www.drug-injury-lawyer.com/blog/page/3/" "Mozilla/5.0 (Windows NT 6.3) AppleWebKit/537.36 (KHTML, like Gecko) Chrome/103.0.0.0 Safari/537.36"
173.236.217.44 - - [22/Mar/2026:05:51:46 -0700] "POST /wp-cron.php?doing_wp_cron=1774183906.6331698894500732421875 HTTP/1.1" 200 283 "-" "WordPress/6.8.5; https://www.drug-injury-lawyer.com"
107.20.105.74 - - [22/Mar/2026:05:52:54 -0700] "HEAD / HTTP/1.1" 301 197 "-" "DreamHost SiteMonitor 1.0"
107.20.105.74 - - [22/Mar/2026:05:52:54 -0700] "HEAD / HTTP/1.1" 301 385 "http://173.236.217.44" "DreamHost SiteMonitor 1.0"
91.211.90.207 - - [22/Mar/2026:05:53:28 -0700] "GET /blog/page/3/ HTTP/1.0" 200 66894 "http://www.drug-injury-lawyer.com/blog/page/3/" "Mozilla/5.0 (Windows NT 6.3; Win64; x64) AppleWebKit/537.36 (KHTML, like Gecko) Chrome/103.0.5060.53 Safari/537.36"
45.156.158.163 - - [22/Mar/2026:05:55:44 -0700] "GET /blog/page/3/ HTTP/1.0" 200 66894 "http://www.drug-injury-lawyer.com/blog/page/3/" "Mozilla/5.0 (Windows NT 6.3; Win64; x64) AppleWebKit/537.36 (KHTML, like Gecko) Chrome/103.0.0.0 Safari/537.36"
45.156.158.163 - - [22/Mar/2026:05:55:44 -0700] "GET /blog/page/3/ HTTP/1.0" 200 66894 "http://www.drug-injury-lawyer.com/blog/page/3/" "Mozilla/5.0 (Windows NT 6.3; Win64; x64) AppleWebKit/537.36 (KHTML, like Gecko) Chrome/103.0.5060.53 Safari/537.36"
173.236.217.44 - - [22/Mar/2026:05:55:45 -0700] "POST /wp-cron.php?doing_wp_cron=1774184145.0204620361328125000000 HTTP/1.1" 200 283 "-" "WordPress/6.8.5; https://www.drug-injury-lawyer.com"
45.156.158.223 - - [22/Mar/2026:05:55:44 -0700] "GET /blog/page/3/ HTTP/1.0" 200 66894 "http://www.drug-injury-lawyer.com/blog/page/3/" "Mozilla/5.0 (Windows NT 6.3; WOW64) AppleWebKit/537.36 (KHTML, like Gecko) Chrome/103.0.0.0 Safari/537.36"
45.156.158.223 - - [22/Mar/2026:05:55:44 -0700] "GET /blog/page/3/ HTTP/1.0" 200 66894 "http://www.drug-injury-lawyer.com/blog/page/3/" "Mozilla/5.0 (Windows NT 10.0; Win64; x64) AppleWebKit/537.36 (KHTML, like Gecko) Chrome/103.0.5060.114 Safari/537.36"
107.20.105.74 - - [22/Mar/2026:05:57:54 -0700] "HEAD / HTTP/1.1" 301 197 "-" "DreamHost SiteMonitor 1.0"
107.20.105.74 - - [22/Mar/2026:05:57:54 -0700] "HEAD / HTTP/1.1" 301 385 "http://173.236.217.44" "DreamHost SiteMonitor 1.0"
173.236.217.44 - - [22/Mar/2026:05:57:56 -0700] "POST /wp-cron.php?doing_wp_cron=1774184275.9983339309692382812500 HTTP/1.1" 200 283 "-" "WordPress/6.8.5; https://www.drug-injury-lawyer.com"
114.119.142.8 - - [22/Mar/2026:05:58:50 -0700] "GET /?sitemap419.xml HTTP/1.1" 301 419 "-" "Mozilla/5.0 (Linux; Android 7.0;) AppleWebKit/537.36 (KHTML, like Gecko) Mobile Safari/537.36 (compatible; PetalBot;+https://webmaster.petalsearch.com/site/petalbot)"
173.236.217.44 - - [22/Mar/2026:05:58:50 -0700] "POST /wp-cron.php?doing_wp_cron=1774184330.1381659507751464843750 HTTP/1.1" 200 283 "-" "WordPress/6.8.5; https://www.drug-injury-lawyer.com"
2.59.221.46 - - [22/Mar/2026:05:58:50 -0700] "GET /blog/page/3/ HTTP/1.0" 200 66894 "http://www.drug-injury-lawyer.com/blog/page/3/" "Mozilla/5.0 (Windows NT 6.1; WOW64) AppleWebKit/537.36 (KHTML, like Gecko) Chrome/103.0.0.0 Safari/537.36"
2.59.221.46 - - [22/Mar/2026:05:58:50 -0700] "GET /blog/page/3/ HTTP/1.0" 200 66894 "http://www.drug-injury-lawyer.com/blog/page/3/" "Mozilla/5.0 (Windows NT 6.3; Win64; x64) AppleWebKit/537.36 (KHTML, like Gecko) Chrome/103.0.5060.114 Safari/537.36"
52.167.144.160 - - [22/Mar/2026:05:59:23 -0700] "GET /wp-content/uploads/2016/03/41qUayWP7XL._SY355_.jpg HTTP/1.1" 200 9961 "-" "Mozilla/5.0 AppleWebKit/537.36 (KHTML, like Gecko; compatible; bingbot/2.0; +http://www.bing.com/bingbot.htm) Chrome/116.0.1938.76 Safari/537.36"
91.211.90.228 - - [22/Mar/2026:06:00:39 -0700] "GET /blog/page/3/ HTTP/1.0" 200 66894 "http://www.drug-injury-lawyer.com/blog/page/3/" "Mozilla/5.0 (Windows NT 6.2; Win64; x64) AppleWebKit/537.36 (KHTML, like Gecko) Chrome/103.0.0.0 Safari/537.36"
91.211.90.207 - - [22/Mar/2026:06:00:39 -0700] "GET /blog/page/3/ HTTP/1.0" 200 66894 "http://www.drug-injury-lawyer.com/blog/page/3/" "Mozilla/5.0 (Windows NT 6.1; WOW64) AppleWebKit/537.36 (KHTML, like Gecko) Chrome/103.0.0.0 Safari/537.36"
173.236.217.44 - - [22/Mar/2026:06:00:40 -0700] "POST /wp-cron.php?doing_wp_cron=1774184440.2768030166625976562500 HTTP/1.1" 200 283 "-" "WordPress/6.8.5; https://www.drug-injury-lawyer.com"
91.211.90.240 - - [22/Mar/2026:06:00:54 -0700] "GET /blog/page/3/ HTTP/1.0" 200 66894 "http://www.drug-injury-lawyer.com/blog/page/3/" "Mozilla/5.0 (Windows NT 10.0; Win64; x64) AppleWebKit/537.36 (KHTML, like Gecko) Chrome/103.0.5060.53 Safari/537.36"
91.211.90.88 - - [22/Mar/2026:06:00:56 -0700] "GET /blog/page/3/ HTTP/1.0" 200 66894 "http://www.drug-injury-lawyer.com/blog/page/3/" "Mozilla/5.0 (Windows NT 6.3) AppleWebKit/537.36 (KHTML, like Gecko) Chrome/103.0.0.0 Safari/537.36"
204.12.208.18 - - [22/Mar/2026:06:02:01 -0700] "GET /wp-content/pl4ec179/index.php HTTP/1.1" 301 446 "http://www.drug-injury-lawyer.com/wp-content/pl4ec179/index.php" "Opera/9.80 (Windows NT 6.1; U; ja) Presto/2.10.229 Version/11.60"
173.236.217.44 - - [22/Mar/2026:06:02:02 -0700] "POST /wp-cron.php?doing_wp_cron=1774184522.6641359329223632812500 HTTP/1.1" 200 283 "-" "WordPress/6.8.5; https://www.drug-injury-lawyer.com"
204.12.208.18 - - [22/Mar/2026:06:02:03 -0700] "GET /wp-content/pl4ec179/ HTTP/1.1" 500 3176 "http://www.drug-injury-lawyer.com/wp-content/pl4ec179/index.php" "Opera/9.80 (Windows NT 6.1; U; ja) Presto/2.10.229 Version/11.60"
204.12.208.18 - - [22/Mar/2026:06:02:05 -0700] "GET /wp-content/pl4ec179/index.php HTTP/1.1" 301 402 "http://www.drug-injury-lawyer.com/wp-content/pl4ec179/index.php" "Mozilla/5.0 (compatible; MSIE 10.0; Windows NT 6.2; WOW64; Trident/6.0)"
204.12.208.18 - - [22/Mar/2026:06:02:05 -0700] "GET /wp-content/pl4ec179/ HTTP/1.1" 500 3176 "http://www.drug-injury-lawyer.com/wp-content/pl4ec179/index.php" "Mozilla/5.0 (compatible; MSIE 10.0; Windows NT 6.2; WOW64; Trident/6.0)"
204.12.208.18 - - [22/Mar/2026:06:02:06 -0700] "GET /wp-content/pl4ec179/index.php HTTP/1.1" 301 402 "http://www.drug-injury-lawyer.com/wp-content/pl4ec179/index.php" "Mozilla/5.0 (Macintosh; Intel Mac OS X 10_6_8) AppleWebKit/534.24 (KHTML, like Gecko) Chrome/11.0.696.71 Safari/534.24"
204.12.208.18 - - [22/Mar/2026:06:02:06 -0700] "GET /wp-content/pl4ec179/ HTTP/1.1" 500 3176 "http://www.drug-injury-lawyer.com/wp-content/pl4ec179/index.php" "Mozilla/5.0 (Macintosh; Intel Mac OS X 10_6_8) AppleWebKit/534.24 (KHTML, like Gecko) Chrome/11.0.696.71 Safari/534.24"
217.147.172.235 - - [22/Mar/2026:06:02:07 -0700] "GET /blog/page/3/ HTTP/1.0" 200 66894 "http://www.drug-injury-lawyer.com/blog/page/3/" "Mozilla/5.0 (Windows NT 6.1; Win64; x64) AppleWebKit/537.36 (KHTML, like Gecko) Chrome/103.0.5060.66 Safari/537.36"
107.20.105.74 - - [22/Mar/2026:06:02:54 -0700] "HEAD / HTTP/1.1" 301 197 "-" "DreamHost SiteMonitor 1.0"
107.20.105.74 - - [22/Mar/2026:06:02:54 -0700] "HEAD / HTTP/1.1" 301 385 "http://173.236.217.44" "DreamHost SiteMonitor 1.0"
