91.211.90.206 - - [22/Mar/2026:07:49:00 -0700] "GET /blog/page/3/ HTTP/1.0" 200 60718 "http://www.drug-injury-lawyer.com/blog/page/3/" "Mozilla/5.0 (Windows NT 10.0; Win64; x64) AppleWebKit/537.36 (KHTML, like Gecko) Chrome/103.0.5060.114 Safari/537.36"
217.147.172.209 - - [22/Mar/2026:07:51:02 -0700] "GET /blog/page/3/ HTTP/1.0" 200 60718 "http://www.drug-injury-lawyer.com/blog/page/3/" "Mozilla/5.0 (Windows NT 6.1; Win64; x64) AppleWebKit/537.36 (KHTML, like Gecko) Chrome/103.0.0.0 Safari/537.36"
217.147.172.209 - - [22/Mar/2026:07:51:02 -0700] "GET /blog/page/3/ HTTP/1.0" 200 60718 "http://www.drug-injury-lawyer.com/blog/page/3/" "Mozilla/5.0 (Windows NT 10.0; WOW64) AppleWebKit/537.36 (KHTML, like Gecko) Chrome/103.0.5060.114 Safari/537.36"
45.156.158.88 - - [22/Mar/2026:07:51:09 -0700] "GET /blog/page/3/ HTTP/1.0" 200 60718 "http://www.drug-injury-lawyer.com/blog/page/3/" "Mozilla/5.0 (Windows NT 10.0; Win64; x64) AppleWebKit/537.36 (KHTML, like Gecko) Chrome/103.0.5060.66 Safari/537.36"
91.211.90.168 - - [22/Mar/2026:07:51:24 -0700] "GET /blog/page/3/ HTTP/1.0" 200 60718 "http://www.drug-injury-lawyer.com/blog/page/3/" "Mozilla/5.0 (Windows NT 10.0; Win64; x64) AppleWebKit/537.36 (KHTML, like Gecko) Chrome/103.0.0.0 Safari/537.36 OpenWave/97.4.2043.44"
91.211.90.168 - - [22/Mar/2026:07:51:25 -0700] "GET /blog/page/3/ HTTP/1.0" 200 60718 "http://www.drug-injury-lawyer.com/blog/page/3/" "Mozilla/5.0 (Windows NT 10.0; WOW64) AppleWebKit/537.36 (KHTML, like Gecko) Chrome/103.0.0.0 Safari/537.36"
91.211.90.170 - - [22/Mar/2026:07:51:31 -0700] "GET /blog/page/3/ HTTP/1.0" 200 60718 "http://www.drug-injury-lawyer.com/blog/page/3/" "Mozilla/5.0 (Windows NT 6.1; WOW64) AppleWebKit/537.36 (KHTML, like Gecko) Chrome/103.0.0.0 Safari/537.36"
91.211.90.170 - - [22/Mar/2026:07:51:32 -0700] "GET /blog/page/3/ HTTP/1.0" 200 60718 "http://www.drug-injury-lawyer.com/blog/page/3/" "Mozilla/5.0 (Windows NT 6.1) AppleWebKit/537.36 (KHTML, like Gecko) Chrome/103.0.5060.114 Safari/537.36"
107.20.105.74 - - [22/Mar/2026:07:52:54 -0700] "HEAD / HTTP/1.1" 301 197 "-" "DreamHost SiteMonitor 1.0"
107.20.105.74 - - [22/Mar/2026:07:52:54 -0700] "HEAD / HTTP/1.1" 200 239 "http://173.236.217.44" "DreamHost SiteMonitor 1.0"
114.119.143.158 - - [22/Mar/2026:07:54:16 -0700] "GET /?sitemap173.xml HTTP/1.1" 200 4659 "-" "Mozilla/5.0 (Linux; Android 7.0;) AppleWebKit/537.36 (KHTML, like Gecko) Mobile Safari/537.36 (compatible; PetalBot;+https://webmaster.petalsearch.com/site/petalbot)"
45.156.158.225 - - [22/Mar/2026:07:54:45 -0700] "GET /blog/page/3/ HTTP/1.0" 200 60718 "http://www.drug-injury-lawyer.com/blog/page/3/" "Mozilla/5.0 (Windows NT 6.1; Win64; x64) AppleWebKit/537.36 (KHTML, like Gecko) Chrome/103.0.0.0 Safari/537.36"
217.147.172.206 - - [22/Mar/2026:07:54:45 -0700] "GET /blog/page/3/ HTTP/1.0" 200 60718 "http://www.drug-injury-lawyer.com/blog/page/3/" "Mozilla/5.0 (Windows NT 6.2; Win64; x64) AppleWebKit/537.36 (KHTML, like Gecko) Chrome/103.0.0.0 Safari/537.36"
77.75.77.72 - - [22/Mar/2026:07:55:43 -0700] "GET /?sitemap41.xml HTTP/1.1" 200 4696 "-" "Mozilla/5.0 (compatible; SeznamBot/4.0; +https://o-seznam.cz/napoveda/vyhledavani/en/seznambot-crawler/)"
91.211.90.158 - - [22/Mar/2026:07:56:07 -0700] "GET /blog/page/3/ HTTP/1.0" 200 60718 "http://www.drug-injury-lawyer.com/blog/page/3/" "Mozilla/5.0 (Windows NT 6.3; WOW64) AppleWebKit/537.36 (KHTML, like Gecko) Chrome/103.0.0.0 Safari/537.36"
91.211.90.225 - - [22/Mar/2026:07:56:15 -0700] "GET /blog/page/3/ HTTP/1.0" 200 60718 "http://www.drug-injury-lawyer.com/blog/page/3/" "Mozilla/5.0 (Windows NT 6.2; Win64; x64) AppleWebKit/537.36 (KHTML, like Gecko) Chrome/103.0.0.0 Safari/537.36"
91.211.90.225 - - [22/Mar/2026:07:56:15 -0700] "GET /blog/page/3/ HTTP/1.0" 200 60718 "http://www.drug-injury-lawyer.com/blog/page/3/" "Mozilla/5.0 (Windows NT 6.3; Win64; x64) AppleWebKit/537.36 (KHTML, like Gecko) Chrome/103.0.5060.53 Safari/537.36"
91.211.90.208 - - [22/Mar/2026:07:57:39 -0700] "GET /blog/page/3/ HTTP/1.0" 200 60718 "http://www.drug-injury-lawyer.com/blog/page/3/" "Mozilla/5.0 (Windows NT 6.3; Win64; x64) AppleWebKit/537.36 (KHTML, like Gecko) Chrome/103.0.5060.53 Safari/537.36"
107.20.105.74 - - [22/Mar/2026:07:57:54 -0700] "HEAD / HTTP/1.1" 301 197 "-" "DreamHost SiteMonitor 1.0"
107.20.105.74 - - [22/Mar/2026:07:57:54 -0700] "HEAD / HTTP/1.1" 200 239 "http://173.236.217.44" "DreamHost SiteMonitor 1.0"
91.211.90.244 - - [22/Mar/2026:08:00:43 -0700] "GET /blog/page/3/ HTTP/1.0" 200 60718 "http://www.drug-injury-lawyer.com/blog/page/3/" "Mozilla/5.0 (Windows NT 6.3; Win64; x64) AppleWebKit/537.36 (KHTML, like Gecko) Chrome/103.0.0.0 Safari/537.36"
217.147.172.96 - - [22/Mar/2026:08:00:43 -0700] "GET /blog/page/3/ HTTP/1.0" 200 60718 "http://www.drug-injury-lawyer.com/blog/page/3/" "Mozilla/5.0 (Windows NT 10.0; Win64; x64) AppleWebKit/537.36 (KHTML, like Gecko) Chrome/103.0.5042.0 Safari/537.36"
91.211.90.244 - - [22/Mar/2026:08:00:43 -0700] "GET /blog/page/3/ HTTP/1.0" 200 60718 "http://www.drug-injury-lawyer.com/blog/page/3/" "Mozilla/5.0 (Windows NT 6.1; WOW64) AppleWebKit/537.36 (KHTML, like Gecko) Chrome/103.0.0.0 Safari/537.36"
217.147.172.96 - - [22/Mar/2026:08:00:43 -0700] "GET /blog/page/3/ HTTP/1.0" 200 60718 "http://www.drug-injury-lawyer.com/blog/page/3/" "Mozilla/5.0 (Windows NT 6.1) AppleWebKit/537.36 (KHTML, like Gecko) Chrome/103.0.5060.114 Safari/537.36"
217.147.172.11 - - [22/Mar/2026:08:00:48 -0700] "GET /blog/page/3/ HTTP/1.0" 200 60718 "http://www.drug-injury-lawyer.com/blog/page/3/" "Mozilla/5.0 (Windows NT 6.1; Win64; x64) AppleWebKit/537.36 (KHTML, like Gecko) Chrome/103.0.5060.114 Safari/537.36"
217.147.172.11 - - [22/Mar/2026:08:00:48 -0700] "GET /blog/page/3/ HTTP/1.0" 200 60718 "http://www.drug-injury-lawyer.com/blog/page/3/" "Mozilla/5.0 (Windows NT 10.0; Win64; x64) AppleWebKit/537.36 (KHTML, like Gecko) Chrome/103.0.5060.53 Safari/537.36"
91.211.90.227 - - [22/Mar/2026:08:01:49 -0700] "GET /blog/page/3/ HTTP/1.0" 200 60718 "http://www.drug-injury-lawyer.com/blog/page/3/" "Mozilla/5.0 (Windows NT 6.1; Win64; x64) AppleWebKit/537.36 (KHTML, like Gecko) Chrome/103.0.5060.66 Safari/537.36"
91.211.90.247 - - [22/Mar/2026:08:01:50 -0700] "GET /blog/page/3/ HTTP/1.0" 200 60718 "http://www.drug-injury-lawyer.com/blog/page/3/" "Mozilla/5.0 (Windows NT 6.3; Win64; x64) AppleWebKit/537.36 (KHTML, like Gecko) Chrome/103.0.5060.53 Safari/537.36"
107.20.105.74 - - [22/Mar/2026:08:02:54 -0700] "HEAD / HTTP/1.1" 301 197 "-" "DreamHost SiteMonitor 1.0"
107.20.105.74 - - [22/Mar/2026:08:02:54 -0700] "HEAD / HTTP/1.1" 200 239 "http://173.236.217.44" "DreamHost SiteMonitor 1.0"
45.156.158.163 - - [22/Mar/2026:08:06:13 -0700] "GET /blog/page/3/ HTTP/1.0" 200 60718 "http://www.drug-injury-lawyer.com/blog/page/3/" "Mozilla/5.0 (Windows NT 6.1; Win64; x64) AppleWebKit/537.36 (KHTML, like Gecko) Chrome/103.0.0.0 Safari/537.36"
45.156.158.223 - - [22/Mar/2026:08:06:13 -0700] "GET /blog/page/3/ HTTP/1.0" 200 60718 "http://www.drug-injury-lawyer.com/blog/page/3/" "Mozilla/5.0 (Windows NT 10.0; Win64; x64) AppleWebKit/537.36 (KHTML, like Gecko) Chrome/103.0.5060.66 Safari/537.36"
45.156.158.223 - - [22/Mar/2026:08:06:14 -0700] "GET /blog/page/3/ HTTP/1.0" 200 60718 "http://www.drug-injury-lawyer.com/blog/page/3/" "Mozilla/5.0 (Windows NT 6.3; Win64; x64) AppleWebKit/537.36 (KHTML, like Gecko) Chrome/103.0.5060.53 Safari/537.36"
45.156.158.163 - - [22/Mar/2026:08:06:13 -0700] "GET /blog/page/3/ HTTP/1.0" 200 60718 "http://www.drug-injury-lawyer.com/blog/page/3/" "Mozilla/5.0 (Windows NT 10.0) AppleWebKit/537.36 (KHTML, like Gecko) Chrome/103.0.0.0 Safari/537.36"
91.211.90.228 - - [22/Mar/2026:08:07:33 -0700] "GET /blog/page/3/ HTTP/1.0" 200 60718 "http://www.drug-injury-lawyer.com/blog/page/3/" "Mozilla/5.0 (Windows NT 6.3; Win64; x64) AppleWebKit/537.36 (KHTML, like Gecko) Chrome/103.0.5060.114 Safari/537.36"
107.20.105.74 - - [22/Mar/2026:08:07:54 -0700] "HEAD / HTTP/1.1" 301 197 "-" "DreamHost SiteMonitor 1.0"
107.20.105.74 - - [22/Mar/2026:08:07:54 -0700] "HEAD / HTTP/1.1" 200 239 "http://173.236.217.44" "DreamHost SiteMonitor 1.0"
45.156.158.75 - - [22/Mar/2026:08:08:54 -0700] "GET /blog/page/3/ HTTP/1.0" 200 60718 "http://www.drug-injury-lawyer.com/blog/page/3/" "Mozilla/5.0 (Windows NT 6.3; WOW64) AppleWebKit/537.36 (KHTML, like Gecko) Chrome/103.0.5060.114 Safari/537.36"
2.59.221.46 - - [22/Mar/2026:08:08:56 -0700] "GET /blog/page/3/ HTTP/1.0" 200 60718 "http://www.drug-injury-lawyer.com/blog/page/3/" "Mozilla/5.0 (Windows NT 6.3; Win64; x64) AppleWebKit/537.36 (KHTML, like Gecko) Chrome/103.0.0.0 Safari/537.36"
2.59.221.46 - - [22/Mar/2026:08:08:56 -0700] "GET /blog/page/3/ HTTP/1.0" 200 60718 "http://www.drug-injury-lawyer.com/blog/page/3/" "Mozilla/5.0 (Windows NT 6.3; Win64; x64) AppleWebKit/537.36 (KHTML, like Gecko) Chrome/103.0.5060.66 Safari/537.36"
45.156.158.216 - - [22/Mar/2026:08:09:00 -0700] "GET /blog/page/3/ HTTP/1.0" 200 60718 "http://www.drug-injury-lawyer.com/blog/page/3/" "Mozilla/5.0 (Windows NT 10.0; Win64; x64) AppleWebKit/537.36 (KHTML, like Gecko) Chrome/103.0.0.0 Safari/537.36 Herring/95.1.8810.11"
91.211.90.207 - - [22/Mar/2026:08:12:09 -0700] "GET /blog/page/3/ HTTP/1.0" 200 60718 "http://www.drug-injury-lawyer.com/blog/page/3/" "Mozilla/5.0 (Windows NT 6.3; Win64; x64) AppleWebKit/537.36 (KHTML, like Gecko) Chrome/103.0.5060.66 Safari/537.36"
107.20.105.74 - - [22/Mar/2026:08:12:54 -0700] "HEAD / HTTP/1.1" 301 197 "-" "DreamHost SiteMonitor 1.0"
107.20.105.74 - - [22/Mar/2026:08:12:54 -0700] "HEAD / HTTP/1.1" 200 239 "http://173.236.217.44" "DreamHost SiteMonitor 1.0"
213.230.92.112 - - [22/Mar/2026:08:14:55 -0700] "GET /defective-medical-devices/defective-zimmer-nexgen-knee-implant/ HTTP/1.1" 200 4659 "-" "Mozilla/5.0 (compatible; MSIE 9.0; Windows NT 5.1; Trident/4.0)"
91.211.90.240 - - [22/Mar/2026:08:16:10 -0700] "GET /blog/page/3/ HTTP/1.0" 200 60718 "http://www.drug-injury-lawyer.com/blog/page/3/" "Mozilla/5.0 (Windows NT 6.1; Win64; x64) AppleWebKit/537.36 (KHTML, like Gecko) Chrome/103.0.0.0 Safari/537.36"
107.20.105.74 - - [22/Mar/2026:08:17:54 -0700] "HEAD / HTTP/1.1" 301 197 "-" "DreamHost SiteMonitor 1.0"
107.20.105.74 - - [22/Mar/2026:08:17:54 -0700] "HEAD / HTTP/1.1" 200 239 "http://173.236.217.44" "DreamHost SiteMonitor 1.0"
217.147.172.214 - - [22/Mar/2026:08:18:53 -0700] "GET /blog/page/3/ HTTP/1.0" 200 60718 "http://www.drug-injury-lawyer.com/blog/page/3/" "Mozilla/5.0 (Windows NT 10.0; Win64; x64) AppleWebKit/537.36 (KHTML, like Gecko) Chrome/103.0.0.0 Safari/537.36 OpenWave/97.4.2043.44"
217.147.172.214 - - [22/Mar/2026:08:18:53 -0700] "GET /blog/page/3/ HTTP/1.0" 200 60718 "http://www.drug-injury-lawyer.com/blog/page/3/" "Mozilla/5.0 (Windows NT 6.3; WOW64) AppleWebKit/537.36 (KHTML, like Gecko) Chrome/103.0.5060.114 Safari/537.36"
217.147.172.240 - - [22/Mar/2026:08:18:56 -0700] "GET /blog/page/3/ HTTP/1.0" 200 60718 "http://www.drug-injury-lawyer.com/blog/page/3/" "Mozilla/5.0 (Windows NT 10.0; Win64; x64) AppleWebKit/537.36 (KHTML, like Gecko) Chrome/103.0.5060.134 Safari/537.36"
185.237.106.243 - - [22/Mar/2026:08:19:04 -0700] "GET /blog/page/3/ HTTP/1.0" 200 60718 "http://www.drug-injury-lawyer.com/blog/page/3/" "Mozilla/5.0 (Windows NT 6.3; Win64; x64) AppleWebKit/537.36 (KHTML, like Gecko) Chrome/103.0.5060.53 Safari/537.36"
185.237.106.243 - - [22/Mar/2026:08:19:04 -0700] "GET /blog/page/3/ HTTP/1.0" 200 60718 "http://www.drug-injury-lawyer.com/blog/page/3/" "Mozilla/5.0 (Windows NT 10.0; Win64; x64) AppleWebKit/537.36 (KHTML, like Gecko) Chrome/103.0.5060.66 Safari/537.36"
91.211.90.186 - - [22/Mar/2026:08:19:13 -0700] "GET /blog/page/3/ HTTP/1.0" 200 60718 "http://www.drug-injury-lawyer.com/blog/page/3/" "Mozilla/5.0 (Windows NT 6.3; Win64; x64) AppleWebKit/537.36 (KHTML, like Gecko) Chrome/103.0.5060.114 Safari/537.36"
91.211.90.186 - - [22/Mar/2026:08:19:13 -0700] "GET /blog/page/3/ HTTP/1.0" 200 60718 "http://www.drug-injury-lawyer.com/blog/page/3/" "Mozilla/5.0 (Windows NT 10.0; Win64; x64) AppleWebKit/537.36 (KHTML, like Gecko) Chrome/103.0.5060.66 Safari/537.36"
91.211.90.113 - - [22/Mar/2026:08:19:59 -0700] "GET /blog/page/3/ HTTP/1.0" 200 60718 "http://www.drug-injury-lawyer.com/blog/page/3/" "Mozilla/5.0 (Windows NT 6.3; WOW64) AppleWebKit/537.36 (KHTML, like Gecko) Chrome/103.0.5060.114 Safari/537.36"
91.211.90.113 - - [22/Mar/2026:08:19:59 -0700] "GET /blog/page/3/ HTTP/1.0" 200 60718 "http://www.drug-injury-lawyer.com/blog/page/3/" "Mozilla/5.0 (Windows NT 10.0; Win64; x64) AppleWebKit/537.36 (KHTML, like Gecko) Chrome/103.0.0.0 Safari/537.36"
217.147.172.235 - - [22/Mar/2026:08:20:00 -0700] "GET /blog/page/3/ HTTP/1.0" 200 60718 "http://www.drug-injury-lawyer.com/blog/page/3/" "Mozilla/5.0 (Windows NT 10.0; Win64; x64) AppleWebKit/537.36 (KHTML, like Gecko) Chrome/103.0.5060.53 Safari/537.36"
91.211.90.88 - - [22/Mar/2026:08:20:26 -0700] "GET /blog/page/3/ HTTP/1.0" 200 60718 "http://www.drug-injury-lawyer.com/blog/page/3/" "Mozilla/5.0 (Windows NT 6.1; Win64; x64) AppleWebKit/537.36 (KHTML, like Gecko) Chrome/103.0.0.0 Safari/537.36"
91.211.90.207 - - [22/Mar/2026:08:21:28 -0700] "GET /blog/page/3/ HTTP/1.0" 200 60718 "http://www.drug-injury-lawyer.com/blog/page/3/" "Mozilla/5.0 (Windows NT 6.3) AppleWebKit/537.36 (KHTML, like Gecko) Chrome/103.0.0.0 Safari/537.36"
91.211.90.228 - - [22/Mar/2026:08:21:28 -0700] "GET /blog/page/3/ HTTP/1.0" 200 60718 "http://www.drug-injury-lawyer.com/blog/page/3/" "Mozilla/5.0 (Windows NT 10.0; Win64; x64) AppleWebKit/537.36 (KHTML, like Gecko) Chrome/103.0.5060.134 Safari/537.36"
217.147.172.67 - - [22/Mar/2026:08:21:48 -0700] "GET /blog/page/3/ HTTP/1.0" 200 60718 "http://www.drug-injury-lawyer.com/blog/page/3/" "Mozilla/5.0 (Windows NT 6.3; Win64; x64) AppleWebKit/537.36 (KHTML, like Gecko) Chrome/103.0.0.0 Safari/537.36"
217.147.172.67 - - [22/Mar/2026:08:21:49 -0700] "GET /blog/page/3/ HTTP/1.0" 200 60718 "http://www.drug-injury-lawyer.com/blog/page/3/" "Mozilla/5.0 (Windows NT 6.2; Win64; x64) AppleWebKit/537.36 (KHTML, like Gecko) Chrome/103.0.0.0 Safari/537.36"
45.156.158.225 - - [22/Mar/2026:08:21:50 -0700] "GET /blog/page/3/ HTTP/1.0" 200 60718 "http://www.drug-injury-lawyer.com/blog/page/3/" "Mozilla/5.0 (Windows NT 6.3; Win64; x64) AppleWebKit/537.36 (KHTML, like Gecko) Chrome/103.0.5060.53 Safari/537.36"
45.156.158.75 - - [22/Mar/2026:08:22:10 -0700] "GET /blog/page/3/ HTTP/1.0" 200 60718 "http://www.drug-injury-lawyer.com/blog/page/3/" "Mozilla/5.0 (Windows NT 6.2; Win64; x64) AppleWebKit/537.36 (KHTML, like Gecko) Chrome/103.0.0.0 Safari/537.36"
91.211.90.240 - - [22/Mar/2026:08:22:12 -0700] "GET /blog/page/3/ HTTP/1.0" 200 60718 "http://www.drug-injury-lawyer.com/blog/page/3/" "Mozilla/5.0 (Windows NT 6.3; WOW64) AppleWebKit/537.36 (KHTML, like Gecko) Chrome/103.0.0.0 Safari/537.36"
91.211.90.88 - - [22/Mar/2026:08:22:28 -0700] "GET /blog/page/3/ HTTP/1.0" 200 60718 "http://www.drug-injury-lawyer.com/blog/page/3/" "Mozilla/5.0 (Windows NT 10.0; Win64; x64) AppleWebKit/537.36 (KHTML, like Gecko) Chrome/103.0.0.0 Safari/537.36 Herring/95.1.8810.11"
45.156.158.216 - - [22/Mar/2026:08:22:32 -0700] "GET /blog/page/3/ HTTP/1.0" 200 60718 "http://www.drug-injury-lawyer.com/blog/page/3/" "Mozilla/5.0 (Windows NT 10.0; Win64; x64) AppleWebKit/537.36 (KHTML, like Gecko) Chrome/103.0.5042.0 Safari/537.36"
217.147.172.235 - - [22/Mar/2026:08:22:42 -0700] "GET /blog/page/3/ HTTP/1.0" 200 60718 "http://www.drug-injury-lawyer.com/blog/page/3/" "Mozilla/5.0 (Windows NT 10.0; WOW64) AppleWebKit/537.36 (KHTML, like Gecko) Chrome/103.0.0.0 Safari/537.36"
107.20.105.74 - - [22/Mar/2026:08:22:54 -0700] "HEAD / HTTP/1.1" 301 197 "-" "DreamHost SiteMonitor 1.0"
107.20.105.74 - - [22/Mar/2026:08:22:54 -0700] "HEAD / HTTP/1.1" 200 239 "http://173.236.217.44" "DreamHost SiteMonitor 1.0"
217.147.172.82 - - [22/Mar/2026:08:25:50 -0700] "GET /blog/page/3/ HTTP/1.0" 200 60718 "http://www.drug-injury-lawyer.com/blog/page/3/" "Mozilla/5.0 (Windows NT 10.0; Win64; x64) AppleWebKit/537.36 (KHTML, like Gecko) Chrome/103.0.5060.134 Safari/537.36"
217.147.172.82 - - [22/Mar/2026:08:25:50 -0700] "GET /blog/page/3/ HTTP/1.0" 200 60718 "http://www.drug-injury-lawyer.com/blog/page/3/" "Mozilla/5.0 (Windows NT 10.0; WOW64) AppleWebKit/537.36 (KHTML, like Gecko) Chrome/103.0.5060.114 Safari/537.36"
91.211.90.70 - - [22/Mar/2026:08:26:00 -0700] "GET /blog/page/3/ HTTP/1.0" 200 60718 "http://www.drug-injury-lawyer.com/blog/page/3/" "Mozilla/5.0 (Windows NT 6.3; Win64; x64) AppleWebKit/537.36 (KHTML, like Gecko) Chrome/103.0.5060.114 Safari/537.36"
91.211.90.69 - - [22/Mar/2026:08:26:02 -0700] "GET /blog/page/3/ HTTP/1.0" 200 60718 "http://www.drug-injury-lawyer.com/blog/page/3/" "Mozilla/5.0 (Windows NT 6.1) AppleWebKit/537.36 (KHTML, like Gecko) Chrome/103.0.0.0 Safari/537.36"
91.211.90.99 - - [22/Mar/2026:08:26:31 -0700] "GET /blog/page/3/ HTTP/1.0" 200 60718 "http://www.drug-injury-lawyer.com/blog/page/3/" "Mozilla/5.0 (Windows NT 6.1; Win64; x64) AppleWebKit/537.36 (KHTML, like Gecko) Chrome/103.0.0.0 Safari/537.36"
91.211.90.99 - - [22/Mar/2026:08:26:31 -0700] "GET /blog/page/3/ HTTP/1.0" 200 60718 "http://www.drug-injury-lawyer.com/blog/page/3/" "Mozilla/5.0 (Windows NT 6.3) AppleWebKit/537.36 (KHTML, like Gecko) Chrome/103.0.0.0 Safari/537.36"
45.156.158.83 - - [22/Mar/2026:08:26:32 -0700] "GET /blog/page/3/ HTTP/1.0" 200 60718 "http://www.drug-injury-lawyer.com/blog/page/3/" "Mozilla/5.0 (Windows NT 6.1; Win64; x64) AppleWebKit/537.36 (KHTML, like Gecko) Chrome/103.0.0.0 Safari/537.36"
91.211.90.247 - - [22/Mar/2026:08:26:59 -0700] "GET /blog/page/3/ HTTP/1.0" 200 60718 "http://www.drug-injury-lawyer.com/blog/page/3/" "Mozilla/5.0 (Windows NT 6.3; Win64; x64) AppleWebKit/537.36 (KHTML, like Gecko) Chrome/103.0.5060.53 Safari/537.36"
91.211.90.231 - - [22/Mar/2026:08:26:59 -0700] "GET /blog/page/3/ HTTP/1.0" 200 60718 "http://www.drug-injury-lawyer.com/blog/page/3/" "Mozilla/5.0 (Windows NT 10.0; Win64; x64) AppleWebKit/537.36 (KHTML, like Gecko) Chrome/103.0.5042.0 Safari/537.36"
107.20.105.74 - - [22/Mar/2026:08:27:54 -0700] "HEAD / HTTP/1.1" 301 197 "-" "DreamHost SiteMonitor 1.0"
107.20.105.74 - - [22/Mar/2026:08:27:54 -0700] "HEAD / HTTP/1.1" 200 239 "http://173.236.217.44" "DreamHost SiteMonitor 1.0"
123.21.71.32 - - [22/Mar/2026:08:29:29 -0700] "GET http://www.drug-injury-lawyer.com/defective-medical-devices/vaginal-mesh-failure/ HTTP/1.1" 200 4696 "-" "Opera/8.22.(X11; Linux i686; wo-SN) Presto/2.9.181 Version/10.00"
91.211.90.117 - - [22/Mar/2026:08:30:09 -0700] "GET /blog/page/3/ HTTP/1.0" 200 60718 "http://www.drug-injury-lawyer.com/blog/page/3/" "Mozilla/5.0 (Windows NT 6.1) AppleWebKit/537.36 (KHTML, like Gecko) Chrome/103.0.5060.114 Safari/537.36"
91.211.90.164 - - [22/Mar/2026:08:30:37 -0700] "GET /blog/page/3/ HTTP/1.0" 200 60718 "http://www.drug-injury-lawyer.com/blog/page/3/" "Mozilla/5.0 (Windows NT 10.0; WOW64) AppleWebKit/537.36 (KHTML, like Gecko) Chrome/103.0.5060.114 Safari/537.36"
91.211.90.164 - - [22/Mar/2026:08:30:37 -0700] "GET /blog/page/3/ HTTP/1.0" 200 60718 "http://www.drug-injury-lawyer.com/blog/page/3/" "Mozilla/5.0 (Windows NT 10.0; Win64; x64) AppleWebKit/537.36 (KHTML, like Gecko) Chrome/103.0.0.0 Safari/537.36 Herring/95.1.8810.11"
107.20.105.74 - - [22/Mar/2026:08:32:54 -0700] "HEAD / HTTP/1.1" 301 197 "-" "DreamHost SiteMonitor 1.0"
107.20.105.74 - - [22/Mar/2026:08:32:54 -0700] "HEAD / HTTP/1.1" 200 239 "http://173.236.217.44" "DreamHost SiteMonitor 1.0"
114.119.144.179 - - [22/Mar/2026:08:34:28 -0700] "GET /?sitemap172.xml HTTP/1.1" 200 4659 "-" "Mozilla/5.0 (Linux; Android 7.0;) AppleWebKit/537.36 (KHTML, like Gecko) Mobile Safari/537.36 (compatible; PetalBot;+https://webmaster.petalsearch.com/site/petalbot)"
45.156.158.210 - - [22/Mar/2026:08:35:54 -0700] "GET /blog/page/3/ HTTP/1.0" 200 60718 "http://www.drug-injury-lawyer.com/blog/page/3/" "Mozilla/5.0 (Windows NT 10.0; Win64; x64) AppleWebKit/537.36 (KHTML, like Gecko) Chrome/103.0.5060.134 Safari/537.36"
45.156.158.210 - - [22/Mar/2026:08:35:54 -0700] "GET /blog/page/3/ HTTP/1.0" 200 60718 "http://www.drug-injury-lawyer.com/blog/page/3/" "Mozilla/5.0 (Windows NT 10.0; Win64; x64) AppleWebKit/537.36 (KHTML, like Gecko) Chrome/103.0.0.0 Safari/537.36 Herring/95.1.8810.11"
107.20.105.74 - - [22/Mar/2026:08:37:54 -0700] "HEAD / HTTP/1.1" 301 197 "-" "DreamHost SiteMonitor 1.0"
107.20.105.74 - - [22/Mar/2026:08:37:54 -0700] "HEAD / HTTP/1.1" 200 239 "http://173.236.217.44" "DreamHost SiteMonitor 1.0"
45.156.158.88 - - [22/Mar/2026:08:37:56 -0700] "GET /blog/page/3/ HTTP/1.0" 200 60718 "http://www.drug-injury-lawyer.com/blog/page/3/" "Mozilla/5.0 (Windows NT 10.0; Win64; x64) AppleWebKit/537.36 (KHTML, like Gecko) Chrome/103.0.0.0 Safari/537.36 OpenWave/97.4.2043.44"
91.211.90.227 - - [22/Mar/2026:08:39:18 -0700] "GET /blog/page/3/ HTTP/1.0" 200 60718 "http://www.drug-injury-lawyer.com/blog/page/3/" "Mozilla/5.0 (Windows NT 6.3; Win64; x64) AppleWebKit/537.36 (KHTML, like Gecko) Chrome/103.0.5060.66 Safari/537.36"
45.156.158.249 - - [22/Mar/2026:08:39:29 -0700] "GET /blog/page/3/ HTTP/1.0" 200 60718 "http://www.drug-injury-lawyer.com/blog/page/3/" "Mozilla/5.0 (Windows NT 10.0; Win64; x64) AppleWebKit/537.36 (KHTML, like Gecko) Chrome/103.0.5042.0 Safari/537.36"
45.156.158.249 - - [22/Mar/2026:08:39:30 -0700] "GET /blog/page/3/ HTTP/1.0" 200 60718 "http://www.drug-injury-lawyer.com/blog/page/3/" "Mozilla/5.0 (Windows NT 6.3; Win64; x64) AppleWebKit/537.36 (KHTML, like Gecko) Chrome/103.0.5060.114 Safari/537.36"
45.156.158.83 - - [22/Mar/2026:08:39:30 -0700] "GET /blog/page/3/ HTTP/1.0" 200 60718 "http://www.drug-injury-lawyer.com/blog/page/3/" "Mozilla/5.0 (Windows NT 6.3; Win64; x64) AppleWebKit/537.36 (KHTML, like Gecko) Chrome/103.0.5060.66 Safari/537.36"
91.211.90.231 - - [22/Mar/2026:08:39:52 -0700] "GET /blog/page/3/ HTTP/1.0" 200 60718 "http://www.drug-injury-lawyer.com/blog/page/3/" "Mozilla/5.0 (Windows NT 6.3; WOW64) AppleWebKit/537.36 (KHTML, like Gecko) Chrome/103.0.5060.114 Safari/537.36"
91.211.90.208 - - [22/Mar/2026:08:42:32 -0700] "GET /blog/page/3/ HTTP/1.0" 200 60718 "http://www.drug-injury-lawyer.com/blog/page/3/" "Mozilla/5.0 (Windows NT 10.0; Win64; x64) AppleWebKit/537.36 (KHTML, like Gecko) Chrome/103.0.5042.0 Safari/537.36"
107.20.105.74 - - [22/Mar/2026:08:42:54 -0700] "HEAD / HTTP/1.1" 301 197 "-" "DreamHost SiteMonitor 1.0"
107.20.105.74 - - [22/Mar/2026:08:42:54 -0700] "HEAD / HTTP/1.1" 200 239 "http://173.236.217.44" "DreamHost SiteMonitor 1.0"
91.211.90.69 - - [22/Mar/2026:08:43:28 -0700] "GET /blog/page/3/ HTTP/1.0" 200 60718 "http://www.drug-injury-lawyer.com/blog/page/3/" "Mozilla/5.0 (Windows NT 6.3; Win64; x64) AppleWebKit/537.36 (KHTML, like Gecko) Chrome/103.0.5060.114 Safari/537.36"
91.211.90.70 - - [22/Mar/2026:08:43:28 -0700] "GET /blog/page/3/ HTTP/1.0" 200 60718 "http://www.drug-injury-lawyer.com/blog/page/3/" "Mozilla/5.0 (Windows NT 10.0; Win64; x64) AppleWebKit/537.36 (KHTML, like Gecko) Chrome/103.0.5060.53 Safari/537.36"
217.147.172.240 - - [22/Mar/2026:08:43:43 -0700] "GET /blog/page/3/ HTTP/1.0" 200 60718 "http://www.drug-injury-lawyer.com/blog/page/3/" "Mozilla/5.0 (Windows NT 10.0; Win64; x64) AppleWebKit/537.36 (KHTML, like Gecko) Chrome/103.0.0.0 Safari/537.36 Herring/95.1.8810.11"
107.20.105.74 - - [22/Mar/2026:08:47:54 -0700] "HEAD / HTTP/1.1" 301 197 "-" "DreamHost SiteMonitor 1.0"
107.20.105.74 - - [22/Mar/2026:08:47:54 -0700] "HEAD / HTTP/1.1" 200 239 "http://173.236.217.44" "DreamHost SiteMonitor 1.0"
4.204.200.32 - - [22/Mar/2026:08:48:36 -0700] "GET /wp-content/plugins/hellopress/wp_filemanager.php HTTP/1.1" 301 537 "-" "-"
4.204.200.32 - - [22/Mar/2026:08:48:36 -0700] "GET /wp-content/plugins/hellopress/wp_filemanager.php HTTP/1.1" 200 60752 "-" "-"
4.204.200.32 - - [22/Mar/2026:08:48:36 -0700] "GET /wp-blogs.php HTTP/1.1" 301 465 "-" "-"
4.204.200.32 - - [22/Mar/2026:08:48:36 -0700] "GET /wp-blogs.php HTTP/1.1" 200 60718 "-" "-"
91.211.90.158 - - [22/Mar/2026:08:52:26 -0700] "GET /blog/page/3/ HTTP/1.0" 200 60718 "http://www.drug-injury-lawyer.com/blog/page/3/" "Mozilla/5.0 (Windows NT 6.1; Win64; x64) AppleWebKit/537.36 (KHTML, like Gecko) Chrome/103.0.5060.114 Safari/537.36"
107.20.105.74 - - [22/Mar/2026:08:52:54 -0700] "HEAD / HTTP/1.1" 301 197 "-" "DreamHost SiteMonitor 1.0"
107.20.105.74 - - [22/Mar/2026:08:52:54 -0700] "HEAD / HTTP/1.1" 200 239 "http://173.236.217.44" "DreamHost SiteMonitor 1.0"
91.211.90.117 - - [22/Mar/2026:08:53:19 -0700] "GET /blog/page/3/ HTTP/1.0" 200 60718 "http://www.drug-injury-lawyer.com/blog/page/3/" "Mozilla/5.0 (Windows NT 10.0; WOW64) AppleWebKit/537.36 (KHTML, like Gecko) Chrome/103.0.0.0 Safari/537.36"
195.2.84.198 - - [22/Mar/2026:08:55:26 -0700] "GET /blog/page/3/ HTTP/1.0" 301 484 "http://drug-injury-lawyer.com/blog/page/3/" "Mozilla/5.0 (Windows NT 10.0; Win64; x64) AppleWebKit/537.36 (KHTML, like Gecko) Chrome/131.0.0.0 Safari/537.36 Avast/131.0.0.0"
195.2.84.198 - - [22/Mar/2026:08:55:26 -0700] "GET /blog/page/3/ HTTP/1.0" 200 60718 "http://www.drug-injury-lawyer.com/blog/page/3/" "Mozilla/5.0 (Windows NT 10.0; Win64; x64) AppleWebKit/537.36 (KHTML, like Gecko) Chrome/131.0.0.0 Safari/537.36 Avast/131.0.0.0"
91.211.90.169 - - [22/Mar/2026:08:57:07 -0700] "GET /blog/page/3/ HTTP/1.0" 200 60718 "http://www.drug-injury-lawyer.com/blog/page/3/" "Mozilla/5.0 (Windows NT 6.2; Win64; x64) AppleWebKit/537.36 (KHTML, like Gecko) Chrome/103.0.0.0 Safari/537.36"
91.211.90.169 - - [22/Mar/2026:08:57:07 -0700] "GET /blog/page/3/ HTTP/1.0" 200 60718 "http://www.drug-injury-lawyer.com/blog/page/3/" "Mozilla/5.0 (Windows NT 10.0; Win64; x64) AppleWebKit/537.36 (KHTML, like Gecko) Chrome/103.0.5060.53 Safari/537.36"
91.211.90.179 - - [22/Mar/2026:08:57:10 -0700] "GET /blog/page/3/ HTTP/1.0" 200 60718 "http://www.drug-injury-lawyer.com/blog/page/3/" "Mozilla/5.0 (Windows NT 6.2; Win64; x64) AppleWebKit/537.36 (KHTML, like Gecko) Chrome/103.0.0.0 Safari/537.36"
91.211.90.179 - - [22/Mar/2026:08:57:10 -0700] "GET /blog/page/3/ HTTP/1.0" 200 60718 "http://www.drug-injury-lawyer.com/blog/page/3/" "Mozilla/5.0 (Windows NT 6.3) AppleWebKit/537.36 (KHTML, like Gecko) Chrome/103.0.0.0 Safari/537.36"
107.20.105.74 - - [22/Mar/2026:08:57:54 -0700] "HEAD / HTTP/1.1" 301 197 "-" "DreamHost SiteMonitor 1.0"
107.20.105.74 - - [22/Mar/2026:08:57:54 -0700] "HEAD / HTTP/1.1" 200 239 "http://173.236.217.44" "DreamHost SiteMonitor 1.0"
217.147.172.209 - - [22/Mar/2026:09:00:02 -0700] "GET /blog/page/3/ HTTP/1.0" 200 60718 "http://www.drug-injury-lawyer.com/blog/page/3/" "Mozilla/5.0 (Windows NT 6.3; WOW64) AppleWebKit/537.36 (KHTML, like Gecko) Chrome/103.0.0.0 Safari/537.36"
217.147.172.209 - - [22/Mar/2026:09:00:02 -0700] "GET /blog/page/3/ HTTP/1.0" 200 60718 "http://www.drug-injury-lawyer.com/blog/page/3/" "Mozilla/5.0 (Windows NT 6.1; WOW64) AppleWebKit/537.36 (KHTML, like Gecko) Chrome/103.0.0.0 Safari/537.36"
45.156.158.88 - - [22/Mar/2026:09:00:09 -0700] "GET /blog/page/3/ HTTP/1.0" 200 60718 "http://www.drug-injury-lawyer.com/blog/page/3/" "Mozilla/5.0 (Windows NT 10.0; Win64; x64) AppleWebKit/537.36 (KHTML, like Gecko) Chrome/103.0.5060.66 Safari/537.36"
91.142.73.116 - - [22/Mar/2026:09:00:28 -0700] "GET /blog/page/3/ HTTP/1.0" 200 60718 "http://www.drug-injury-lawyer.com/blog/page/3/" "Mozilla/5.0 (Windows NT 10.0; Win64; x64) AppleWebKit/537.36 (KHTML, like Gecko) Chrome/131.0.0.0 Safari/537.36"
91.211.90.168 - - [22/Mar/2026:09:00:30 -0700] "GET /blog/page/3/ HTTP/1.0" 200 60718 "http://www.drug-injury-lawyer.com/blog/page/3/" "Mozilla/5.0 (Windows NT 6.3; Win64; x64) AppleWebKit/537.36 (KHTML, like Gecko) Chrome/103.0.5060.53 Safari/537.36"
91.211.90.170 - - [22/Mar/2026:09:00:30 -0700] "GET /blog/page/3/ HTTP/1.0" 200 60718 "http://www.drug-injury-lawyer.com/blog/page/3/" "Mozilla/5.0 (Windows NT 6.3; WOW64) AppleWebKit/537.36 (KHTML, like Gecko) Chrome/103.0.5060.114 Safari/537.36"
91.211.90.170 - - [22/Mar/2026:09:00:31 -0700] "GET /blog/page/3/ HTTP/1.0" 200 60718 "http://www.drug-injury-lawyer.com/blog/page/3/" "Mozilla/5.0 (Windows NT 10.0; Win64; x64) AppleWebKit/537.36 (KHTML, like Gecko) Chrome/103.0.5060.53 Safari/537.36"
91.211.90.168 - - [22/Mar/2026:09:00:31 -0700] "GET /blog/page/3/ HTTP/1.0" 200 60718 "http://www.drug-injury-lawyer.com/blog/page/3/" "Mozilla/5.0 (Windows NT 6.3; Win64; x64) AppleWebKit/537.36 (KHTML, like Gecko) Chrome/103.0.5060.66 Safari/537.36"
217.147.172.206 - - [22/Mar/2026:09:00:31 -0700] "GET /blog/page/3/ HTTP/1.0" 200 60718 "http://www.drug-injury-lawyer.com/blog/page/3/" "Mozilla/5.0 (Windows NT 6.3) AppleWebKit/537.36 (KHTML, like Gecko) Chrome/103.0.0.0 Safari/537.36"
45.156.158.225 - - [22/Mar/2026:09:00:31 -0700] "GET /blog/page/3/ HTTP/1.0" 200 60718 "http://www.drug-injury-lawyer.com/blog/page/3/" "Mozilla/5.0 (Windows NT 10.0; Win64; x64) AppleWebKit/537.36 (KHTML, like Gecko) Chrome/103.0.5060.53 Safari/537.36"
18.235.173.251 - - [22/Mar/2026:09:01:52 -0700] "GET /robots.txt HTTP/1.1" 200 470 "-" "Mozilla/5.0 (Macintosh; Intel Mac OS X 10_10_1) AppleWebKit/600.2.5 (KHTML, like Gecko) Version/8.0.2 Safari/600.2.5 (Gort)"
91.211.90.206 - - [22/Mar/2026:09:02:13 -0700] "GET /blog/page/3/ HTTP/1.0" 200 60718 "http://www.drug-injury-lawyer.com/blog/page/3/" "Mozilla/5.0 (Windows NT 6.3; Win64; x64) AppleWebKit/537.36 (KHTML, like Gecko) Chrome/103.0.5060.66 Safari/537.36"
43.135.145.117 - - [22/Mar/2026:09:02:45 -0700] "GET / HTTP/1.1" 200 4659 "-" "Mozilla/5.0 (iPhone; CPU iPhone OS 13_2_3 like Mac OS X) AppleWebKit/605.1.15 (KHTML, like Gecko) Version/13.0.3 Mobile/15E148 Safari/604.1"
107.20.105.74 - - [22/Mar/2026:09:02:54 -0700] "HEAD / HTTP/1.1" 301 197 "-" "DreamHost SiteMonitor 1.0"
107.20.105.74 - - [22/Mar/2026:09:02:54 -0700] "HEAD / HTTP/1.1" 200 239 "http://173.236.217.44" "DreamHost SiteMonitor 1.0"
91.211.90.206 - - [22/Mar/2026:09:03:00 -0700] "GET /blog/page/3/ HTTP/1.0" 200 60718 "http://www.drug-injury-lawyer.com/blog/page/3/" "Mozilla/5.0 (Windows NT 6.1; Win64; x64) AppleWebKit/537.36 (KHTML, like Gecko) Chrome/103.0.0.0 Safari/537.36"
91.211.90.225 - - [22/Mar/2026:09:03:16 -0700] "GET /blog/page/3/ HTTP/1.0" 200 60718 "http://www.drug-injury-lawyer.com/blog/page/3/" "Mozilla/5.0 (Windows NT 10.0; Win64; x64) AppleWebKit/537.36 (KHTML, like Gecko) Chrome/103.0.5060.53 Safari/537.36"
91.211.90.225 - - [22/Mar/2026:09:03:16 -0700] "GET /blog/page/3/ HTTP/1.0" 200 60718 "http://www.drug-injury-lawyer.com/blog/page/3/" "Mozilla/5.0 (Windows NT 10.0; WOW64) AppleWebKit/537.36 (KHTML, like Gecko) Chrome/103.0.0.0 Safari/537.36"
178.20.45.159 - - [22/Mar/2026:09:04:30 -0700] "GET /blog/page/3/ HTTP/1.0" 200 60718 "http://www.drug-injury-lawyer.com/blog/page/3/" "Mozilla/5.0 (Windows NT 10.0; Win64; x64) AppleWebKit/537.36 (KHTML, like Gecko) Chrome/131.0.0.0 Safari/537.36"
91.211.90.158 - - [22/Mar/2026:09:05:05 -0700] "GET /blog/page/3/ HTTP/1.0" 200 60718 "http://www.drug-injury-lawyer.com/blog/page/3/" "Mozilla/5.0 (Windows NT 6.3; Win64; x64) AppleWebKit/537.36 (KHTML, like Gecko) Chrome/103.0.5060.53 Safari/537.36"
107.20.105.74 - - [22/Mar/2026:09:07:54 -0700] "HEAD / HTTP/1.1" 301 197 "-" "DreamHost SiteMonitor 1.0"
107.20.105.74 - - [22/Mar/2026:09:07:54 -0700] "HEAD / HTTP/1.1" 200 239 "http://173.236.217.44" "DreamHost SiteMonitor 1.0"
217.147.172.96 - - [22/Mar/2026:09:08:08 -0700] "GET /blog/page/3/ HTTP/1.0" 200 60718 "http://www.drug-injury-lawyer.com/blog/page/3/" "Mozilla/5.0 (Windows NT 6.3; Win64; x64) AppleWebKit/537.36 (KHTML, like Gecko) Chrome/103.0.0.0 Safari/537.36"
217.147.172.96 - - [22/Mar/2026:09:08:09 -0700] "GET /blog/page/3/ HTTP/1.0" 200 60718 "http://www.drug-injury-lawyer.com/blog/page/3/" "Mozilla/5.0 (Windows NT 10.0; Win64; x64) AppleWebKit/537.36 (KHTML, like Gecko) Chrome/103.0.5060.53 Safari/537.36"
217.147.172.11 - - [22/Mar/2026:09:08:09 -0700] "GET /blog/page/3/ HTTP/1.0" 200 60718 "http://www.drug-injury-lawyer.com/blog/page/3/" "Mozilla/5.0 (Windows NT 10.0; Win64; x64) AppleWebKit/537.36 (KHTML, like Gecko) Chrome/103.0.5060.114 Safari/537.36"
217.147.172.11 - - [22/Mar/2026:09:08:09 -0700] "GET /blog/page/3/ HTTP/1.0" 200 60718 "http://www.drug-injury-lawyer.com/blog/page/3/" "Mozilla/5.0 (Windows NT 6.1; WOW64) AppleWebKit/537.36 (KHTML, like Gecko) Chrome/103.0.0.0 Safari/537.36"
91.211.90.244 - - [22/Mar/2026:09:08:10 -0700] "GET /blog/page/3/ HTTP/1.0" 200 60718 "http://www.drug-injury-lawyer.com/blog/page/3/" "Mozilla/5.0 (Windows NT 6.3; Win64; x64) AppleWebKit/537.36 (KHTML, like Gecko) Chrome/103.0.5060.114 Safari/537.36"
91.211.90.244 - - [22/Mar/2026:09:08:10 -0700] "GET /blog/page/3/ HTTP/1.0" 200 60718 "http://www.drug-injury-lawyer.com/blog/page/3/" "Mozilla/5.0 (Windows NT 6.3; WOW64) AppleWebKit/537.36 (KHTML, like Gecko) Chrome/103.0.0.0 Safari/537.36"
91.211.90.227 - - [22/Mar/2026:09:09:02 -0700] "GET /blog/page/3/ HTTP/1.0" 200 60718 "http://www.drug-injury-lawyer.com/blog/page/3/" "Mozilla/5.0 (Windows NT 6.3; WOW64) AppleWebKit/537.36 (KHTML, like Gecko) Chrome/103.0.5060.114 Safari/537.36"
91.211.90.247 - - [22/Mar/2026:09:09:05 -0700] "GET /blog/page/3/ HTTP/1.0" 200 60718 "http://www.drug-injury-lawyer.com/blog/page/3/" "Mozilla/5.0 (Windows NT 10.0; Win64; x64) AppleWebKit/537.36 (KHTML, like Gecko) Chrome/103.0.0.0 Safari/537.36 OpenWave/97.4.2043.44"
45.156.158.223 - - [22/Mar/2026:09:12:00 -0700] "GET /blog/page/3/ HTTP/1.0" 200 60718 "http://www.drug-injury-lawyer.com/blog/page/3/" "Mozilla/5.0 (Windows NT 6.3; WOW64) AppleWebKit/537.36 (KHTML, like Gecko) Chrome/103.0.0.0 Safari/537.36"
45.156.158.223 - - [22/Mar/2026:09:12:00 -0700] "GET /blog/page/3/ HTTP/1.0" 200 60718 "http://www.drug-injury-lawyer.com/blog/page/3/" "Mozilla/5.0 (Windows NT 6.3; Win64; x64) AppleWebKit/537.36 (KHTML, like Gecko) Chrome/103.0.0.0 Safari/537.36"
45.156.158.163 - - [22/Mar/2026:09:12:00 -0700] "GET /blog/page/3/ HTTP/1.0" 200 60718 "http://www.drug-injury-lawyer.com/blog/page/3/" "Mozilla/5.0 (Windows NT 6.1; WOW64) AppleWebKit/537.36 (KHTML, like Gecko) Chrome/103.0.0.0 Safari/537.36"
45.156.158.163 - - [22/Mar/2026:09:12:00 -0700] "GET /blog/page/3/ HTTP/1.0" 200 60718 "http://www.drug-injury-lawyer.com/blog/page/3/" "Mozilla/5.0 (Windows NT 10.0) AppleWebKit/537.36 (KHTML, like Gecko) Chrome/103.0.0.0 Safari/537.36"
107.20.105.74 - - [22/Mar/2026:09:12:54 -0700] "HEAD / HTTP/1.1" 301 197 "-" "DreamHost SiteMonitor 1.0"
107.20.105.74 - - [22/Mar/2026:09:12:54 -0700] "HEAD / HTTP/1.1" 200 239 "http://173.236.217.44" "DreamHost SiteMonitor 1.0"
91.211.90.208 - - [22/Mar/2026:09:13:23 -0700] "GET /blog/page/3/ HTTP/1.0" 200 60718 "http://www.drug-injury-lawyer.com/blog/page/3/" "Mozilla/5.0 (Windows NT 6.3; Win64; x64) AppleWebKit/537.36 (KHTML, like Gecko) Chrome/103.0.5060.114 Safari/537.36"
2.59.221.46 - - [22/Mar/2026:09:14:13 -0700] "GET /blog/page/3/ HTTP/1.0" 200 60718 "http://www.drug-injury-lawyer.com/blog/page/3/" "Mozilla/5.0 (Windows NT 6.1; Win64; x64) AppleWebKit/537.36 (KHTML, like Gecko) Chrome/103.0.0.0 Safari/537.36"
2.59.221.46 - - [22/Mar/2026:09:14:13 -0700] "GET /blog/page/3/ HTTP/1.0" 200 60718 "http://www.drug-injury-lawyer.com/blog/page/3/" "Mozilla/5.0 (Windows NT 6.3; Win64; x64) AppleWebKit/537.36 (KHTML, like Gecko) Chrome/103.0.5060.66 Safari/537.36"
45.156.158.216 - - [22/Mar/2026:09:16:27 -0700] "GET /blog/page/3/ HTTP/1.0" 200 60718 "http://www.drug-injury-lawyer.com/blog/page/3/" "Mozilla/5.0 (Windows NT 6.3; Win64; x64) AppleWebKit/537.36 (KHTML, like Gecko) Chrome/103.0.0.0 Safari/537.36"
45.156.158.75 - - [22/Mar/2026:09:16:27 -0700] "GET /blog/page/3/ HTTP/1.0" 200 60718 "http://www.drug-injury-lawyer.com/blog/page/3/" "Mozilla/5.0 (Windows NT 6.1; Win64; x64) AppleWebKit/537.36 (KHTML, like Gecko) Chrome/103.0.5060.114 Safari/537.36"
49.51.183.15 - - [22/Mar/2026:09:16:29 -0700] "GET /?path=/home/heewonvps_17/drug-injury-lawyer.com/.well-known HTTP/1.1" 200 3332 "-" "Mozilla/5.0 (iPhone; CPU iPhone OS 13_2_3 like Mac OS X) AppleWebKit/605.1.15 (KHTML, like Gecko) Version/13.0.3 Mobile/15E148 Safari/604.1"
91.211.90.228 - - [22/Mar/2026:09:16:34 -0700] "GET /blog/page/3/ HTTP/1.0" 200 60718 "http://www.drug-injury-lawyer.com/blog/page/3/" "Mozilla/5.0 (Windows NT 10.0; Win64; x64) AppleWebKit/537.36 (KHTML, like Gecko) Chrome/103.0.5060.53 Safari/537.36"
107.20.105.74 - - [22/Mar/2026:09:17:54 -0700] "HEAD / HTTP/1.1" 301 197 "-" "DreamHost SiteMonitor 1.0"
107.20.105.74 - - [22/Mar/2026:09:17:54 -0700] "HEAD / HTTP/1.1" 200 239 "http://173.236.217.44" "DreamHost SiteMonitor 1.0"
91.211.90.207 - - [22/Mar/2026:09:21:46 -0700] "GET /blog/page/3/ HTTP/1.0" 200 60718 "http://www.drug-injury-lawyer.com/blog/page/3/" "Mozilla/5.0 (Windows NT 6.3; WOW64) AppleWebKit/537.36 (KHTML, like Gecko) Chrome/103.0.0.0 Safari/537.36"
107.20.105.74 - - [22/Mar/2026:09:22:54 -0700] "HEAD / HTTP/1.1" 301 197 "-" "DreamHost SiteMonitor 1.0"
107.20.105.74 - - [22/Mar/2026:09:22:54 -0700] "HEAD / HTTP/1.1" 200 239 "http://173.236.217.44" "DreamHost SiteMonitor 1.0"
91.211.90.240 - - [22/Mar/2026:09:23:12 -0700] "GET /blog/page/3/ HTTP/1.0" 200 60718 "http://www.drug-injury-lawyer.com/blog/page/3/" "Mozilla/5.0 (Windows NT 6.3; Win64; x64) AppleWebKit/537.36 (KHTML, like Gecko) Chrome/103.0.5060.53 Safari/537.36"
49.51.52.250 - - [22/Mar/2026:09:26:28 -0700] "GET /?path=/home/heewonvps_17/drug-injury-lawyer.com/wp-includes HTTP/1.1" 200 15071 "-" "Mozilla/5.0 (iPhone; CPU iPhone OS 13_2_3 like Mac OS X) AppleWebKit/605.1.15 (KHTML, like Gecko) Version/13.0.3 Mobile/15E148 Safari/604.1"
107.20.105.74 - - [22/Mar/2026:09:27:54 -0700] "HEAD / HTTP/1.1" 301 197 "-" "DreamHost SiteMonitor 1.0"
107.20.105.74 - - [22/Mar/2026:09:27:54 -0700] "HEAD / HTTP/1.1" 200 239 "http://173.236.217.44" "DreamHost SiteMonitor 1.0"
91.211.90.186 - - [22/Mar/2026:09:28:01 -0700] "GET /blog/page/3/ HTTP/1.0" 200 60718 "http://www.drug-injury-lawyer.com/blog/page/3/" "Mozilla/5.0 (Windows NT 6.3; Win64; x64) AppleWebKit/537.36 (KHTML, like Gecko) Chrome/103.0.5060.114 Safari/537.36"
91.211.90.186 - - [22/Mar/2026:09:28:01 -0700] "GET /blog/page/3/ HTTP/1.0" 200 60718 "http://www.drug-injury-lawyer.com/blog/page/3/" "Mozilla/5.0 (Windows NT 6.3; Win64; x64) AppleWebKit/537.36 (KHTML, like Gecko) Chrome/103.0.5060.53 Safari/537.36"
217.147.172.214 - - [22/Mar/2026:09:28:51 -0700] "GET /blog/page/3/ HTTP/1.0" 200 60718 "http://www.drug-injury-lawyer.com/blog/page/3/" "Mozilla/5.0 (Windows NT 6.3; WOW64) AppleWebKit/537.36 (KHTML, like Gecko) Chrome/103.0.0.0 Safari/537.36"
217.147.172.240 - - [22/Mar/2026:09:28:51 -0700] "GET /blog/page/3/ HTTP/1.0" 200 60718 "http://www.drug-injury-lawyer.com/blog/page/3/" "Mozilla/5.0 (Windows NT 10.0; Win64; x64) AppleWebKit/537.36 (KHTML, like Gecko) Chrome/103.0.5060.53 Safari/537.36"
185.237.106.243 - - [22/Mar/2026:09:28:52 -0700] "GET /blog/page/3/ HTTP/1.0" 200 60718 "http://www.drug-injury-lawyer.com/blog/page/3/" "Mozilla/5.0 (Windows NT 6.1; Win64; x64) AppleWebKit/537.36 (KHTML, like Gecko) Chrome/103.0.5060.66 Safari/537.36"
185.237.106.243 - - [22/Mar/2026:09:28:52 -0700] "GET /blog/page/3/ HTTP/1.0" 200 60718 "http://www.drug-injury-lawyer.com/blog/page/3/" "Mozilla/5.0 (Windows NT 10.0; WOW64) AppleWebKit/537.36 (KHTML, like Gecko) Chrome/103.0.5060.114 Safari/537.36"
217.147.172.214 - - [22/Mar/2026:09:28:51 -0700] "GET /blog/page/3/ HTTP/1.0" 200 60718 "http://www.drug-injury-lawyer.com/blog/page/3/" "Mozilla/5.0 (Windows NT 6.3; Win64; x64) AppleWebKit/537.36 (KHTML, like Gecko) Chrome/103.0.0.0 Safari/537.36"
45.156.158.225 - - [22/Mar/2026:09:29:08 -0700] "GET /blog/page/3/ HTTP/1.0" 200 60718 "http://www.drug-injury-lawyer.com/blog/page/3/" "Mozilla/5.0 (Windows NT 6.1; Win64; x64) AppleWebKit/537.36 (KHTML, like Gecko) Chrome/103.0.5060.114 Safari/537.36"
217.147.172.67 - - [22/Mar/2026:09:29:34 -0700] "GET /blog/page/3/ HTTP/1.0" 200 60718 "http://www.drug-injury-lawyer.com/blog/page/3/" "Mozilla/5.0 (Windows NT 6.1; Win64; x64) AppleWebKit/537.36 (KHTML, like Gecko) Chrome/103.0.5060.66 Safari/537.36"
217.147.172.67 - - [22/Mar/2026:09:29:35 -0700] "GET /blog/page/3/ HTTP/1.0" 200 60718 "http://www.drug-injury-lawyer.com/blog/page/3/" "Mozilla/5.0 (Windows NT 6.2; Win64; x64) AppleWebKit/537.36 (KHTML, like Gecko) Chrome/103.0.0.0 Safari/537.36"
217.147.172.235 - - [22/Mar/2026:09:30:00 -0700] "GET /blog/page/3/ HTTP/1.0" 200 60718 "http://www.drug-injury-lawyer.com/blog/page/3/" "Mozilla/5.0 (Windows NT 10.0; Win64; x64) AppleWebKit/537.36 (KHTML, like Gecko) Chrome/103.0.5060.134 Safari/537.36"
91.211.90.113 - - [22/Mar/2026:09:30:09 -0700] "GET /blog/page/3/ HTTP/1.0" 200 60718 "http://www.drug-injury-lawyer.com/blog/page/3/" "Mozilla/5.0 (Windows NT 10.0) AppleWebKit/537.36 (KHTML, like Gecko) Chrome/103.0.0.0 Safari/537.36"
91.211.90.113 - - [22/Mar/2026:09:30:10 -0700] "GET /blog/page/3/ HTTP/1.0" 200 60718 "http://www.drug-injury-lawyer.com/blog/page/3/" "Mozilla/5.0 (Windows NT 10.0) AppleWebKit/537.36 (KHTML, like Gecko) Chrome/103.0.0.0 Safari/537.36"
91.211.90.240 - - [22/Mar/2026:09:30:14 -0700] "GET /blog/page/3/ HTTP/1.0" 200 60718 "http://www.drug-injury-lawyer.com/blog/page/3/" "Mozilla/5.0 (Windows NT 10.0; WOW64) AppleWebKit/537.36 (KHTML, like Gecko) Chrome/103.0.5060.114 Safari/537.36"
91.211.90.88 - - [22/Mar/2026:09:30:25 -0700] "GET /blog/page/3/ HTTP/1.0" 200 60718 "http://www.drug-injury-lawyer.com/blog/page/3/" "Mozilla/5.0 (Windows NT 6.3; Win64; x64) AppleWebKit/537.36 (KHTML, like Gecko) Chrome/103.0.0.0 Safari/537.36"
178.20.45.128 - - [22/Mar/2026:09:30:46 -0700] "GET /blog/ HTTP/1.0" 200 60718 "http://www.drug-injury-lawyer.com/blog/" "Mozilla/5.0 (Windows NT 10.0; Win64; x64) AppleWebKit/537.36 (KHTML, like Gecko) Chrome/130.0.0.0 Safari/537.36"
91.211.90.88 - - [22/Mar/2026:09:30:54 -0700] "GET /blog/page/3/ HTTP/1.0" 200 60718 "http://www.drug-injury-lawyer.com/blog/page/3/" "Mozilla/5.0 (Windows NT 6.3; Win64; x64) AppleWebKit/537.36 (KHTML, like Gecko) Chrome/103.0.5060.114 Safari/537.36"
217.147.172.235 - - [22/Mar/2026:09:31:13 -0700] "GET /blog/page/3/ HTTP/1.0" 200 60718 "http://www.drug-injury-lawyer.com/blog/page/3/" "Mozilla/5.0 (Windows NT 6.1) AppleWebKit/537.36 (KHTML, like Gecko) Chrome/103.0.5060.114 Safari/537.36"
45.156.158.216 - - [22/Mar/2026:09:31:17 -0700] "GET /blog/page/3/ HTTP/1.0" 200 60718 "http://www.drug-injury-lawyer.com/blog/page/3/" "Mozilla/5.0 (Windows NT 6.3; Win64; x64) AppleWebKit/537.36 (KHTML, like Gecko) Chrome/103.0.5060.114 Safari/537.36"
45.156.158.75 - - [22/Mar/2026:09:31:20 -0700] "GET /blog/page/3/ HTTP/1.0" 200 60718 "http://www.drug-injury-lawyer.com/blog/page/3/" "Mozilla/5.0 (Windows NT 6.3; Win64; x64) AppleWebKit/537.36 (KHTML, like Gecko) Chrome/103.0.5060.53 Safari/537.36"
178.20.45.128 - - [22/Mar/2026:09:31:32 -0700] "GET /blog/ HTTP/1.0" 200 60718 "http://www.drug-injury-lawyer.com/blog/" "Mozilla/5.0 (Windows NT 10.0; Win64; x64) AppleWebKit/537.36 (KHTML, like Gecko) Chrome/131.0.0.0 Safari/537.36 Avast/131.0.0.0"
91.211.90.228 - - [22/Mar/2026:09:32:00 -0700] "GET /blog/page/3/ HTTP/1.0" 200 60718 "http://www.drug-injury-lawyer.com/blog/page/3/" "Mozilla/5.0 (Windows NT 6.1; Win64; x64) AppleWebKit/537.36 (KHTML, like Gecko) Chrome/103.0.5060.66 Safari/537.36"
91.211.90.207 - - [22/Mar/2026:09:32:02 -0700] "GET /blog/page/3/ HTTP/1.0" 200 60718 "http://www.drug-injury-lawyer.com/blog/page/3/" "Mozilla/5.0 (Windows NT 6.3; WOW64) AppleWebKit/537.36 (KHTML, like Gecko) Chrome/103.0.5060.114 Safari/537.36"
107.20.105.74 - - [22/Mar/2026:09:32:54 -0700] "HEAD / HTTP/1.1" 301 197 "-" "DreamHost SiteMonitor 1.0"
107.20.105.74 - - [22/Mar/2026:09:32:54 -0700] "HEAD / HTTP/1.1" 200 239 "http://173.236.217.44" "DreamHost SiteMonitor 1.0"
217.147.172.82 - - [22/Mar/2026:09:34:58 -0700] "GET /blog/page/3/ HTTP/1.0" 200 60718 "http://www.drug-injury-lawyer.com/blog/page/3/" "Mozilla/5.0 (Windows NT 6.3; WOW64) AppleWebKit/537.36 (KHTML, like Gecko) Chrome/103.0.5060.114 Safari/537.36"
217.147.172.82 - - [22/Mar/2026:09:34:58 -0700] "GET /blog/page/3/ HTTP/1.0" 200 60718 "http://www.drug-injury-lawyer.com/blog/page/3/" "Mozilla/5.0 (Windows NT 10.0; Win64; x64) AppleWebKit/537.36 (KHTML, like Gecko) Chrome/103.0.0.0 Safari/537.36"
91.211.90.247 - - [22/Mar/2026:09:35:23 -0700] "GET /blog/page/3/ HTTP/1.0" 200 60718 "http://www.drug-injury-lawyer.com/blog/page/3/" "Mozilla/5.0 (Windows NT 6.1; Win64; x64) AppleWebKit/537.36 (KHTML, like Gecko) Chrome/103.0.5060.66 Safari/537.36"
45.156.158.83 - - [22/Mar/2026:09:35:31 -0700] "GET /blog/page/3/ HTTP/1.0" 200 60718 "http://www.drug-injury-lawyer.com/blog/page/3/" "Mozilla/5.0 (Windows NT 10.0; Win64; x64) AppleWebKit/537.36 (KHTML, like Gecko) Chrome/103.0.0.0 Safari/537.36 Herring/95.1.8810.11"
91.211.90.231 - - [22/Mar/2026:09:35:52 -0700] "GET /blog/page/3/ HTTP/1.0" 200 60718 "http://www.drug-injury-lawyer.com/blog/page/3/" "Mozilla/5.0 (Windows NT 6.3; Win64; x64) AppleWebKit/537.36 (KHTML, like Gecko) Chrome/103.0.5060.53 Safari/537.36"
91.211.90.70 - - [22/Mar/2026:09:36:01 -0700] "GET /blog/page/3/ HTTP/1.0" 200 60718 "http://www.drug-injury-lawyer.com/blog/page/3/" "Mozilla/5.0 (Windows NT 10.0; WOW64) AppleWebKit/537.36 (KHTML, like Gecko) Chrome/103.0.5060.114 Safari/537.36"
91.211.90.69 - - [22/Mar/2026:09:36:01 -0700] "GET /blog/page/3/ HTTP/1.0" 200 60718 "http://www.drug-injury-lawyer.com/blog/page/3/" "Mozilla/5.0 (Windows NT 6.3) AppleWebKit/537.36 (KHTML, like Gecko) Chrome/103.0.0.0 Safari/537.36"
91.211.90.99 - - [22/Mar/2026:09:36:10 -0700] "GET /blog/page/3/ HTTP/1.0" 200 60718 "http://www.drug-injury-lawyer.com/blog/page/3/" "Mozilla/5.0 (Windows NT 6.3; WOW64) AppleWebKit/537.36 (KHTML, like Gecko) Chrome/103.0.5060.114 Safari/537.36"
91.211.90.99 - - [22/Mar/2026:09:36:10 -0700] "GET /blog/page/3/ HTTP/1.0" 200 60718 "http://www.drug-injury-lawyer.com/blog/page/3/" "Mozilla/5.0 (Windows NT 6.3; Win64; x64) AppleWebKit/537.36 (KHTML, like Gecko) Chrome/103.0.5060.53 Safari/537.36"
43.130.14.245 - - [22/Mar/2026:09:36:43 -0700] "GET /?fileloc=/home/heewonvps_17/drug-injury-lawyer.com/wp-config-sample.php&path=/home/heewonvps_17/drug-injury-lawyer.com HTTP/1.1" 200 4156 "-" "Mozilla/5.0 (iPhone; CPU iPhone OS 13_2_3 like Mac OS X) AppleWebKit/605.1.15 (KHTML, like Gecko) Version/13.0.3 Mobile/15E148 Safari/604.1"
107.20.105.74 - - [22/Mar/2026:09:37:54 -0700] "HEAD / HTTP/1.1" 301 197 "-" "DreamHost SiteMonitor 1.0"
107.20.105.74 - - [22/Mar/2026:09:37:54 -0700] "HEAD / HTTP/1.1" 200 239 "http://173.236.217.44" "DreamHost SiteMonitor 1.0"
45.156.158.210 - - [22/Mar/2026:09:39:00 -0700] "GET /blog/page/3/ HTTP/1.0" 200 60718 "http://www.drug-injury-lawyer.com/blog/page/3/" "Mozilla/5.0 (Windows NT 10.0; Win64; x64) AppleWebKit/537.36 (KHTML, like Gecko) Chrome/103.0.5060.66 Safari/537.36"
45.156.158.210 - - [22/Mar/2026:09:39:00 -0700] "GET /blog/page/3/ HTTP/1.0" 200 60718 "http://www.drug-injury-lawyer.com/blog/page/3/" "Mozilla/5.0 (Windows NT 6.1; Win64; x64) AppleWebKit/537.36 (KHTML, like Gecko) Chrome/103.0.0.0 Safari/537.36"
91.211.90.164 - - [22/Mar/2026:09:39:05 -0700] "GET /blog/page/3/ HTTP/1.0" 200 60718 "http://www.drug-injury-lawyer.com/blog/page/3/" "Mozilla/5.0 (Windows NT 6.3; Win64; x64) AppleWebKit/537.36 (KHTML, like Gecko) Chrome/103.0.5060.53 Safari/537.36"
91.211.90.164 - - [22/Mar/2026:09:39:05 -0700] "GET /blog/page/3/ HTTP/1.0" 200 60718 "http://www.drug-injury-lawyer.com/blog/page/3/" "Mozilla/5.0 (Windows NT 6.3) AppleWebKit/537.36 (KHTML, like Gecko) Chrome/103.0.0.0 Safari/537.36"
107.20.105.74 - - [22/Mar/2026:09:42:54 -0700] "HEAD / HTTP/1.1" 301 197 "-" "DreamHost SiteMonitor 1.0"
107.20.105.74 - - [22/Mar/2026:09:42:54 -0700] "HEAD / HTTP/1.1" 200 239 "http://173.236.217.44" "DreamHost SiteMonitor 1.0"
45.156.158.88 - - [22/Mar/2026:09:44:54 -0700] "GET /blog/page/3/ HTTP/1.0" 200 60718 "http://www.drug-injury-lawyer.com/blog/page/3/" "Mozilla/5.0 (Windows NT 6.1; WOW64) AppleWebKit/537.36 (KHTML, like Gecko) Chrome/103.0.0.0 Safari/537.36"
43.130.139.177 - - [22/Mar/2026:09:47:06 -0700] "GET /?fileloc=/home/heewonvps_17/drug-injury-lawyer.com/.htaccess&path=/home/heewonvps_17/drug-injury-lawyer.com HTTP/1.1" 200 2966 "-" "Mozilla/5.0 (iPhone; CPU iPhone OS 13_2_3 like Mac OS X) AppleWebKit/605.1.15 (KHTML, like Gecko) Version/13.0.3 Mobile/15E148 Safari/604.1"
45.156.158.249 - - [22/Mar/2026:09:47:20 -0700] "GET /blog/page/3/ HTTP/1.0" 200 60718 "http://www.drug-injury-lawyer.com/blog/page/3/" "Mozilla/5.0 (Windows NT 6.3; Win64; x64) AppleWebKit/537.36 (KHTML, like Gecko) Chrome/103.0.5060.53 Safari/537.36"
45.156.158.249 - - [22/Mar/2026:09:47:20 -0700] "GET /blog/page/3/ HTTP/1.0" 200 60718 "http://www.drug-injury-lawyer.com/blog/page/3/" "Mozilla/5.0 (Windows NT 10.0; Win64; x64) AppleWebKit/537.36 (KHTML, like Gecko) Chrome/103.0.5060.114 Safari/537.36"
45.156.158.83 - - [22/Mar/2026:09:47:22 -0700] "GET /blog/page/3/ HTTP/1.0" 200 60718 "http://www.drug-injury-lawyer.com/blog/page/3/" "Mozilla/5.0 (Windows NT 10.0; Win64; x64) AppleWebKit/537.36 (KHTML, like Gecko) Chrome/103.0.0.0 Safari/537.36 Herring/95.1.8810.11"
91.211.90.227 - - [22/Mar/2026:09:47:26 -0700] "GET /blog/page/3/ HTTP/1.0" 200 60718 "http://www.drug-injury-lawyer.com/blog/page/3/" "Mozilla/5.0 (Windows NT 6.1; Win64; x64) AppleWebKit/537.36 (KHTML, like Gecko) Chrome/103.0.0.0 Safari/537.36"
91.211.90.231 - - [22/Mar/2026:09:47:32 -0700] "GET /blog/page/3/ HTTP/1.0" 200 60718 "http://www.drug-injury-lawyer.com/blog/page/3/" "Mozilla/5.0 (Windows NT 6.3; Win64; x64) AppleWebKit/537.36 (KHTML, like Gecko) Chrome/103.0.5060.53 Safari/537.36"
107.20.105.74 - - [22/Mar/2026:09:47:54 -0700] "HEAD / HTTP/1.1" 301 197 "-" "DreamHost SiteMonitor 1.0"
107.20.105.74 - - [22/Mar/2026:09:47:54 -0700] "HEAD / HTTP/1.1" 200 239 "http://173.236.217.44" "DreamHost SiteMonitor 1.0"
