45.156.158.249 - - [22/Mar/2026:14:17:24 -0700] "GET /blog/page/3/ HTTP/1.0" 200 60718 "http://www.drug-injury-lawyer.com/blog/page/3/" "Mozilla/5.0 (Windows NT 10.0; Win64; x64) AppleWebKit/537.36 (KHTML, like Gecko) Chrome/103.0.5060.66 Safari/537.36"
91.211.90.227 - - [22/Mar/2026:14:17:24 -0700] "GET /blog/page/3/ HTTP/1.0" 200 60718 "http://www.drug-injury-lawyer.com/blog/page/3/" "Mozilla/5.0 (Windows NT 6.1) AppleWebKit/537.36 (KHTML, like Gecko) Chrome/103.0.0.0 Safari/537.36"
45.156.158.83 - - [22/Mar/2026:14:17:27 -0700] "GET /blog/page/3/ HTTP/1.0" 200 60718 "http://www.drug-injury-lawyer.com/blog/page/3/" "Mozilla/5.0 (Windows NT 6.1; Win64; x64) AppleWebKit/537.36 (KHTML, like Gecko) Chrome/103.0.5060.114 Safari/537.36"
107.20.105.74 - - [22/Mar/2026:14:17:54 -0700] "HEAD / HTTP/1.1" 301 197 "-" "DreamHost SiteMonitor 1.0"
107.20.105.74 - - [22/Mar/2026:14:17:54 -0700] "HEAD / HTTP/1.1" 200 239 "http://173.236.217.44" "DreamHost SiteMonitor 1.0"
91.211.90.69 - - [22/Mar/2026:14:19:32 -0700] "GET /blog/page/3/ HTTP/1.0" 200 60718 "http://www.drug-injury-lawyer.com/blog/page/3/" "Mozilla/5.0 (Windows NT 6.1) AppleWebKit/537.36 (KHTML, like Gecko) Chrome/103.0.5060.114 Safari/537.36"
91.211.90.70 - - [22/Mar/2026:14:19:32 -0700] "GET /blog/page/3/ HTTP/1.0" 200 60718 "http://www.drug-injury-lawyer.com/blog/page/3/" "Mozilla/5.0 (Windows NT 6.3; Win64; x64) AppleWebKit/537.36 (KHTML, like Gecko) Chrome/103.0.5060.114 Safari/537.36"
107.20.105.74 - - [22/Mar/2026:14:22:54 -0700] "HEAD / HTTP/1.1" 301 197 "-" "DreamHost SiteMonitor 1.0"
107.20.105.74 - - [22/Mar/2026:14:22:54 -0700] "HEAD / HTTP/1.1" 200 239 "http://173.236.217.44" "DreamHost SiteMonitor 1.0"
91.211.90.208 - - [22/Mar/2026:14:24:56 -0700] "GET /blog/page/3/ HTTP/1.0" 200 60718 "http://www.drug-injury-lawyer.com/blog/page/3/" "Mozilla/5.0 (Windows NT 10.0; Win64; x64) AppleWebKit/537.36 (KHTML, like Gecko) Chrome/103.0.5042.0 Safari/537.36"
91.211.90.117 - - [22/Mar/2026:14:25:04 -0700] "GET /blog/page/3/ HTTP/1.0" 200 60718 "http://www.drug-injury-lawyer.com/blog/page/3/" "Mozilla/5.0 (Windows NT 10.0; Win64; x64) AppleWebKit/537.36 (KHTML, like Gecko) Chrome/103.0.0.0 Safari/537.36"
107.20.105.74 - - [22/Mar/2026:14:27:54 -0700] "HEAD / HTTP/1.1" 301 197 "-" "DreamHost SiteMonitor 1.0"
107.20.105.74 - - [22/Mar/2026:14:27:54 -0700] "HEAD / HTTP/1.1" 200 239 "http://173.236.217.44" "DreamHost SiteMonitor 1.0"
107.20.105.74 - - [22/Mar/2026:14:32:54 -0700] "HEAD / HTTP/1.1" 301 197 "-" "DreamHost SiteMonitor 1.0"
107.20.105.74 - - [22/Mar/2026:14:32:54 -0700] "HEAD / HTTP/1.1" 200 239 "http://173.236.217.44" "DreamHost SiteMonitor 1.0"
91.211.90.244 - - [22/Mar/2026:14:35:49 -0700] "GET /blog/page/3/ HTTP/1.0" 200 60718 "http://www.drug-injury-lawyer.com/blog/page/3/" "Mozilla/5.0 (Windows NT 6.1) AppleWebKit/537.36 (KHTML, like Gecko) Chrome/103.0.0.0 Safari/537.36"
91.211.90.244 - - [22/Mar/2026:14:35:49 -0700] "GET /blog/page/3/ HTTP/1.0" 200 60718 "http://www.drug-injury-lawyer.com/blog/page/3/" "Mozilla/5.0 (Windows NT 6.1; Win64; x64) AppleWebKit/537.36 (KHTML, like Gecko) Chrome/103.0.0.0 Safari/537.36"
202.76.183.124 - - [22/Mar/2026:14:37:24 -0700] "GET /taxotere/ HTTP/1.1" 200 4696 "-" "Mozilla/5.0 (Windows; U; Windows NT 6.1; zh-CN; rv:1.9.2.12) Gecko/20101026 Firefox/3.6.12 ( .NET CLR 3.5.30729; .NET4.0E)"
91.211.90.168 - - [22/Mar/2026:14:37:35 -0700] "GET /blog/page/3/ HTTP/1.0" 200 60718 "http://www.drug-injury-lawyer.com/blog/page/3/" "Mozilla/5.0 (Windows NT 6.3; Win64; x64) AppleWebKit/537.36 (KHTML, like Gecko) Chrome/103.0.5060.53 Safari/537.36"
91.211.90.170 - - [22/Mar/2026:14:37:35 -0700] "GET /blog/page/3/ HTTP/1.0" 200 60718 "http://www.drug-injury-lawyer.com/blog/page/3/" "Mozilla/5.0 (Windows NT 6.1; Win64; x64) AppleWebKit/537.36 (KHTML, like Gecko) Chrome/103.0.0.0 Safari/537.36"
91.211.90.170 - - [22/Mar/2026:14:37:35 -0700] "GET /blog/page/3/ HTTP/1.0" 200 60718 "http://www.drug-injury-lawyer.com/blog/page/3/" "Mozilla/5.0 (Windows NT 6.1) AppleWebKit/537.36 (KHTML, like Gecko) Chrome/103.0.5060.114 Safari/537.36"
91.211.90.168 - - [22/Mar/2026:14:37:35 -0700] "GET /blog/page/3/ HTTP/1.0" 200 60718 "http://www.drug-injury-lawyer.com/blog/page/3/" "Mozilla/5.0 (Windows NT 10.0; Win64; x64) AppleWebKit/537.36 (KHTML, like Gecko) Chrome/103.0.0.0 Safari/537.36"
107.20.105.74 - - [22/Mar/2026:14:37:54 -0700] "HEAD / HTTP/1.1" 301 197 "-" "DreamHost SiteMonitor 1.0"
107.20.105.74 - - [22/Mar/2026:14:37:54 -0700] "HEAD / HTTP/1.1" 200 239 "http://173.236.217.44" "DreamHost SiteMonitor 1.0"
217.147.172.206 - - [22/Mar/2026:14:39:13 -0700] "GET /blog/page/3/ HTTP/1.0" 200 60718 "http://www.drug-injury-lawyer.com/blog/page/3/" "Mozilla/5.0 (Windows NT 6.3; Win64; x64) AppleWebKit/537.36 (KHTML, like Gecko) Chrome/103.0.0.0 Safari/537.36"
45.156.158.88 - - [22/Mar/2026:14:39:13 -0700] "GET /blog/page/3/ HTTP/1.0" 200 60718 "http://www.drug-injury-lawyer.com/blog/page/3/" "Mozilla/5.0 (Windows NT 10.0; Win64; x64) AppleWebKit/537.36 (KHTML, like Gecko) Chrome/103.0.5060.66 Safari/537.36"
45.156.158.225 - - [22/Mar/2026:14:39:14 -0700] "GET /blog/page/3/ HTTP/1.0" 200 60718 "http://www.drug-injury-lawyer.com/blog/page/3/" "Mozilla/5.0 (Windows NT 10.0; Win64; x64) AppleWebKit/537.36 (KHTML, like Gecko) Chrome/103.0.5060.66 Safari/537.36"
217.147.172.209 - - [22/Mar/2026:14:39:14 -0700] "GET /blog/page/3/ HTTP/1.0" 200 60718 "http://www.drug-injury-lawyer.com/blog/page/3/" "Mozilla/5.0 (Windows NT 6.3; WOW64) AppleWebKit/537.36 (KHTML, like Gecko) Chrome/103.0.5060.114 Safari/537.36"
217.147.172.209 - - [22/Mar/2026:14:39:15 -0700] "GET /blog/page/3/ HTTP/1.0" 200 60718 "http://www.drug-injury-lawyer.com/blog/page/3/" "Mozilla/5.0 (Windows NT 6.1; Win64; x64) AppleWebKit/537.36 (KHTML, like Gecko) Chrome/103.0.5060.114 Safari/537.36"
45.156.158.163 - - [22/Mar/2026:14:41:54 -0700] "GET /blog/page/3/ HTTP/1.0" 200 60718 "http://www.drug-injury-lawyer.com/blog/page/3/" "Mozilla/5.0 (Windows NT 6.1; Win64; x64) AppleWebKit/537.36 (KHTML, like Gecko) Chrome/103.0.5060.66 Safari/537.36"
45.156.158.163 - - [22/Mar/2026:14:41:54 -0700] "GET /blog/page/3/ HTTP/1.0" 200 60718 "http://www.drug-injury-lawyer.com/blog/page/3/" "Mozilla/5.0 (Windows NT 6.3; WOW64) AppleWebKit/537.36 (KHTML, like Gecko) Chrome/103.0.5060.114 Safari/537.36"
45.156.158.223 - - [22/Mar/2026:14:41:56 -0700] "GET /blog/page/3/ HTTP/1.0" 200 60718 "http://www.drug-injury-lawyer.com/blog/page/3/" "Mozilla/5.0 (Windows NT 6.2; Win64; x64) AppleWebKit/537.36 (KHTML, like Gecko) Chrome/103.0.0.0 Safari/537.36"
45.156.158.223 - - [22/Mar/2026:14:41:56 -0700] "GET /blog/page/3/ HTTP/1.0" 200 60718 "http://www.drug-injury-lawyer.com/blog/page/3/" "Mozilla/5.0 (Windows NT 10.0; Win64; x64) AppleWebKit/537.36 (KHTML, like Gecko) Chrome/103.0.0.0 Safari/537.36 Herring/95.1.8810.11"
217.147.172.11 - - [22/Mar/2026:14:42:07 -0700] "GET /blog/page/3/ HTTP/1.0" 200 60718 "http://www.drug-injury-lawyer.com/blog/page/3/" "Mozilla/5.0 (Windows NT 10.0) AppleWebKit/537.36 (KHTML, like Gecko) Chrome/103.0.0.0 Safari/537.36"
217.147.172.96 - - [22/Mar/2026:14:42:07 -0700] "GET /blog/page/3/ HTTP/1.0" 200 60718 "http://www.drug-injury-lawyer.com/blog/page/3/" "Mozilla/5.0 (Windows NT 6.1; Win64; x64) AppleWebKit/537.36 (KHTML, like Gecko) Chrome/103.0.5060.66 Safari/537.36"
217.147.172.11 - - [22/Mar/2026:14:42:07 -0700] "GET /blog/page/3/ HTTP/1.0" 200 60718 "http://www.drug-injury-lawyer.com/blog/page/3/" "Mozilla/5.0 (Windows NT 10.0; Win64; x64) AppleWebKit/537.36 (KHTML, like Gecko) Chrome/103.0.5060.66 Safari/537.36"
217.147.172.96 - - [22/Mar/2026:14:42:08 -0700] "GET /blog/page/3/ HTTP/1.0" 200 60718 "http://www.drug-injury-lawyer.com/blog/page/3/" "Mozilla/5.0 (Windows NT 6.3; WOW64) AppleWebKit/537.36 (KHTML, like Gecko) Chrome/103.0.5060.114 Safari/537.36"
20.63.83.113 - - [22/Mar/2026:14:42:33 -0700] "GET /wp-content/plugins/hellopress/wp_filemanager.php HTTP/1.1" 301 537 "-" "-"
20.63.83.113 - - [22/Mar/2026:14:42:33 -0700] "GET /wp-content/plugins/hellopress/wp_filemanager.php HTTP/1.1" 200 60752 "-" "-"
20.63.83.113 - - [22/Mar/2026:14:42:33 -0700] "GET /bypass.php HTTP/1.1" 301 461 "-" "-"
20.63.83.113 - - [22/Mar/2026:14:42:33 -0700] "GET /bypass.php HTTP/1.1" 200 60718 "-" "-"
107.20.105.74 - - [22/Mar/2026:14:42:54 -0700] "HEAD / HTTP/1.1" 301 197 "-" "DreamHost SiteMonitor 1.0"
107.20.105.74 - - [22/Mar/2026:14:42:54 -0700] "HEAD / HTTP/1.1" 200 239 "http://173.236.217.44" "DreamHost SiteMonitor 1.0"
3.82.234.136 - - [22/Mar/2026:14:43:53 -0700] "GET / HTTP/1.1" 200 4652 "-" "Mozilla/5.0 (Windows NT 10.0; Win64; x64) AppleWebKit/537.36 (KHTML, like Gecko) Chrome/81.0.4044.122 Safari/537.36"
91.211.90.179 - - [22/Mar/2026:14:44:37 -0700] "GET /blog/page/3/ HTTP/1.0" 200 60718 "http://www.drug-injury-lawyer.com/blog/page/3/" "Mozilla/5.0 (Windows NT 6.3; WOW64) AppleWebKit/537.36 (KHTML, like Gecko) Chrome/103.0.0.0 Safari/537.36"
91.211.90.179 - - [22/Mar/2026:14:44:37 -0700] "GET /blog/page/3/ HTTP/1.0" 200 60718 "http://www.drug-injury-lawyer.com/blog/page/3/" "Mozilla/5.0 (Windows NT 6.3) AppleWebKit/537.36 (KHTML, like Gecko) Chrome/103.0.0.0 Safari/537.36"
91.211.90.227 - - [22/Mar/2026:14:44:44 -0700] "GET /blog/page/3/ HTTP/1.0" 200 60718 "http://www.drug-injury-lawyer.com/blog/page/3/" "Mozilla/5.0 (Windows NT 10.0; Win64; x64) AppleWebKit/537.36 (KHTML, like Gecko) Chrome/103.0.5060.66 Safari/537.36"
91.211.90.169 - - [22/Mar/2026:14:45:09 -0700] "GET /blog/page/3/ HTTP/1.0" 200 60718 "http://www.drug-injury-lawyer.com/blog/page/3/" "Mozilla/5.0 (Windows NT 6.1) AppleWebKit/537.36 (KHTML, like Gecko) Chrome/103.0.5060.114 Safari/537.36"
91.211.90.169 - - [22/Mar/2026:14:45:09 -0700] "GET /blog/page/3/ HTTP/1.0" 200 60718 "http://www.drug-injury-lawyer.com/blog/page/3/" "Mozilla/5.0 (Windows NT 6.2; Win64; x64) AppleWebKit/537.36 (KHTML, like Gecko) Chrome/103.0.0.0 Safari/537.36"
91.211.90.247 - - [22/Mar/2026:14:45:11 -0700] "GET /blog/page/3/ HTTP/1.0" 200 60718 "http://www.drug-injury-lawyer.com/blog/page/3/" "Mozilla/5.0 (Windows NT 10.0; Win64; x64) AppleWebKit/537.36 (KHTML, like Gecko) Chrome/103.0.0.0 Safari/537.36"
91.211.90.158 - - [22/Mar/2026:14:45:13 -0700] "GET /blog/page/3/ HTTP/1.0" 200 60718 "http://www.drug-injury-lawyer.com/blog/page/3/" "Mozilla/5.0 (Windows NT 6.1; Win64; x64) AppleWebKit/537.36 (KHTML, like Gecko) Chrome/103.0.0.0 Safari/537.36"
2.59.221.46 - - [22/Mar/2026:14:46:32 -0700] "GET /blog/page/3/ HTTP/1.0" 200 60718 "http://www.drug-injury-lawyer.com/blog/page/3/" "Mozilla/5.0 (Windows NT 10.0) AppleWebKit/537.36 (KHTML, like Gecko) Chrome/103.0.0.0 Safari/537.36"
2.59.221.46 - - [22/Mar/2026:14:46:32 -0700] "GET /blog/page/3/ HTTP/1.0" 200 60718 "http://www.drug-injury-lawyer.com/blog/page/3/" "Mozilla/5.0 (Windows NT 10.0; Win64; x64) AppleWebKit/537.36 (KHTML, like Gecko) Chrome/103.0.0.0 Safari/537.36 OpenWave/97.4.2043.44"
107.20.105.74 - - [22/Mar/2026:14:47:54 -0700] "HEAD / HTTP/1.1" 301 197 "-" "DreamHost SiteMonitor 1.0"
107.20.105.74 - - [22/Mar/2026:14:47:54 -0700] "HEAD / HTTP/1.1" 200 239 "http://173.236.217.44" "DreamHost SiteMonitor 1.0"
91.211.90.225 - - [22/Mar/2026:14:49:19 -0700] "GET /blog/page/3/ HTTP/1.0" 200 60718 "http://www.drug-injury-lawyer.com/blog/page/3/" "Mozilla/5.0 (Windows NT 6.1) AppleWebKit/537.36 (KHTML, like Gecko) Chrome/103.0.0.0 Safari/537.36"
91.211.90.225 - - [22/Mar/2026:14:49:19 -0700] "GET /blog/page/3/ HTTP/1.0" 200 60718 "http://www.drug-injury-lawyer.com/blog/page/3/" "Mozilla/5.0 (Windows NT 6.1; Win64; x64) AppleWebKit/537.36 (KHTML, like Gecko) Chrome/103.0.0.0 Safari/537.36"
91.211.90.158 - - [22/Mar/2026:14:49:20 -0700] "GET /blog/page/3/ HTTP/1.0" 200 60718 "http://www.drug-injury-lawyer.com/blog/page/3/" "Mozilla/5.0 (Windows NT 10.0; Win64; x64) AppleWebKit/537.36 (KHTML, like Gecko) Chrome/103.0.5060.114 Safari/537.36"
91.211.90.186 - - [22/Mar/2026:14:52:32 -0700] "GET /blog/page/3/ HTTP/1.0" 200 60718 "http://www.drug-injury-lawyer.com/blog/page/3/" "Mozilla/5.0 (Windows NT 10.0; WOW64) AppleWebKit/537.36 (KHTML, like Gecko) Chrome/103.0.5060.114 Safari/537.36"
91.211.90.186 - - [22/Mar/2026:14:52:32 -0700] "GET /blog/page/3/ HTTP/1.0" 200 60718 "http://www.drug-injury-lawyer.com/blog/page/3/" "Mozilla/5.0 (Windows NT 10.0) AppleWebKit/537.36 (KHTML, like Gecko) Chrome/103.0.0.0 Safari/537.36"
107.20.105.74 - - [22/Mar/2026:14:52:54 -0700] "HEAD / HTTP/1.1" 301 197 "-" "DreamHost SiteMonitor 1.0"
107.20.105.74 - - [22/Mar/2026:14:52:54 -0700] "HEAD / HTTP/1.1" 200 239 "http://173.236.217.44" "DreamHost SiteMonitor 1.0"
91.211.90.240 - - [22/Mar/2026:14:54:42 -0700] "GET /blog/page/3/ HTTP/1.0" 200 60718 "http://www.drug-injury-lawyer.com/blog/page/3/" "Mozilla/5.0 (Windows NT 10.0; Win64; x64) AppleWebKit/537.36 (KHTML, like Gecko) Chrome/103.0.0.0 Safari/537.36 Herring/95.1.8810.11"
45.156.158.210 - - [22/Mar/2026:14:55:59 -0700] "GET /blog/page/3/ HTTP/1.0" 200 60718 "http://www.drug-injury-lawyer.com/blog/page/3/" "Mozilla/5.0 (Windows NT 10.0; Win64; x64) AppleWebKit/537.36 (KHTML, like Gecko) Chrome/103.0.5060.114 Safari/537.36"
45.156.158.210 - - [22/Mar/2026:14:55:59 -0700] "GET /blog/page/3/ HTTP/1.0" 200 60718 "http://www.drug-injury-lawyer.com/blog/page/3/" "Mozilla/5.0 (Windows NT 10.0; Win64; x64) AppleWebKit/537.36 (KHTML, like Gecko) Chrome/103.0.5060.134 Safari/537.36"
107.20.105.74 - - [22/Mar/2026:14:57:54 -0700] "HEAD / HTTP/1.1" 301 197 "-" "DreamHost SiteMonitor 1.0"
107.20.105.74 - - [22/Mar/2026:14:57:54 -0700] "HEAD / HTTP/1.1" 200 239 "http://173.236.217.44" "DreamHost SiteMonitor 1.0"
45.156.158.75 - - [22/Mar/2026:14:58:25 -0700] "GET /blog/page/3/ HTTP/1.0" 200 60718 "http://www.drug-injury-lawyer.com/blog/page/3/" "Mozilla/5.0 (Windows NT 6.1; Win64; x64) AppleWebKit/537.36 (KHTML, like Gecko) Chrome/103.0.5060.114 Safari/537.36"
45.156.158.216 - - [22/Mar/2026:14:58:26 -0700] "GET /blog/page/3/ HTTP/1.0" 200 60718 "http://www.drug-injury-lawyer.com/blog/page/3/" "Mozilla/5.0 (Windows NT 6.1; Win64; x64) AppleWebKit/537.36 (KHTML, like Gecko) Chrome/103.0.5060.114 Safari/537.36"
91.211.90.228 - - [22/Mar/2026:14:59:12 -0700] "GET /blog/page/3/ HTTP/1.0" 200 60718 "http://www.drug-injury-lawyer.com/blog/page/3/" "Mozilla/5.0 (Windows NT 10.0; Win64; x64) AppleWebKit/537.36 (KHTML, like Gecko) Chrome/103.0.5060.53 Safari/537.36"
185.237.106.243 - - [22/Mar/2026:14:59:51 -0700] "GET /blog/page/3/ HTTP/1.0" 200 60718 "http://www.drug-injury-lawyer.com/blog/page/3/" "Mozilla/5.0 (Windows NT 10.0; WOW64) AppleWebKit/537.36 (KHTML, like Gecko) Chrome/103.0.5060.114 Safari/537.36"
185.237.106.243 - - [22/Mar/2026:14:59:51 -0700] "GET /blog/page/3/ HTTP/1.0" 200 60718 "http://www.drug-injury-lawyer.com/blog/page/3/" "Mozilla/5.0 (Windows NT 10.0; Win64; x64) AppleWebKit/537.36 (KHTML, like Gecko) Chrome/103.0.0.0 Safari/537.36 OpenWave/97.4.2043.44"
107.20.105.74 - - [22/Mar/2026:15:02:54 -0700] "HEAD / HTTP/1.1" 301 197 "-" "DreamHost SiteMonitor 1.0"
107.20.105.74 - - [22/Mar/2026:15:02:54 -0700] "HEAD / HTTP/1.1" 200 239 "http://173.236.217.44" "DreamHost SiteMonitor 1.0"
217.147.172.214 - - [22/Mar/2026:15:04:05 -0700] "GET /blog/page/3/ HTTP/1.0" 200 60718 "http://www.drug-injury-lawyer.com/blog/page/3/" "Mozilla/5.0 (Windows NT 10.0) AppleWebKit/537.36 (KHTML, like Gecko) Chrome/103.0.0.0 Safari/537.36"
217.147.172.214 - - [22/Mar/2026:15:04:05 -0700] "GET /blog/page/3/ HTTP/1.0" 200 60718 "http://www.drug-injury-lawyer.com/blog/page/3/" "Mozilla/5.0 (Windows NT 10.0; Win64; x64) AppleWebKit/537.36 (KHTML, like Gecko) Chrome/103.0.5060.114 Safari/537.36"
217.147.172.240 - - [22/Mar/2026:15:04:07 -0700] "GET /blog/page/3/ HTTP/1.0" 200 60718 "http://www.drug-injury-lawyer.com/blog/page/3/" "Mozilla/5.0 (Windows NT 6.1; WOW64) AppleWebKit/537.36 (KHTML, like Gecko) Chrome/103.0.0.0 Safari/537.36"
45.156.158.225 - - [22/Mar/2026:15:04:07 -0700] "GET /blog/page/3/ HTTP/1.0" 200 60718 "http://www.drug-injury-lawyer.com/blog/page/3/" "Mozilla/5.0 (Windows NT 6.3; WOW64) AppleWebKit/537.36 (KHTML, like Gecko) Chrome/103.0.0.0 Safari/537.36"
91.211.90.88 - - [22/Mar/2026:15:04:17 -0700] "GET /blog/page/3/ HTTP/1.0" 200 60718 "http://www.drug-injury-lawyer.com/blog/page/3/" "Mozilla/5.0 (Windows NT 6.3; Win64; x64) AppleWebKit/537.36 (KHTML, like Gecko) Chrome/103.0.5060.66 Safari/537.36"
91.211.90.88 - - [22/Mar/2026:15:04:17 -0700] "GET /blog/page/3/ HTTP/1.0" 200 60718 "http://www.drug-injury-lawyer.com/blog/page/3/" "Mozilla/5.0 (Windows NT 6.1) AppleWebKit/537.36 (KHTML, like Gecko) Chrome/103.0.0.0 Safari/537.36"
91.211.90.207 - - [22/Mar/2026:15:05:02 -0700] "GET /blog/page/3/ HTTP/1.0" 200 60718 "http://www.drug-injury-lawyer.com/blog/page/3/" "Mozilla/5.0 (Windows NT 10.0; Win64; x64) AppleWebKit/537.36 (KHTML, like Gecko) Chrome/103.0.5060.66 Safari/537.36"
116.76.39.243 - - [22/Mar/2026:15:05:58 -0700] "GET /robots.txt HTTP/1.1" 301 480 "-" "Mozilla/5.0 (Windows NT 10.0; WOW64) AppleWebKit/537.36 (KHTML, like Gecko) Chrome/88.0.4006.114 Safari/537.36 SE 2.X MetaSr 1.0"
115.45.42.195 - - [22/Mar/2026:15:05:59 -0700] "GET /robots.txt HTTP/1.1" 200 470 "-" "Mozilla/5.0 (Windows NT 10.0; WOW64) AppleWebKit/537.36 (KHTML, like Gecko) Chrome/88.0.4006.114 Safari/537.36 SE 2.X MetaSr 1.0"
107.20.105.74 - - [22/Mar/2026:15:07:54 -0700] "HEAD / HTTP/1.1" 301 197 "-" "DreamHost SiteMonitor 1.0"
107.20.105.74 - - [22/Mar/2026:15:07:54 -0700] "HEAD / HTTP/1.1" 200 239 "http://173.236.217.44" "DreamHost SiteMonitor 1.0"
91.211.90.208 - - [22/Mar/2026:15:09:59 -0700] "GET /blog/page/3/ HTTP/1.0" 200 60718 "http://www.drug-injury-lawyer.com/blog/page/3/" "Mozilla/5.0 (Windows NT 6.1; Win64; x64) AppleWebKit/537.36 (KHTML, like Gecko) Chrome/103.0.5060.66 Safari/537.36"
217.147.172.67 - - [22/Mar/2026:15:11:23 -0700] "GET /blog/page/3/ HTTP/1.0" 200 60718 "http://www.drug-injury-lawyer.com/blog/page/3/" "Mozilla/5.0 (Windows NT 6.1; WOW64) AppleWebKit/537.36 (KHTML, like Gecko) Chrome/103.0.0.0 Safari/537.36"
217.147.172.67 - - [22/Mar/2026:15:11:23 -0700] "GET /blog/page/3/ HTTP/1.0" 200 60718 "http://www.drug-injury-lawyer.com/blog/page/3/" "Mozilla/5.0 (Windows NT 6.3; Win64; x64) AppleWebKit/537.36 (KHTML, like Gecko) Chrome/103.0.5060.66 Safari/537.36"
91.211.90.113 - - [22/Mar/2026:15:11:57 -0700] "GET /blog/page/3/ HTTP/1.0" 200 60718 "http://www.drug-injury-lawyer.com/blog/page/3/" "Mozilla/5.0 (Windows NT 6.3; Win64; x64) AppleWebKit/537.36 (KHTML, like Gecko) Chrome/103.0.0.0 Safari/537.36"
91.211.90.113 - - [22/Mar/2026:15:11:58 -0700] "GET /blog/page/3/ HTTP/1.0" 200 60718 "http://www.drug-injury-lawyer.com/blog/page/3/" "Mozilla/5.0 (Windows NT 10.0; Win64; x64) AppleWebKit/537.36 (KHTML, like Gecko) Chrome/103.0.0.0 Safari/537.36 OpenWave/97.4.2043.44"
217.147.172.235 - - [22/Mar/2026:15:12:20 -0700] "GET /blog/page/3/ HTTP/1.0" 200 60718 "http://www.drug-injury-lawyer.com/blog/page/3/" "Mozilla/5.0 (Windows NT 6.3; Win64; x64) AppleWebKit/537.36 (KHTML, like Gecko) Chrome/103.0.5060.53 Safari/537.36"
217.147.172.235 - - [22/Mar/2026:15:12:21 -0700] "GET /blog/page/3/ HTTP/1.0" 200 60718 "http://www.drug-injury-lawyer.com/blog/page/3/" "Mozilla/5.0 (Windows NT 10.0; WOW64) AppleWebKit/537.36 (KHTML, like Gecko) Chrome/103.0.5060.114 Safari/537.36"
91.211.90.240 - - [22/Mar/2026:15:12:37 -0700] "GET /blog/page/3/ HTTP/1.0" 200 60718 "http://www.drug-injury-lawyer.com/blog/page/3/" "Mozilla/5.0 (Windows NT 6.3; Win64; x64) AppleWebKit/537.36 (KHTML, like Gecko) Chrome/103.0.5060.53 Safari/537.36"
107.20.105.74 - - [22/Mar/2026:15:12:54 -0700] "HEAD / HTTP/1.1" 301 197 "-" "DreamHost SiteMonitor 1.0"
217.147.172.82 - - [22/Mar/2026:15:12:54 -0700] "GET /blog/page/3/ HTTP/1.0" 200 60718 "http://www.drug-injury-lawyer.com/blog/page/3/" "Mozilla/5.0 (Windows NT 10.0; Win64; x64) AppleWebKit/537.36 (KHTML, like Gecko) Chrome/103.0.5060.114 Safari/537.36"
107.20.105.74 - - [22/Mar/2026:15:12:54 -0700] "HEAD / HTTP/1.1" 200 239 "http://173.236.217.44" "DreamHost SiteMonitor 1.0"
217.147.172.82 - - [22/Mar/2026:15:12:55 -0700] "GET /blog/page/3/ HTTP/1.0" 200 60718 "http://www.drug-injury-lawyer.com/blog/page/3/" "Mozilla/5.0 (Windows NT 6.1; Win64; x64) AppleWebKit/537.36 (KHTML, like Gecko) Chrome/103.0.5060.114 Safari/537.36"
91.211.90.247 - - [22/Mar/2026:15:13:20 -0700] "GET /blog/page/3/ HTTP/1.0" 200 60718 "http://www.drug-injury-lawyer.com/blog/page/3/" "Mozilla/5.0 (Windows NT 6.3; WOW64) AppleWebKit/537.36 (KHTML, like Gecko) Chrome/103.0.5060.114 Safari/537.36"
45.156.158.216 - - [22/Mar/2026:15:14:51 -0700] "GET /blog/page/3/ HTTP/1.0" 200 60718 "http://www.drug-injury-lawyer.com/blog/page/3/" "Mozilla/5.0 (Windows NT 6.3) AppleWebKit/537.36 (KHTML, like Gecko) Chrome/103.0.0.0 Safari/537.36"
45.156.158.75 - - [22/Mar/2026:15:14:51 -0700] "GET /blog/page/3/ HTTP/1.0" 200 60718 "http://www.drug-injury-lawyer.com/blog/page/3/" "Mozilla/5.0 (Windows NT 6.1; Win64; x64) AppleWebKit/537.36 (KHTML, like Gecko) Chrome/103.0.0.0 Safari/537.36"
45.156.158.83 - - [22/Mar/2026:15:14:54 -0700] "GET /blog/page/3/ HTTP/1.0" 200 60718 "http://www.drug-injury-lawyer.com/blog/page/3/" "Mozilla/5.0 (Windows NT 6.3; Win64; x64) AppleWebKit/537.36 (KHTML, like Gecko) Chrome/103.0.5060.53 Safari/537.36"
91.211.90.228 - - [22/Mar/2026:15:15:46 -0700] "GET /blog/page/3/ HTTP/1.0" 200 60718 "http://www.drug-injury-lawyer.com/blog/page/3/" "Mozilla/5.0 (Windows NT 6.1; Win64; x64) AppleWebKit/537.36 (KHTML, like Gecko) Chrome/103.0.0.0 Safari/537.36"
91.211.90.207 - - [22/Mar/2026:15:15:52 -0700] "GET /blog/page/3/ HTTP/1.0" 200 60718 "http://www.drug-injury-lawyer.com/blog/page/3/" "Mozilla/5.0 (Windows NT 10.0; WOW64) AppleWebKit/537.36 (KHTML, like Gecko) Chrome/103.0.0.0 Safari/537.36"
45.156.158.88 - - [22/Mar/2026:15:16:23 -0700] "GET /blog/page/3/ HTTP/1.0" 200 60718 "http://www.drug-injury-lawyer.com/blog/page/3/" "Mozilla/5.0 (Windows NT 10.0; Win64; x64) AppleWebKit/537.36 (KHTML, like Gecko) Chrome/103.0.5060.134 Safari/537.36"
91.211.90.231 - - [22/Mar/2026:15:16:39 -0700] "GET /blog/page/3/ HTTP/1.0" 200 60718 "http://www.drug-injury-lawyer.com/blog/page/3/" "Mozilla/5.0 (Windows NT 6.3) AppleWebKit/537.36 (KHTML, like Gecko) Chrome/103.0.0.0 Safari/537.36"
216.73.216.189 - - [22/Mar/2026:15:16:48 -0700] "GET /robots.txt HTTP/1.1" 301 517 "-" "Mozilla/5.0 AppleWebKit/537.36 (KHTML, like Gecko; compatible; ClaudeBot/1.0; +claudebot@anthropic.com)"
216.73.216.189 - - [22/Mar/2026:15:16:48 -0700] "GET /robots.txt HTTP/1.1" 200 507 "http://drug-injury-lawyer.com/robots.txt" "Mozilla/5.0 AppleWebKit/537.36 (KHTML, like Gecko; compatible; ClaudeBot/1.0; +claudebot@anthropic.com)"
216.73.216.189 - - [22/Mar/2026:15:16:49 -0700] "GET /sitemap.xml HTTP/1.1" 301 518 "-" "Mozilla/5.0 AppleWebKit/537.36 (KHTML, like Gecko; compatible; ClaudeBot/1.0; +claudebot@anthropic.com)"
216.73.216.189 - - [22/Mar/2026:15:16:49 -0700] "GET /sitemap.xml HTTP/1.1" 200 4673 "http://drug-injury-lawyer.com/sitemap.xml" "Mozilla/5.0 AppleWebKit/537.36 (KHTML, like Gecko; compatible; ClaudeBot/1.0; +claudebot@anthropic.com)"
107.20.105.74 - - [22/Mar/2026:15:17:54 -0700] "HEAD / HTTP/1.1" 301 197 "-" "DreamHost SiteMonitor 1.0"
107.20.105.74 - - [22/Mar/2026:15:17:54 -0700] "HEAD / HTTP/1.1" 200 239 "http://173.236.217.44" "DreamHost SiteMonitor 1.0"
217.147.172.240 - - [22/Mar/2026:15:19:13 -0700] "GET /blog/page/3/ HTTP/1.0" 200 60718 "http://www.drug-injury-lawyer.com/blog/page/3/" "Mozilla/5.0 (Windows NT 10.0; Win64; x64) AppleWebKit/537.36 (KHTML, like Gecko) Chrome/103.0.0.0 Safari/537.36"
91.211.90.70 - - [22/Mar/2026:15:19:48 -0700] "GET /blog/page/3/ HTTP/1.0" 200 60718 "http://www.drug-injury-lawyer.com/blog/page/3/" "Mozilla/5.0 (Windows NT 6.3; Win64; x64) AppleWebKit/537.36 (KHTML, like Gecko) Chrome/103.0.5060.53 Safari/537.36"
91.211.90.69 - - [22/Mar/2026:15:19:53 -0700] "GET /blog/page/3/ HTTP/1.0" 200 60718 "http://www.drug-injury-lawyer.com/blog/page/3/" "Mozilla/5.0 (Windows NT 10.0; Win64; x64) AppleWebKit/537.36 (KHTML, like Gecko) Chrome/103.0.0.0 Safari/537.36 Herring/95.1.8810.11"
91.211.90.164 - - [22/Mar/2026:15:22:24 -0700] "GET /blog/page/3/ HTTP/1.0" 200 60718 "http://www.drug-injury-lawyer.com/blog/page/3/" "Mozilla/5.0 (Windows NT 6.3) AppleWebKit/537.36 (KHTML, like Gecko) Chrome/103.0.0.0 Safari/537.36"
91.211.90.164 - - [22/Mar/2026:15:22:24 -0700] "GET /blog/page/3/ HTTP/1.0" 200 60718 "http://www.drug-injury-lawyer.com/blog/page/3/" "Mozilla/5.0 (Windows NT 6.3; Win64; x64) AppleWebKit/537.36 (KHTML, like Gecko) Chrome/103.0.5060.53 Safari/537.36"
107.20.105.74 - - [22/Mar/2026:15:22:54 -0700] "HEAD / HTTP/1.1" 301 197 "-" "DreamHost SiteMonitor 1.0"
107.20.105.74 - - [22/Mar/2026:15:22:54 -0700] "HEAD / HTTP/1.1" 200 239 "http://173.236.217.44" "DreamHost SiteMonitor 1.0"
43.131.26.226 - - [22/Mar/2026:15:23:17 -0700] "GET / HTTP/1.1" 200 4659 "-" "Mozilla/5.0 (iPhone; CPU iPhone OS 13_2_3 like Mac OS X) AppleWebKit/605.1.15 (KHTML, like Gecko) Version/13.0.3 Mobile/15E148 Safari/604.1"
45.156.158.249 - - [22/Mar/2026:15:23:40 -0700] "GET /blog/page/3/ HTTP/1.0" 200 60718 "http://www.drug-injury-lawyer.com/blog/page/3/" "Mozilla/5.0 (Windows NT 6.3; Win64; x64) AppleWebKit/537.36 (KHTML, like Gecko) Chrome/103.0.5060.53 Safari/537.36"
45.156.158.249 - - [22/Mar/2026:15:23:40 -0700] "GET /blog/page/3/ HTTP/1.0" 200 60718 "http://www.drug-injury-lawyer.com/blog/page/3/" "Mozilla/5.0 (Windows NT 6.3; WOW64) AppleWebKit/537.36 (KHTML, like Gecko) Chrome/103.0.0.0 Safari/537.36"
45.156.158.83 - - [22/Mar/2026:15:23:47 -0700] "GET /blog/page/3/ HTTP/1.0" 200 60718 "http://www.drug-injury-lawyer.com/blog/page/3/" "Mozilla/5.0 (Windows NT 6.3; WOW64) AppleWebKit/537.36 (KHTML, like Gecko) Chrome/103.0.0.0 Safari/537.36"
91.211.90.231 - - [22/Mar/2026:15:23:48 -0700] "GET /blog/page/3/ HTTP/1.0" 200 60718 "http://www.drug-injury-lawyer.com/blog/page/3/" "Mozilla/5.0 (Windows NT 6.1) AppleWebKit/537.36 (KHTML, like Gecko) Chrome/103.0.5060.114 Safari/537.36"
91.211.90.117 - - [22/Mar/2026:15:23:50 -0700] "GET /blog/page/3/ HTTP/1.0" 200 60718 "http://www.drug-injury-lawyer.com/blog/page/3/" "Mozilla/5.0 (Windows NT 10.0; Win64; x64) AppleWebKit/537.36 (KHTML, like Gecko) Chrome/103.0.5060.114 Safari/537.36"
91.211.90.206 - - [22/Mar/2026:15:23:52 -0700] "GET /blog/page/3/ HTTP/1.0" 200 60718 "http://www.drug-injury-lawyer.com/blog/page/3/" "Mozilla/5.0 (Windows NT 6.3; Win64; x64) AppleWebKit/537.36 (KHTML, like Gecko) Chrome/103.0.5060.114 Safari/537.36"
91.211.90.206 - - [22/Mar/2026:15:23:52 -0700] "GET /blog/page/3/ HTTP/1.0" 200 60718 "http://www.drug-injury-lawyer.com/blog/page/3/" "Mozilla/5.0 (Windows NT 10.0; Win64; x64) AppleWebKit/537.36 (KHTML, like Gecko) Chrome/103.0.5060.114 Safari/537.36"
91.211.90.227 - - [22/Mar/2026:15:24:06 -0700] "GET /blog/page/3/ HTTP/1.0" 200 60718 "http://www.drug-injury-lawyer.com/blog/page/3/" "Mozilla/5.0 (Windows NT 6.1; WOW64) AppleWebKit/537.36 (KHTML, like Gecko) Chrome/103.0.0.0 Safari/537.36"
91.211.90.70 - - [22/Mar/2026:15:24:42 -0700] "GET /blog/page/3/ HTTP/1.0" 200 60718 "http://www.drug-injury-lawyer.com/blog/page/3/" "Mozilla/5.0 (Windows NT 10.0; Win64; x64) AppleWebKit/537.36 (KHTML, like Gecko) Chrome/103.0.5060.66 Safari/537.36"
91.211.90.69 - - [22/Mar/2026:15:24:44 -0700] "GET /blog/page/3/ HTTP/1.0" 200 60718 "http://www.drug-injury-lawyer.com/blog/page/3/" "Mozilla/5.0 (Windows NT 10.0; Win64; x64) AppleWebKit/537.36 (KHTML, like Gecko) Chrome/103.0.0.0 Safari/537.36"
107.20.105.74 - - [22/Mar/2026:15:27:54 -0700] "HEAD / HTTP/1.1" 301 197 "-" "DreamHost SiteMonitor 1.0"
107.20.105.74 - - [22/Mar/2026:15:27:54 -0700] "HEAD / HTTP/1.1" 200 239 "http://173.236.217.44" "DreamHost SiteMonitor 1.0"
20.212.0.99 - - [22/Mar/2026:15:32:01 -0700] "GET /wp-login.php HTTP/1.1" 200 60734 "-" "-"
107.20.105.74 - - [22/Mar/2026:15:32:54 -0700] "HEAD / HTTP/1.1" 301 197 "-" "DreamHost SiteMonitor 1.0"
107.20.105.74 - - [22/Mar/2026:15:32:54 -0700] "HEAD / HTTP/1.1" 200 239 "http://173.236.217.44" "DreamHost SiteMonitor 1.0"
167.99.252.199 - - [22/Mar/2026:15:35:15 -0700] "GET /feed/ HTTP/1.1" 200 4696 "-" "Mozilla/5.0 (Windows NT 6.3; Win64; x64; rv:109.0) Gecko/20100101 Firefox/115.0"
49.51.47.100 - - [22/Mar/2026:15:37:22 -0700] "GET /?fileloc=/home/heewonvps_17/drug-injury-lawyer.com/wp-blog-header.php&path=/home/heewonvps_17/drug-injury-lawyer.com HTTP/1.1" 200 3028 "-" "Mozilla/5.0 (iPhone; CPU iPhone OS 13_2_3 like Mac OS X) AppleWebKit/605.1.15 (KHTML, like Gecko) Version/13.0.3 Mobile/15E148 Safari/604.1"
107.20.105.74 - - [22/Mar/2026:15:37:54 -0700] "HEAD / HTTP/1.1" 301 197 "-" "DreamHost SiteMonitor 1.0"
107.20.105.74 - - [22/Mar/2026:15:37:54 -0700] "HEAD / HTTP/1.1" 200 239 "http://173.236.217.44" "DreamHost SiteMonitor 1.0"
91.211.90.244 - - [22/Mar/2026:15:40:04 -0700] "GET /blog/page/3/ HTTP/1.0" 200 60718 "http://www.drug-injury-lawyer.com/blog/page/3/" "Mozilla/5.0 (Windows NT 6.3; WOW64) AppleWebKit/537.36 (KHTML, like Gecko) Chrome/103.0.5060.114 Safari/537.36"
91.211.90.244 - - [22/Mar/2026:15:40:04 -0700] "GET /blog/page/3/ HTTP/1.0" 200 60718 "http://www.drug-injury-lawyer.com/blog/page/3/" "Mozilla/5.0 (Windows NT 10.0; Win64; x64) AppleWebKit/537.36 (KHTML, like Gecko) Chrome/103.0.0.0 Safari/537.36"
107.20.105.74 - - [22/Mar/2026:15:42:54 -0700] "HEAD / HTTP/1.1" 301 197 "-" "DreamHost SiteMonitor 1.0"
107.20.105.74 - - [22/Mar/2026:15:42:54 -0700] "HEAD / HTTP/1.1" 200 239 "http://173.236.217.44" "DreamHost SiteMonitor 1.0"
91.211.90.168 - - [22/Mar/2026:15:44:09 -0700] "GET /blog/page/3/ HTTP/1.0" 200 60718 "http://www.drug-injury-lawyer.com/blog/page/3/" "Mozilla/5.0 (Windows NT 6.1) AppleWebKit/537.36 (KHTML, like Gecko) Chrome/103.0.5060.114 Safari/537.36"
91.211.90.168 - - [22/Mar/2026:15:44:09 -0700] "GET /blog/page/3/ HTTP/1.0" 200 60718 "http://www.drug-injury-lawyer.com/blog/page/3/" "Mozilla/5.0 (Windows NT 10.0; Win64; x64) AppleWebKit/537.36 (KHTML, like Gecko) Chrome/103.0.0.0 Safari/537.36 OpenWave/97.4.2043.44"
91.211.90.170 - - [22/Mar/2026:15:44:09 -0700] "GET /blog/page/3/ HTTP/1.0" 200 60718 "http://www.drug-injury-lawyer.com/blog/page/3/" "Mozilla/5.0 (Windows NT 6.3; Win64; x64) AppleWebKit/537.36 (KHTML, like Gecko) Chrome/103.0.5060.53 Safari/537.36"
91.211.90.170 - - [22/Mar/2026:15:44:10 -0700] "GET /blog/page/3/ HTTP/1.0" 200 60718 "http://www.drug-injury-lawyer.com/blog/page/3/" "Mozilla/5.0 (Windows NT 6.3; Win64; x64) AppleWebKit/537.36 (KHTML, like Gecko) Chrome/103.0.5060.53 Safari/537.36"
217.147.172.209 - - [22/Mar/2026:15:44:53 -0700] "GET /blog/page/3/ HTTP/1.0" 200 60718 "http://www.drug-injury-lawyer.com/blog/page/3/" "Mozilla/5.0 (Windows NT 6.1) AppleWebKit/537.36 (KHTML, like Gecko) Chrome/103.0.5060.114 Safari/537.36"
217.147.172.206 - - [22/Mar/2026:15:44:53 -0700] "GET /blog/page/3/ HTTP/1.0" 200 60718 "http://www.drug-injury-lawyer.com/blog/page/3/" "Mozilla/5.0 (Windows NT 6.3; Win64; x64) AppleWebKit/537.36 (KHTML, like Gecko) Chrome/103.0.5060.53 Safari/537.36"
217.147.172.209 - - [22/Mar/2026:15:44:53 -0700] "GET /blog/page/3/ HTTP/1.0" 200 60718 "http://www.drug-injury-lawyer.com/blog/page/3/" "Mozilla/5.0 (Windows NT 10.0; Win64; x64) AppleWebKit/537.36 (KHTML, like Gecko) Chrome/103.0.0.0 Safari/537.36 OpenWave/97.4.2043.44"
45.156.158.225 - - [22/Mar/2026:15:44:55 -0700] "GET /blog/page/3/ HTTP/1.0" 200 60718 "http://www.drug-injury-lawyer.com/blog/page/3/" "Mozilla/5.0 (Windows NT 10.0; Win64; x64) AppleWebKit/537.36 (KHTML, like Gecko) Chrome/103.0.5060.66 Safari/537.36"
45.156.158.88 - - [22/Mar/2026:15:44:58 -0700] "GET /blog/page/3/ HTTP/1.0" 200 60718 "http://www.drug-injury-lawyer.com/blog/page/3/" "Mozilla/5.0 (Windows NT 10.0; Win64; x64) AppleWebKit/537.36 (KHTML, like Gecko) Chrome/103.0.5060.53 Safari/537.36"
3.215.59.93 - - [22/Mar/2026:15:45:08 -0700] "GET /2013/05/03/california-to-cut-off-funding-for-database-that-monitors-prescription-drug-usage/ HTTP/1.1" 200 4659 "-" "Mozilla/5.0 AppleWebKit/537.36 (KHTML, like Gecko; compatible; Amazonbot/0.1; +https://developer.amazon.com/support/amazonbot) Chrome/119.0.6045.214 Safari/537.36"
91.211.90.208 - - [22/Mar/2026:15:45:29 -0700] "GET /blog/page/3/ HTTP/1.0" 200 60718 "http://www.drug-injury-lawyer.com/blog/page/3/" "Mozilla/5.0 (Windows NT 6.1; Win64; x64) AppleWebKit/537.36 (KHTML, like Gecko) Chrome/103.0.0.0 Safari/537.36"
170.106.152.218 - - [22/Mar/2026:15:47:13 -0700] "GET /?fileloc=/home/heewonvps_17/drug-injury-lawyer.com/wp-config.php&path=/home/heewonvps_17/drug-injury-lawyer.com HTTP/1.1" 418 721 "-" "Mozilla/5.0 (iPhone; CPU iPhone OS 13_2_3 like Mac OS X) AppleWebKit/605.1.15 (KHTML, like Gecko) Version/13.0.3 Mobile/15E148 Safari/604.1"
45.156.158.223 - - [22/Mar/2026:15:47:17 -0700] "GET /blog/page/3/ HTTP/1.0" 200 60718 "http://www.drug-injury-lawyer.com/blog/page/3/" "Mozilla/5.0 (Windows NT 10.0; Win64; x64) AppleWebKit/537.36 (KHTML, like Gecko) Chrome/103.0.0.0 Safari/537.36 OpenWave/97.4.2043.44"
45.156.158.223 - - [22/Mar/2026:15:47:17 -0700] "GET /blog/page/3/ HTTP/1.0" 200 60718 "http://www.drug-injury-lawyer.com/blog/page/3/" "Mozilla/5.0 (Windows NT 10.0; WOW64) AppleWebKit/537.36 (KHTML, like Gecko) Chrome/103.0.0.0 Safari/537.36"
45.156.158.163 - - [22/Mar/2026:15:47:21 -0700] "GET /blog/page/3/ HTTP/1.0" 200 60718 "http://www.drug-injury-lawyer.com/blog/page/3/" "Mozilla/5.0 (Windows NT 6.1) AppleWebKit/537.36 (KHTML, like Gecko) Chrome/103.0.0.0 Safari/537.36"
45.156.158.163 - - [22/Mar/2026:15:47:21 -0700] "GET /blog/page/3/ HTTP/1.0" 200 60718 "http://www.drug-injury-lawyer.com/blog/page/3/" "Mozilla/5.0 (Windows NT 6.1) AppleWebKit/537.36 (KHTML, like Gecko) Chrome/103.0.0.0 Safari/537.36"
217.147.172.96 - - [22/Mar/2026:15:47:32 -0700] "GET /blog/page/3/ HTTP/1.0" 200 60718 "http://www.drug-injury-lawyer.com/blog/page/3/" "Mozilla/5.0 (Windows NT 10.0; Win64; x64) AppleWebKit/537.36 (KHTML, like Gecko) Chrome/103.0.0.0 Safari/537.36 OpenWave/97.4.2043.44"
217.147.172.96 - - [22/Mar/2026:15:47:32 -0700] "GET /blog/page/3/ HTTP/1.0" 200 60718 "http://www.drug-injury-lawyer.com/blog/page/3/" "Mozilla/5.0 (Windows NT 6.2; Win64; x64) AppleWebKit/537.36 (KHTML, like Gecko) Chrome/103.0.0.0 Safari/537.36"
91.211.90.117 - - [22/Mar/2026:15:47:35 -0700] "GET /blog/page/3/ HTTP/1.0" 200 60718 "http://www.drug-injury-lawyer.com/blog/page/3/" "Mozilla/5.0 (Windows NT 6.1; WOW64) AppleWebKit/537.36 (KHTML, like Gecko) Chrome/103.0.0.0 Safari/537.36"
217.147.172.11 - - [22/Mar/2026:15:47:35 -0700] "GET /blog/page/3/ HTTP/1.0" 200 60718 "http://www.drug-injury-lawyer.com/blog/page/3/" "Mozilla/5.0 (Windows NT 6.3; Win64; x64) AppleWebKit/537.36 (KHTML, like Gecko) Chrome/103.0.0.0 Safari/537.36"
217.147.172.11 - - [22/Mar/2026:15:47:36 -0700] "GET /blog/page/3/ HTTP/1.0" 200 60718 "http://www.drug-injury-lawyer.com/blog/page/3/" "Mozilla/5.0 (Windows NT 6.3) AppleWebKit/537.36 (KHTML, like Gecko) Chrome/103.0.0.0 Safari/537.36"
107.20.105.74 - - [22/Mar/2026:15:47:54 -0700] "HEAD / HTTP/1.1" 301 197 "-" "DreamHost SiteMonitor 1.0"
107.20.105.74 - - [22/Mar/2026:15:47:54 -0700] "HEAD / HTTP/1.1" 200 239 "http://173.236.217.44" "DreamHost SiteMonitor 1.0"
91.211.90.227 - - [22/Mar/2026:15:49:25 -0700] "GET /blog/page/3/ HTTP/1.0" 200 60718 "http://www.drug-injury-lawyer.com/blog/page/3/" "Mozilla/5.0 (Windows NT 10.0) AppleWebKit/537.36 (KHTML, like Gecko) Chrome/103.0.0.0 Safari/537.36"
2.59.221.46 - - [22/Mar/2026:15:51:01 -0700] "GET /blog/page/3/ HTTP/1.0" 200 60718 "http://www.drug-injury-lawyer.com/blog/page/3/" "Mozilla/5.0 (Windows NT 10.0; Win64; x64) AppleWebKit/537.36 (KHTML, like Gecko) Chrome/103.0.0.0 Safari/537.36"
2.59.221.46 - - [22/Mar/2026:15:51:01 -0700] "GET /blog/page/3/ HTTP/1.0" 200 60718 "http://www.drug-injury-lawyer.com/blog/page/3/" "Mozilla/5.0 (Windows NT 6.3; WOW64) AppleWebKit/537.36 (KHTML, like Gecko) Chrome/103.0.5060.114 Safari/537.36"
91.211.90.247 - - [22/Mar/2026:15:51:28 -0700] "GET /blog/page/3/ HTTP/1.0" 200 60718 "http://www.drug-injury-lawyer.com/blog/page/3/" "Mozilla/5.0 (Windows NT 10.0; Win64; x64) AppleWebKit/537.36 (KHTML, like Gecko) Chrome/103.0.0.0 Safari/537.36"
91.211.90.179 - - [22/Mar/2026:15:52:39 -0700] "GET /blog/page/3/ HTTP/1.0" 200 60718 "http://www.drug-injury-lawyer.com/blog/page/3/" "Mozilla/5.0 (Windows NT 6.2; Win64; x64) AppleWebKit/537.36 (KHTML, like Gecko) Chrome/103.0.0.0 Safari/537.36"
91.211.90.179 - - [22/Mar/2026:15:52:39 -0700] "GET /blog/page/3/ HTTP/1.0" 200 60718 "http://www.drug-injury-lawyer.com/blog/page/3/" "Mozilla/5.0 (Windows NT 10.0; Win64; x64) AppleWebKit/537.36 (KHTML, like Gecko) Chrome/103.0.0.0 Safari/537.36 OpenWave/97.4.2043.44"
107.20.105.74 - - [22/Mar/2026:15:52:54 -0700] "HEAD / HTTP/1.1" 301 197 "-" "DreamHost SiteMonitor 1.0"
107.20.105.74 - - [22/Mar/2026:15:52:54 -0700] "HEAD / HTTP/1.1" 200 239 "http://173.236.217.44" "DreamHost SiteMonitor 1.0"
91.211.90.158 - - [22/Mar/2026:15:53:06 -0700] "GET /blog/page/3/ HTTP/1.0" 200 60718 "http://www.drug-injury-lawyer.com/blog/page/3/" "Mozilla/5.0 (Windows NT 6.3) AppleWebKit/537.36 (KHTML, like Gecko) Chrome/103.0.0.0 Safari/537.36"
91.211.90.169 - - [22/Mar/2026:15:53:13 -0700] "GET /blog/page/3/ HTTP/1.0" 200 60718 "http://www.drug-injury-lawyer.com/blog/page/3/" "Mozilla/5.0 (Windows NT 10.0) AppleWebKit/537.36 (KHTML, like Gecko) Chrome/103.0.0.0 Safari/537.36"
91.211.90.169 - - [22/Mar/2026:15:53:13 -0700] "GET /blog/page/3/ HTTP/1.0" 200 60718 "http://www.drug-injury-lawyer.com/blog/page/3/" "Mozilla/5.0 (Windows NT 6.1; Win64; x64) AppleWebKit/537.36 (KHTML, like Gecko) Chrome/103.0.5060.66 Safari/537.36"
91.211.90.186 - - [22/Mar/2026:15:56:12 -0700] "GET /blog/page/3/ HTTP/1.0" 200 60718 "http://www.drug-injury-lawyer.com/blog/page/3/" "Mozilla/5.0 (Windows NT 10.0; Win64; x64) AppleWebKit/537.36 (KHTML, like Gecko) Chrome/103.0.0.0 Safari/537.36 OpenWave/97.4.2043.44"
91.211.90.186 - - [22/Mar/2026:15:56:12 -0700] "GET /blog/page/3/ HTTP/1.0" 200 60718 "http://www.drug-injury-lawyer.com/blog/page/3/" "Mozilla/5.0 (Windows NT 10.0) AppleWebKit/537.36 (KHTML, like Gecko) Chrome/103.0.0.0 Safari/537.36"
43.152.72.247 - - [22/Mar/2026:15:56:48 -0700] "GET /?fileloc=/home/heewonvps_17/drug-injury-lawyer.com/wp-settings.php&path=/home/heewonvps_17/drug-injury-lawyer.com HTTP/1.1" 200 9050 "-" "Mozilla/5.0 (iPhone; CPU iPhone OS 13_2_3 like Mac OS X) AppleWebKit/605.1.15 (KHTML, like Gecko) Version/13.0.3 Mobile/15E148 Safari/604.1"
91.211.90.158 - - [22/Mar/2026:15:56:52 -0700] "GET /blog/page/3/ HTTP/1.0" 200 60718 "http://www.drug-injury-lawyer.com/blog/page/3/" "Mozilla/5.0 (Windows NT 6.3; WOW64) AppleWebKit/537.36 (KHTML, like Gecko) Chrome/103.0.0.0 Safari/537.36"
45.156.158.210 - - [22/Mar/2026:15:57:22 -0700] "GET /blog/page/3/ HTTP/1.0" 200 60718 "http://www.drug-injury-lawyer.com/blog/page/3/" "Mozilla/5.0 (Windows NT 10.0; Win64; x64) AppleWebKit/537.36 (KHTML, like Gecko) Chrome/103.0.5060.66 Safari/537.36"
45.156.158.210 - - [22/Mar/2026:15:57:22 -0700] "GET /blog/page/3/ HTTP/1.0" 200 60718 "http://www.drug-injury-lawyer.com/blog/page/3/" "Mozilla/5.0 (Windows NT 6.1) AppleWebKit/537.36 (KHTML, like Gecko) Chrome/103.0.5060.114 Safari/537.36"
107.20.105.74 - - [22/Mar/2026:15:57:54 -0700] "HEAD / HTTP/1.1" 301 197 "-" "DreamHost SiteMonitor 1.0"
107.20.105.74 - - [22/Mar/2026:15:57:54 -0700] "HEAD / HTTP/1.1" 200 239 "http://173.236.217.44" "DreamHost SiteMonitor 1.0"
91.211.90.240 - - [22/Mar/2026:15:59:39 -0700] "GET /blog/page/3/ HTTP/1.0" 200 60718 "http://www.drug-injury-lawyer.com/blog/page/3/" "Mozilla/5.0 (Windows NT 10.0; WOW64) AppleWebKit/537.36 (KHTML, like Gecko) Chrome/103.0.0.0 Safari/537.36"
91.211.90.225 - - [22/Mar/2026:15:59:44 -0700] "GET /blog/page/3/ HTTP/1.0" 200 60718 "http://www.drug-injury-lawyer.com/blog/page/3/" "Mozilla/5.0 (Windows NT 10.0; Win64; x64) AppleWebKit/537.36 (KHTML, like Gecko) Chrome/103.0.0.0 Safari/537.36"
91.211.90.225 - - [22/Mar/2026:15:59:44 -0700] "GET /blog/page/3/ HTTP/1.0" 200 60718 "http://www.drug-injury-lawyer.com/blog/page/3/" "Mozilla/5.0 (Windows NT 10.0; WOW64) AppleWebKit/537.36 (KHTML, like Gecko) Chrome/103.0.5060.114 Safari/537.36"
107.20.105.74 - - [22/Mar/2026:16:02:54 -0700] "HEAD / HTTP/1.1" 301 197 "-" "DreamHost SiteMonitor 1.0"
107.20.105.74 - - [22/Mar/2026:16:02:54 -0700] "HEAD / HTTP/1.1" 200 239 "http://173.236.217.44" "DreamHost SiteMonitor 1.0"
185.237.106.243 - - [22/Mar/2026:16:03:44 -0700] "GET /blog/page/3/ HTTP/1.0" 200 60718 "http://www.drug-injury-lawyer.com/blog/page/3/" "Mozilla/5.0 (Windows NT 6.3) AppleWebKit/537.36 (KHTML, like Gecko) Chrome/103.0.0.0 Safari/537.36"
185.237.106.243 - - [22/Mar/2026:16:03:44 -0700] "GET /blog/page/3/ HTTP/1.0" 200 60718 "http://www.drug-injury-lawyer.com/blog/page/3/" "Mozilla/5.0 (Windows NT 6.1) AppleWebKit/537.36 (KHTML, like Gecko) Chrome/103.0.5060.114 Safari/537.36"
43.153.71.12 - - [22/Mar/2026:16:05:48 -0700] "GET /?fileloc=/home/heewonvps_17/drug-injury-lawyer.com/google6a2509ea28c610aa.html&path=/home/heewonvps_17/drug-injury-lawyer.com HTTP/1.1" 200 2861 "-" "Mozilla/5.0 (iPhone; CPU iPhone OS 13_2_3 like Mac OS X) AppleWebKit/605.1.15 (KHTML, like Gecko) Version/13.0.3 Mobile/15E148 Safari/604.1"
45.156.158.216 - - [22/Mar/2026:16:06:11 -0700] "GET /blog/page/3/ HTTP/1.0" 200 60718 "http://www.drug-injury-lawyer.com/blog/page/3/" "Mozilla/5.0 (Windows NT 10.0) AppleWebKit/537.36 (KHTML, like Gecko) Chrome/103.0.0.0 Safari/537.36"
45.156.158.75 - - [22/Mar/2026:16:06:12 -0700] "GET /blog/page/3/ HTTP/1.0" 200 60718 "http://www.drug-injury-lawyer.com/blog/page/3/" "Mozilla/5.0 (Windows NT 10.0) AppleWebKit/537.36 (KHTML, like Gecko) Chrome/103.0.0.0 Safari/537.36"
91.211.90.228 - - [22/Mar/2026:16:06:48 -0700] "GET /blog/page/3/ HTTP/1.0" 200 60718 "http://www.drug-injury-lawyer.com/blog/page/3/" "Mozilla/5.0 (Windows NT 10.0; WOW64) AppleWebKit/537.36 (KHTML, like Gecko) Chrome/103.0.5060.114 Safari/537.36"
107.20.105.74 - - [22/Mar/2026:16:07:54 -0700] "HEAD / HTTP/1.1" 301 197 "-" "DreamHost SiteMonitor 1.0"
107.20.105.74 - - [22/Mar/2026:16:07:54 -0700] "HEAD / HTTP/1.1" 200 239 "http://173.236.217.44" "DreamHost SiteMonitor 1.0"
180.153.236.179 - - [22/Mar/2026:16:08:24 -0700] "GET / HTTP/1.1" 200 4696 "http://www.drug-injury-lawyer.com/" "User-Agent:Mozilla/5.0 (Windows NT 10.0; Win64; x64) AppleWebKit/537.36 (KHTML, like Gecko) Chrome/140.0.0.0 Safari/537.36 Edg/140.0.0.0; 360Spider"
217.147.172.214 - - [22/Mar/2026:16:11:10 -0700] "GET /blog/page/3/ HTTP/1.0" 200 60718 "http://www.drug-injury-lawyer.com/blog/page/3/" "Mozilla/5.0 (Windows NT 10.0) AppleWebKit/537.36 (KHTML, like Gecko) Chrome/103.0.0.0 Safari/537.36"
217.147.172.240 - - [22/Mar/2026:16:11:11 -0700] "GET /blog/page/3/ HTTP/1.0" 200 60718 "http://www.drug-injury-lawyer.com/blog/page/3/" "Mozilla/5.0 (Windows NT 6.3; Win64; x64) AppleWebKit/537.36 (KHTML, like Gecko) Chrome/103.0.5060.53 Safari/537.36"
217.147.172.214 - - [22/Mar/2026:16:11:10 -0700] "GET /blog/page/3/ HTTP/1.0" 200 60718 "http://www.drug-injury-lawyer.com/blog/page/3/" "Mozilla/5.0 (Windows NT 6.1) AppleWebKit/537.36 (KHTML, like Gecko) Chrome/103.0.5060.114 Safari/537.36"
45.156.158.225 - - [22/Mar/2026:16:11:12 -0700] "GET /blog/page/3/ HTTP/1.0" 200 60718 "http://www.drug-injury-lawyer.com/blog/page/3/" "Mozilla/5.0 (Windows NT 10.0; Win64; x64) AppleWebKit/537.36 (KHTML, like Gecko) Chrome/103.0.5042.0 Safari/537.36"
91.211.90.88 - - [22/Mar/2026:16:11:22 -0700] "GET /blog/page/3/ HTTP/1.0" 200 60718 "http://www.drug-injury-lawyer.com/blog/page/3/" "Mozilla/5.0 (Windows NT 6.1; Win64; x64) AppleWebKit/537.36 (KHTML, like Gecko) Chrome/103.0.0.0 Safari/537.36"
91.211.90.88 - - [22/Mar/2026:16:11:22 -0700] "GET /blog/page/3/ HTTP/1.0" 200 60718 "http://www.drug-injury-lawyer.com/blog/page/3/" "Mozilla/5.0 (Windows NT 10.0; WOW64) AppleWebKit/537.36 (KHTML, like Gecko) Chrome/103.0.0.0 Safari/537.36"
107.20.105.74 - - [22/Mar/2026:16:12:54 -0700] "HEAD / HTTP/1.1" 301 197 "-" "DreamHost SiteMonitor 1.0"
107.20.105.74 - - [22/Mar/2026:16:12:54 -0700] "HEAD / HTTP/1.1" 200 239 "http://173.236.217.44" "DreamHost SiteMonitor 1.0"
91.211.90.207 - - [22/Mar/2026:16:13:09 -0700] "GET /blog/page/3/ HTTP/1.0" 200 60718 "http://www.drug-injury-lawyer.com/blog/page/3/" "Mozilla/5.0 (Windows NT 6.3; WOW64) AppleWebKit/537.36 (KHTML, like Gecko) Chrome/103.0.5060.114 Safari/537.36"
43.166.251.233 - - [22/Mar/2026:16:16:33 -0700] "GET /?fileloc=/home/heewonvps_17/drug-injury-lawyer.com/llms.txt&path=/home/heewonvps_17/drug-injury-lawyer.com HTTP/1.1" 200 7177 "-" "Mozilla/5.0 (iPhone; CPU iPhone OS 13_2_3 like Mac OS X) AppleWebKit/605.1.15 (KHTML, like Gecko) Version/13.0.3 Mobile/15E148 Safari/604.1"
107.20.105.74 - - [22/Mar/2026:16:17:54 -0700] "HEAD / HTTP/1.1" 301 197 "-" "DreamHost SiteMonitor 1.0"
107.20.105.74 - - [22/Mar/2026:16:17:54 -0700] "HEAD / HTTP/1.1" 200 239 "http://173.236.217.44" "DreamHost SiteMonitor 1.0"
217.147.172.67 - - [22/Mar/2026:16:18:46 -0700] "GET /blog/page/3/ HTTP/1.0" 200 60718 "http://www.drug-injury-lawyer.com/blog/page/3/" "Mozilla/5.0 (Windows NT 6.3; WOW64) AppleWebKit/537.36 (KHTML, like Gecko) Chrome/103.0.5060.114 Safari/537.36"
217.147.172.67 - - [22/Mar/2026:16:18:46 -0700] "GET /blog/page/3/ HTTP/1.0" 200 60718 "http://www.drug-injury-lawyer.com/blog/page/3/" "Mozilla/5.0 (Windows NT 10.0; Win64; x64) AppleWebKit/537.36 (KHTML, like Gecko) Chrome/103.0.5042.0 Safari/537.36"
217.147.172.82 - - [22/Mar/2026:16:18:54 -0700] "GET /blog/page/3/ HTTP/1.0" 200 60718 "http://www.drug-injury-lawyer.com/blog/page/3/" "Mozilla/5.0 (Windows NT 6.3; WOW64) AppleWebKit/537.36 (KHTML, like Gecko) Chrome/103.0.5060.114 Safari/537.36"
217.147.172.82 - - [22/Mar/2026:16:18:54 -0700] "GET /blog/page/3/ HTTP/1.0" 200 60718 "http://www.drug-injury-lawyer.com/blog/page/3/" "Mozilla/5.0 (Windows NT 6.3; Win64; x64) AppleWebKit/537.36 (KHTML, like Gecko) Chrome/103.0.5060.66 Safari/537.36"
217.147.172.235 - - [22/Mar/2026:16:18:58 -0700] "GET /blog/page/3/ HTTP/1.0" 200 60718 "http://www.drug-injury-lawyer.com/blog/page/3/" "Mozilla/5.0 (Windows NT 10.0; Win64; x64) AppleWebKit/537.36 (KHTML, like Gecko) Chrome/103.0.5060.66 Safari/537.36"
217.147.172.235 - - [22/Mar/2026:16:18:58 -0700] "GET /blog/page/3/ HTTP/1.0" 200 60718 "http://www.drug-injury-lawyer.com/blog/page/3/" "Mozilla/5.0 (Windows NT 6.3; Win64; x64) AppleWebKit/537.36 (KHTML, like Gecko) Chrome/103.0.5060.53 Safari/537.36"
91.211.90.113 - - [22/Mar/2026:16:19:16 -0700] "GET /blog/page/3/ HTTP/1.0" 200 60718 "http://www.drug-injury-lawyer.com/blog/page/3/" "Mozilla/5.0 (Windows NT 10.0; Win64; x64) AppleWebKit/537.36 (KHTML, like Gecko) Chrome/103.0.5060.134 Safari/537.36"
91.211.90.113 - - [22/Mar/2026:16:19:17 -0700] "GET /blog/page/3/ HTTP/1.0" 200 60718 "http://www.drug-injury-lawyer.com/blog/page/3/" "Mozilla/5.0 (Windows NT 10.0) AppleWebKit/537.36 (KHTML, like Gecko) Chrome/103.0.0.0 Safari/537.36"
91.211.90.240 - - [22/Mar/2026:16:19:21 -0700] "GET /blog/page/3/ HTTP/1.0" 200 60718 "http://www.drug-injury-lawyer.com/blog/page/3/" "Mozilla/5.0 (Windows NT 10.0; WOW64) AppleWebKit/537.36 (KHTML, like Gecko) Chrome/103.0.0.0 Safari/537.36"
91.211.90.247 - - [22/Mar/2026:16:19:37 -0700] "GET /blog/page/3/ HTTP/1.0" 200 60718 "http://www.drug-injury-lawyer.com/blog/page/3/" "Mozilla/5.0 (Windows NT 6.3) AppleWebKit/537.36 (KHTML, like Gecko) Chrome/103.0.0.0 Safari/537.36"
45.156.158.88 - - [22/Mar/2026:16:21:56 -0700] "GET /blog/page/3/ HTTP/1.0" 200 60718 "http://www.drug-injury-lawyer.com/blog/page/3/" "Mozilla/5.0 (Windows NT 6.3; Win64; x64) AppleWebKit/537.36 (KHTML, like Gecko) Chrome/103.0.5060.114 Safari/537.36"
91.211.90.231 - - [22/Mar/2026:16:22:01 -0700] "GET /blog/page/3/ HTTP/1.0" 200 60718 "http://www.drug-injury-lawyer.com/blog/page/3/" "Mozilla/5.0 (Windows NT 6.3; WOW64) AppleWebKit/537.36 (KHTML, like Gecko) Chrome/103.0.5060.114 Safari/537.36"
45.156.158.216 - - [22/Mar/2026:16:22:38 -0700] "GET /blog/page/3/ HTTP/1.0" 200 60718 "http://www.drug-injury-lawyer.com/blog/page/3/" "Mozilla/5.0 (Windows NT 6.3; Win64; x64) AppleWebKit/537.36 (KHTML, like Gecko) Chrome/103.0.5060.53 Safari/537.36"
45.156.158.83 - - [22/Mar/2026:16:22:38 -0700] "GET /blog/page/3/ HTTP/1.0" 200 60718 "http://www.drug-injury-lawyer.com/blog/page/3/" "Mozilla/5.0 (Windows NT 10.0) AppleWebKit/537.36 (KHTML, like Gecko) Chrome/103.0.0.0 Safari/537.36"
45.156.158.75 - - [22/Mar/2026:16:22:38 -0700] "GET /blog/page/3/ HTTP/1.0" 200 60718 "http://www.drug-injury-lawyer.com/blog/page/3/" "Mozilla/5.0 (Windows NT 6.1) AppleWebKit/537.36 (KHTML, like Gecko) Chrome/103.0.5060.114 Safari/537.36"
107.20.105.74 - - [22/Mar/2026:16:22:54 -0700] "HEAD / HTTP/1.1" 301 197 "-" "DreamHost SiteMonitor 1.0"
107.20.105.74 - - [22/Mar/2026:16:22:54 -0700] "HEAD / HTTP/1.1" 200 239 "http://173.236.217.44" "DreamHost SiteMonitor 1.0"
217.147.172.240 - - [22/Mar/2026:16:22:57 -0700] "GET /blog/page/3/ HTTP/1.0" 200 60718 "http://www.drug-injury-lawyer.com/blog/page/3/" "Mozilla/5.0 (Windows NT 6.1; Win64; x64) AppleWebKit/537.36 (KHTML, like Gecko) Chrome/103.0.0.0 Safari/537.36"
91.211.90.207 - - [22/Mar/2026:16:23:19 -0700] "GET /blog/page/3/ HTTP/1.0" 200 60718 "http://www.drug-injury-lawyer.com/blog/page/3/" "Mozilla/5.0 (Windows NT 6.3) AppleWebKit/537.36 (KHTML, like Gecko) Chrome/103.0.0.0 Safari/537.36"
91.211.90.228 - - [22/Mar/2026:16:23:22 -0700] "GET /blog/page/3/ HTTP/1.0" 200 60718 "http://www.drug-injury-lawyer.com/blog/page/3/" "Mozilla/5.0 (Windows NT 10.0; WOW64) AppleWebKit/537.36 (KHTML, like Gecko) Chrome/103.0.5060.114 Safari/537.36"
91.211.90.70 - - [22/Mar/2026:16:23:55 -0700] "GET /blog/page/3/ HTTP/1.0" 200 60718 "http://www.drug-injury-lawyer.com/blog/page/3/" "Mozilla/5.0 (Windows NT 6.1) AppleWebKit/537.36 (KHTML, like Gecko) Chrome/103.0.0.0 Safari/537.36"
