63.135.161.135 - - [22/Mar/2026:12:26:08 -0700] "GET /contact-us/?fileloc=/home/heewonvps_17/drug-injury-lawyer.com/wp-config-sample.php&path=/home/heewonvps_17/drug-injury-lawyer.com HTTP/1.1" 200 4193 "http://drug-injury-lawyer.com/contact-us/" "Mozilla/5.0 (Macintosh; Intel Mac OS X 12_5) AppleWebKit/537.36 (KHTML, like Gecko) Chrome/114.0.0.0 Safari/537.36 OPR/89.0.4447.51"
63.135.161.146 - - [22/Mar/2026:12:26:08 -0700] "GET /contact-us/?fileloc=/home/heewonvps_17/drug-injury-lawyer.com/wp-blog-header.php&path=/home/heewonvps_17/drug-injury-lawyer.com HTTP/1.1" 200 3065 "http://drug-injury-lawyer.com/contact-us/" "Mozilla/5.0 (Macintosh; Intel Mac OS X 12_5) AppleWebKit/537.36 (KHTML, like Gecko) Chrome/114.0.0.0 Safari/537.36 OPR/89.0.4447.51"
173.239.211.72 - - [22/Mar/2026:12:26:08 -0700] "GET /contact-us/?fileloc=/home/heewonvps_17/drug-injury-lawyer.com/wp-comments-post.php&path=/home/heewonvps_17/drug-injury-lawyer.com HTTP/1.1" 200 3941 "http://drug-injury-lawyer.com/contact-us/" "Mozilla/5.0 (Macintosh; Intel Mac OS X 12_5) AppleWebKit/537.36 (KHTML, like Gecko) Chrome/114.0.0.0 Safari/537.36 OPR/89.0.4447.51"
63.135.161.135 - - [22/Mar/2026:12:26:08 -0700] "GET /contact-us/?fileloc=/home/heewonvps_17/drug-injury-lawyer.com/license.txt&path=/home/heewonvps_17/drug-injury-lawyer.com HTTP/1.1" 200 10244 "http://drug-injury-lawyer.com/contact-us/" "Mozilla/5.0 (Macintosh; Intel Mac OS X 12_5) AppleWebKit/537.36 (KHTML, like Gecko) Chrome/114.0.0.0 Safari/537.36 OPR/89.0.4447.51"
107.20.105.74 - - [22/Mar/2026:12:27:54 -0700] "HEAD / HTTP/1.1" 301 197 "-" "DreamHost SiteMonitor 1.0"
107.20.105.74 - - [22/Mar/2026:12:27:54 -0700] "HEAD / HTTP/1.1" 200 239 "http://173.236.217.44" "DreamHost SiteMonitor 1.0"
91.211.90.225 - - [22/Mar/2026:12:28:26 -0700] "GET /blog/page/3/ HTTP/1.0" 200 60718 "http://www.drug-injury-lawyer.com/blog/page/3/" "Mozilla/5.0 (Windows NT 6.3) AppleWebKit/537.36 (KHTML, like Gecko) Chrome/103.0.0.0 Safari/537.36"
91.211.90.225 - - [22/Mar/2026:12:28:26 -0700] "GET /blog/page/3/ HTTP/1.0" 200 60718 "http://www.drug-injury-lawyer.com/blog/page/3/" "Mozilla/5.0 (Windows NT 6.1; Win64; x64) AppleWebKit/537.36 (KHTML, like Gecko) Chrome/103.0.5060.66 Safari/537.36"
45.156.158.163 - - [22/Mar/2026:12:28:54 -0700] "GET /blog/page/3/ HTTP/1.0" 200 60718 "http://www.drug-injury-lawyer.com/blog/page/3/" "Mozilla/5.0 (Windows NT 6.3; Win64; x64) AppleWebKit/537.36 (KHTML, like Gecko) Chrome/103.0.0.0 Safari/537.36"
45.156.158.163 - - [22/Mar/2026:12:28:54 -0700] "GET /blog/page/3/ HTTP/1.0" 200 60718 "http://www.drug-injury-lawyer.com/blog/page/3/" "Mozilla/5.0 (Windows NT 6.1; Win64; x64) AppleWebKit/537.36 (KHTML, like Gecko) Chrome/103.0.5060.66 Safari/537.36"
45.156.158.223 - - [22/Mar/2026:12:28:55 -0700] "GET /blog/page/3/ HTTP/1.0" 200 60718 "http://www.drug-injury-lawyer.com/blog/page/3/" "Mozilla/5.0 (Windows NT 6.1) AppleWebKit/537.36 (KHTML, like Gecko) Chrome/103.0.0.0 Safari/537.36"
45.156.158.223 - - [22/Mar/2026:12:28:56 -0700] "GET /blog/page/3/ HTTP/1.0" 200 60718 "http://www.drug-injury-lawyer.com/blog/page/3/" "Mozilla/5.0 (Windows NT 10.0; Win64; x64) AppleWebKit/537.36 (KHTML, like Gecko) Chrome/103.0.0.0 Safari/537.36"
217.147.172.96 - - [22/Mar/2026:12:29:03 -0700] "GET /blog/page/3/ HTTP/1.0" 200 60718 "http://www.drug-injury-lawyer.com/blog/page/3/" "Mozilla/5.0 (Windows NT 6.3; Win64; x64) AppleWebKit/537.36 (KHTML, like Gecko) Chrome/103.0.5060.53 Safari/537.36"
217.147.172.96 - - [22/Mar/2026:12:29:03 -0700] "GET /blog/page/3/ HTTP/1.0" 200 60718 "http://www.drug-injury-lawyer.com/blog/page/3/" "Mozilla/5.0 (Windows NT 10.0; Win64; x64) AppleWebKit/537.36 (KHTML, like Gecko) Chrome/103.0.5060.53 Safari/537.36"
217.147.172.11 - - [22/Mar/2026:12:29:10 -0700] "GET /blog/page/3/ HTTP/1.0" 200 60718 "http://www.drug-injury-lawyer.com/blog/page/3/" "Mozilla/5.0 (Windows NT 6.1; Win64; x64) AppleWebKit/537.36 (KHTML, like Gecko) Chrome/103.0.0.0 Safari/537.36"
217.147.172.11 - - [22/Mar/2026:12:29:11 -0700] "GET /blog/page/3/ HTTP/1.0" 200 60718 "http://www.drug-injury-lawyer.com/blog/page/3/" "Mozilla/5.0 (Windows NT 6.1) AppleWebKit/537.36 (KHTML, like Gecko) Chrome/103.0.5060.114 Safari/537.36"
91.211.90.227 - - [22/Mar/2026:12:30:44 -0700] "GET /blog/page/3/ HTTP/1.0" 200 60718 "http://www.drug-injury-lawyer.com/blog/page/3/" "Mozilla/5.0 (Windows NT 6.3) AppleWebKit/537.36 (KHTML, like Gecko) Chrome/103.0.0.0 Safari/537.36"
91.211.90.247 - - [22/Mar/2026:12:30:47 -0700] "GET /blog/page/3/ HTTP/1.0" 200 60718 "http://www.drug-injury-lawyer.com/blog/page/3/" "Mozilla/5.0 (Windows NT 6.3; Win64; x64) AppleWebKit/537.36 (KHTML, like Gecko) Chrome/103.0.5060.53 Safari/537.36"
91.211.90.208 - - [22/Mar/2026:12:32:17 -0700] "GET /blog/page/3/ HTTP/1.0" 200 60718 "http://www.drug-injury-lawyer.com/blog/page/3/" "Mozilla/5.0 (Windows NT 6.1; WOW64) AppleWebKit/537.36 (KHTML, like Gecko) Chrome/103.0.0.0 Safari/537.36"
107.20.105.74 - - [22/Mar/2026:12:32:54 -0700] "HEAD / HTTP/1.1" 301 197 "-" "DreamHost SiteMonitor 1.0"
107.20.105.74 - - [22/Mar/2026:12:32:54 -0700] "HEAD / HTTP/1.1" 200 239 "http://173.236.217.44" "DreamHost SiteMonitor 1.0"
91.211.90.158 - - [22/Mar/2026:12:33:31 -0700] "GET /blog/page/3/ HTTP/1.0" 200 60718 "http://www.drug-injury-lawyer.com/blog/page/3/" "Mozilla/5.0 (Windows NT 10.0; Win64; x64) AppleWebKit/537.36 (KHTML, like Gecko) Chrome/103.0.5060.114 Safari/537.36"
2.59.221.46 - - [22/Mar/2026:12:34:29 -0700] "GET /blog/page/3/ HTTP/1.0" 200 60718 "http://www.drug-injury-lawyer.com/blog/page/3/" "Mozilla/5.0 (Windows NT 6.1; Win64; x64) AppleWebKit/537.36 (KHTML, like Gecko) Chrome/103.0.0.0 Safari/537.36"
2.59.221.46 - - [22/Mar/2026:12:34:29 -0700] "GET /blog/page/3/ HTTP/1.0" 200 60718 "http://www.drug-injury-lawyer.com/blog/page/3/" "Mozilla/5.0 (Windows NT 6.1; Win64; x64) AppleWebKit/537.36 (KHTML, like Gecko) Chrome/103.0.0.0 Safari/537.36"
107.20.105.74 - - [22/Mar/2026:12:37:54 -0700] "HEAD / HTTP/1.1" 301 197 "-" "DreamHost SiteMonitor 1.0"
107.20.105.74 - - [22/Mar/2026:12:37:54 -0700] "HEAD / HTTP/1.1" 200 239 "http://173.236.217.44" "DreamHost SiteMonitor 1.0"
37.203.37.112 - - [22/Mar/2026:12:38:53 -0700] "GET /wp-blogs.php HTTP/1.1" 301 521 "-" "Mozilla/5.0 (Windows NT 10.0; Win64; x64) AppleWebKit/537.36 (KHTML, like Gecko) Chrome/146.0.0.0 Safari/537.36"
91.211.90.117 - - [22/Mar/2026:12:39:21 -0700] "GET /blog/page/3/ HTTP/1.0" 200 60718 "http://www.drug-injury-lawyer.com/blog/page/3/" "Mozilla/5.0 (Windows NT 6.1; Win64; x64) AppleWebKit/537.36 (KHTML, like Gecko) Chrome/103.0.5060.114 Safari/537.36"
37.203.37.112 - - [22/Mar/2026:12:39:24 -0700] "GET /wp-blogs.php HTTP/1.1" 200 4696 "-" "Mozilla/5.0 (Windows NT 10.0; Win64; x64) AppleWebKit/537.36 (KHTML, like Gecko) Chrome/146.0.0.0 Safari/537.36"
37.203.37.112 - - [22/Mar/2026:12:40:42 -0700] "GET /favicon.ico HTTP/1.1" 200 391 "http://www.drug-injury-lawyer.com/wp-blogs.php" "Mozilla/5.0 (Windows NT 10.0; Win64; x64) AppleWebKit/537.36 (KHTML, like Gecko) Chrome/146.0.0.0 Safari/537.36"
91.211.90.186 - - [22/Mar/2026:12:42:44 -0700] "GET /blog/page/3/ HTTP/1.0" 200 60718 "http://www.drug-injury-lawyer.com/blog/page/3/" "Mozilla/5.0 (Windows NT 10.0; Win64; x64) AppleWebKit/537.36 (KHTML, like Gecko) Chrome/103.0.5060.114 Safari/537.36"
91.211.90.186 - - [22/Mar/2026:12:42:44 -0700] "GET /blog/page/3/ HTTP/1.0" 200 60718 "http://www.drug-injury-lawyer.com/blog/page/3/" "Mozilla/5.0 (Windows NT 6.1; Win64; x64) AppleWebKit/537.36 (KHTML, like Gecko) Chrome/103.0.5060.66 Safari/537.36"
45.156.158.75 - - [22/Mar/2026:12:42:48 -0700] "GET /blog/page/3/ HTTP/1.0" 200 60718 "http://www.drug-injury-lawyer.com/blog/page/3/" "Mozilla/5.0 (Windows NT 6.1; WOW64) AppleWebKit/537.36 (KHTML, like Gecko) Chrome/103.0.0.0 Safari/537.36"
45.156.158.216 - - [22/Mar/2026:12:42:48 -0700] "GET /blog/page/3/ HTTP/1.0" 200 60718 "http://www.drug-injury-lawyer.com/blog/page/3/" "Mozilla/5.0 (Windows NT 6.1; Win64; x64) AppleWebKit/537.36 (KHTML, like Gecko) Chrome/103.0.0.0 Safari/537.36"
91.211.90.240 - - [22/Mar/2026:12:42:50 -0700] "GET /blog/page/3/ HTTP/1.0" 200 60718 "http://www.drug-injury-lawyer.com/blog/page/3/" "Mozilla/5.0 (Windows NT 10.0; WOW64) AppleWebKit/537.36 (KHTML, like Gecko) Chrome/103.0.5060.114 Safari/537.36"
107.20.105.74 - - [22/Mar/2026:12:42:54 -0700] "HEAD / HTTP/1.1" 301 197 "-" "DreamHost SiteMonitor 1.0"
107.20.105.74 - - [22/Mar/2026:12:42:54 -0700] "HEAD / HTTP/1.1" 200 239 "http://173.236.217.44" "DreamHost SiteMonitor 1.0"
91.211.90.228 - - [22/Mar/2026:12:43:14 -0700] "GET /blog/page/3/ HTTP/1.0" 200 60718 "http://www.drug-injury-lawyer.com/blog/page/3/" "Mozilla/5.0 (Windows NT 6.3; WOW64) AppleWebKit/537.36 (KHTML, like Gecko) Chrome/103.0.0.0 Safari/537.36"
91.211.90.207 - - [22/Mar/2026:12:47:50 -0700] "GET /blog/page/3/ HTTP/1.0" 200 60718 "http://www.drug-injury-lawyer.com/blog/page/3/" "Mozilla/5.0 (Windows NT 10.0; WOW64) AppleWebKit/537.36 (KHTML, like Gecko) Chrome/103.0.5060.114 Safari/537.36"
107.20.105.74 - - [22/Mar/2026:12:47:54 -0700] "HEAD / HTTP/1.1" 301 197 "-" "DreamHost SiteMonitor 1.0"
107.20.105.74 - - [22/Mar/2026:12:47:54 -0700] "HEAD / HTTP/1.1" 200 239 "http://173.236.217.44" "DreamHost SiteMonitor 1.0"
91.211.90.206 - - [22/Mar/2026:12:48:24 -0700] "GET /blog/page/3/ HTTP/1.0" 200 60718 "http://www.drug-injury-lawyer.com/blog/page/3/" "Mozilla/5.0 (Windows NT 6.3; WOW64) AppleWebKit/537.36 (KHTML, like Gecko) Chrome/103.0.0.0 Safari/537.36"
91.211.90.206 - - [22/Mar/2026:12:48:24 -0700] "GET /blog/page/3/ HTTP/1.0" 200 60718 "http://www.drug-injury-lawyer.com/blog/page/3/" "Mozilla/5.0 (Windows NT 10.0; Win64; x64) AppleWebKit/537.36 (KHTML, like Gecko) Chrome/103.0.5060.66 Safari/537.36"
45.156.158.210 - - [22/Mar/2026:12:50:44 -0700] "GET /blog/page/3/ HTTP/1.0" 200 60718 "http://www.drug-injury-lawyer.com/blog/page/3/" "Mozilla/5.0 (Windows NT 6.3; WOW64) AppleWebKit/537.36 (KHTML, like Gecko) Chrome/103.0.5060.114 Safari/537.36"
45.156.158.210 - - [22/Mar/2026:12:50:44 -0700] "GET /blog/page/3/ HTTP/1.0" 200 60718 "http://www.drug-injury-lawyer.com/blog/page/3/" "Mozilla/5.0 (Windows NT 10.0; Win64; x64) AppleWebKit/537.36 (KHTML, like Gecko) Chrome/103.0.5042.0 Safari/537.36"
3.18.186.238 - - [22/Mar/2026:12:50:55 -0700] "GET / HTTP/1.1" 301 441 "-" "visionheight.com/scan Mozilla/5.0 (Macintosh; Intel Mac OS X 10_15_7) Chrome/126.0.0.0 Safari/537.36"
3.18.186.238 - - [22/Mar/2026:12:50:55 -0700] "GET / HTTP/1.1" 200 4652 "http://drug-injury-lawyer.com/" "visionheight.com/scan Mozilla/5.0 (Macintosh; Intel Mac OS X 10_15_7) Chrome/126.0.0.0 Safari/537.36"
185.237.106.243 - - [22/Mar/2026:12:51:20 -0700] "GET /blog/page/3/ HTTP/1.0" 200 60718 "http://www.drug-injury-lawyer.com/blog/page/3/" "Mozilla/5.0 (Windows NT 6.3) AppleWebKit/537.36 (KHTML, like Gecko) Chrome/103.0.0.0 Safari/537.36"
185.237.106.243 - - [22/Mar/2026:12:51:20 -0700] "GET /blog/page/3/ HTTP/1.0" 200 60718 "http://www.drug-injury-lawyer.com/blog/page/3/" "Mozilla/5.0 (Windows NT 10.0; WOW64) AppleWebKit/537.36 (KHTML, like Gecko) Chrome/103.0.0.0 Safari/537.36"
217.147.172.214 - - [22/Mar/2026:12:51:44 -0700] "GET /blog/page/3/ HTTP/1.0" 200 60718 "http://www.drug-injury-lawyer.com/blog/page/3/" "Mozilla/5.0 (Windows NT 6.1; Win64; x64) AppleWebKit/537.36 (KHTML, like Gecko) Chrome/103.0.5060.66 Safari/537.36"
217.147.172.214 - - [22/Mar/2026:12:51:44 -0700] "GET /blog/page/3/ HTTP/1.0" 200 60718 "http://www.drug-injury-lawyer.com/blog/page/3/" "Mozilla/5.0 (Windows NT 10.0; Win64; x64) AppleWebKit/537.36 (KHTML, like Gecko) Chrome/103.0.0.0 Safari/537.36 Herring/95.1.8810.11"
217.147.172.240 - - [22/Mar/2026:12:51:47 -0700] "GET /blog/page/3/ HTTP/1.0" 200 60718 "http://www.drug-injury-lawyer.com/blog/page/3/" "Mozilla/5.0 (Windows NT 6.3; WOW64) AppleWebKit/537.36 (KHTML, like Gecko) Chrome/103.0.0.0 Safari/537.36"
45.156.158.225 - - [22/Mar/2026:12:51:49 -0700] "GET /blog/page/3/ HTTP/1.0" 200 60718 "http://www.drug-injury-lawyer.com/blog/page/3/" "Mozilla/5.0 (Windows NT 6.3; Win64; x64) AppleWebKit/537.36 (KHTML, like Gecko) Chrome/103.0.5060.114 Safari/537.36"
91.211.90.88 - - [22/Mar/2026:12:52:43 -0700] "GET /blog/page/3/ HTTP/1.0" 200 60718 "http://www.drug-injury-lawyer.com/blog/page/3/" "Mozilla/5.0 (Windows NT 6.3; Win64; x64) AppleWebKit/537.36 (KHTML, like Gecko) Chrome/103.0.5060.53 Safari/537.36"
91.211.90.88 - - [22/Mar/2026:12:52:43 -0700] "GET /blog/page/3/ HTTP/1.0" 200 60718 "http://www.drug-injury-lawyer.com/blog/page/3/" "Mozilla/5.0 (Windows NT 6.3) AppleWebKit/537.36 (KHTML, like Gecko) Chrome/103.0.0.0 Safari/537.36"
107.20.105.74 - - [22/Mar/2026:12:52:54 -0700] "HEAD / HTTP/1.1" 301 197 "-" "DreamHost SiteMonitor 1.0"
107.20.105.74 - - [22/Mar/2026:12:52:54 -0700] "HEAD / HTTP/1.1" 200 239 "http://173.236.217.44" "DreamHost SiteMonitor 1.0"
91.211.90.113 - - [22/Mar/2026:12:55:50 -0700] "GET /blog/page/3/ HTTP/1.0" 200 60718 "http://www.drug-injury-lawyer.com/blog/page/3/" "Mozilla/5.0 (Windows NT 6.1; WOW64) AppleWebKit/537.36 (KHTML, like Gecko) Chrome/103.0.0.0 Safari/537.36"
91.211.90.113 - - [22/Mar/2026:12:55:51 -0700] "GET /blog/page/3/ HTTP/1.0" 200 60718 "http://www.drug-injury-lawyer.com/blog/page/3/" "Mozilla/5.0 (Windows NT 6.3; WOW64) AppleWebKit/537.36 (KHTML, like Gecko) Chrome/103.0.5060.114 Safari/537.36"
217.147.172.67 - - [22/Mar/2026:12:56:00 -0700] "GET /blog/page/3/ HTTP/1.0" 200 60718 "http://www.drug-injury-lawyer.com/blog/page/3/" "Mozilla/5.0 (Windows NT 6.3; WOW64) AppleWebKit/537.36 (KHTML, like Gecko) Chrome/103.0.0.0 Safari/537.36"
217.147.172.67 - - [22/Mar/2026:12:56:01 -0700] "GET /blog/page/3/ HTTP/1.0" 200 60718 "http://www.drug-injury-lawyer.com/blog/page/3/" "Mozilla/5.0 (Windows NT 10.0; Win64; x64) AppleWebKit/537.36 (KHTML, like Gecko) Chrome/103.0.0.0 Safari/537.36 OpenWave/97.4.2043.44"
91.211.90.240 - - [22/Mar/2026:12:56:14 -0700] "GET /blog/page/3/ HTTP/1.0" 200 60718 "http://www.drug-injury-lawyer.com/blog/page/3/" "Mozilla/5.0 (Windows NT 6.3; Win64; x64) AppleWebKit/537.36 (KHTML, like Gecko) Chrome/103.0.0.0 Safari/537.36"
217.147.172.235 - - [22/Mar/2026:12:56:22 -0700] "GET /blog/page/3/ HTTP/1.0" 200 60718 "http://www.drug-injury-lawyer.com/blog/page/3/" "Mozilla/5.0 (Windows NT 6.1) AppleWebKit/537.36 (KHTML, like Gecko) Chrome/103.0.5060.114 Safari/537.36"
217.147.172.235 - - [22/Mar/2026:12:56:22 -0700] "GET /blog/page/3/ HTTP/1.0" 200 60718 "http://www.drug-injury-lawyer.com/blog/page/3/" "Mozilla/5.0 (Windows NT 6.1) AppleWebKit/537.36 (KHTML, like Gecko) Chrome/103.0.5060.114 Safari/537.36"
217.147.172.82 - - [22/Mar/2026:12:56:36 -0700] "GET /blog/page/3/ HTTP/1.0" 200 60718 "http://www.drug-injury-lawyer.com/blog/page/3/" "Mozilla/5.0 (Windows NT 6.2; Win64; x64) AppleWebKit/537.36 (KHTML, like Gecko) Chrome/103.0.0.0 Safari/537.36"
217.147.172.82 - - [22/Mar/2026:12:56:38 -0700] "GET /blog/page/3/ HTTP/1.0" 200 60718 "http://www.drug-injury-lawyer.com/blog/page/3/" "Mozilla/5.0 (Windows NT 10.0; Win64; x64) AppleWebKit/537.36 (KHTML, like Gecko) Chrome/103.0.5060.66 Safari/537.36"
45.156.158.75 - - [22/Mar/2026:12:57:00 -0700] "GET /blog/page/3/ HTTP/1.0" 200 60718 "http://www.drug-injury-lawyer.com/blog/page/3/" "Mozilla/5.0 (Windows NT 10.0; WOW64) AppleWebKit/537.36 (KHTML, like Gecko) Chrome/103.0.0.0 Safari/537.36"
45.156.158.216 - - [22/Mar/2026:12:57:02 -0700] "GET /blog/page/3/ HTTP/1.0" 200 60718 "http://www.drug-injury-lawyer.com/blog/page/3/" "Mozilla/5.0 (Windows NT 6.2; Win64; x64) AppleWebKit/537.36 (KHTML, like Gecko) Chrome/103.0.0.0 Safari/537.36"
91.211.90.247 - - [22/Mar/2026:12:57:09 -0700] "GET /blog/page/3/ HTTP/1.0" 200 60718 "http://www.drug-injury-lawyer.com/blog/page/3/" "Mozilla/5.0 (Windows NT 10.0; Win64; x64) AppleWebKit/537.36 (KHTML, like Gecko) Chrome/103.0.5060.53 Safari/537.36"
45.156.158.83 - - [22/Mar/2026:12:57:17 -0700] "GET /blog/page/3/ HTTP/1.0" 200 60718 "http://www.drug-injury-lawyer.com/blog/page/3/" "Mozilla/5.0 (Windows NT 6.1; WOW64) AppleWebKit/537.36 (KHTML, like Gecko) Chrome/103.0.0.0 Safari/537.36"
107.20.105.74 - - [22/Mar/2026:12:57:54 -0700] "HEAD / HTTP/1.1" 301 197 "-" "DreamHost SiteMonitor 1.0"
107.20.105.74 - - [22/Mar/2026:12:57:54 -0700] "HEAD / HTTP/1.1" 200 239 "http://173.236.217.44" "DreamHost SiteMonitor 1.0"
91.211.90.228 - - [22/Mar/2026:12:58:54 -0700] "GET /blog/page/3/ HTTP/1.0" 200 60718 "http://www.drug-injury-lawyer.com/blog/page/3/" "Mozilla/5.0 (Windows NT 10.0; WOW64) AppleWebKit/537.36 (KHTML, like Gecko) Chrome/103.0.0.0 Safari/537.36"
91.211.90.207 - - [22/Mar/2026:12:58:55 -0700] "GET /blog/page/3/ HTTP/1.0" 200 60718 "http://www.drug-injury-lawyer.com/blog/page/3/" "Mozilla/5.0 (Windows NT 10.0) AppleWebKit/537.36 (KHTML, like Gecko) Chrome/103.0.0.0 Safari/537.36"
91.211.90.117 - - [22/Mar/2026:13:02:24 -0700] "GET /blog/page/3/ HTTP/1.0" 200 60718 "http://www.drug-injury-lawyer.com/blog/page/3/" "Mozilla/5.0 (Windows NT 10.0; Win64; x64) AppleWebKit/537.36 (KHTML, like Gecko) Chrome/103.0.5060.66 Safari/537.36"
107.20.105.74 - - [22/Mar/2026:13:02:54 -0700] "HEAD / HTTP/1.1" 301 197 "-" "DreamHost SiteMonitor 1.0"
107.20.105.74 - - [22/Mar/2026:13:02:54 -0700] "HEAD / HTTP/1.1" 200 239 "http://173.236.217.44" "DreamHost SiteMonitor 1.0"
45.156.158.88 - - [22/Mar/2026:13:04:37 -0700] "GET /blog/page/3/ HTTP/1.0" 200 60718 "http://www.drug-injury-lawyer.com/blog/page/3/" "Mozilla/5.0 (Windows NT 6.1) AppleWebKit/537.36 (KHTML, like Gecko) Chrome/103.0.0.0 Safari/537.36"
91.211.90.231 - - [22/Mar/2026:13:04:41 -0700] "GET /blog/page/3/ HTTP/1.0" 200 60718 "http://www.drug-injury-lawyer.com/blog/page/3/" "Mozilla/5.0 (Windows NT 10.0; Win64; x64) AppleWebKit/537.36 (KHTML, like Gecko) Chrome/103.0.5060.66 Safari/537.36"
91.211.90.70 - - [22/Mar/2026:13:05:46 -0700] "GET /blog/page/3/ HTTP/1.0" 200 60718 "http://www.drug-injury-lawyer.com/blog/page/3/" "Mozilla/5.0 (Windows NT 6.3; Win64; x64) AppleWebKit/537.36 (KHTML, like Gecko) Chrome/103.0.5060.114 Safari/537.36"
91.211.90.69 - - [22/Mar/2026:13:05:57 -0700] "GET /blog/page/3/ HTTP/1.0" 200 60718 "http://www.drug-injury-lawyer.com/blog/page/3/" "Mozilla/5.0 (Windows NT 10.0; Win64; x64) AppleWebKit/537.36 (KHTML, like Gecko) Chrome/103.0.0.0 Safari/537.36"
91.211.90.99 - - [22/Mar/2026:13:06:06 -0700] "GET /blog/page/3/ HTTP/1.0" 200 60718 "http://www.drug-injury-lawyer.com/blog/page/3/" "Mozilla/5.0 (Windows NT 6.3; Win64; x64) AppleWebKit/537.36 (KHTML, like Gecko) Chrome/103.0.5060.114 Safari/537.36"
91.211.90.99 - - [22/Mar/2026:13:06:06 -0700] "GET /blog/page/3/ HTTP/1.0" 200 60718 "http://www.drug-injury-lawyer.com/blog/page/3/" "Mozilla/5.0 (Windows NT 10.0; Win64; x64) AppleWebKit/537.36 (KHTML, like Gecko) Chrome/103.0.5060.53 Safari/537.36"
91.211.90.208 - - [22/Mar/2026:13:06:08 -0700] "GET /blog/page/3/ HTTP/1.0" 200 60718 "http://www.drug-injury-lawyer.com/blog/page/3/" "Mozilla/5.0 (Windows NT 10.0; Win64; x64) AppleWebKit/537.36 (KHTML, like Gecko) Chrome/103.0.5042.0 Safari/537.36"
91.211.90.164 - - [22/Mar/2026:13:06:18 -0700] "GET /blog/page/3/ HTTP/1.0" 200 60718 "http://www.drug-injury-lawyer.com/blog/page/3/" "Mozilla/5.0 (Windows NT 6.3; Win64; x64) AppleWebKit/537.36 (KHTML, like Gecko) Chrome/103.0.5060.53 Safari/537.36"
91.211.90.164 - - [22/Mar/2026:13:06:19 -0700] "GET /blog/page/3/ HTTP/1.0" 200 60718 "http://www.drug-injury-lawyer.com/blog/page/3/" "Mozilla/5.0 (Windows NT 10.0; Win64; x64) AppleWebKit/537.36 (KHTML, like Gecko) Chrome/103.0.5060.134 Safari/537.36"
107.20.105.74 - - [22/Mar/2026:13:07:54 -0700] "HEAD / HTTP/1.1" 301 197 "-" "DreamHost SiteMonitor 1.0"
107.20.105.74 - - [22/Mar/2026:13:07:54 -0700] "HEAD / HTTP/1.1" 200 239 "http://173.236.217.44" "DreamHost SiteMonitor 1.0"
217.147.172.240 - - [22/Mar/2026:13:09:39 -0700] "GET /blog/page/3/ HTTP/1.0" 200 60718 "http://www.drug-injury-lawyer.com/blog/page/3/" "Mozilla/5.0 (Windows NT 10.0; WOW64) AppleWebKit/537.36 (KHTML, like Gecko) Chrome/103.0.5060.114 Safari/537.36"
45.156.158.249 - - [22/Mar/2026:13:11:04 -0700] "GET /blog/page/3/ HTTP/1.0" 200 60718 "http://www.drug-injury-lawyer.com/blog/page/3/" "Mozilla/5.0 (Windows NT 6.3) AppleWebKit/537.36 (KHTML, like Gecko) Chrome/103.0.0.0 Safari/537.36"
91.211.90.231 - - [22/Mar/2026:13:11:05 -0700] "GET /blog/page/3/ HTTP/1.0" 200 60718 "http://www.drug-injury-lawyer.com/blog/page/3/" "Mozilla/5.0 (Windows NT 6.3) AppleWebKit/537.36 (KHTML, like Gecko) Chrome/103.0.0.0 Safari/537.36"
45.156.158.249 - - [22/Mar/2026:13:11:04 -0700] "GET /blog/page/3/ HTTP/1.0" 200 60718 "http://www.drug-injury-lawyer.com/blog/page/3/" "Mozilla/5.0 (Windows NT 10.0; Win64; x64) AppleWebKit/537.36 (KHTML, like Gecko) Chrome/103.0.0.0 Safari/537.36"
91.211.90.227 - - [22/Mar/2026:13:11:09 -0700] "GET /blog/page/3/ HTTP/1.0" 200 60718 "http://www.drug-injury-lawyer.com/blog/page/3/" "Mozilla/5.0 (Windows NT 10.0; Win64; x64) AppleWebKit/537.36 (KHTML, like Gecko) Chrome/103.0.5060.66 Safari/537.36"
45.156.158.83 - - [22/Mar/2026:13:11:16 -0700] "GET /blog/page/3/ HTTP/1.0" 200 60718 "http://www.drug-injury-lawyer.com/blog/page/3/" "Mozilla/5.0 (Windows NT 6.3; Win64; x64) AppleWebKit/537.36 (KHTML, like Gecko) Chrome/103.0.5060.53 Safari/537.36"
107.20.105.74 - - [22/Mar/2026:13:12:54 -0700] "HEAD / HTTP/1.1" 301 197 "-" "DreamHost SiteMonitor 1.0"
107.20.105.74 - - [22/Mar/2026:13:12:54 -0700] "HEAD / HTTP/1.1" 200 239 "http://173.236.217.44" "DreamHost SiteMonitor 1.0"
91.211.90.69 - - [22/Mar/2026:13:13:05 -0700] "GET /blog/page/3/ HTTP/1.0" 200 60718 "http://www.drug-injury-lawyer.com/blog/page/3/" "Mozilla/5.0 (Windows NT 6.3) AppleWebKit/537.36 (KHTML, like Gecko) Chrome/103.0.0.0 Safari/537.36"
91.211.90.70 - - [22/Mar/2026:13:13:05 -0700] "GET /blog/page/3/ HTTP/1.0" 200 60718 "http://www.drug-injury-lawyer.com/blog/page/3/" "Mozilla/5.0 (Windows NT 6.3; WOW64) AppleWebKit/537.36 (KHTML, like Gecko) Chrome/103.0.0.0 Safari/537.36"
107.20.105.74 - - [22/Mar/2026:13:17:54 -0700] "HEAD / HTTP/1.1" 301 197 "-" "DreamHost SiteMonitor 1.0"
107.20.105.74 - - [22/Mar/2026:13:17:54 -0700] "HEAD / HTTP/1.1" 200 239 "http://173.236.217.44" "DreamHost SiteMonitor 1.0"
107.20.105.74 - - [22/Mar/2026:13:22:54 -0700] "HEAD / HTTP/1.1" 301 197 "-" "DreamHost SiteMonitor 1.0"
107.20.105.74 - - [22/Mar/2026:13:22:54 -0700] "HEAD / HTTP/1.1" 200 239 "http://173.236.217.44" "DreamHost SiteMonitor 1.0"
107.20.105.74 - - [22/Mar/2026:13:27:54 -0700] "HEAD / HTTP/1.1" 301 197 "-" "DreamHost SiteMonitor 1.0"
107.20.105.74 - - [22/Mar/2026:13:27:54 -0700] "HEAD / HTTP/1.1" 200 239 "http://173.236.217.44" "DreamHost SiteMonitor 1.0"
91.211.90.244 - - [22/Mar/2026:13:30:27 -0700] "GET /blog/page/3/ HTTP/1.0" 200 60718 "http://www.drug-injury-lawyer.com/blog/page/3/" "Mozilla/5.0 (Windows NT 6.1; Win64; x64) AppleWebKit/537.36 (KHTML, like Gecko) Chrome/103.0.0.0 Safari/537.36"
91.211.90.244 - - [22/Mar/2026:13:30:27 -0700] "GET /blog/page/3/ HTTP/1.0" 200 60718 "http://www.drug-injury-lawyer.com/blog/page/3/" "Mozilla/5.0 (Windows NT 10.0; Win64; x64) AppleWebKit/537.36 (KHTML, like Gecko) Chrome/103.0.5060.114 Safari/537.36"
91.211.90.168 - - [22/Mar/2026:13:31:47 -0700] "GET /blog/page/3/ HTTP/1.0" 200 60718 "http://www.drug-injury-lawyer.com/blog/page/3/" "Mozilla/5.0 (Windows NT 6.3) AppleWebKit/537.36 (KHTML, like Gecko) Chrome/103.0.0.0 Safari/537.36"
91.211.90.168 - - [22/Mar/2026:13:31:47 -0700] "GET /blog/page/3/ HTTP/1.0" 200 60718 "http://www.drug-injury-lawyer.com/blog/page/3/" "Mozilla/5.0 (Windows NT 10.0; Win64; x64) AppleWebKit/537.36 (KHTML, like Gecko) Chrome/103.0.0.0 Safari/537.36 Herring/95.1.8810.11"
91.211.90.170 - - [22/Mar/2026:13:32:17 -0700] "GET /blog/page/3/ HTTP/1.0" 200 60718 "http://www.drug-injury-lawyer.com/blog/page/3/" "Mozilla/5.0 (Windows NT 6.3; WOW64) AppleWebKit/537.36 (KHTML, like Gecko) Chrome/103.0.5060.114 Safari/537.36"
91.211.90.170 - - [22/Mar/2026:13:32:17 -0700] "GET /blog/page/3/ HTTP/1.0" 200 60718 "http://www.drug-injury-lawyer.com/blog/page/3/" "Mozilla/5.0 (Windows NT 10.0; Win64; x64) AppleWebKit/537.36 (KHTML, like Gecko) Chrome/103.0.5060.66 Safari/537.36"
107.20.105.74 - - [22/Mar/2026:13:32:54 -0700] "HEAD / HTTP/1.1" 301 197 "-" "DreamHost SiteMonitor 1.0"
107.20.105.74 - - [22/Mar/2026:13:32:54 -0700] "HEAD / HTTP/1.1" 200 239 "http://173.236.217.44" "DreamHost SiteMonitor 1.0"
217.147.172.209 - - [22/Mar/2026:13:32:59 -0700] "GET /blog/page/3/ HTTP/1.0" 200 60718 "http://www.drug-injury-lawyer.com/blog/page/3/" "Mozilla/5.0 (Windows NT 6.3; Win64; x64) AppleWebKit/537.36 (KHTML, like Gecko) Chrome/103.0.5060.53 Safari/537.36"
217.147.172.209 - - [22/Mar/2026:13:32:59 -0700] "GET /blog/page/3/ HTTP/1.0" 200 60718 "http://www.drug-injury-lawyer.com/blog/page/3/" "Mozilla/5.0 (Windows NT 6.1; Win64; x64) AppleWebKit/537.36 (KHTML, like Gecko) Chrome/103.0.5060.114 Safari/537.36"
217.147.172.206 - - [22/Mar/2026:13:33:01 -0700] "GET /blog/page/3/ HTTP/1.0" 200 60718 "http://www.drug-injury-lawyer.com/blog/page/3/" "Mozilla/5.0 (Windows NT 6.1; WOW64) AppleWebKit/537.36 (KHTML, like Gecko) Chrome/103.0.0.0 Safari/537.36"
45.156.158.88 - - [22/Mar/2026:13:33:03 -0700] "GET /blog/page/3/ HTTP/1.0" 200 60718 "http://www.drug-injury-lawyer.com/blog/page/3/" "Mozilla/5.0 (Windows NT 6.3; Win64; x64) AppleWebKit/537.36 (KHTML, like Gecko) Chrome/103.0.0.0 Safari/537.36"
45.156.158.225 - - [22/Mar/2026:13:33:04 -0700] "GET /blog/page/3/ HTTP/1.0" 200 60718 "http://www.drug-injury-lawyer.com/blog/page/3/" "Mozilla/5.0 (Windows NT 6.3; Win64; x64) AppleWebKit/537.36 (KHTML, like Gecko) Chrome/103.0.5060.114 Safari/537.36"
91.211.90.179 - - [22/Mar/2026:13:34:40 -0700] "GET /blog/page/3/ HTTP/1.0" 200 60718 "http://www.drug-injury-lawyer.com/blog/page/3/" "Mozilla/5.0 (Windows NT 6.3; WOW64) AppleWebKit/537.36 (KHTML, like Gecko) Chrome/103.0.0.0 Safari/537.36"
91.211.90.179 - - [22/Mar/2026:13:34:40 -0700] "GET /blog/page/3/ HTTP/1.0" 200 60718 "http://www.drug-injury-lawyer.com/blog/page/3/" "Mozilla/5.0 (Windows NT 10.0; Win64; x64) AppleWebKit/537.36 (KHTML, like Gecko) Chrome/103.0.5060.134 Safari/537.36"
91.211.90.169 - - [22/Mar/2026:13:34:40 -0700] "GET /blog/page/3/ HTTP/1.0" 200 60718 "http://www.drug-injury-lawyer.com/blog/page/3/" "Mozilla/5.0 (Windows NT 6.1; Win64; x64) AppleWebKit/537.36 (KHTML, like Gecko) Chrome/103.0.5060.114 Safari/537.36"
91.211.90.169 - - [22/Mar/2026:13:34:41 -0700] "GET /blog/page/3/ HTTP/1.0" 200 60718 "http://www.drug-injury-lawyer.com/blog/page/3/" "Mozilla/5.0 (Windows NT 6.1; WOW64) AppleWebKit/537.36 (KHTML, like Gecko) Chrome/103.0.0.0 Safari/537.36"
91.211.90.158 - - [22/Mar/2026:13:34:43 -0700] "GET /blog/page/3/ HTTP/1.0" 200 60718 "http://www.drug-injury-lawyer.com/blog/page/3/" "Mozilla/5.0 (Windows NT 10.0; Win64; x64) AppleWebKit/537.36 (KHTML, like Gecko) Chrome/103.0.5060.66 Safari/537.36"
45.156.158.163 - - [22/Mar/2026:13:34:57 -0700] "GET /blog/page/3/ HTTP/1.0" 200 60718 "http://www.drug-injury-lawyer.com/blog/page/3/" "Mozilla/5.0 (Windows NT 10.0; Win64; x64) AppleWebKit/537.36 (KHTML, like Gecko) Chrome/103.0.0.0 Safari/537.36"
45.156.158.163 - - [22/Mar/2026:13:34:57 -0700] "GET /blog/page/3/ HTTP/1.0" 200 60718 "http://www.drug-injury-lawyer.com/blog/page/3/" "Mozilla/5.0 (Windows NT 6.3) AppleWebKit/537.36 (KHTML, like Gecko) Chrome/103.0.0.0 Safari/537.36"
45.156.158.223 - - [22/Mar/2026:13:35:01 -0700] "GET /blog/page/3/ HTTP/1.0" 200 60718 "http://www.drug-injury-lawyer.com/blog/page/3/" "Mozilla/5.0 (Windows NT 6.1; Win64; x64) AppleWebKit/537.36 (KHTML, like Gecko) Chrome/103.0.5060.66 Safari/537.36"
45.156.158.223 - - [22/Mar/2026:13:35:01 -0700] "GET /blog/page/3/ HTTP/1.0" 200 60718 "http://www.drug-injury-lawyer.com/blog/page/3/" "Mozilla/5.0 (Windows NT 6.2; Win64; x64) AppleWebKit/537.36 (KHTML, like Gecko) Chrome/103.0.0.0 Safari/537.36"
217.147.172.96 - - [22/Mar/2026:13:35:09 -0700] "GET /blog/page/3/ HTTP/1.0" 200 60718 "http://www.drug-injury-lawyer.com/blog/page/3/" "Mozilla/5.0 (Windows NT 6.1; Win64; x64) AppleWebKit/537.36 (KHTML, like Gecko) Chrome/103.0.5060.114 Safari/537.36"
217.147.172.96 - - [22/Mar/2026:13:35:09 -0700] "GET /blog/page/3/ HTTP/1.0" 200 60718 "http://www.drug-injury-lawyer.com/blog/page/3/" "Mozilla/5.0 (Windows NT 10.0; Win64; x64) AppleWebKit/537.36 (KHTML, like Gecko) Chrome/103.0.0.0 Safari/537.36 Herring/95.1.8810.11"
217.147.172.11 - - [22/Mar/2026:13:35:17 -0700] "GET /blog/page/3/ HTTP/1.0" 200 60718 "http://www.drug-injury-lawyer.com/blog/page/3/" "Mozilla/5.0 (Windows NT 10.0; WOW64) AppleWebKit/537.36 (KHTML, like Gecko) Chrome/103.0.0.0 Safari/537.36"
217.147.172.11 - - [22/Mar/2026:13:35:17 -0700] "GET /blog/page/3/ HTTP/1.0" 200 60718 "http://www.drug-injury-lawyer.com/blog/page/3/" "Mozilla/5.0 (Windows NT 6.1; Win64; x64) AppleWebKit/537.36 (KHTML, like Gecko) Chrome/103.0.0.0 Safari/537.36"
91.211.90.227 - - [22/Mar/2026:13:37:16 -0700] "GET /blog/page/3/ HTTP/1.0" 200 60718 "http://www.drug-injury-lawyer.com/blog/page/3/" "Mozilla/5.0 (Windows NT 10.0; Win64; x64) AppleWebKit/537.36 (KHTML, like Gecko) Chrome/103.0.5060.66 Safari/537.36"
91.211.90.247 - - [22/Mar/2026:13:37:17 -0700] "GET /blog/page/3/ HTTP/1.0" 200 60718 "http://www.drug-injury-lawyer.com/blog/page/3/" "Mozilla/5.0 (Windows NT 6.3; Win64; x64) AppleWebKit/537.36 (KHTML, like Gecko) Chrome/103.0.5060.66 Safari/537.36"
107.20.105.74 - - [22/Mar/2026:13:37:54 -0700] "HEAD / HTTP/1.1" 301 197 "-" "DreamHost SiteMonitor 1.0"
107.20.105.74 - - [22/Mar/2026:13:37:54 -0700] "HEAD / HTTP/1.1" 200 239 "http://173.236.217.44" "DreamHost SiteMonitor 1.0"
216.73.216.189 - - [22/Mar/2026:13:38:43 -0700] "GET /robots.txt HTTP/1.1" 200 507 "-" "Mozilla/5.0 AppleWebKit/537.36 (KHTML, like Gecko; compatible; ClaudeBot/1.0; +claudebot@anthropic.com)"
216.73.216.189 - - [22/Mar/2026:13:38:56 -0700] "GET /sitemap.xml HTTP/1.1" 200 4696 "-" "Mozilla/5.0 AppleWebKit/537.36 (KHTML, like Gecko; compatible; ClaudeBot/1.0; +claudebot@anthropic.com)"
91.211.90.225 - - [22/Mar/2026:13:39:01 -0700] "GET /blog/page/3/ HTTP/1.0" 200 60718 "http://www.drug-injury-lawyer.com/blog/page/3/" "Mozilla/5.0 (Windows NT 6.1; WOW64) AppleWebKit/537.36 (KHTML, like Gecko) Chrome/103.0.0.0 Safari/537.36"
91.211.90.225 - - [22/Mar/2026:13:39:01 -0700] "GET /blog/page/3/ HTTP/1.0" 200 60718 "http://www.drug-injury-lawyer.com/blog/page/3/" "Mozilla/5.0 (Windows NT 6.3; Win64; x64) AppleWebKit/537.36 (KHTML, like Gecko) Chrome/103.0.0.0 Safari/537.36"
49.235.136.28 - - [22/Mar/2026:13:40:37 -0700] "GET / HTTP/1.1" 301 460 "-" "Mozilla/5.0 (iPhone; CPU iPhone OS 13_2_3 like Mac OS X) AppleWebKit/605.1.15 (KHTML, like Gecko) Version/13.0.3 Mobile/15E148 Safari/604.1"
49.235.136.28 - - [22/Mar/2026:13:40:38 -0700] "GET / HTTP/1.1" 200 4659 "http://drug-injury-lawyer.com" "Mozilla/5.0 (iPhone; CPU iPhone OS 13_2_3 like Mac OS X) AppleWebKit/605.1.15 (KHTML, like Gecko) Version/13.0.3 Mobile/15E148 Safari/604.1"
2.59.221.46 - - [22/Mar/2026:13:40:41 -0700] "GET /blog/page/3/ HTTP/1.0" 200 60718 "http://www.drug-injury-lawyer.com/blog/page/3/" "Mozilla/5.0 (Windows NT 10.0; Win64; x64) AppleWebKit/537.36 (KHTML, like Gecko) Chrome/103.0.5060.66 Safari/537.36"
2.59.221.46 - - [22/Mar/2026:13:40:42 -0700] "GET /blog/page/3/ HTTP/1.0" 200 60718 "http://www.drug-injury-lawyer.com/blog/page/3/" "Mozilla/5.0 (Windows NT 6.1) AppleWebKit/537.36 (KHTML, like Gecko) Chrome/103.0.5060.114 Safari/537.36"
91.211.90.158 - - [22/Mar/2026:13:41:19 -0700] "GET /blog/page/3/ HTTP/1.0" 200 60718 "http://www.drug-injury-lawyer.com/blog/page/3/" "Mozilla/5.0 (Windows NT 10.0; Win64; x64) AppleWebKit/537.36 (KHTML, like Gecko) Chrome/103.0.5060.53 Safari/537.36"
107.20.105.74 - - [22/Mar/2026:13:42:54 -0700] "HEAD / HTTP/1.1" 301 197 "-" "DreamHost SiteMonitor 1.0"
107.20.105.74 - - [22/Mar/2026:13:42:54 -0700] "HEAD / HTTP/1.1" 200 239 "http://173.236.217.44" "DreamHost SiteMonitor 1.0"
107.20.105.74 - - [22/Mar/2026:13:47:54 -0700] "HEAD / HTTP/1.1" 301 197 "-" "DreamHost SiteMonitor 1.0"
107.20.105.74 - - [22/Mar/2026:13:47:54 -0700] "HEAD / HTTP/1.1" 200 239 "http://173.236.217.44" "DreamHost SiteMonitor 1.0"
91.211.90.186 - - [22/Mar/2026:13:48:03 -0700] "GET /blog/page/3/ HTTP/1.0" 200 60718 "http://www.drug-injury-lawyer.com/blog/page/3/" "Mozilla/5.0 (Windows NT 10.0; Win64; x64) AppleWebKit/537.36 (KHTML, like Gecko) Chrome/103.0.5060.66 Safari/537.36"
91.211.90.186 - - [22/Mar/2026:13:48:03 -0700] "GET /blog/page/3/ HTTP/1.0" 200 60718 "http://www.drug-injury-lawyer.com/blog/page/3/" "Mozilla/5.0 (Windows NT 6.1; WOW64) AppleWebKit/537.36 (KHTML, like Gecko) Chrome/103.0.0.0 Safari/537.36"
91.211.90.240 - - [22/Mar/2026:13:49:03 -0700] "GET /blog/page/3/ HTTP/1.0" 200 60718 "http://www.drug-injury-lawyer.com/blog/page/3/" "Mozilla/5.0 (Windows NT 10.0; Win64; x64) AppleWebKit/537.36 (KHTML, like Gecko) Chrome/103.0.0.0 Safari/537.36"
45.156.158.216 - - [22/Mar/2026:13:50:50 -0700] "GET /blog/page/3/ HTTP/1.0" 200 60718 "http://www.drug-injury-lawyer.com/blog/page/3/" "Mozilla/5.0 (Windows NT 6.3; WOW64) AppleWebKit/537.36 (KHTML, like Gecko) Chrome/103.0.5060.114 Safari/537.36"
45.156.158.75 - - [22/Mar/2026:13:50:52 -0700] "GET /blog/page/3/ HTTP/1.0" 200 60718 "http://www.drug-injury-lawyer.com/blog/page/3/" "Mozilla/5.0 (Windows NT 6.1; WOW64) AppleWebKit/537.36 (KHTML, like Gecko) Chrome/103.0.0.0 Safari/537.36"
91.211.90.208 - - [22/Mar/2026:13:50:52 -0700] "GET /blog/page/3/ HTTP/1.0" 200 60718 "http://www.drug-injury-lawyer.com/blog/page/3/" "Mozilla/5.0 (Windows NT 10.0; Win64; x64) AppleWebKit/537.36 (KHTML, like Gecko) Chrome/103.0.5060.66 Safari/537.36"
91.211.90.228 - - [22/Mar/2026:13:51:30 -0700] "GET /blog/page/3/ HTTP/1.0" 200 60718 "http://www.drug-injury-lawyer.com/blog/page/3/" "Mozilla/5.0 (Windows NT 6.1) AppleWebKit/537.36 (KHTML, like Gecko) Chrome/103.0.5060.114 Safari/537.36"
167.172.49.62 - - [22/Mar/2026:13:51:43 -0700] "GET /feed/ HTTP/1.1" 200 4696 "-" "Mozilla/5.0 (Android 10; Mobile; rv:133.0) Gecko/133.0 Firefox/133.0"
107.20.105.74 - - [22/Mar/2026:13:52:54 -0700] "HEAD / HTTP/1.1" 301 197 "-" "DreamHost SiteMonitor 1.0"
107.20.105.74 - - [22/Mar/2026:13:52:54 -0700] "HEAD / HTTP/1.1" 200 239 "http://173.236.217.44" "DreamHost SiteMonitor 1.0"
45.156.158.210 - - [22/Mar/2026:13:53:42 -0700] "GET /blog/page/3/ HTTP/1.0" 200 60718 "http://www.drug-injury-lawyer.com/blog/page/3/" "Mozilla/5.0 (Windows NT 6.1; WOW64) AppleWebKit/537.36 (KHTML, like Gecko) Chrome/103.0.0.0 Safari/537.36"
45.156.158.210 - - [22/Mar/2026:13:53:42 -0700] "GET /blog/page/3/ HTTP/1.0" 200 60718 "http://www.drug-injury-lawyer.com/blog/page/3/" "Mozilla/5.0 (Windows NT 6.1; WOW64) AppleWebKit/537.36 (KHTML, like Gecko) Chrome/103.0.0.0 Safari/537.36"
185.237.106.243 - - [22/Mar/2026:13:55:54 -0700] "GET /blog/page/3/ HTTP/1.0" 200 60718 "http://www.drug-injury-lawyer.com/blog/page/3/" "Mozilla/5.0 (Windows NT 10.0; WOW64) AppleWebKit/537.36 (KHTML, like Gecko) Chrome/103.0.0.0 Safari/537.36"
185.237.106.243 - - [22/Mar/2026:13:55:54 -0700] "GET /blog/page/3/ HTTP/1.0" 200 60718 "http://www.drug-injury-lawyer.com/blog/page/3/" "Mozilla/5.0 (Windows NT 10.0; Win64; x64) AppleWebKit/537.36 (KHTML, like Gecko) Chrome/103.0.0.0 Safari/537.36 Herring/95.1.8810.11"
91.211.90.207 - - [22/Mar/2026:13:56:52 -0700] "GET /blog/page/3/ HTTP/1.0" 200 60718 "http://www.drug-injury-lawyer.com/blog/page/3/" "Mozilla/5.0 (Windows NT 10.0; Win64; x64) AppleWebKit/537.36 (KHTML, like Gecko) Chrome/103.0.0.0 Safari/537.36 Herring/95.1.8810.11"
217.147.172.240 - - [22/Mar/2026:13:57:08 -0700] "GET /blog/page/3/ HTTP/1.0" 200 60718 "http://www.drug-injury-lawyer.com/blog/page/3/" "Mozilla/5.0 (Windows NT 6.3; WOW64) AppleWebKit/537.36 (KHTML, like Gecko) Chrome/103.0.5060.114 Safari/537.36"
217.147.172.214 - - [22/Mar/2026:13:57:21 -0700] "GET /blog/page/3/ HTTP/1.0" 200 60718 "http://www.drug-injury-lawyer.com/blog/page/3/" "Mozilla/5.0 (Windows NT 6.1; WOW64) AppleWebKit/537.36 (KHTML, like Gecko) Chrome/103.0.0.0 Safari/537.36"
45.156.158.225 - - [22/Mar/2026:13:57:21 -0700] "GET /blog/page/3/ HTTP/1.0" 200 60718 "http://www.drug-injury-lawyer.com/blog/page/3/" "Mozilla/5.0 (Windows NT 6.2; Win64; x64) AppleWebKit/537.36 (KHTML, like Gecko) Chrome/103.0.0.0 Safari/537.36"
217.147.172.214 - - [22/Mar/2026:13:57:21 -0700] "GET /blog/page/3/ HTTP/1.0" 200 60718 "http://www.drug-injury-lawyer.com/blog/page/3/" "Mozilla/5.0 (Windows NT 6.3; Win64; x64) AppleWebKit/537.36 (KHTML, like Gecko) Chrome/103.0.5060.53 Safari/537.36"
107.20.105.74 - - [22/Mar/2026:13:57:54 -0700] "HEAD / HTTP/1.1" 301 197 "-" "DreamHost SiteMonitor 1.0"
107.20.105.74 - - [22/Mar/2026:13:57:54 -0700] "HEAD / HTTP/1.1" 200 239 "http://173.236.217.44" "DreamHost SiteMonitor 1.0"
91.211.90.88 - - [22/Mar/2026:13:58:49 -0700] "GET /blog/page/3/ HTTP/1.0" 200 60718 "http://www.drug-injury-lawyer.com/blog/page/3/" "Mozilla/5.0 (Windows NT 10.0; Win64; x64) AppleWebKit/537.36 (KHTML, like Gecko) Chrome/103.0.0.0 Safari/537.36 Herring/95.1.8810.11"
91.211.90.88 - - [22/Mar/2026:13:58:49 -0700] "GET /blog/page/3/ HTTP/1.0" 200 60718 "http://www.drug-injury-lawyer.com/blog/page/3/" "Mozilla/5.0 (Windows NT 6.3; Win64; x64) AppleWebKit/537.36 (KHTML, like Gecko) Chrome/103.0.0.0 Safari/537.36"
91.211.90.117 - - [22/Mar/2026:14:01:12 -0700] "GET /blog/page/3/ HTTP/1.0" 200 60718 "http://www.drug-injury-lawyer.com/blog/page/3/" "Mozilla/5.0 (Windows NT 6.1; Win64; x64) AppleWebKit/537.36 (KHTML, like Gecko) Chrome/103.0.0.0 Safari/537.36"
107.20.105.74 - - [22/Mar/2026:14:02:54 -0700] "HEAD / HTTP/1.1" 301 197 "-" "DreamHost SiteMonitor 1.0"
107.20.105.74 - - [22/Mar/2026:14:02:54 -0700] "HEAD / HTTP/1.1" 200 239 "http://173.236.217.44" "DreamHost SiteMonitor 1.0"
217.147.172.67 - - [22/Mar/2026:14:05:36 -0700] "GET /blog/page/3/ HTTP/1.0" 200 60718 "http://www.drug-injury-lawyer.com/blog/page/3/" "Mozilla/5.0 (Windows NT 6.1) AppleWebKit/537.36 (KHTML, like Gecko) Chrome/103.0.5060.114 Safari/537.36"
217.147.172.67 - - [22/Mar/2026:14:05:37 -0700] "GET /blog/page/3/ HTTP/1.0" 200 60718 "http://www.drug-injury-lawyer.com/blog/page/3/" "Mozilla/5.0 (Windows NT 6.3; Win64; x64) AppleWebKit/537.36 (KHTML, like Gecko) Chrome/103.0.5060.53 Safari/537.36"
91.211.90.206 - - [22/Mar/2026:14:05:38 -0700] "GET /blog/page/3/ HTTP/1.0" 200 60718 "http://www.drug-injury-lawyer.com/blog/page/3/" "Mozilla/5.0 (Windows NT 10.0; WOW64) AppleWebKit/537.36 (KHTML, like Gecko) Chrome/103.0.5060.114 Safari/537.36"
91.211.90.206 - - [22/Mar/2026:14:05:39 -0700] "GET /blog/page/3/ HTTP/1.0" 200 60718 "http://www.drug-injury-lawyer.com/blog/page/3/" "Mozilla/5.0 (Windows NT 10.0; Win64; x64) AppleWebKit/537.36 (KHTML, like Gecko) Chrome/103.0.5060.66 Safari/537.36"
91.211.90.113 - - [22/Mar/2026:14:06:15 -0700] "GET /blog/page/3/ HTTP/1.0" 200 60718 "http://www.drug-injury-lawyer.com/blog/page/3/" "Mozilla/5.0 (Windows NT 6.2; Win64; x64) AppleWebKit/537.36 (KHTML, like Gecko) Chrome/103.0.0.0 Safari/537.36"
91.211.90.240 - - [22/Mar/2026:14:06:15 -0700] "GET /blog/page/3/ HTTP/1.0" 200 60718 "http://www.drug-injury-lawyer.com/blog/page/3/" "Mozilla/5.0 (Windows NT 6.1) AppleWebKit/537.36 (KHTML, like Gecko) Chrome/103.0.5060.114 Safari/537.36"
91.211.90.113 - - [22/Mar/2026:14:06:16 -0700] "GET /blog/page/3/ HTTP/1.0" 200 60718 "http://www.drug-injury-lawyer.com/blog/page/3/" "Mozilla/5.0 (Windows NT 10.0; Win64; x64) AppleWebKit/537.36 (KHTML, like Gecko) Chrome/103.0.5042.0 Safari/537.36"
91.211.90.247 - - [22/Mar/2026:14:06:20 -0700] "GET /blog/page/3/ HTTP/1.0" 200 60718 "http://www.drug-injury-lawyer.com/blog/page/3/" "Mozilla/5.0 (Windows NT 6.1; Win64; x64) AppleWebKit/537.36 (KHTML, like Gecko) Chrome/103.0.0.0 Safari/537.36"
78.41.63.2 - - [22/Mar/2026:14:06:33 -0700] "GET /txets.php HTTP/1.1" 301 459 "-" "Mozilla/5.0 (Windows NT 10.0; Win64; x64) AppleWebKit/537.36 (KHTML, like Gecko) Chrome/131.0.0.0 Safari/537.36"
78.41.63.2 - - [22/Mar/2026:14:06:33 -0700] "GET /wp-content/txets.php HTTP/1.1" 301 481 "-" "Mozilla/5.0 (X11; Linux x86_64) AppleWebKit/537.36 (KHTML, like Gecko) Chrome/131.0.0.0 Safari/537.36"
217.147.172.235 - - [22/Mar/2026:14:06:35 -0700] "GET /blog/page/3/ HTTP/1.0" 200 60718 "http://www.drug-injury-lawyer.com/blog/page/3/" "Mozilla/5.0 (Windows NT 10.0; Win64; x64) AppleWebKit/537.36 (KHTML, like Gecko) Chrome/103.0.0.0 Safari/537.36"
217.147.172.235 - - [22/Mar/2026:14:06:36 -0700] "GET /blog/page/3/ HTTP/1.0" 200 60718 "http://www.drug-injury-lawyer.com/blog/page/3/" "Mozilla/5.0 (Windows NT 6.2; Win64; x64) AppleWebKit/537.36 (KHTML, like Gecko) Chrome/103.0.0.0 Safari/537.36"
217.147.172.82 - - [22/Mar/2026:14:06:37 -0700] "GET /blog/page/3/ HTTP/1.0" 200 60718 "http://www.drug-injury-lawyer.com/blog/page/3/" "Mozilla/5.0 (Windows NT 6.1; WOW64) AppleWebKit/537.36 (KHTML, like Gecko) Chrome/103.0.0.0 Safari/537.36"
217.147.172.82 - - [22/Mar/2026:14:06:37 -0700] "GET /blog/page/3/ HTTP/1.0" 200 60718 "http://www.drug-injury-lawyer.com/blog/page/3/" "Mozilla/5.0 (Windows NT 6.2; Win64; x64) AppleWebKit/537.36 (KHTML, like Gecko) Chrome/103.0.0.0 Safari/537.36"
45.156.158.75 - - [22/Mar/2026:14:07:02 -0700] "GET /blog/page/3/ HTTP/1.0" 200 60718 "http://www.drug-injury-lawyer.com/blog/page/3/" "Mozilla/5.0 (Windows NT 6.3; WOW64) AppleWebKit/537.36 (KHTML, like Gecko) Chrome/103.0.5060.114 Safari/537.36"
45.156.158.83 - - [22/Mar/2026:14:07:03 -0700] "GET /blog/page/3/ HTTP/1.0" 200 60718 "http://www.drug-injury-lawyer.com/blog/page/3/" "Mozilla/5.0 (Windows NT 10.0; Win64; x64) AppleWebKit/537.36 (KHTML, like Gecko) Chrome/103.0.0.0 Safari/537.36 OpenWave/97.4.2043.44"
45.156.158.216 - - [22/Mar/2026:14:07:05 -0700] "GET /blog/page/3/ HTTP/1.0" 200 60718 "http://www.drug-injury-lawyer.com/blog/page/3/" "Mozilla/5.0 (Windows NT 10.0; Win64; x64) AppleWebKit/537.36 (KHTML, like Gecko) Chrome/103.0.5060.114 Safari/537.36"
38.252.187.7 - - [22/Mar/2026:14:07:24 -0700] "GET /talcum-powder/ HTTP/1.1" 200 4659 "-" "Mozilla/5.0 (X11; U; Linux x86_64; en-US; rv:1.9.2a1pre) Gecko/20090428 Firefox/3.6a1pre"
91.211.90.207 - - [22/Mar/2026:14:07:52 -0700] "GET /blog/page/3/ HTTP/1.0" 200 60718 "http://www.drug-injury-lawyer.com/blog/page/3/" "Mozilla/5.0 (Windows NT 10.0; Win64; x64) AppleWebKit/537.36 (KHTML, like Gecko) Chrome/103.0.5060.114 Safari/537.36"
91.211.90.228 - - [22/Mar/2026:14:07:53 -0700] "GET /blog/page/3/ HTTP/1.0" 200 60718 "http://www.drug-injury-lawyer.com/blog/page/3/" "Mozilla/5.0 (Windows NT 6.1; Win64; x64) AppleWebKit/537.36 (KHTML, like Gecko) Chrome/103.0.0.0 Safari/537.36"
107.20.105.74 - - [22/Mar/2026:14:07:54 -0700] "HEAD / HTTP/1.1" 301 197 "-" "DreamHost SiteMonitor 1.0"
107.20.105.74 - - [22/Mar/2026:14:07:54 -0700] "HEAD / HTTP/1.1" 200 239 "http://173.236.217.44" "DreamHost SiteMonitor 1.0"
66.249.64.14 - - [22/Mar/2026:14:07:56 -0700] "GET /item/concl11582432.shtml HTTP/1.1" 200 4696 "-" "Mozilla/5.0 (Linux; Android 6.0.1; Nexus 5X Build/MMB29P) AppleWebKit/537.36 (KHTML, like Gecko) Chrome/145.0.7632.159 Mobile Safari/537.36 (compatible; Googlebot/2.1; +http://www.google.com/bot.html)"
45.156.158.88 - - [22/Mar/2026:14:10:45 -0700] "GET /blog/page/3/ HTTP/1.0" 200 60718 "http://www.drug-injury-lawyer.com/blog/page/3/" "Mozilla/5.0 (Windows NT 6.1) AppleWebKit/537.36 (KHTML, like Gecko) Chrome/103.0.0.0 Safari/537.36"
91.211.90.231 - - [22/Mar/2026:14:10:51 -0700] "GET /blog/page/3/ HTTP/1.0" 200 60718 "http://www.drug-injury-lawyer.com/blog/page/3/" "Mozilla/5.0 (Windows NT 10.0; Win64; x64) AppleWebKit/537.36 (KHTML, like Gecko) Chrome/103.0.5060.134 Safari/537.36"
31.171.130.63 - - [22/Mar/2026:14:12:09 -0700] "GET /blog/page/3/ HTTP/1.0" 200 60718 "http://www.drug-injury-lawyer.com/blog/page/3/" "Mozilla/5.0 (Windows NT 10.0; Win64; x64) AppleWebKit/537.36 (KHTML, like Gecko) Chrome/131.0.0.0 Safari/537.36 Avast/131.0.0.0"
34.53.8.2 - - [22/Mar/2026:14:12:21 -0700] "HEAD / HTTP/1.1" 301 178 "-" "Mozilla/5.0 (Windows NT 10.0; Win64; x64) AppleWebKit/537.36 (KHTML, like Gecko) Chrome/126.0.6478.70 Safari/537.36 Vivaldi/6.7.3200.25"
34.53.8.2 - - [22/Mar/2026:14:12:21 -0700] "HEAD / HTTP/1.1" 200 232 "http://drug-injury-lawyer.com/" "Mozilla/5.0 (Windows NT 10.0; Win64; x64) AppleWebKit/537.36 (KHTML, like Gecko) Chrome/126.0.6478.70 Safari/537.36 Vivaldi/6.7.3200.25"
34.53.8.2 - - [22/Mar/2026:14:12:21 -0700] "HEAD /blog/ HTTP/1.1" 301 183 "-" "Mozilla/5.0 (X11; Linux x86_64; rv:127.0) Gecko/20100101 Firefox/127.0"
34.53.8.2 - - [22/Mar/2026:14:12:21 -0700] "HEAD /blog/ HTTP/1.1" 200 198 "http://drug-injury-lawyer.com/blog/" "Mozilla/5.0 (X11; Linux x86_64; rv:127.0) Gecko/20100101 Firefox/127.0"
34.53.8.2 - - [22/Mar/2026:14:12:21 -0700] "HEAD /old/ HTTP/1.1" 301 182 "-" "Mozilla/5.0 (Linux; Android 12; TECNO CK6n) AppleWebKit/537.36 (KHTML, like Gecko) Chrome/125.0.6422.50 Mobile Safari/537.36"
34.53.8.2 - - [22/Mar/2026:14:12:22 -0700] "HEAD /old/ HTTP/1.1" 200 198 "http://drug-injury-lawyer.com/old/" "Mozilla/5.0 (Linux; Android 12; TECNO CK6n) AppleWebKit/537.36 (KHTML, like Gecko) Chrome/125.0.6422.50 Mobile Safari/537.36"
34.53.8.2 - - [22/Mar/2026:14:12:22 -0700] "HEAD /wp/ HTTP/1.1" 301 181 "-" "Mozilla/5.0 (Windows NT 11.0; Win64; x64) AppleWebKit/537.36 (KHTML, like Gecko) Chrome/128.0.6540.18 Safari/537.36"
34.53.8.2 - - [22/Mar/2026:14:12:22 -0700] "HEAD /wp/ HTTP/1.1" 200 198 "http://drug-injury-lawyer.com/wp/" "Mozilla/5.0 (Windows NT 11.0; Win64; x64) AppleWebKit/537.36 (KHTML, like Gecko) Chrome/128.0.6540.18 Safari/537.36"
34.53.8.2 - - [22/Mar/2026:14:12:22 -0700] "HEAD /wordpress/ HTTP/1.1" 301 188 "-" "Mozilla/5.0 (X11; Linux x86_64; rv:127.0) Gecko/20100101 Firefox/127.0"
34.53.8.2 - - [22/Mar/2026:14:12:22 -0700] "HEAD /wordpress/ HTTP/1.1" 200 198 "http://drug-injury-lawyer.com/wordpress/" "Mozilla/5.0 (X11; Linux x86_64; rv:127.0) Gecko/20100101 Firefox/127.0"
34.53.8.2 - - [22/Mar/2026:14:12:22 -0700] "HEAD /backup/ HTTP/1.1" 301 185 "-" "Mozilla/5.0 (Linux; Android 13; Nokia G42 5G) AppleWebKit/537.36 (KHTML, like Gecko) Chrome/126.0.6478.41 Mobile Safari/537.36"
34.53.8.2 - - [22/Mar/2026:14:12:22 -0700] "HEAD /backup/ HTTP/1.1" 200 198 "http://drug-injury-lawyer.com/backup/" "Mozilla/5.0 (Linux; Android 13; Nokia G42 5G) AppleWebKit/537.36 (KHTML, like Gecko) Chrome/126.0.6478.41 Mobile Safari/537.36"
34.53.8.2 - - [22/Mar/2026:14:12:22 -0700] "HEAD /new/ HTTP/1.1" 301 182 "-" "Mozilla/5.0 (Windows NT 10.0; Win64; x64) AppleWebKit/537.36 (KHTML, like Gecko) Chrome/126.0.6478.70 Safari/537.36 Vivaldi/6.7.3200.25"
34.53.8.2 - - [22/Mar/2026:14:12:22 -0700] "HEAD /new/ HTTP/1.1" 200 198 "http://drug-injury-lawyer.com/new/" "Mozilla/5.0 (Windows NT 10.0; Win64; x64) AppleWebKit/537.36 (KHTML, like Gecko) Chrome/126.0.6478.70 Safari/537.36 Vivaldi/6.7.3200.25"
107.20.105.74 - - [22/Mar/2026:14:12:54 -0700] "HEAD / HTTP/1.1" 301 197 "-" "DreamHost SiteMonitor 1.0"
107.20.105.74 - - [22/Mar/2026:14:12:54 -0700] "HEAD / HTTP/1.1" 200 239 "http://173.236.217.44" "DreamHost SiteMonitor 1.0"
185.235.242.141 - - [22/Mar/2026:14:12:57 -0700] "GET /blog/page/3/ HTTP/1.0" 301 484 "http://drug-injury-lawyer.com/blog/page/3/" "Mozilla/5.0 (Windows NT 10.0; Win64; x64) AppleWebKit/537.36 (KHTML, like Gecko) Chrome/130.0.0.0 Safari/537.36"
185.235.242.141 - - [22/Mar/2026:14:12:57 -0700] "GET /blog/page/3/ HTTP/1.0" 200 60718 "http://www.drug-injury-lawyer.com/blog/page/3/" "Mozilla/5.0 (Windows NT 10.0; Win64; x64) AppleWebKit/537.36 (KHTML, like Gecko) Chrome/130.0.0.0 Safari/537.36"
91.211.90.70 - - [22/Mar/2026:14:13:56 -0700] "GET /blog/page/3/ HTTP/1.0" 200 60718 "http://www.drug-injury-lawyer.com/blog/page/3/" "Mozilla/5.0 (Windows NT 10.0; Win64; x64) AppleWebKit/537.36 (KHTML, like Gecko) Chrome/103.0.5042.0 Safari/537.36"
91.211.90.69 - - [22/Mar/2026:14:13:56 -0700] "GET /blog/page/3/ HTTP/1.0" 200 60718 "http://www.drug-injury-lawyer.com/blog/page/3/" "Mozilla/5.0 (Windows NT 6.3; Win64; x64) AppleWebKit/537.36 (KHTML, like Gecko) Chrome/103.0.5060.66 Safari/537.36"
217.147.172.240 - - [22/Mar/2026:14:14:26 -0700] "GET /blog/page/3/ HTTP/1.0" 200 60718 "http://www.drug-injury-lawyer.com/blog/page/3/" "Mozilla/5.0 (Windows NT 6.3; Win64; x64) AppleWebKit/537.36 (KHTML, like Gecko) Chrome/103.0.5060.114 Safari/537.36"
91.211.90.99 - - [22/Mar/2026:14:15:27 -0700] "GET /blog/page/3/ HTTP/1.0" 200 60718 "http://www.drug-injury-lawyer.com/blog/page/3/" "Mozilla/5.0 (Windows NT 6.1) AppleWebKit/537.36 (KHTML, like Gecko) Chrome/103.0.5060.114 Safari/537.36"
91.211.90.99 - - [22/Mar/2026:14:15:27 -0700] "GET /blog/page/3/ HTTP/1.0" 200 60718 "http://www.drug-injury-lawyer.com/blog/page/3/" "Mozilla/5.0 (Windows NT 10.0; WOW64) AppleWebKit/537.36 (KHTML, like Gecko) Chrome/103.0.0.0 Safari/537.36"
91.211.90.164 - - [22/Mar/2026:14:15:29 -0700] "GET /blog/page/3/ HTTP/1.0" 200 60718 "http://www.drug-injury-lawyer.com/blog/page/3/" "Mozilla/5.0 (Windows NT 6.1; Win64; x64) AppleWebKit/537.36 (KHTML, like Gecko) Chrome/103.0.5060.114 Safari/537.36"
91.211.90.164 - - [22/Mar/2026:14:15:29 -0700] "GET /blog/page/3/ HTTP/1.0" 200 60718 "http://www.drug-injury-lawyer.com/blog/page/3/" "Mozilla/5.0 (Windows NT 6.1; Win64; x64) AppleWebKit/537.36 (KHTML, like Gecko) Chrome/103.0.5060.66 Safari/537.36"
91.211.90.231 - - [22/Mar/2026:14:17:20 -0700] "GET /blog/page/3/ HTTP/1.0" 200 60718 "http://www.drug-injury-lawyer.com/blog/page/3/" "Mozilla/5.0 (Windows NT 6.1; Win64; x64) AppleWebKit/537.36 (KHTML, like Gecko) Chrome/103.0.5060.66 Safari/537.36"
45.156.158.249 - - [22/Mar/2026:14:17:23 -0700] "GET /blog/page/3/ HTTP/1.0" 200 60718 "http://www.drug-injury-lawyer.com/blog/page/3/" "Mozilla/5.0 (Windows NT 10.0; Win64; x64) AppleWebKit/537.36 (KHTML, like Gecko) Chrome/103.0.5060.114 Safari/537.36"
